-- Table structure for table `custom_radatz_offer`
--

CREATE TABLE `custom_radatz_offer` (
  `id` int(10) unsigned NOT NULL AUTO_INCREMENT,
  `extRef` int(11) NOT NULL,
  `title` longtext NOT NULL,
  `text` longtext NOT NULL,
  `price` decimal(12,2) DEFAULT NULL,
  `additionalText` longtext DEFAULT NULL,
  `originalXML` longtext DEFAULT NULL,
  PRIMARY KEY (`id`)
) ENGINE=InnoDB DEFAULT CHARSET=utf8mb3 COLLATE=utf8mb3_unicode_ci;

--
-- Dumping data for table `custom_radatz_offer`
--


--
-- Table structure for table `ds_box`
--

CREATE TABLE `ds_box` (
  `id` int(11) NOT NULL AUTO_INCREMENT,
  `created` datetime NOT NULL,
  `updated` datetime NOT NULL,
  `updatedBy` varchar(255) DEFAULT NULL,
  `model` varchar(255) NOT NULL,
  `serialNumber` varchar(255) DEFAULT NULL,
  `teamviewerId` varchar(255) NOT NULL,
  `state` smallint(6) NOT NULL DEFAULT 0,
  `mandate_id` int(10) unsigned DEFAULT NULL,
  PRIMARY KEY (`id`),
  UNIQUE KEY `UNIQ_F853F82C7B57F03E` (`serialNumber`),
  KEY `IDX_F853F82C6C1129CD` (`mandate_id`),
  CONSTRAINT `FK_F853F82C6C1129CD` FOREIGN KEY (`mandate_id`) REFERENCES `sys_mandate` (`id`)
) ENGINE=InnoDB AUTO_INCREMENT=106 DEFAULT CHARSET=utf8mb3 COLLATE=utf8mb3_unicode_ci;

--
-- Dumping data for table `ds_box`
--

INSERT INTO `ds_box` VALUES (9,'2016-08-11 19:38:57','2019-06-19 09:40:21','admin','Shuttle DH170 (radjtc001)','G17F00280','1211261801',1,1),(10,'2016-08-11 19:39:52','2019-06-19 09:40:50','admin','Shuttle DH170 (radjtc002)','G17F00234','1001847486',1,1),(11,'2016-08-11 19:40:43','2019-06-19 09:41:18','admin','Shuttle DH170 (radjtc003)','G17F00181','1219746326',1,1),(12,'2016-08-12 19:15:52','2016-09-29 17:01:44','admin','Shuttle DH170 (Radatz Test 01)','G12F00198','735809471',1,1),(15,'2016-08-12 19:19:41','2016-09-20 11:36:17','admin','Shuttle DH170 (Radatz Test 02)','G12F00300','858009535',1,1),(16,'2016-08-19 18:47:57','2019-06-19 09:42:40','admin','Shuttle DH170 (radjtc004)','G17F00226','987869111',1,1),(17,'2016-08-22 10:42:45','2019-06-19 09:43:04','admin','Shuttle DH170 (radjtc005)','G17F00279','1230780727',1,1),(18,'2016-08-22 10:43:32','2019-06-19 09:43:35','admin','Shuttle DH170 (radjtc006)','G17F00330','999053043',1,1),(19,'2016-08-22 10:44:13','2019-06-19 09:44:10','admin','Shuttle DH170 (radjtc007)','G17F00153','980897644',1,1),(20,'2016-08-22 10:44:46','2019-06-19 09:44:31','admin','Shuttle DH170 (radjtc008)','G17F00068','1007700724',1,1),(21,'2016-08-22 10:45:19','2019-06-19 09:44:54','admin','Shuttle DH170 (radjtc009)','G17F00233','1002677864',1,1),(25,'2016-09-22 15:12:20','2019-06-07 10:22:27','admin','Shuttle DH170 (radjtc010)','G17F00073','1005815842',1,1),(26,'2016-09-24 00:40:04','2018-10-12 11:45:39','admin','Test-PC Ali','1111','',1,1),(27,'2017-03-17 16:05:39','2017-03-21 16:02:30','admin','Shuttle DH170 (radjtc011)','G49F00234','788176052',1,1),(28,'2017-03-20 11:26:22','2017-03-21 16:02:36','admin','Shuttle DH170 (radjtc012)','G49F00230','802687493',1,1),(29,'2017-03-20 11:27:07','2017-03-21 16:02:40','admin','Shuttle DH170 (radjtc013)','G49F00231','802804337',1,1),(30,'2017-03-20 11:41:16','2017-03-21 16:02:44','admin','Shuttle DH170 (radjtc014)','G49F00229','803025698',1,1),(31,'2017-03-20 12:17:37','2018-08-14 12:12:55','admin','Shuttle DH170 (radjtc015)','G49F00226','803093059',1,1),(32,'2017-03-20 16:57:35','2018-02-14 12:15:21','admin','Shuttle DH170 (radjtc016)','G49F00227','805486303',1,1),(33,'2017-03-20 17:30:56','2017-03-30 12:22:07','admin','Shuttle DH170 (radjtc017)','G49F00224','805841532',1,1),(39,'2017-05-12 11:17:18','2017-05-12 11:29:32','admin_jt','Box Lounge','G12F00198_2','735809471',0,4),(44,'2017-07-20 15:23:34','2017-07-20 15:23:34','admin','Shuttle DH170 (radjtc019)','H08F00391','697178195',1,1),(45,'2017-07-21 15:12:24','2017-07-21 15:12:45','admin','Shuttle DH170 (radjtc018)','H08F00339','691314822',1,1),(46,'2017-07-21 15:34:28','2017-07-21 15:34:28','admin','Shuttle DH170 (radjtc020)','H08F00318','704081086',1,1),(47,'2017-07-24 15:32:50','2018-01-16 09:57:50','admin','JT Testbox','JT1234','858009535',0,1),(48,'2017-08-09 09:02:14','2017-08-09 09:02:14','admin_ep','','JT-Test','',0,3),(49,'2017-08-09 15:53:07','2017-08-09 15:53:07','admin_ep','Intel NUC','G6BN72900ECW','',0,3),(50,'2017-08-18 14:40:50','2017-08-18 14:41:13','admin','Shuttle DH170 (radjtc021)','H08F00291','864799074',1,1),(51,'2017-08-18 15:20:35','2017-08-18 15:23:59','admin','Shuttle DH170 (radjtc022)','H08F00337','865379503',1,1),(52,'2017-08-18 15:57:34','2017-08-18 15:57:34','admin_jt','polytouch dipslay - shelf','uajuet4','864593099',1,4),(53,'2017-08-21 10:12:39','2017-08-21 10:14:30','admin','Shuttle DH170 (radjtc023)','H08F00301','877278432',1,1),(56,'2017-08-21 10:55:15','2017-08-22 09:13:58','admin','Shuttle DH170 (radjtc024)','H08F00168','877593628',1,1),(57,'2017-09-04 15:47:49','2018-08-28 16:03:43','admin','Shuttle DH170 (radjtc025)','H08F00340','1009886736',1,1),(58,'2017-09-04 16:59:33','2017-09-04 17:01:15','admin','Shuttle DH170 (radjtc026)','H08F00231','960146970',1,1),(59,'2017-09-06 10:51:45','2017-09-07 09:53:24','admin','Shuttle DH170 (radjtc027)','H08F00329','971264604',1,1),(60,'2017-09-06 10:53:15','2017-09-06 10:58:42','admin','Shuttle DH170 (radjtc028)','H23F00790','971428509',1,1),(61,'2017-09-06 11:20:37','2017-09-06 11:20:37','admin','Shuttle DH170 (radjtc029)','H23F00798','971580024',1,1),(62,'2017-09-06 17:35:22','2017-09-06 17:35:22','admin','Shuttle DH170 (radjtc030)','H23F00794','974023178',1,1),(63,'2017-09-11 13:20:36','2017-09-11 15:28:43','post','Shuttle PC (phijtc001)','H23F00787','100536379:phi808jum',0,5),(64,'2017-09-11 15:18:48','2017-09-11 15:29:04','post','Shuttle PC (posjtc001)','H08F00288','979220590:pos808jt',0,5),(68,'2018-01-04 09:08:31','2018-01-04 09:08:31','admin_jt','','test123','',0,4),(71,'2018-06-21 09:17:45','2018-06-21 09:21:59','xxxlutz','Jt Testbox Radatz','JT12345','858009535',1,6),(74,'2018-07-05 16:46:03','2018-07-05 16:47:44','admin','Shuttle DH170 (radjtc031)','H23F00777','184021659',1,1),(75,'2018-07-12 10:43:38','2018-07-17 10:49:14','admin','Shuttle DH170 (radjtc032)','H23F00789','1144837030',1,1),(76,'2018-07-12 11:04:38','2018-07-17 10:48:57','admin','Shuttle DH270 (radjtc033)','I01F00041','1145184622',1,1),(77,'2018-07-25 11:18:07','2018-07-25 11:18:07','admin','Shuttle DH270 (radjtc034)','I01F00126','1017081693',1,1),(78,'2018-07-31 12:07:24','2018-08-14 12:13:06','admin','Shuttle DH270 (radjtc035)','I01F00052','1021980937',1,1),(79,'2018-07-31 14:05:30','2018-08-14 12:13:14','admin','Shuttle DH270 (radjtc036)','I01F00196','1015484497',1,1),(80,'2018-07-31 15:07:35','2018-08-14 12:13:26','admin','Shuttle DH270 (radjtc037)','I01F00141','1239789986',1,1),(81,'2018-07-31 17:59:53','2018-08-14 12:13:40','admin','Shuttle DH270 (radjtc038)','I01F00009','1023847155',1,1),(82,'2018-08-02 15:24:49','2018-08-14 12:13:53','admin','Shuttle DH270 (radjtc039)','I01F00067','1241798944',1,1),(83,'2018-08-14 11:48:14','2018-08-14 11:51:35','admin','Shuttle DH270 (radjtc040)','I01F00163','1035188338',1,1),(84,'2018-08-14 12:10:34','2018-08-14 12:18:12','admin','Shuttle DH270 (radjtc041)','I02F00369','1033661557',1,1),(85,'2018-08-14 14:49:02','2018-08-14 14:52:03','admin','Shuttle DH270 (radjtc042)','I02F00143','1033802250',1,1),(86,'2018-08-14 15:02:10','2018-08-14 15:49:17','admin','Shuttle DH270 (radjtc043)','I02F00258','1251533774',1,1),(87,'2018-08-14 17:47:28','2018-08-16 17:33:26','admin','Shuttle DH270 (radjtc044)','I02F00455','1035690415',1,1),(88,'2018-11-05 16:27:44','2018-11-05 16:28:47','admin','Shuttle DH270 (radjtc045)','I05F00286','1105357293',1,1),(89,'2019-03-29 15:55:34','2019-03-29 15:55:34','admin','Shuttle DH270 (radjtc046)','I05F00278','1123462890',1,1),(90,'2019-03-29 15:56:29','2019-03-29 15:56:29','admin','Shuttle DH270 (radjtc047)','I05F00282','1127297000',1,1),(91,'2019-03-29 15:57:21','2019-03-29 15:57:21','admin','Shuttle DH270 (radjtc048)','I21F00072','1214242924',1,1),(92,'2019-04-19 10:20:47','2019-04-19 10:20:47','admin','Shuttle DH270 (radjtc049)','I21F00011','1439346882',1,1),(93,'2019-04-24 12:44:50','2019-04-24 12:45:01','admin','Shuttle DH370 (radjtc055)','I50F00010','1255453300',1,1),(94,'2019-04-24 12:46:30','2019-04-24 12:55:50','admin','Shuttle DH370 (radjtc054)','I50F00009','1251056204',1,1),(95,'2019-04-24 12:48:03','2019-04-24 12:48:03','admin','Shuttle DH270 (radjtc051)','I21F00018','1215238919',1,1),(96,'2019-04-24 12:49:10','2019-04-24 12:49:10','admin','Shuttle DH270 (radjtc050)','I21F00061','1221828039',1,1),(97,'2019-04-24 12:50:14','2019-04-24 12:50:14','admin','Shuttle DH270 (radjtc052)','I21F00071','1225841894',1,1),(98,'2019-04-24 12:51:13','2019-04-24 12:51:13','admin','Shuttle DH270 (radjtc053)','I21F00033','1237052933',1,1),(99,'2019-08-19 11:24:40','2019-08-19 11:24:40','admin','Shuttle DH370 (radjtc056)','I50F00257','1347370572',0,1),(100,'2019-08-19 11:25:26','2019-08-19 11:25:26','admin','Shuttle DH370 (radjtc057)','I50F00115','1564417548',0,1),(101,'2019-08-19 11:26:27','2019-08-19 11:26:27','admin','Shuttle DH370 (radjtc058)','J17F00428','1344207248',0,1),(102,'2019-08-19 11:27:11','2019-08-19 11:27:11','admin','Shuttle DH370 (radjtc059)','J17F00378','1352483582',0,1),(103,'2019-08-19 11:27:53','2019-08-19 11:27:53','admin','Shuttle DH370 (radjtc060)','J17F00382','1568689725',0,1),(104,'2019-08-19 11:28:32','2019-08-19 11:28:32','admin','Shuttle DH370 (radjtc061)','j17F00394','1348725108',0,1),(105,'2019-08-19 11:29:17','2019-08-19 11:29:17','admin','Shuttle DH370 (radjtc062)','J17F00391','1352402018',0,1);

--
-- Table structure for table `ds_category`
--

CREATE TABLE `ds_category` (
  `id` int(11) NOT NULL AUTO_INCREMENT,
  `created` datetime NOT NULL,
  `updated` datetime NOT NULL,
  `updatedBy` varchar(255) DEFAULT NULL,
  `name` varchar(255) NOT NULL,
  `description` longtext DEFAULT NULL,
  `mandate_id` int(10) unsigned DEFAULT NULL,
  PRIMARY KEY (`id`),
  KEY `IDX_587122C26C1129CD` (`mandate_id`),
  CONSTRAINT `FK_587122C26C1129CD` FOREIGN KEY (`mandate_id`) REFERENCES `sys_mandate` (`id`)
) ENGINE=InnoDB AUTO_INCREMENT=27 DEFAULT CHARSET=utf8mb3 COLLATE=utf8mb3_unicode_ci;

--
-- Dumping data for table `ds_category`
--

INSERT INTO `ds_category` VALUES (1,'2017-05-04 16:38:05','2017-05-04 16:38:05','admin_ep','Testkategorie',NULL,3),(3,'2017-06-27 15:18:22','2017-06-27 15:18:22','admin_jt','Kat1',NULL,4),(4,'2017-06-27 15:18:25','2017-06-27 15:18:25','admin_jt','Kat2',NULL,4),(5,'2018-01-02 20:26:40','2018-01-02 20:26:40','c.haas','Kaffee',NULL,1),(6,'2018-01-02 20:26:51','2018-01-02 20:26:51','c.haas','Boa',NULL,1),(7,'2018-01-02 20:27:09','2018-01-02 20:27:09','c.haas','Frühstück',NULL,1),(8,'2018-02-19 11:04:42','2018-02-19 11:04:42','c.haas','Joseph',NULL,1),(10,'2018-07-10 10:44:33','2018-07-11 09:25:20','moemax','Bereich Kassa',NULL,6),(11,'2018-07-10 10:44:42','2018-07-11 09:25:18','moemax','Bereich Restaurant',NULL,6),(12,'2018-07-10 10:46:11','2018-07-11 09:25:16','moemax','Bereich Eingang',NULL,6),(13,'2018-07-10 10:53:50','2018-07-11 09:25:13','moemax','Bereich Warenausgabe',NULL,6),(15,'2018-07-10 10:54:05','2018-07-11 09:25:11','moemax','Bereich Wohnen',NULL,6),(16,'2018-07-10 10:54:13','2018-07-11 09:25:09','moemax','Bereich Bad',NULL,6),(17,'2018-07-10 10:54:25','2018-07-11 09:25:07','moemax','Bereich Schlafen',NULL,6),(18,'2018-07-10 10:54:34','2018-07-11 09:25:05','moemax','Bereich Outdoor',NULL,6),(19,'2018-07-10 10:54:49','2018-07-11 09:25:02','moemax','Bereich Resataurant Ausgabe',NULL,6),(20,'2018-07-11 09:25:31','2018-07-11 09:25:31','moemax','Container Aktionen',NULL,6),(21,'2018-07-11 09:25:40','2018-07-11 09:25:40','moemax','Container Service',NULL,6),(22,'2018-07-11 09:25:49','2018-07-11 09:25:49','moemax','Container Restaurant',NULL,6),(23,'2018-07-11 09:25:59','2018-07-11 09:25:59','moemax','Container Promotionen',NULL,6),(24,'2018-09-20 13:30:50','2018-09-20 13:30:50','c.haas','Flaches Huhn',NULL,1),(25,'2019-05-06 12:40:04','2019-05-06 12:40:04','service_more','Standard',NULL,7),(26,'2019-05-09 17:53:09','2019-05-09 17:53:09','c.haas','Wein_Bier',NULL,1);

--
-- Table structure for table `ds_channel`
--

CREATE TABLE `ds_channel` (
  `id` int(10) unsigned NOT NULL AUTO_INCREMENT,
  `created` datetime NOT NULL,
  `updated` datetime NOT NULL,
  `updatedBy` varchar(255) DEFAULT NULL,
  `name` varchar(255) NOT NULL,
  `description` longtext DEFAULT NULL,
  `channelSetup_id` int(11) DEFAULT NULL,
  `mandate_id` int(10) unsigned DEFAULT NULL,
  `channelCategory_id` int(11) DEFAULT NULL,
  PRIMARY KEY (`id`),
  KEY `IDX_413B833FF7B00AA4` (`channelSetup_id`),
  KEY `IDX_413B833F6C1129CD` (`mandate_id`),
  KEY `IDX_413B833F4158B2DB` (`channelCategory_id`),
  CONSTRAINT `FK_413B833F4158B2DB` FOREIGN KEY (`channelCategory_id`) REFERENCES `ds_channel_category` (`id`),
  CONSTRAINT `FK_413B833F6C1129CD` FOREIGN KEY (`mandate_id`) REFERENCES `sys_mandate` (`id`),
  CONSTRAINT `FK_413B833FF7B00AA4` FOREIGN KEY (`channelSetup_id`) REFERENCES `ds_channel_setup` (`id`)
) ENGINE=InnoDB AUTO_INCREMENT=337 DEFAULT CHARSET=utf8mb3 COLLATE=utf8mb3_unicode_ci;

--
-- Dumping data for table `ds_channel`
--

INSERT INTO `ds_channel` VALUES (51,'2016-07-22 08:53:33','2018-03-04 14:31:42','c.haas','93 Liesing Imbiss','3 Sceens',1,1,1),(52,'2016-08-08 09:22:36','2018-03-04 14:31:37','c.haas','93 Liesing Fleisch','2 Screens',1,1,2),(53,'2016-08-11 10:25:25','2018-03-04 14:31:33','c.haas','93 Liesing Feinkost','3 Screens',1,1,3),(54,'2016-08-12 19:25:44','2019-05-27 15:53:56','admin','JT-Test Channel','',1,1,1),(56,'2016-08-19 15:46:46','2018-03-04 14:30:57','c.haas','63 Hietzing Imbiss',NULL,1,1,1),(57,'2016-08-19 15:53:08','2018-03-04 14:31:15','c.haas','63 Hietzing Feinkost 1',NULL,1,1,3),(58,'2016-08-19 15:53:17','2018-03-04 14:31:22','c.haas','63 Hietzing Feinkost 2',NULL,1,1,3),(59,'2016-08-19 15:53:26','2018-03-04 14:31:26','c.haas','63 Hietzing Fleisch',NULL,1,1,2),(60,'2016-08-19 15:53:58','2018-03-04 14:31:05','c.haas','63 Hietzing Familienwand Monitore groß',NULL,1,1,5),(61,'2016-08-19 15:54:04','2018-03-04 14:31:10','c.haas','63 Hietzing Familienwand Monitore klein',NULL,1,1,5),(63,'2016-09-07 17:15:29','2018-03-06 14:58:26','admin','Waagen Kaffee Permanent',NULL,1,1,4),(66,'2016-09-22 15:19:16','2016-09-22 15:19:16','adminJT','Channel Radatz Test',NULL,1,2,NULL),(69,'2016-10-13 10:01:50','2018-03-06 14:58:24','admin','Waagen Kaffee Fullscreen',NULL,1,1,4),(71,'2017-03-21 15:42:07','2018-03-06 09:38:19','admin','24 Schottengasse Imbiss 1',NULL,1,1,1),(72,'2017-03-21 15:42:22','2018-03-06 09:38:22','admin','24 Schottengasse Imbiss 2',NULL,1,1,1),(73,'2017-03-21 15:42:41','2019-04-24 09:44:14','admin','24 Schottengasse Feinkost',NULL,1,1,3),(74,'2017-03-21 15:42:53','2018-03-06 09:38:15','admin','24 Schottengasse Fleisch',NULL,1,1,2),(75,'2017-03-29 09:20:38','2018-03-06 14:58:28','admin','Zentrale Familienwand','ein Screen',1,1,5),(76,'2017-05-04 16:35:14','2017-05-04 16:35:14','admin_ep','JT Testchannel1',NULL,1,3,NULL),(77,'2017-05-11 10:43:30','2017-05-11 14:55:50','admin_jt','Channel Lounge',NULL,1,4,NULL),(78,'2017-05-11 10:50:21','2017-05-11 10:50:40','admin_jt','Channel Empfang',NULL,2,4,NULL),(79,'2017-05-11 10:50:31','2017-05-11 14:55:00','admin_jt','Channel WC',NULL,1,4,NULL),(80,'2017-05-11 11:56:30','2017-05-11 16:03:35','admin_jt','Channel Stele Empfang',NULL,1,4,NULL),(81,'2017-06-06 08:57:30','2017-06-06 08:57:30','admin_jt','Channel Messe',NULL,1,4,NULL),(82,'2017-06-06 09:31:32','2018-03-06 15:16:20','admin','JT Waage Test full',NULL,1,1,NULL),(83,'2017-06-13 17:04:56','2018-03-02 16:03:37','admin','JT Waage Test perm',NULL,1,1,4),(84,'2017-07-19 11:39:26','2018-03-06 14:57:29','admin','29 Rochusmarkt Imbiss',NULL,1,1,1),(85,'2017-07-19 11:40:02','2018-03-06 14:57:18','admin','29 Rochusmarkt Feinkost 1',NULL,1,1,3),(86,'2017-07-19 11:40:10','2018-03-06 14:57:22','admin','29 Rochusmarkt Feinkost 2',NULL,1,1,3),(87,'2017-07-19 11:40:17','2018-03-06 14:57:25','admin','29 Rochusmarkt Fleisch',NULL,1,1,2),(88,'2017-07-19 11:40:38','2018-03-15 09:34:03','admin','29 Rochusmarkt Imbiss Hoch',NULL,2,1,6),(89,'2017-08-09 15:54:35','2017-08-09 16:10:53','admin_ep','IFA 1 Channel Quer',NULL,1,3,NULL),(90,'2017-08-09 16:11:04','2017-08-09 16:11:10','admin_ep','IFA 1 Channel Vert',NULL,1,3,NULL),(91,'2017-08-18 14:43:46','2018-03-06 14:58:06','admin','64 Währingerstraße Fleisch',NULL,1,1,2),(92,'2017-08-18 15:21:35','2018-03-06 14:58:02','admin','64 Währingerstraße Feinkost',NULL,1,1,3),(93,'2017-08-18 15:59:30','2017-08-18 15:59:30','admin_jt','Channel Touch Shelf',NULL,2,4,NULL),(94,'2017-08-21 10:16:03','2018-03-06 14:58:09','admin','64 Währingerstraße Imbiss',NULL,1,1,1),(95,'2017-08-21 10:48:34','2018-03-06 14:59:10','admin','64 Währingerstraße Auslage',NULL,1,1,6),(96,'2017-09-06 17:44:10','2018-03-06 14:59:05','admin','60 Neubaugasse Auslage',NULL,1,1,6),(97,'2017-09-06 17:45:39','2018-03-06 14:57:49','admin','60 Neubaugasse Imbiss',NULL,1,1,1),(98,'2017-09-06 17:47:56','2018-03-06 14:57:44','admin','60 Neubaugasse Feinkost',NULL,1,1,3),(99,'2017-09-06 17:48:41','2018-03-06 14:57:47','admin','60 Neubaugasse Fleisch',NULL,1,1,2),(100,'2017-09-06 17:50:00','2018-03-06 14:57:40','admin','60 Neubaugasse Familienwand innen',NULL,1,1,5),(101,'2017-09-06 17:50:07','2018-03-06 14:57:37','admin','60 Neubaugasse Familienwand außen',NULL,1,1,5),(102,'2017-09-11 11:38:43','2017-09-11 11:38:43','post','Channel 6er Wall',NULL,1,5,NULL),(103,'2017-09-11 12:03:22','2017-09-11 12:04:01','post','Channel Aufsteller',NULL,2,5,NULL),(104,'2017-09-11 12:03:39','2017-09-11 12:03:39','post','Channel Hochformat Installation',NULL,2,5,NULL),(105,'2018-01-08 12:40:15','2018-01-08 12:40:15','admin_jt','Channel Test',NULL,1,4,NULL),(106,'2018-03-15 10:42:07','2018-03-15 10:42:19','admin','JT Image Render',NULL,1,1,2),(111,'2018-07-05 12:56:28','2018-07-05 13:07:16','admin','67 Josefstädter Straße Imbiss',NULL,1,1,1),(112,'2018-07-05 12:58:48','2018-08-17 09:26:26','c.haas','67 Josefstädter Straße Feinkost 2 (Imbiss)',NULL,1,1,3),(113,'2018-07-05 12:59:46','2018-08-17 09:26:12','c.haas','67 Josefstädter Straße Feinkost 1',NULL,1,1,2),(114,'2018-07-05 13:00:55','2018-08-17 12:12:33','c.haas','67 Josefstädter Straße Fleisch',NULL,1,1,2),(115,'2018-07-05 15:49:59','2018-07-05 15:50:37','admin','99 Alt Erlaa Fleisch',NULL,1,1,2),(116,'2018-07-05 15:50:08','2018-07-05 15:50:31','admin','99 Alt Erlaa Feinkost',NULL,1,1,3),(117,'2018-07-05 15:50:17','2018-07-05 15:50:41','admin','99 Alt Erlaa Imbiss',NULL,1,1,1),(118,'2018-07-10 10:17:18','2018-07-11 09:27:11','moemax','Bereich Kassa AT','aktionen 25%\npromotionen 50%\nservice: 25%',1,6,7),(119,'2018-07-10 10:17:34','2018-07-11 09:27:13','moemax','Bereich Kassa DE','aktionen 25%\npromotionen 50%\nservice: 25%',1,6,7),(120,'2018-07-10 10:17:41','2018-07-11 09:27:15','moemax','Bereich Kassa SI','aktionen 25%\npromotionen 50%\nservice: 25%',1,6,7),(121,'2018-07-10 10:17:54','2018-07-11 09:24:38','moemax','Bereich Eingang AT','aktionen 25%\npromotionen 50%\nservice: 25%',1,6,8),(122,'2018-07-10 10:18:00','2018-07-11 09:33:44','moemax','Bereich Eingang DE','aktionen 25%\npromotionen 50%\nservice: 25%',1,6,8),(123,'2018-07-10 10:18:08','2018-07-11 09:27:04','moemax','Bereich Eingang SI','aktionen 25%\npromotionen 50%\nservice: 25%',1,6,8),(124,'2018-07-10 10:23:16','2018-07-11 10:07:45','moemax','Bereich Restaurant AT','Restaurant 100%',1,6,14),(125,'2018-07-10 10:23:29','2018-07-11 10:07:49','moemax','Bereich Restaurant DE','Restaurant 100%',1,6,14),(126,'2018-07-10 10:23:35','2018-07-11 10:07:51','moemax','Bereich Restaurant SI','Restaurant 100%',1,6,14),(127,'2018-07-10 11:02:16','2018-07-11 09:27:21','moemax','Bereich Warenausgabe AT','aktionen 25%\npromotionen 50%\nservice: 25%',1,6,9),(128,'2018-07-10 11:03:44','2018-07-11 09:27:06','moemax','Bereich Fläche Bad AT','aktionen 25%\npromotionen 50%\nservice: 25%',1,6,11),(129,'2018-07-10 11:03:53','2018-07-11 09:27:08','moemax','Bereich Fläche Schlafen AT','aktionen 25%\npromotionen 50%\nservice: 25%',1,6,12),(130,'2018-07-10 11:04:07','2018-07-11 09:27:10','moemax','Bereich Fläche Wohnen AT','aktionen 25%\npromotionen 50%\nservice: 25%',1,6,10),(131,'2018-07-25 10:42:29','2018-07-25 10:42:41','admin','28 Donauzentrum Wand',NULL,1,1,5),(132,'2018-08-01 15:23:03','2018-08-20 12:32:29','c.haas','43 Viktor-Adler-Markt Fleisch',NULL,1,1,2),(133,'2018-08-01 15:24:19','2018-08-01 15:25:52','admin','43 Viktor-Adler-Markt Feinkost',NULL,1,1,3),(134,'2018-08-01 15:24:36','2018-08-01 15:25:58','admin','43 Viktor-Adler-Markt Imbiss',NULL,1,1,1),(135,'2018-08-01 15:24:56','2018-08-20 12:31:07','c.haas','43 Viktor-Adler-Markt Imbiss hoch',NULL,2,1,1),(136,'2018-08-01 15:25:13','2018-08-02 15:55:08','admin','43 Viktor-Adler-Markt Auslage',NULL,2,1,6),(137,'2018-08-16 16:50:56','2018-08-16 16:51:08','admin','67 Josefstädter Straße Auslage',NULL,2,1,6),(138,'2018-11-22 10:10:06','2019-10-17 13:22:55','service_more','Testumgebung - Digital Signage Shelf',NULL,2,7,NULL),(139,'2018-11-22 10:10:17','2019-10-17 15:37:13','service_more','Testumgebung - Digital Signage',NULL,1,7,NULL),(140,'2018-12-05 09:43:41','2018-12-05 09:44:22','admin','Waagen Imbiss Fullscreen',NULL,1,1,4),(141,'2018-12-05 09:43:46','2018-12-05 09:44:40','admin','Waagen Imbiss Permanent',NULL,1,1,4),(142,'2018-12-05 09:43:51','2018-12-05 09:45:13','admin','Waagen Feinkost Fullscreen',NULL,1,1,4),(143,'2018-12-05 09:43:54','2018-12-05 09:45:02','admin','Waagen Feinkost Permanent',NULL,1,1,4),(144,'2018-12-05 09:43:58','2018-12-05 09:45:00','admin','Waagen Fleisch Fullscreen',NULL,1,1,4),(145,'2018-12-05 09:44:03','2018-12-05 09:44:57','admin','Waagen Fleisch Permanent',NULL,1,1,4),(147,'2019-03-22 17:26:34','2019-10-17 13:23:03','service_more','Testumgebung - Shelf Header',NULL,1,7,NULL),(149,'2019-03-29 14:57:22','2019-03-29 15:05:35','admin','98 Südstadt Fleisch',NULL,1,1,2),(150,'2019-03-29 14:57:33','2019-03-29 15:05:48','admin','98 Südstadt Imbiss',NULL,1,1,1),(151,'2019-03-29 14:58:29','2019-03-29 15:05:28','admin','98 Südstadt Feinkost',NULL,1,1,3),(152,'2019-04-19 10:22:49','2019-04-19 10:24:06','admin','99 Alt Erlaa Auslage',NULL,2,1,6),(156,'2019-04-24 10:44:34','2019-04-24 18:08:11','admin','46 Simmering Imbiss Links',NULL,1,1,1),(157,'2019-04-24 10:48:46','2019-04-24 18:08:20','admin','46 Simmering Imbiss Rechts',NULL,1,1,1),(158,'2019-04-24 10:49:04','2019-04-24 18:08:04','admin','46 Simmering Fleisch',NULL,1,1,2),(159,'2019-04-24 10:51:33','2019-04-24 18:08:10','admin','46 Simmering Feinkost',NULL,1,1,3),(160,'2019-04-24 10:51:48','2019-04-24 18:07:54','admin','46 Simmering Eingang Links',NULL,2,1,6),(161,'2019-04-24 10:52:09','2019-04-26 10:14:13','admin','46 Simmering Eingang Rechts',NULL,1,1,6),(162,'2019-04-25 12:48:59','2019-04-25 12:48:59','service_more','S&M - Farbe & Wohnen Müllner - Shelf Header',NULL,1,7,NULL),(165,'2019-04-25 12:50:22','2019-04-25 12:50:22','service_more','S&M - Gaster - Shelf Header',NULL,1,7,NULL),(167,'2019-04-25 12:50:51','2019-04-25 12:50:51','service_more','S&M - Möbel Maier - Shelf Header',NULL,1,7,NULL),(168,'2019-04-25 12:51:23','2019-04-25 12:51:23','service_more','S&M - Farbe & Wohnen Müllner - Digital Signage Shelf',NULL,2,7,NULL),(169,'2019-04-25 12:51:36','2019-04-25 12:51:36','service_more','S&M - Gaster - Digital Signage Shelf',NULL,2,7,NULL),(170,'2019-04-25 12:51:51','2019-04-25 12:51:51','service_more','S&M - Möbel Maier - Digital Signage Shelf',NULL,2,7,NULL),(171,'2019-05-20 17:16:13','2019-05-20 17:16:13','service_more','S&M - Haider Wohnen - Shelf Header',NULL,1,7,NULL),(172,'2019-05-20 17:16:33','2019-05-20 17:16:33','service_more','S&M - Haider Wohnen - Digital Signage Shelf',NULL,2,7,NULL),(173,'2019-05-22 09:25:17','2019-05-22 09:25:17','service_more','S&M - Wohnquartier - Shelf Header',NULL,1,7,NULL),(174,'2019-05-22 09:25:32','2019-05-22 09:25:32','service_more','S&M - Wohnquartier - Digital Signage Shelf',NULL,2,7,NULL),(175,'2019-06-05 12:45:46','2019-06-05 12:46:48','service_more','S&M - Fox Holz - Digital Signage Shelf',NULL,2,7,NULL),(176,'2019-06-05 12:46:37','2019-06-05 12:46:53','service_more','S&M - Fox Holz - Shelf Header',NULL,1,7,NULL),(177,'2019-06-05 12:49:54','2019-06-05 12:50:27','service_more','S&M - Phillip & Kurt Manufaktur - Digital Signage Shelf',NULL,2,7,NULL),(178,'2019-06-05 12:50:38','2019-06-05 12:50:50','service_more','S&M - Phillip & Kurt Manufaktur - Shelf Header',NULL,1,7,NULL),(179,'2019-06-11 10:49:07','2019-08-23 10:59:50','service_more','S&M - Aichner - Shelf Header',NULL,1,7,NULL),(180,'2019-06-11 10:50:06','2019-06-11 10:50:19','service_more','S&M - Aichner - Digital Signage Shelf',NULL,2,7,NULL),(181,'2019-06-11 10:56:52','2019-06-11 10:57:14','service_more','S&M - Aufschnaiter - Digital Signage Shelf',NULL,2,7,NULL),(182,'2019-06-11 10:57:26','2019-06-11 10:57:37','service_more','S&M - Aufschnaiter - Shelf Header',NULL,1,7,NULL),(183,'2019-06-11 11:00:31','2019-06-11 11:00:55','service_more','S&M - Möbel Fellner - Shelf Header',NULL,1,7,NULL),(184,'2019-06-11 11:01:10','2019-06-11 11:01:25','service_more','S&M - Möbel Fellner - Digital Signage Shelf',NULL,2,7,NULL),(185,'2019-06-11 11:03:53','2019-06-11 11:04:08','service_more','S&M - See & Maschik - Shelf Header',NULL,1,7,NULL),(186,'2019-06-11 11:04:16','2019-06-11 11:04:30','service_more','S&M - See & Maschik - Digital Signage Shelf',NULL,2,7,NULL),(187,'2019-06-12 11:23:49','2019-10-21 11:54:12','service_more','S&M - Akquisepartner - Digital Signage Shelf',NULL,2,7,NULL),(190,'2019-06-12 11:26:04','2019-10-21 11:54:17','service_more','S&M - Akquisepartner - Shelf Header',NULL,1,7,NULL),(191,'2019-06-26 17:47:18','2019-08-22 15:10:44','service_more','S&M - Möbel Fellner - Signage Screen',NULL,1,7,NULL),(193,'2019-08-19 11:17:32','2019-08-20 14:59:49','c.haas','62 Auhof Imbiss Decke',NULL,1,1,6),(194,'2019-08-19 11:17:41','2019-08-19 11:18:27','admin','62 Auhof Imbiss',NULL,1,1,1),(195,'2019-08-19 11:17:47','2019-08-19 11:18:23','admin','62 Auhof Fleisch',NULL,1,1,2),(196,'2019-08-19 11:17:56','2019-08-19 11:18:20','admin','62 Auhof Feinkost',NULL,1,1,3),(197,'2019-08-19 15:52:24','2019-08-23 10:59:50','service_more','S&M - Aichner - DS',NULL,1,7,NULL),(198,'2019-08-22 14:48:42','2019-08-26 14:26:15','service_more','S&M - Küchen & Wohnstudio Schwaiger - Digital Signage Shelf',NULL,2,7,NULL),(199,'2019-08-22 14:50:47','2019-08-26 14:26:20','service_more','S&M - Küchen & Wohnstudio Schwaiger - Shelf Header',NULL,1,7,NULL),(200,'2019-08-22 15:06:33','2019-08-26 14:26:04','service_more','S&M - K&B Unterlerchner -  Shelf Header',NULL,1,7,NULL),(201,'2019-08-22 15:06:49','2019-08-26 14:26:08','service_more','S&M - K&B Unterlerchner - Digital Signage Shelf',NULL,2,7,NULL),(202,'2019-08-23 10:57:45','2019-08-26 14:26:44','service_more','S&M - Wohnraum Eder - Digital Signage Shelf',NULL,2,7,NULL),(203,'2019-08-23 10:58:34','2019-08-26 14:26:46','service_more','S&M - Wohnraum Eder - Shelf Header',NULL,1,7,NULL),(204,'2019-08-23 11:06:31','2020-02-07 13:52:33','service_more','S&M - Akquisepartner - Digital Signage Shelf',NULL,2,7,NULL),(205,'2019-08-23 11:06:43','2020-02-07 13:52:35','service_more','S&M - Akquisepartner - Shelf Header',NULL,1,7,NULL),(206,'2019-08-23 11:19:26','2019-08-26 14:26:38','service_more','S&M - Wimmer Wohnen - Digital Signage Shelf',NULL,2,7,NULL),(207,'2019-08-23 11:19:34','2019-08-26 14:26:40','service_more','S&M - Wimmer Wohnen - Shelf Header',NULL,1,7,NULL),(208,'2019-08-26 10:31:46','2019-08-26 14:26:33','service_more','S&M - Raumgestaltung Widy - Digital Signage Shelf',NULL,2,7,NULL),(209,'2019-08-26 10:31:58','2019-08-26 14:26:33','service_more','S&M - Raumgestaltung Widy - Shelf Header',NULL,1,7,NULL),(210,'2019-08-26 14:22:39','2019-08-26 14:26:24','service_more','S&M - Küchenzentrum Steffl - Digital Signage Shelf',NULL,2,7,NULL),(211,'2019-08-26 14:22:51','2019-08-26 14:26:24','service_more','S&M - Küchenzentrum Steffl - Shelf Header',NULL,1,7,NULL),(212,'2019-08-26 14:37:18','2019-08-26 14:37:49','service_more','S&M - Wohndesign Maierhofer - Digital Signage Shelf',NULL,2,7,NULL),(213,'2019-08-26 14:37:31','2019-08-26 14:37:51','service_more','S&M - Wohndesign Maierhofer - DS',NULL,1,7,NULL),(214,'2019-08-26 14:37:41','2019-08-26 14:37:54','service_more','S&M - Wohndesign Maierhofer - Shelf Header',NULL,1,7,NULL),(215,'2019-08-27 10:16:00','2019-08-27 10:17:25','service_more','S&M - Georg Mayerhofer - Digital Signage Shelf',NULL,2,7,NULL),(216,'2019-08-27 10:16:23','2019-08-27 10:17:07','service_more','S&M - Georg Mayerhofer - Shelf Header',NULL,1,7,NULL),(217,'2019-08-27 10:28:42','2019-08-27 10:29:03','service_more','S&M - Winter - die Einrichtung - Digital Signage Shelf',NULL,2,7,NULL),(218,'2019-08-27 10:28:54','2019-08-27 10:29:07','service_more','S&M - Winter - die Einrichtung - Shelf Header',NULL,1,7,NULL),(219,'2019-08-27 10:40:09','2019-08-27 10:40:38','service_more','S&M - Johann Glanz Raumdesigner - Digital Signage Shelf',NULL,2,7,NULL),(220,'2019-08-27 10:40:25','2019-08-27 10:40:35','service_more','S&M - Johann Glanz Raumdesigner- Shelf Header',NULL,1,7,NULL),(221,'2019-08-27 10:53:26','2019-08-27 10:54:06','service_more','S&M - Kreibich Malerwerkstatt - Digital Signage Shelf',NULL,2,7,NULL),(222,'2019-08-27 10:53:47','2019-08-27 10:54:13','service_more','S&M - Kreibich Malerwerkstatt - Shelf Header',NULL,1,7,NULL),(225,'2019-10-16 11:00:13','2019-10-16 11:00:13','service_more','S&M - Möbel Zimmermann - Digital Signage Shelf',NULL,2,7,NULL),(226,'2019-10-16 11:00:54','2019-10-16 11:00:54','service_more','S&M - Möbel Zimmermann - Shelf Header',NULL,1,7,NULL),(227,'2019-10-16 11:17:05','2019-10-16 11:17:28','service_more','S&M - Burtscher Böden - Digital Signage Shelf',NULL,2,7,NULL),(228,'2019-10-16 11:17:18','2019-10-16 11:17:27','service_more','S&M - Burtscher Böden - Shelf Header',NULL,1,7,NULL),(229,'2019-10-16 11:40:48','2019-10-16 11:42:12','service_more','S&M - Resch Home - Digital Signage Shelf',NULL,2,7,NULL),(230,'2019-10-16 11:41:37','2019-10-16 11:42:14','service_more','S&M - Resch Home - Shelf Header',NULL,1,7,NULL),(231,'2019-10-16 11:59:13','2019-10-16 11:59:37','service_more','S&M - Möbel Handl - Digital Signage Shelf',NULL,2,7,NULL),(232,'2019-10-16 11:59:30','2019-10-16 11:59:40','service_more','S&M - Möbel Handl - Shelf Header',NULL,1,7,NULL),(233,'2019-10-16 12:12:01','2019-10-16 12:12:22','service_more','S&M - Designstudio Wolfgang Nowak - Digital Signage Shelf',NULL,2,7,NULL),(234,'2019-10-16 12:12:12','2019-10-16 12:12:26','service_more','S&M - Designstudio Wolfgang Nowak - Shelf Header',NULL,1,7,NULL),(235,'2019-10-16 12:21:23','2019-10-16 12:25:38','service_more','S&M - Oberrauter - Digital Signage Shelf',NULL,2,7,NULL),(236,'2019-10-16 12:24:59','2019-10-16 12:25:22','service_more','S&M - Oberrauter - Shelf Header',NULL,1,7,NULL),(237,'2019-10-16 12:33:18','2019-10-16 12:33:35','service_more','S&M - Anton Meyer Raumausstattung - Digital Signage Shelf',NULL,2,7,NULL),(238,'2019-10-16 12:33:28','2019-10-16 12:33:38','service_more','S&M - Anton Meyer Raumausstattung - Shelf Header',NULL,1,7,NULL),(239,'2019-10-16 12:46:00','2019-10-16 12:46:22','service_more','S&M - Groiss Wohnkultur - Digital Signage Shelf',NULL,2,7,NULL),(240,'2019-10-16 12:46:14','2019-10-16 12:46:25','service_more','S&M - Groiss Wohnkultur - Shelf Header',NULL,1,7,NULL),(241,'2019-10-21 11:39:33','2019-10-21 11:39:54','service_more','S&M - Möbel Laimer - Digital Signage Shelf',NULL,2,7,NULL),(242,'2019-10-21 11:39:46','2019-10-21 11:39:52','service_more','S&M - Möbel Laimer - Shelf Header',NULL,1,7,NULL),(243,'2019-10-21 11:44:36','2019-10-21 11:44:49','service_more','S&M - Mazenreiter - Digital Signage Shelf',NULL,2,7,NULL),(244,'2019-10-21 11:44:44','2019-10-21 11:44:52','service_more','S&M - Mazenreiter - Shelf Header',NULL,1,7,NULL),(245,'2019-10-21 11:50:06','2019-10-21 11:50:20','service_more','S&M - Spätauf - Digital Signage Shelf',NULL,2,7,NULL),(246,'2019-10-21 11:50:14','2019-10-21 11:50:23','service_more','S&M - Spätauf - Shelf Header',NULL,1,7,NULL),(247,'2019-10-21 11:54:28','2019-10-21 11:54:44','service_more','S&M - Hannerer - Digital Signage Shelf',NULL,2,7,NULL),(248,'2019-10-21 11:54:36','2019-10-21 11:54:41','service_more','S&M - Hannerer - Shelf Header',NULL,1,7,NULL),(249,'2019-10-21 15:05:07','2019-10-21 15:05:24','service_more','S&M - Ablinger - Digital Signage Shelf',NULL,2,7,NULL),(250,'2019-10-21 15:05:16','2019-10-21 15:05:22','service_more','S&M - Ablinger - Shelf Header',NULL,1,7,NULL),(251,'2019-10-21 15:09:23','2019-10-21 15:09:36','service_more','S&M - Landrichtinger - Digital Signage Shelf',NULL,2,7,NULL),(252,'2019-10-21 15:09:31','2019-10-21 15:09:40','service_more','S&M - Landrichtinger - Shelf Header',NULL,1,7,NULL),(253,'2019-10-21 15:13:46','2019-10-21 15:13:59','service_more','S&M - Assl Möbel - Digital Signage Shelf',NULL,2,7,NULL),(254,'2019-10-21 15:13:54','2019-10-21 15:14:02','service_more','S&M - Assl Möbel - Shelf Header',NULL,1,7,NULL),(255,'2019-10-21 15:19:05','2019-10-21 15:19:18','service_more','S&M - MF-Böden - Digital Signage Shelf',NULL,2,7,NULL),(256,'2019-10-21 15:19:12','2019-10-21 15:19:21','service_more','S&M - MF-Böden - Shelf Header',NULL,1,7,NULL),(257,'2019-10-29 14:03:06','2019-10-29 14:03:06','service_more','S&M - Burtscher - DS',NULL,1,7,NULL),(258,'2020-02-05 15:00:07','2020-02-05 15:02:14','service_more','S&M - dasmöbelhaus Huber GmbH - Digital Signage Shelf',NULL,2,7,NULL),(259,'2020-02-05 15:00:17','2020-02-05 15:02:22','service_more','S&M - Gerhard Ilg Raumgestaltung  - Digital Signage Shelf',NULL,2,7,NULL),(260,'2020-02-05 15:00:22','2020-02-05 15:03:08','service_more','S&M - Drack Maler und Bodenleger GmbH - Digital Signage Shelf',NULL,2,7,NULL),(261,'2020-02-05 15:00:25','2020-02-05 15:03:21','service_more','S&M - Schild GmbH & Co. KG  - Digital Signage Shelf',NULL,2,7,NULL),(262,'2020-02-05 15:00:28','2020-02-05 15:03:29','service_more','S&M - Schmidt Raumausstattung - Digital Signage Shelf',NULL,2,7,NULL),(263,'2020-02-05 15:00:31','2020-02-05 15:03:57','service_more','S&M - Berger Markus Tapezierer und Raumausstatter - Digital Signage Shelf',NULL,2,7,NULL),(264,'2020-02-05 15:00:34','2020-02-05 15:04:01','service_more','S&M - Fetz Karl e.U. Fachgeschäft für Raumausstattung - Digital Signage Shelf',NULL,2,7,NULL),(265,'2020-02-05 15:00:38','2020-02-05 15:04:16','service_more','S&M - Leopold Stranzl GmbH & Co KG - Digital Signage Shelf',NULL,2,7,NULL),(266,'2020-02-05 15:00:41','2020-02-05 15:04:27','service_more','S&M - Prix & Rak GmbH - Digital Signage Shelf',NULL,2,7,NULL),(267,'2020-02-05 15:00:44','2020-02-05 15:04:45','service_more','S&M - Erich Brunner e.U. Raumausstatter - Digital Signage Shelf',NULL,2,7,NULL),(268,'2020-02-05 15:00:48','2020-02-05 15:04:54','service_more','S&M - MATUTEX GmbH - Digital Signage Shelf',NULL,2,7,NULL),(270,'2020-02-05 15:01:05','2020-02-05 15:02:03','service_more','S&M - dasmöbelhaus Huber GmbH - Shelf Header',NULL,1,7,NULL),(271,'2020-02-05 15:01:09','2020-02-05 15:02:26','service_more','S&M - Gerhard Ilg Raumgestaltung  - Shelf Header',NULL,1,7,NULL),(272,'2020-02-05 15:01:15','2020-02-05 15:03:10','service_more','S&M - Drack Maler und Bodenleger GmbH - Shelf Header',NULL,1,7,NULL),(273,'2020-02-05 15:01:21','2020-02-05 15:03:17','service_more','S&M - Schild GmbH & Co. KG  - Shelf Header',NULL,1,7,NULL),(274,'2020-02-05 15:01:24','2020-02-05 15:03:32','service_more','S&M - Schmidt Raumausstattung - Shelf Header',NULL,1,7,NULL),(275,'2020-02-05 15:01:27','2020-02-05 15:03:41','service_more','S&M - Berger Markus Tapezierer und Raumausstatter - Shelf Header',NULL,1,7,NULL),(276,'2020-02-05 15:01:31','2020-02-05 15:04:04','service_more','S&M - Fetz Karl e.U. Fachgeschäft für Raumausstattung - Shelf Header',NULL,1,7,NULL),(277,'2020-02-05 15:01:34','2020-02-05 15:04:12','service_more','S&M - Leopold Stranzl GmbH & Co KG - Shelf Header',NULL,1,7,NULL),(278,'2020-02-05 15:01:36','2020-02-05 15:04:30','service_more','S&M - Prix & Rak GmbH - Shelf Header',NULL,1,7,NULL),(279,'2020-02-05 15:01:40','2020-02-05 15:04:38','service_more','S&M - Erich Brunner e.U. Raumausstatter - Shelf Header',NULL,1,7,NULL),(280,'2020-02-05 15:01:44','2020-02-05 15:04:59','service_more','S&M - MATUTEX GmbH - Shelf Header',NULL,1,7,NULL),(281,'2020-03-09 17:33:36','2020-03-10 12:35:30','service_more','S&M - Erich Brunner e.U. Raumausstatter - Digital Signage',NULL,1,7,NULL),(282,'2020-03-18 10:06:41','2020-03-18 10:06:41','service_more','S&M - Josef Schmidt Raumausstattung Linz - Digital Signage Shelf',NULL,2,7,NULL),(283,'2020-03-18 10:06:58','2020-03-18 10:06:58','service_more','S&M - Josef Schmidt Raumausstattung Linz - Shelf Header',NULL,1,7,NULL),(284,'2020-04-10 10:40:26','2020-04-10 10:40:50','service_more','S&M - Trixl - Digital Signage Shelf',NULL,2,7,NULL),(285,'2020-04-10 10:40:40','2020-04-10 10:40:40','service_more','S&M - Trixl - Shelf Header',NULL,1,7,NULL),(286,'2020-10-02 10:17:04','2020-10-02 10:17:29','service_more','S&M - Kirchschlager - Digital Signage Shelf',NULL,2,7,NULL),(287,'2020-10-02 10:17:18','2020-10-02 10:17:33','service_more','S&M - Kirchschlager - Shelf Header',NULL,1,7,NULL),(288,'2020-11-04 09:47:47','2020-11-04 09:48:16','service_more','S&M - mayrhofer küche&wohnen - Digital Signage Shelf',NULL,2,7,NULL),(289,'2020-11-04 09:48:08','2020-11-04 09:48:08','service_more','S&M - mayrhofer küche&wohnen - Shelf Header',NULL,1,7,NULL),(290,'2020-12-11 08:35:33','2020-12-11 08:36:12','service_more','S&M - Griesbacher - DS',NULL,2,7,NULL),(291,'2020-12-11 08:35:40','2020-12-11 08:36:22','service_more','S&M - Herbert Moser - DS',NULL,2,7,NULL),(292,'2020-12-11 08:35:59','2020-12-11 08:36:15','service_more','S&M - Griesbacher - Shelf Header',NULL,1,7,NULL),(293,'2020-12-11 08:36:04','2020-12-11 08:36:25','service_more','S&M - Herbert Moser - Shelf Header',NULL,1,7,NULL),(294,'2021-02-12 12:14:21','2021-02-12 12:14:21','service_more','S&M - Aster - Digital Signage Shelf',NULL,2,7,NULL),(295,'2021-02-12 12:14:36','2021-02-12 12:14:36','service_more','S&M - Aster - Shelf Header',NULL,1,7,NULL),(296,'2021-03-03 09:07:39','2021-03-03 09:07:39','service_more','Test JT Header',NULL,1,7,NULL),(297,'2021-03-03 09:07:47','2021-03-03 09:07:47','service_more','Test JT Idle',NULL,2,7,NULL),(298,'2021-03-10 12:28:08','2021-03-10 12:28:56','service_more','S&M - Hueter - Digital Signage Shelf',NULL,2,7,NULL),(299,'2021-03-10 12:28:36','2021-03-10 12:28:36','service_more','S&M - Hueter - Shelf Header',NULL,1,7,NULL),(300,'2021-03-17 13:44:39','2021-03-17 13:44:39','service_more','S&M - Impex - Digital Signage Shelf',NULL,2,7,NULL),(301,'2021-03-17 13:44:51','2021-03-17 13:44:51','service_more','S&M - Impex - Shelf Header',NULL,1,7,NULL),(302,'2021-05-04 08:29:19','2021-05-04 08:29:40','service_more','S&M - Egger Raumdesign - Digital Signage Shelf',NULL,2,7,NULL),(303,'2021-05-04 08:29:29','2021-05-04 08:29:29','service_more','S&M - Egger Raumdesign - Shelf Header',NULL,1,7,NULL),(304,'2021-05-04 08:35:31','2021-05-04 08:36:00','service_more','S&M - Schwab Walcher - Digital Signage Shelf',NULL,2,7,NULL),(305,'2021-05-04 08:35:41','2021-05-04 08:35:41','service_more','S&M - Schwab Walcher - Shelf Header',NULL,1,7,NULL),(306,'2021-07-21 13:02:23','2021-07-21 13:06:00','service_more','S&M - Möbelhaus Karner - Digital Signage Shelf',NULL,2,7,NULL),(307,'2021-07-21 13:02:36','2021-07-21 13:02:36','service_more','S&M - Möbelhaus Karner - Shelf Header',NULL,1,7,NULL),(308,'2021-10-25 11:08:22','2021-10-25 11:08:49','service_more','S&M - Winkler Raumausstattung - Shelf Header',NULL,1,7,NULL),(309,'2021-10-25 11:08:31','2021-10-25 11:08:53','service_more','S&M - Winkler Raumausstattung - Digital Signage Shelf',NULL,2,7,NULL),(310,'2022-04-27 09:59:08','2022-04-27 09:59:25','service_more','S&M - Laforma - Digital Signage Shelf',NULL,2,7,NULL),(311,'2022-04-27 09:59:13','2022-04-27 09:59:40','service_more','S&M - Laforma - Shelf Header',NULL,1,7,NULL),(312,'2022-05-17 10:50:58','2022-05-17 10:51:16','service_more','S&M - Zieger - Digital Signage Shelf',NULL,2,7,NULL),(313,'2022-05-17 10:51:07','2022-05-17 10:51:22','service_more','S&M - Zieger - Shelf Header',NULL,1,7,NULL),(314,'2022-05-27 09:05:49','2022-05-27 09:06:14','service_more','S&M - S-Wohndesign GmbH Schneiderbauer - Digital Signage Shelf',NULL,2,7,NULL),(315,'2022-05-27 09:05:58','2022-05-27 09:06:18','service_more','S&M - S-Wohndesign GmbH Schneiderbauer - Shelf Header',NULL,1,7,NULL),(316,'2022-06-23 11:43:25','2022-06-23 11:44:30','service_more','S&M - egger EINRICHTEN - Digital Signage Shelf',NULL,2,7,NULL),(317,'2022-06-23 11:43:32','2022-06-23 11:44:31','service_more','S&M - egger EINRICHTEN - Shelf Header',NULL,1,7,NULL),(318,'2022-06-23 14:42:13','2022-06-23 14:42:39','service_more','S&M - Aigner Wohnkonzepte - Digital Signage Shelf',NULL,2,7,NULL),(319,'2022-06-23 14:42:22','2022-06-23 14:42:31','service_more','S&M - Aigner Wohnkonzepte - Shelf Header',NULL,1,7,NULL),(320,'2022-09-13 16:55:08','2022-09-13 16:55:27','service_more','S&M - Tikal - Digital Signage Shelf',NULL,2,7,NULL),(321,'2022-09-13 16:55:17','2022-09-13 16:55:30','service_more','S&M - Tikal - Shelf Header',NULL,1,7,NULL),(322,'2022-11-30 16:55:49','2022-11-30 16:56:22','service_more','S&M - Möbel Freudling - Digital Signage Shelf',NULL,2,7,NULL),(323,'2022-11-30 16:55:58','2022-11-30 16:56:18','service_more','S&M - Möbel Freudling - Shelf Header',NULL,1,7,NULL),(324,'2023-03-09 14:17:27','2023-03-09 14:18:10','service_more','S&M - Christian Streller - Digital Signage Shelf',NULL,2,7,NULL),(325,'2023-03-09 14:17:32','2023-03-09 14:18:30','service_more','S&M - Tischlerei Bauer - Digital Signage Shelf',NULL,2,7,NULL),(326,'2023-03-09 14:17:52','2023-03-09 14:18:26','service_more','S&M - Tischlerei Bauer  - Shelf Header',NULL,1,7,NULL),(327,'2023-03-09 14:17:58','2023-03-09 14:18:15','service_more','S&M - Christian Streller - Shelf Header',NULL,1,7,NULL),(329,'2023-04-26 10:10:31','2023-04-26 10:10:53','service_more','S&M - Maislinger - Digital Signage Shelf',NULL,2,7,NULL),(330,'2023-04-26 10:10:39','2023-04-26 10:10:56','service_more','S&M - Maislinger - Shelf Header',NULL,1,7,NULL),(331,'2023-08-14 12:15:15','2023-08-14 12:16:01','service_more','S&M - GUPFINGER - Digital Signage Shelf',NULL,2,7,NULL),(332,'2023-08-14 12:15:23','2023-08-14 12:15:29','service_more','S&M - GUPFINGER - Shelf Header',NULL,1,7,NULL),(333,'2023-12-04 08:32:06','2023-12-04 08:32:25','service_more','S&M - ZÜTTL - Digital Signage Shelf',NULL,2,7,NULL),(334,'2023-12-04 08:32:15','2023-12-04 08:32:28','service_more','S&M - ZÜTTL - Shelf Header',NULL,1,7,NULL),(335,'2024-02-28 07:30:51','2024-02-28 07:31:18','service_more','S&M - LEO WOHNARCHITEKTUR - Digital Signage Shelf',NULL,2,7,NULL),(336,'2024-02-28 07:30:58','2024-02-28 07:31:14','service_more','S&M - LEO WOHNARCHITEKTUR - Shelf Header',NULL,1,7,NULL);

--
-- Table structure for table `ds_channel_category`
--

CREATE TABLE `ds_channel_category` (
  `id` int(11) NOT NULL AUTO_INCREMENT,
  `mandate_id` int(10) unsigned DEFAULT NULL,
  `name` varchar(255) NOT NULL,
  `sortorder` int(11) NOT NULL DEFAULT 0,
  PRIMARY KEY (`id`),
  KEY `IDX_6AD0F9FA6C1129CD` (`mandate_id`),
  CONSTRAINT `FK_6AD0F9FA6C1129CD` FOREIGN KEY (`mandate_id`) REFERENCES `sys_mandate` (`id`)
) ENGINE=InnoDB AUTO_INCREMENT=16 DEFAULT CHARSET=utf8mb3 COLLATE=utf8mb3_unicode_ci;

--
-- Dumping data for table `ds_channel_category`
--

INSERT INTO `ds_channel_category` VALUES (1,1,'Imbiss',0),(2,1,'Fleisch',1),(3,1,'Feinkost',2),(4,1,'Waagen',3),(5,1,'Familienwand',4),(6,1,'Auslage',5),(7,6,'Kassa',0),(8,6,'Eingang',1),(9,6,'Warenausgabe',2),(10,6,'Fläche Wohnen',3),(11,6,'Fläche Bad',4),(12,6,'Fläche Schlafen',5),(13,6,'Outdoor',6),(14,6,'Restaurant',7),(15,6,'Restaurant Ausgabe',8);

--
-- Table structure for table `ds_channel_setup`
--

CREATE TABLE `ds_channel_setup` (
  `id` int(11) NOT NULL AUTO_INCREMENT,
  `created` datetime NOT NULL,
  `updated` datetime NOT NULL,
  `updatedBy` varchar(255) DEFAULT NULL,
  `name` varchar(255) NOT NULL,
  `rect` longtext DEFAULT NULL COMMENT '(DC2Type:array)',
  `mandate_id` int(10) unsigned DEFAULT NULL,
  PRIMARY KEY (`id`),
  UNIQUE KEY `UNIQ_FA3D5DC15E237E06` (`name`),
  KEY `IDX_FA3D5DC16C1129CD` (`mandate_id`),
  CONSTRAINT `FK_FA3D5DC16C1129CD` FOREIGN KEY (`mandate_id`) REFERENCES `sys_mandate` (`id`)
) ENGINE=InnoDB AUTO_INCREMENT=3 DEFAULT CHARSET=utf8mb3 COLLATE=utf8mb3_unicode_ci;

--
-- Dumping data for table `ds_channel_setup`
--

INSERT INTO `ds_channel_setup` VALUES (1,'2015-07-15 16:12:46','2015-07-15 14:16:14','admin','16:9','a:2:{s:5:\"width\";i:16;s:6:\"height\";i:9;}',NULL),(2,'2015-07-15 14:27:38','2015-07-15 14:27:38','admin','9:16','a:2:{s:5:\"width\";i:9;s:6:\"height\";i:16;}',NULL);

--
-- Table structure for table `ds_content`
--

CREATE TABLE `ds_content` (
  `id` int(11) NOT NULL AUTO_INCREMENT,
  `player_id` int(11) DEFAULT NULL,
  `retailer_id` int(11) DEFAULT NULL,
  `priority` int(11) NOT NULL DEFAULT 1,
  `size` int(11) NOT NULL,
  `updateDate` datetime NOT NULL,
  `modifiedDate` datetime NOT NULL,
  `crc32` varchar(255) NOT NULL,
  `path` varchar(255) NOT NULL,
  `removed` tinyint(1) NOT NULL DEFAULT 0,
  `mandate_id` int(10) unsigned DEFAULT NULL,
  PRIMARY KEY (`id`),
  KEY `IDX_1D073DD199E6F5DF` (`player_id`),
  KEY `IDX_1D073DD123F5ED09` (`retailer_id`),
  KEY `IDX_1D073DD16C1129CD` (`mandate_id`),
  CONSTRAINT `FK_1D073DD123F5ED09` FOREIGN KEY (`retailer_id`) REFERENCES `ds_retailer` (`id`) ON DELETE CASCADE,
  CONSTRAINT `FK_1D073DD16C1129CD` FOREIGN KEY (`mandate_id`) REFERENCES `sys_mandate` (`id`),
  CONSTRAINT `FK_1D073DD199E6F5DF` FOREIGN KEY (`player_id`) REFERENCES `ds_player` (`id`) ON DELETE CASCADE
) ENGINE=InnoDB DEFAULT CHARSET=utf8mb3 COLLATE=utf8mb3_unicode_ci;

--
-- Dumping data for table `ds_content`
--


--
-- Table structure for table `ds_display`
--

CREATE TABLE `ds_display` (
  `id` int(11) NOT NULL AUTO_INCREMENT,
  `screen_id` int(11) DEFAULT NULL,
  `created` datetime NOT NULL,
  `updated` datetime NOT NULL,
  `updatedBy` varchar(255) DEFAULT NULL,
  `serialNumber` varchar(255) NOT NULL,
  `model` varchar(255) NOT NULL,
  `orientation` smallint(6) NOT NULL DEFAULT 0,
  `state` smallint(6) NOT NULL DEFAULT 0,
  `connection` varchar(255) DEFAULT NULL,
  `data` longtext DEFAULT NULL COMMENT '(DC2Type:array)',
  `mandate_id` int(10) unsigned DEFAULT NULL,
  `settings` longtext DEFAULT NULL COMMENT '(DC2Type:array)',
  PRIMARY KEY (`id`),
  KEY `IDX_EF137FDB41A67722` (`screen_id`),
  KEY `IDX_EF137FDB6C1129CD` (`mandate_id`),
  CONSTRAINT `FK_EF137FDB41A67722` FOREIGN KEY (`screen_id`) REFERENCES `ds_screen` (`id`) ON DELETE SET NULL,
  CONSTRAINT `FK_EF137FDB6C1129CD` FOREIGN KEY (`mandate_id`) REFERENCES `sys_mandate` (`id`)
) ENGINE=InnoDB AUTO_INCREMENT=269 DEFAULT CHARSET=utf8mb3 COLLATE=utf8mb3_unicode_ci;

--
-- Dumping data for table `ds_display`
--

INSERT INTO `ds_display` VALUES (26,NULL,'2016-08-11 19:47:32','2019-03-25 11:34:42','admin','rjs001','Samsung DM40E',0,0,NULL,'N;',1,NULL),(27,NULL,'2016-08-11 19:48:22','2019-03-25 11:34:43','admin','rjs002','Samsung DM40E',0,0,NULL,'N;',1,NULL),(28,NULL,'2016-08-11 19:48:54','2019-03-25 11:34:43','admin','rjs003','Samsung DM40E',0,0,NULL,'N;',1,NULL),(29,NULL,'2016-08-11 19:49:19','2019-03-25 11:34:50','admin','rjs004','Samsung DM40E',0,0,NULL,'N;',1,NULL),(30,NULL,'2016-08-11 19:49:46','2019-03-25 11:34:51','admin','rjs005','Samsung DM40E',0,0,NULL,'N;',1,NULL),(31,NULL,'2016-08-11 19:50:03','2019-03-25 11:34:52','admin','rjs006','Samsung DM40E',0,0,NULL,'N;',1,NULL),(32,NULL,'2016-08-11 19:50:40','2019-03-25 11:35:11','admin','rjs007','Samsung DM40E',0,0,NULL,'N;',1,NULL),(33,NULL,'2016-08-11 19:50:56','2019-03-25 11:35:12','admin','rjs008','Samsung DM40E',0,0,NULL,'N;',1,NULL),(34,NULL,'2016-08-12 19:34:37','2019-01-16 12:07:25','admin','jt_diplay_1','nec',0,0,NULL,'N;',1,NULL),(35,NULL,'2016-08-12 19:34:52','2019-01-16 12:07:38','admin','jt_diplay_2','nec',0,0,NULL,'N;',1,NULL),(36,NULL,'2016-08-12 19:35:01','2019-01-16 12:07:39','admin','jt_diplay_3','nec',0,0,NULL,'N;',1,NULL),(37,NULL,'2016-08-12 19:35:53','2019-01-16 12:07:48','admin','jt_diplay_4','nec',0,0,NULL,'N;',1,'a:4:{s:4:\"host\";s:19:\"ftp34.world4you.com\";s:4:\"user\";s:17:\"ftp8025235_radatz\";s:2:\"pw\";s:9:\"rad996atz\";s:6:\"folder\";s:13:\"/fullsize/01/\";}'),(38,NULL,'2016-08-12 19:36:06','2019-01-16 12:07:59','admin','jt_diplay_5','nec',0,0,NULL,'N;',1,NULL),(39,NULL,'2016-08-25 13:18:57','2019-03-25 11:33:14','admin','rjs009','Samsung DM40E',0,0,NULL,'N;',1,NULL),(40,NULL,'2016-08-25 13:19:16','2019-03-25 11:33:15','admin','rjs010','Samsung DM40E',0,0,NULL,'N;',1,NULL),(41,NULL,'2016-08-25 13:19:38','2019-03-25 11:33:16','admin','rjs011','Samsung DM40E',0,0,NULL,'N;',1,NULL),(42,NULL,'2016-08-25 13:20:30','2019-03-25 11:33:38','admin','rjs012','Samsung DM40E',0,0,NULL,'N;',1,NULL),(43,NULL,'2016-08-25 13:20:45','2019-03-25 11:33:40','admin','rjs013','Samsung DM40E',0,0,NULL,'N;',1,NULL),(44,NULL,'2016-08-25 13:21:35','2019-03-25 11:34:28','admin','rjs014','Samsung DM40E',0,0,NULL,'N;',1,NULL),(45,NULL,'2016-08-25 13:21:45','2019-03-25 11:34:29','admin','rjs015','Samsung DM40E',0,0,NULL,'N;',1,NULL),(46,NULL,'2016-08-25 13:22:47','2019-03-25 11:33:03','admin','rjs016','Samsung DM40E',0,0,NULL,'N;',1,NULL),(47,NULL,'2016-08-25 13:22:57','2019-03-25 11:33:04','admin','rjs017','Samsung DM40E',0,0,NULL,'N;',1,NULL),(48,NULL,'2016-08-25 13:23:09','2019-03-25 11:33:05','admin','rjs018','Samsung DM40E',0,0,NULL,'N;',1,NULL),(49,NULL,'2016-08-25 13:27:48','2019-03-25 11:34:18','admin','rjs019','Samsung DB10D',0,0,NULL,'N;',1,NULL),(50,NULL,'2016-08-25 13:28:00','2019-03-25 11:34:19','admin','rjs020','Samsung DB10D',0,0,NULL,'N;',1,NULL),(51,NULL,'2016-08-25 13:28:09','2019-03-25 11:34:20','admin','rjs021','Samsung DB10D',0,0,NULL,'N;',1,NULL),(52,NULL,'2016-08-25 13:29:23','2019-03-25 11:34:00','admin','rjs022','Samsung DB22D',0,0,NULL,'N;',1,NULL),(53,NULL,'2016-08-25 13:29:44','2019-03-25 11:34:03','admin','rjs023','Samsung DB22D',0,0,NULL,'N;',1,NULL),(54,NULL,'2016-08-25 13:29:52','2019-03-25 11:34:05','admin','rjs024','Samsung DB22D',0,0,NULL,'N;',1,NULL),(55,NULL,'2016-09-05 15:23:23','2019-03-26 10:54:40','admin','Testwaage1 JT fullscreen','world4you ftp zugang',0,0,NULL,'N;',1,'a:4:{s:4:\"host\";s:19:\"ftp34.world4you.com\";s:4:\"user\";s:17:\"ftp8025235_radatz\";s:2:\"pw\";s:9:\"rad996atz\";s:6:\"folder\";s:13:\"/fullsize/01/\";}'),(57,NULL,'2016-09-20 17:37:35','2016-09-26 10:48:28','adminJT','1234567890','Test Display Radatz',0,0,NULL,'N;',2,NULL),(59,NULL,'2016-09-26 12:38:24','2019-01-16 12:08:01','admin','testdisplay ali','waage',0,0,NULL,'N;',1,'a:4:{s:4:\"host\";s:19:\"ftp34.world4you.com\";s:4:\"user\";s:17:\"ftp8025235_radatz\";s:2:\"pw\";s:9:\"rad996atz\";s:6:\"folder\";s:5:\"/ali/\";}'),(60,NULL,'2016-09-26 14:32:48','2019-03-26 10:54:55','admin','Testwaage2 JT permanent','world4you ftp zugang',0,0,NULL,'N;',1,'a:4:{s:4:\"host\";s:19:\"ftp34.world4you.com\";s:4:\"user\";s:17:\"ftp8025235_radatz\";s:2:\"pw\";s:9:\"rad996atz\";s:6:\"folder\";s:14:\"/permanent/01/\";}'),(69,NULL,'2016-09-28 16:36:06','2016-10-13 16:17:50','admin','test_3','testwaage 3 jt',0,0,NULL,'N;',1,'a:4:{s:4:\"host\";s:19:\"ftp34.world4you.com\";s:4:\"user\";s:17:\"ftp8025235_radatz\";s:2:\"pw\";s:9:\"rad996atz\";s:6:\"folder\";s:15:\"/permanent2/01/\";}'),(70,148,'2016-09-28 16:47:51','2018-12-05 12:14:49','admin','R_LIE_W01_f','Bizerba Waage Liesing',0,0,NULL,'N;',1,'a:4:{s:4:\"host\";s:9:\"10.0.93.1\";s:4:\"user\";s:7:\"bizuser\";s:2:\"pw\";s:7:\"bizerba\";s:6:\"folder\";s:50:\"/bizerba/data/multimedia/advertising/fullscreen/1/\";}'),(71,152,'2016-09-28 16:48:33','2018-12-05 12:16:28','admin','R_LIE_W02_f','Bizerba Waage Liesing',0,0,NULL,'N;',1,'a:4:{s:4:\"host\";s:9:\"10.0.93.2\";s:4:\"user\";s:7:\"bizuser\";s:2:\"pw\";s:7:\"bizerba\";s:6:\"folder\";s:50:\"/bizerba/data/multimedia/advertising/fullscreen/1/\";}'),(72,152,'2016-09-28 16:48:38','2018-12-05 12:16:28','admin','R_LIE_W03_f','Bizerba Waage Liesing',0,0,NULL,'N;',1,'a:4:{s:4:\"host\";s:9:\"10.0.93.3\";s:4:\"user\";s:7:\"bizuser\";s:2:\"pw\";s:7:\"bizerba\";s:6:\"folder\";s:50:\"/bizerba/data/multimedia/advertising/fullscreen/1/\";}'),(73,150,'2016-09-28 16:48:44','2018-12-05 12:18:49','admin','R_LIE_W04_f','Bizerba Waage Liesing',0,0,NULL,'N;',1,'a:4:{s:4:\"host\";s:9:\"10.0.93.4\";s:4:\"user\";s:7:\"bizuser\";s:2:\"pw\";s:7:\"bizerba\";s:6:\"folder\";s:50:\"/bizerba/data/multimedia/advertising/fullscreen/1/\";}'),(74,149,'2016-09-28 16:49:05','2018-12-05 12:15:17','admin','R_LIE_W01_p','Bizerba Waage Liesing',0,0,NULL,'N;',1,'a:4:{s:4:\"host\";s:9:\"10.0.93.1\";s:4:\"user\";s:7:\"bizuser\";s:2:\"pw\";s:7:\"bizerba\";s:6:\"folder\";s:49:\"/bizerba/data/multimedia/advertising/permanent/1/\";}'),(75,153,'2016-09-28 16:49:10','2018-12-05 12:16:47','admin','R_LIE_W02_p','Bizerba Waage Liesing',0,0,NULL,'N;',1,'a:4:{s:4:\"host\";s:9:\"10.0.93.2\";s:4:\"user\";s:7:\"bizuser\";s:2:\"pw\";s:7:\"bizerba\";s:6:\"folder\";s:49:\"/bizerba/data/multimedia/advertising/permanent/1/\";}'),(76,153,'2016-09-28 16:49:14','2018-12-05 12:16:47','admin','R_LIE_W03_p','Bizerba Waage Liesing',0,0,NULL,'N;',1,'a:4:{s:4:\"host\";s:9:\"10.0.93.3\";s:4:\"user\";s:7:\"bizuser\";s:2:\"pw\";s:7:\"bizerba\";s:6:\"folder\";s:49:\"/bizerba/data/multimedia/advertising/permanent/1/\";}'),(77,151,'2016-09-28 16:49:19','2018-12-05 12:17:11','admin','R_LIE_W04_p','Bizerba Waage Liesing',0,0,NULL,'N;',1,'a:4:{s:4:\"host\";s:9:\"10.0.93.4\";s:4:\"user\";s:7:\"bizuser\";s:2:\"pw\";s:7:\"bizerba\";s:6:\"folder\";s:49:\"/bizerba/data/multimedia/advertising/permanent/1/\";}'),(78,148,'2016-09-28 16:53:33','2018-12-05 12:22:34','admin','R_HIE_W01_f','Bizerba Waage Hietzing',0,0,NULL,'N;',1,'a:4:{s:4:\"host\";s:9:\"10.0.63.1\";s:4:\"user\";s:7:\"bizuser\";s:2:\"pw\";s:7:\"bizerba\";s:6:\"folder\";s:50:\"/bizerba/data/multimedia/advertising/fullscreen/1/\";}'),(79,148,'2016-09-28 16:53:37','2018-12-19 15:18:21','admin','R_HIE_W02_f','Bizerba Waage Hietzing',0,0,NULL,'N;',1,'a:4:{s:4:\"host\";s:9:\"10.0.63.2\";s:4:\"user\";s:7:\"bizuser\";s:2:\"pw\";s:7:\"bizerba\";s:6:\"folder\";s:50:\"/bizerba/data/multimedia/advertising/fullscreen/1/\";}'),(80,152,'2016-09-28 16:53:42','2018-12-05 17:23:33','admin','R_HIE_W03_f','Bizerba Waage Hietzing',0,0,NULL,'N;',1,'a:4:{s:4:\"host\";s:9:\"10.0.63.3\";s:4:\"user\";s:7:\"bizuser\";s:2:\"pw\";s:7:\"bizerba\";s:6:\"folder\";s:50:\"/bizerba/data/multimedia/advertising/fullscreen/1/\";}'),(81,152,'2016-09-28 16:53:46','2018-12-05 17:23:33','admin','R_HIE_W04_f','Bizerba Waage Hietzing',0,0,NULL,'N;',1,'a:4:{s:4:\"host\";s:9:\"10.0.63.4\";s:4:\"user\";s:7:\"bizuser\";s:2:\"pw\";s:7:\"bizerba\";s:6:\"folder\";s:50:\"/bizerba/data/multimedia/advertising/fullscreen/1/\";}'),(82,150,'2016-09-28 16:53:51','2019-05-02 15:19:05','admin','R_HIE_W05_f','Bizerba Waage Hietzing',0,0,NULL,'N;',1,'a:4:{s:4:\"host\";s:9:\"10.0.63.5\";s:4:\"user\";s:7:\"bizuser\";s:2:\"pw\";s:7:\"bizerba\";s:6:\"folder\";s:50:\"/bizerba/data/multimedia/advertising/fullscreen/1/\";}'),(83,149,'2016-09-28 16:54:07','2018-12-05 17:18:47','admin','R_HIE_W01_p','Bizerba Waage Hietzing',0,0,NULL,'N;',1,'a:4:{s:4:\"host\";s:9:\"10.0.63.1\";s:4:\"user\";s:7:\"bizuser\";s:2:\"pw\";s:7:\"bizerba\";s:6:\"folder\";s:49:\"/bizerba/data/multimedia/advertising/permanent/1/\";}'),(84,149,'2016-09-28 16:54:11','2018-12-19 15:18:40','admin','R_HIE_W02_p','Bizerba Waage Hietzing',0,0,NULL,'N;',1,'a:4:{s:4:\"host\";s:9:\"10.0.63.2\";s:4:\"user\";s:7:\"bizuser\";s:2:\"pw\";s:7:\"bizerba\";s:6:\"folder\";s:49:\"/bizerba/data/multimedia/advertising/permanent/1/\";}'),(85,153,'2016-09-28 16:54:15','2018-12-05 17:24:32','admin','R_HIE_W03_p','Bizerba Waage Hietzing',0,0,NULL,'N;',1,'a:4:{s:4:\"host\";s:9:\"10.0.63.3\";s:4:\"user\";s:7:\"bizuser\";s:2:\"pw\";s:7:\"bizerba\";s:6:\"folder\";s:49:\"/bizerba/data/multimedia/advertising/permanent/1/\";}'),(86,153,'2016-09-28 16:54:19','2018-12-05 17:24:32','admin','R_HIE_W04_p','Bizerba Waage Hietzing',0,0,NULL,'N;',1,'a:4:{s:4:\"host\";s:9:\"10.0.63.4\";s:4:\"user\";s:7:\"bizuser\";s:2:\"pw\";s:7:\"bizerba\";s:6:\"folder\";s:49:\"/bizerba/data/multimedia/advertising/permanent/1/\";}'),(87,151,'2016-09-28 16:54:26','2019-05-02 15:19:27','admin','R_HIE_W05_p','Bizerba Waage Hietzing',0,0,NULL,'N;',1,'a:4:{s:4:\"host\";s:9:\"10.0.63.5\";s:4:\"user\";s:7:\"bizuser\";s:2:\"pw\";s:7:\"bizerba\";s:6:\"folder\";s:49:\"/bizerba/data/multimedia/advertising/permanent/1/\";}'),(88,151,'2016-09-28 16:54:26','2019-05-02 15:19:27','admin','R_HIE_W06_p','Bizerba Waage Hietzing',0,0,NULL,'N;',1,'a:4:{s:4:\"host\";s:9:\"10.0.63.6\";s:4:\"user\";s:7:\"bizuser\";s:2:\"pw\";s:7:\"bizerba\";s:6:\"folder\";s:49:\"/bizerba/data/multimedia/advertising/permanent/1/\";}'),(89,150,'2016-09-28 16:53:51','2019-05-02 15:19:05','admin','R_HIE_W06_f','Bizerba Waage Hietzing',0,0,NULL,'N;',1,'a:4:{s:4:\"host\";s:9:\"10.0.63.6\";s:4:\"user\";s:7:\"bizuser\";s:2:\"pw\";s:7:\"bizerba\";s:6:\"folder\";s:50:\"/bizerba/data/multimedia/advertising/fullscreen/1/\";}'),(90,148,'2017-03-22 14:33:18','2018-12-05 12:22:34','admin','R_SCHO_W01_f','Bizerba Waage Schottengasse',0,0,NULL,'N;',1,'a:4:{s:4:\"host\";s:9:\"10.0.24.1\";s:4:\"user\";s:7:\"bizuser\";s:2:\"pw\";s:7:\"bizerba\";s:6:\"folder\";s:50:\"/bizerba/data/multimedia/advertising/fullscreen/1/\";}'),(91,149,'2017-03-22 14:34:25','2018-12-05 12:24:04','admin','R_SCHO_W01_p','Bizerba Waage Schottengasse',0,0,NULL,'N;',1,'a:4:{s:4:\"host\";s:9:\"10.0.24.1\";s:4:\"user\";s:7:\"bizuser\";s:2:\"pw\";s:7:\"bizerba\";s:6:\"folder\";s:49:\"/bizerba/data/multimedia/advertising/permanent/1/\";}'),(92,152,'2017-03-22 14:33:18','2018-12-05 17:23:33','admin','R_SCHO_W04_f','Bizerba Waage Schottengasse',0,0,NULL,'N;',1,'a:4:{s:4:\"host\";s:9:\"10.0.24.4\";s:4:\"user\";s:7:\"bizuser\";s:2:\"pw\";s:7:\"bizerba\";s:6:\"folder\";s:50:\"/bizerba/data/multimedia/advertising/fullscreen/1/\";}'),(93,148,'2017-03-22 14:33:18','2018-12-05 12:22:34','admin','R_SCHO_W02_f','Bizerba Waage Schottengasse',0,0,NULL,'N;',1,'a:4:{s:4:\"host\";s:9:\"10.0.24.2\";s:4:\"user\";s:7:\"bizuser\";s:2:\"pw\";s:7:\"bizerba\";s:6:\"folder\";s:50:\"/bizerba/data/multimedia/advertising/fullscreen/1/\";}'),(94,152,'2017-03-22 14:33:18','2018-12-05 17:23:33','admin','R_SCHO_W03_f','Bizerba Waage Schottengasse',0,0,NULL,'N;',1,'a:4:{s:4:\"host\";s:9:\"10.0.24.3\";s:4:\"user\";s:7:\"bizuser\";s:2:\"pw\";s:7:\"bizerba\";s:6:\"folder\";s:50:\"/bizerba/data/multimedia/advertising/fullscreen/1/\";}'),(95,153,'2017-03-22 14:34:25','2018-12-05 17:24:32','admin','R_SCHO_W03_p','Bizerba Waage Schottengasse',0,0,NULL,'N;',1,'a:4:{s:4:\"host\";s:9:\"10.0.24.3\";s:4:\"user\";s:7:\"bizuser\";s:2:\"pw\";s:7:\"bizerba\";s:6:\"folder\";s:49:\"/bizerba/data/multimedia/advertising/permanent/1/\";}'),(96,153,'2017-03-22 14:34:25','2018-12-05 17:24:32','admin','R_SCHO_W04_p','Bizerba Waage Schottengasse',0,0,NULL,'N;',1,'a:4:{s:4:\"host\";s:9:\"10.0.24.4\";s:4:\"user\";s:7:\"bizuser\";s:2:\"pw\";s:7:\"bizerba\";s:6:\"folder\";s:49:\"/bizerba/data/multimedia/advertising/permanent/1/\";}'),(97,149,'2017-03-22 14:34:25','2018-12-05 12:24:04','admin','R_SCHO_W02_p','Bizerba Waage Schottengasse',0,0,NULL,'N;',1,'a:4:{s:4:\"host\";s:9:\"10.0.24.2\";s:4:\"user\";s:7:\"bizuser\";s:2:\"pw\";s:7:\"bizerba\";s:6:\"folder\";s:49:\"/bizerba/data/multimedia/advertising/permanent/1/\";}'),(98,150,'2017-03-22 14:33:18','2018-12-05 12:24:51','admin','R_SCHO_W05_f','Bizerba Waage Schottengasse',0,0,NULL,'N;',1,'a:4:{s:4:\"host\";s:9:\"10.0.24.5\";s:4:\"user\";s:7:\"bizuser\";s:2:\"pw\";s:7:\"bizerba\";s:6:\"folder\";s:50:\"/bizerba/data/multimedia/advertising/fullscreen/1/\";}'),(99,151,'2017-03-22 14:34:25','2019-01-29 12:48:54','admin','R_SCHO_W05_p','Bizerba Waage Schottengasse',0,0,NULL,'N;',1,'a:4:{s:4:\"host\";s:9:\"10.0.24.5\";s:4:\"user\";s:7:\"bizuser\";s:2:\"pw\";s:7:\"bizerba\";s:6:\"folder\";s:49:\"/bizerba/data/multimedia/advertising/permanent/1/\";}'),(100,NULL,'2017-06-29 10:40:05','2018-02-21 15:52:33','admin','fullscreen test 1','Bizerba Testwaage 1 Jumptomorrow',0,0,NULL,'N;',1,'a:4:{s:4:\"host\";s:11:\"10.11.11.53\";s:4:\"user\";s:7:\"bizuser\";s:2:\"pw\";s:7:\"bizerba\";s:6:\"folder\";s:48:\"/bizerba/data/multimedia/advertising/fullscreen/\";}'),(101,NULL,'2017-06-29 10:40:18','2018-02-21 15:52:50','admin','permanent test 1','Bizerba Testwaage 1 Jumptomorrow',0,0,NULL,'N;',1,'a:4:{s:4:\"host\";s:11:\"10.11.11.53\";s:4:\"user\";s:7:\"bizuser\";s:2:\"pw\";s:7:\"bizerba\";s:6:\"folder\";s:47:\"/bizerba/data/multimedia/advertising/permanent/\";}'),(103,148,'2017-03-22 14:33:18','2018-12-05 17:17:51','admin','R_ROCH_W01_f','Bizerba Waage Rochusmarkt',0,0,NULL,'N;',1,'a:4:{s:4:\"host\";s:9:\"10.0.29.1\";s:4:\"user\";s:7:\"bizuser\";s:2:\"pw\";s:7:\"bizerba\";s:6:\"folder\";s:50:\"/bizerba/data/multimedia/advertising/fullscreen/1/\";}'),(104,148,'2017-03-22 14:33:18','2018-12-05 17:17:51','admin','R_ROCH_W02_f','Bizerba Waage Rochusmarkt',0,0,NULL,'N;',1,'a:4:{s:4:\"host\";s:9:\"10.0.29.2\";s:4:\"user\";s:7:\"bizuser\";s:2:\"pw\";s:7:\"bizerba\";s:6:\"folder\";s:50:\"/bizerba/data/multimedia/advertising/fullscreen/1/\";}'),(105,152,'2017-03-22 14:33:18','2018-12-05 17:23:33','admin','R_ROCH_W03_f','Bizerba Waage Rochusmarkt',0,0,NULL,'N;',1,'a:4:{s:4:\"host\";s:9:\"10.0.29.3\";s:4:\"user\";s:7:\"bizuser\";s:2:\"pw\";s:7:\"bizerba\";s:6:\"folder\";s:50:\"/bizerba/data/multimedia/advertising/fullscreen/1/\";}'),(106,152,'2017-03-22 14:33:18','2018-12-05 17:23:33','admin','R_ROCH_W04_f','Bizerba Waage Rochusmarkt',0,0,NULL,'N;',1,'a:4:{s:4:\"host\";s:9:\"10.0.29.4\";s:4:\"user\";s:7:\"bizuser\";s:2:\"pw\";s:7:\"bizerba\";s:6:\"folder\";s:50:\"/bizerba/data/multimedia/advertising/fullscreen/1/\";}'),(107,152,'2017-03-22 14:33:18','2018-12-05 17:23:33','admin','R_ROCH_W05_f','Bizerba Waage Rochusmarkt',0,0,NULL,'N;',1,'a:4:{s:4:\"host\";s:9:\"10.0.29.5\";s:4:\"user\";s:7:\"bizuser\";s:2:\"pw\";s:7:\"bizerba\";s:6:\"folder\";s:50:\"/bizerba/data/multimedia/advertising/fullscreen/1/\";}'),(108,150,'2017-03-22 14:33:18','2018-12-05 17:20:56','admin','R_ROCH_W06_f','Bizerba Waage Rochusmarkt',0,0,NULL,'N;',1,'a:4:{s:4:\"host\";s:9:\"10.0.29.6\";s:4:\"user\";s:7:\"bizuser\";s:2:\"pw\";s:7:\"bizerba\";s:6:\"folder\";s:50:\"/bizerba/data/multimedia/advertising/fullscreen/1/\";}'),(109,150,'2017-03-22 14:33:18','2018-12-05 17:20:56','admin','R_ROCH_W07_f','Bizerba Waage Rochusmarkt',0,0,NULL,'N;',1,'a:4:{s:4:\"host\";s:9:\"10.0.29.7\";s:4:\"user\";s:7:\"bizuser\";s:2:\"pw\";s:7:\"bizerba\";s:6:\"folder\";s:50:\"/bizerba/data/multimedia/advertising/fullscreen/1/\";}'),(110,150,'2017-03-22 14:33:18','2018-12-05 17:20:56','admin','R_ROCH_W08_f','Bizerba Waage Rochusmarkt',0,0,NULL,'N;',1,'a:4:{s:4:\"host\";s:9:\"10.0.29.8\";s:4:\"user\";s:7:\"bizuser\";s:2:\"pw\";s:7:\"bizerba\";s:6:\"folder\";s:50:\"/bizerba/data/multimedia/advertising/fullscreen/1/\";}'),(111,149,'2017-03-22 14:34:25','2018-12-05 17:18:47','admin','R_ROCH_W01_p','Bizerba Waage Rochusmarkt',0,0,NULL,'N;',1,'a:4:{s:4:\"host\";s:9:\"10.0.29.1\";s:4:\"user\";s:7:\"bizuser\";s:2:\"pw\";s:7:\"bizerba\";s:6:\"folder\";s:49:\"/bizerba/data/multimedia/advertising/permanent/1/\";}'),(112,149,'2017-03-22 14:34:25','2018-12-05 17:18:47','admin','R_ROCH_W02_p','Bizerba Waage Rochusmarkt',0,0,NULL,'N;',1,'a:4:{s:4:\"host\";s:9:\"10.0.29.2\";s:4:\"user\";s:7:\"bizuser\";s:2:\"pw\";s:7:\"bizerba\";s:6:\"folder\";s:49:\"/bizerba/data/multimedia/advertising/permanent/1/\";}'),(113,153,'2017-03-22 14:34:25','2018-12-05 17:24:32','admin','R_ROCH_W03_p','Bizerba Waage Rochusmarkt',0,0,NULL,'N;',1,'a:4:{s:4:\"host\";s:9:\"10.0.29.3\";s:4:\"user\";s:7:\"bizuser\";s:2:\"pw\";s:7:\"bizerba\";s:6:\"folder\";s:49:\"/bizerba/data/multimedia/advertising/permanent/1/\";}'),(114,153,'2017-03-22 14:34:25','2018-12-05 17:24:32','admin','R_ROCH_W04_p','Bizerba Waage Rochusmarkt',0,0,NULL,'N;',1,'a:4:{s:4:\"host\";s:9:\"10.0.29.4\";s:4:\"user\";s:7:\"bizuser\";s:2:\"pw\";s:7:\"bizerba\";s:6:\"folder\";s:49:\"/bizerba/data/multimedia/advertising/permanent/1/\";}'),(115,153,'2017-03-22 14:34:25','2018-12-05 17:31:39','admin','R_ROCH_W05_p','Bizerba Waage Rochusmarkt',0,0,NULL,'N;',1,'a:4:{s:4:\"host\";s:9:\"10.0.29.5\";s:4:\"user\";s:7:\"bizuser\";s:2:\"pw\";s:7:\"bizerba\";s:6:\"folder\";s:49:\"/bizerba/data/multimedia/advertising/permanent/1/\";}'),(116,151,'2017-03-22 14:34:25','2018-12-05 17:32:07','admin','R_ROCH_W06_p','Bizerba Waage Rochusmarkt',0,0,NULL,'N;',1,'a:4:{s:4:\"host\";s:9:\"10.0.29.6\";s:4:\"user\";s:7:\"bizuser\";s:2:\"pw\";s:7:\"bizerba\";s:6:\"folder\";s:49:\"/bizerba/data/multimedia/advertising/permanent/1/\";}'),(117,151,'2017-03-22 14:34:25','2018-12-05 17:32:07','admin','R_ROCH_W07_p','Bizerba Waage Rochusmarkt',0,0,NULL,'N;',1,'a:4:{s:4:\"host\";s:9:\"10.0.29.7\";s:4:\"user\";s:7:\"bizuser\";s:2:\"pw\";s:7:\"bizerba\";s:6:\"folder\";s:49:\"/bizerba/data/multimedia/advertising/permanent/1/\";}'),(118,151,'2017-03-22 14:34:25','2018-12-05 17:22:26','admin','R_ROCH_W08_p','Bizerba Waage Rochusmarkt',0,0,NULL,'N;',1,'a:4:{s:4:\"host\";s:9:\"10.0.29.8\";s:4:\"user\";s:7:\"bizuser\";s:2:\"pw\";s:7:\"bizerba\";s:6:\"folder\";s:49:\"/bizerba/data/multimedia/advertising/permanent/1/\";}'),(119,149,'2017-03-22 14:34:25','2018-12-05 17:18:47','admin','R_WAEH_W01_p','Bizerba Waage Währingerstraße',0,0,NULL,'N;',1,'a:4:{s:4:\"host\";s:9:\"10.0.64.1\";s:4:\"user\";s:7:\"bizuser\";s:2:\"pw\";s:7:\"bizerba\";s:6:\"folder\";s:49:\"/bizerba/data/multimedia/advertising/permanent/1/\";}'),(120,148,'2017-03-22 14:33:18','2018-12-05 17:17:51','admin','R_WAEH_W01_f','Bizerba Waage Währingerstraße',0,0,NULL,'N;',1,'a:4:{s:4:\"host\";s:9:\"10.0.64.1\";s:4:\"user\";s:7:\"bizuser\";s:2:\"pw\";s:7:\"bizerba\";s:6:\"folder\";s:50:\"/bizerba/data/multimedia/advertising/fullscreen/1/\";}'),(121,153,'2017-03-22 14:34:25','2018-12-05 17:24:32','admin','R_WAEH_W02_p','Bizerba Waage Währingerstraße',0,0,NULL,'N;',1,'a:4:{s:4:\"host\";s:9:\"10.0.64.2\";s:4:\"user\";s:7:\"bizuser\";s:2:\"pw\";s:7:\"bizerba\";s:6:\"folder\";s:49:\"/bizerba/data/multimedia/advertising/permanent/1/\";}'),(122,153,'2017-03-22 14:34:25','2018-12-05 17:24:32','admin','R_WAEH_W03_p','Bizerba Waage Währingerstraße',0,0,NULL,'N;',1,'a:4:{s:4:\"host\";s:9:\"10.0.64.3\";s:4:\"user\";s:7:\"bizuser\";s:2:\"pw\";s:7:\"bizerba\";s:6:\"folder\";s:49:\"/bizerba/data/multimedia/advertising/permanent/1/\";}'),(123,151,'2017-03-22 14:34:25','2018-12-05 17:22:26','admin','R_WAEH_W04_p','Bizerba Waage Währingerstraße',0,0,NULL,'N;',1,'a:4:{s:4:\"host\";s:9:\"10.0.64.4\";s:4:\"user\";s:7:\"bizuser\";s:2:\"pw\";s:7:\"bizerba\";s:6:\"folder\";s:49:\"/bizerba/data/multimedia/advertising/permanent/1/\";}'),(124,152,'2017-03-22 14:33:18','2018-12-05 17:23:33','admin','R_WAEH_W02_f','Bizerba Waage Währingerstraße',0,0,NULL,'N;',1,'a:4:{s:4:\"host\";s:9:\"10.0.64.2\";s:4:\"user\";s:7:\"bizuser\";s:2:\"pw\";s:7:\"bizerba\";s:6:\"folder\";s:50:\"/bizerba/data/multimedia/advertising/fullscreen/1/\";}'),(125,152,'2017-03-22 14:33:18','2018-12-05 17:23:33','admin','R_WAEH_W03_f','Bizerba Waage Währingerstraße',0,0,NULL,'N;',1,'a:4:{s:4:\"host\";s:9:\"10.0.64.3\";s:4:\"user\";s:7:\"bizuser\";s:2:\"pw\";s:7:\"bizerba\";s:6:\"folder\";s:50:\"/bizerba/data/multimedia/advertising/fullscreen/1/\";}'),(126,150,'2017-03-22 14:33:18','2018-12-05 17:20:56','admin','R_WAEH_W04_f','Bizerba Waage Währingerstraße',0,0,NULL,'N;',1,'a:4:{s:4:\"host\";s:9:\"10.0.64.4\";s:4:\"user\";s:7:\"bizuser\";s:2:\"pw\";s:7:\"bizerba\";s:6:\"folder\";s:50:\"/bizerba/data/multimedia/advertising/fullscreen/1/\";}'),(127,149,'2017-03-22 14:34:25','2018-12-05 17:18:47','admin','R_NEUB_W01_p','Bizerba Waage Neubaugasse',0,0,NULL,'N;',1,'a:4:{s:4:\"host\";s:9:\"10.0.60.1\";s:4:\"user\";s:7:\"bizuser\";s:2:\"pw\";s:7:\"bizerba\";s:6:\"folder\";s:49:\"/bizerba/data/multimedia/advertising/permanent/1/\";}'),(128,148,'2017-03-22 14:33:18','2018-12-05 17:17:51','admin','R_NEUB_W01_f','Bizerba Waage Neubaugasse',0,0,NULL,'N;',1,'a:4:{s:4:\"host\";s:9:\"10.0.60.1\";s:4:\"user\";s:7:\"bizuser\";s:2:\"pw\";s:7:\"bizerba\";s:6:\"folder\";s:50:\"/bizerba/data/multimedia/advertising/fullscreen/1/\";}'),(129,153,'2017-03-22 14:34:25','2018-12-05 17:24:32','admin','R_NEUB_W02_p','Bizerba Waage Neubaugasse',0,0,NULL,'N;',1,'a:4:{s:4:\"host\";s:9:\"10.0.60.2\";s:4:\"user\";s:7:\"bizuser\";s:2:\"pw\";s:7:\"bizerba\";s:6:\"folder\";s:49:\"/bizerba/data/multimedia/advertising/permanent/1/\";}'),(130,153,'2017-03-22 14:34:25','2018-12-05 17:24:32','admin','R_NEUB_W03_p','Bizerba Waage Neubaugasse',0,0,NULL,'N;',1,'a:4:{s:4:\"host\";s:9:\"10.0.60.3\";s:4:\"user\";s:7:\"bizuser\";s:2:\"pw\";s:7:\"bizerba\";s:6:\"folder\";s:49:\"/bizerba/data/multimedia/advertising/permanent/1/\";}'),(131,151,'2017-03-22 14:34:25','2018-12-05 17:22:26','admin','R_NEUB_W04_p','Bizerba Waage Neubaugasse',0,0,NULL,'N;',1,'a:4:{s:4:\"host\";s:9:\"10.0.60.4\";s:4:\"user\";s:7:\"bizuser\";s:2:\"pw\";s:7:\"bizerba\";s:6:\"folder\";s:49:\"/bizerba/data/multimedia/advertising/permanent/1/\";}'),(132,152,'2017-03-22 14:33:18','2018-12-05 17:23:33','admin','R_NEUB_W02_f','Bizerba Waage Neubaugasse',0,0,NULL,'N;',1,'a:4:{s:4:\"host\";s:9:\"10.0.60.2\";s:4:\"user\";s:7:\"bizuser\";s:2:\"pw\";s:7:\"bizerba\";s:6:\"folder\";s:50:\"/bizerba/data/multimedia/advertising/fullscreen/1/\";}'),(133,152,'2017-03-22 14:33:18','2018-12-05 17:23:33','admin','R_NEUB_W03_f','Bizerba Waage Neubaugasse',0,0,NULL,'N;',1,'a:4:{s:4:\"host\";s:9:\"10.0.60.3\";s:4:\"user\";s:7:\"bizuser\";s:2:\"pw\";s:7:\"bizerba\";s:6:\"folder\";s:50:\"/bizerba/data/multimedia/advertising/fullscreen/1/\";}'),(134,150,'2017-03-22 14:33:18','2018-12-05 17:20:56','admin','R_NEUB_W04_f','Bizerba Waage Neubaugasse',0,0,NULL,'N;',1,'a:4:{s:4:\"host\";s:9:\"10.0.60.4\";s:4:\"user\";s:7:\"bizuser\";s:2:\"pw\";s:7:\"bizerba\";s:6:\"folder\";s:50:\"/bizerba/data/multimedia/advertising/fullscreen/1/\";}'),(135,NULL,'2017-06-29 10:40:05','2018-02-21 15:52:33','admin','fullscreen test 2','Bizerba Testwaage 2 Jumptomorrow',0,0,NULL,'N;',1,'a:4:{s:4:\"host\";s:11:\"10.11.11.73\";s:4:\"user\";s:7:\"bizuser\";s:2:\"pw\";s:7:\"bizerba\";s:6:\"folder\";s:48:\"/bizerba/data/multimedia/advertising/fullscreen/\";}'),(136,NULL,'2017-06-29 10:40:18','2018-02-21 15:52:50','admin','permanent test 2','Bizerba Testwaage 2 Jumptomorrow',0,0,NULL,'N;',1,'a:4:{s:4:\"host\";s:11:\"10.11.11.73\";s:4:\"user\";s:7:\"bizuser\";s:2:\"pw\";s:7:\"bizerba\";s:6:\"folder\";s:47:\"/bizerba/data/multimedia/advertising/permanent/\";}'),(137,148,'2017-03-22 14:33:18','2018-12-05 11:42:57','admin','R_DOZE_W01_f','Bizerba Waage Donauzentrum',0,0,NULL,'N;',1,'a:4:{s:4:\"host\";s:9:\"10.0.28.1\";s:4:\"user\";s:7:\"bizuser\";s:2:\"pw\";s:7:\"bizerba\";s:6:\"folder\";s:50:\"/bizerba/data/multimedia/advertising/fullscreen/1/\";}'),(138,149,'2017-03-22 14:33:18','2018-12-05 11:45:22','admin','R_DOZE_W01_p','Bizerba Waage Donauzentrum',0,0,NULL,'N;',1,'a:4:{s:4:\"host\";s:9:\"10.0.28.1\";s:4:\"user\";s:7:\"bizuser\";s:2:\"pw\";s:7:\"bizerba\";s:6:\"folder\";s:49:\"/bizerba/data/multimedia/advertising/permanent/1/\";}'),(139,148,'2017-03-22 14:33:18','2018-12-05 11:42:57','admin','R_DOZE_W02_f','Bizerba Waage Donauzentrum',0,0,NULL,'N;',1,'a:4:{s:4:\"host\";s:9:\"10.0.28.2\";s:4:\"user\";s:7:\"bizuser\";s:2:\"pw\";s:7:\"bizerba\";s:6:\"folder\";s:50:\"/bizerba/data/multimedia/advertising/fullscreen/1/\";}'),(140,152,'2017-03-22 14:33:18','2018-12-05 11:51:03','admin','R_DOZE_W03_f','Bizerba Waage Donauzentrum',0,0,NULL,'N;',1,'a:4:{s:4:\"host\";s:9:\"10.0.28.3\";s:4:\"user\";s:7:\"bizuser\";s:2:\"pw\";s:7:\"bizerba\";s:6:\"folder\";s:50:\"/bizerba/data/multimedia/advertising/fullscreen/1/\";}'),(141,150,'2017-03-22 14:33:18','2018-12-05 11:48:57','admin','R_DOZE_W04_f','Bizerba Waage Donauzentrum',0,0,NULL,'N;',1,'a:4:{s:4:\"host\";s:9:\"10.0.28.4\";s:4:\"user\";s:7:\"bizuser\";s:2:\"pw\";s:7:\"bizerba\";s:6:\"folder\";s:50:\"/bizerba/data/multimedia/advertising/fullscreen/1/\";}'),(142,150,'2017-03-22 14:33:18','2018-12-05 11:48:57','admin','R_DOZE_W05_f','Bizerba Waage Donauzentrum',0,0,NULL,'N;',1,'a:4:{s:4:\"host\";s:9:\"10.0.28.5\";s:4:\"user\";s:7:\"bizuser\";s:2:\"pw\";s:7:\"bizerba\";s:6:\"folder\";s:50:\"/bizerba/data/multimedia/advertising/fullscreen/1/\";}'),(143,149,'2017-03-22 14:33:18','2018-12-05 11:45:22','admin','R_DOZE_W02_p','Bizerba Waage Donauzentrum',0,0,NULL,'N;',1,'a:4:{s:4:\"host\";s:9:\"10.0.28.2\";s:4:\"user\";s:7:\"bizuser\";s:2:\"pw\";s:7:\"bizerba\";s:6:\"folder\";s:49:\"/bizerba/data/multimedia/advertising/permanent/1/\";}'),(144,153,'2017-03-22 14:33:18','2018-12-05 11:58:28','admin','R_DOZE_W03_p','Bizerba Waage Donauzentrum',0,0,NULL,'N;',1,'a:4:{s:4:\"host\";s:9:\"10.0.28.3\";s:4:\"user\";s:7:\"bizuser\";s:2:\"pw\";s:7:\"bizerba\";s:6:\"folder\";s:49:\"/bizerba/data/multimedia/advertising/permanent/1/\";}'),(145,151,'2017-03-22 14:33:18','2018-12-05 11:55:51','admin','R_DOZE_W04_p','Bizerba Waage Donauzentrum',0,0,NULL,'N;',1,'a:4:{s:4:\"host\";s:9:\"10.0.28.4\";s:4:\"user\";s:7:\"bizuser\";s:2:\"pw\";s:7:\"bizerba\";s:6:\"folder\";s:49:\"/bizerba/data/multimedia/advertising/permanent/1/\";}'),(146,151,'2017-03-22 14:33:18','2018-12-05 11:55:51','admin','R_DOZE_W05_p','Bizerba Waage Donauzentrum',0,0,NULL,'N;',1,'a:4:{s:4:\"host\";s:9:\"10.0.28.5\";s:4:\"user\";s:7:\"bizuser\";s:2:\"pw\";s:7:\"bizerba\";s:6:\"folder\";s:49:\"/bizerba/data/multimedia/advertising/permanent/1/\";}'),(147,148,'2017-03-22 14:33:18','2018-12-05 10:13:30','admin','R_HAUS_W01_f','Bizerba Waage Hausfiliale',0,0,NULL,'N;',1,'a:4:{s:4:\"host\";s:11:\"172.22.90.1\";s:4:\"user\";s:7:\"bizuser\";s:2:\"pw\";s:7:\"bizerba\";s:6:\"folder\";s:50:\"/bizerba/data/multimedia/advertising/fullscreen/1/\";}'),(148,152,'2017-03-22 14:33:18','2018-12-05 10:15:16','admin','R_HAUS_W02_f','Bizerba Waage Hausfiliale',0,0,NULL,'N;',1,'a:4:{s:4:\"host\";s:11:\"172.22.90.2\";s:4:\"user\";s:7:\"bizuser\";s:2:\"pw\";s:7:\"bizerba\";s:6:\"folder\";s:50:\"/bizerba/data/multimedia/advertising/fullscreen/1/\";}'),(149,152,'2017-03-22 14:33:18','2018-12-05 10:15:16','admin','R_HAUS_W03_f','Bizerba Waage Hausfiliale',0,0,NULL,'N;',1,'a:4:{s:4:\"host\";s:11:\"172.22.90.3\";s:4:\"user\";s:7:\"bizuser\";s:2:\"pw\";s:7:\"bizerba\";s:6:\"folder\";s:50:\"/bizerba/data/multimedia/advertising/fullscreen/1/\";}'),(150,150,'2017-03-22 14:33:18','2018-12-05 10:14:39','admin','R_HAUS_W04_f','Bizerba Waage Hausfiliale',0,0,NULL,'N;',1,'a:4:{s:4:\"host\";s:11:\"172.22.90.4\";s:4:\"user\";s:7:\"bizuser\";s:2:\"pw\";s:7:\"bizerba\";s:6:\"folder\";s:50:\"/bizerba/data/multimedia/advertising/fullscreen/1/\";}'),(151,149,'2017-03-22 14:33:18','2018-12-05 10:13:48','admin','R_HAUS_W01_p','Bizerba Waage Hausfiliale',0,0,NULL,'N;',1,'a:4:{s:4:\"host\";s:11:\"172.22.90.1\";s:4:\"user\";s:7:\"bizuser\";s:2:\"pw\";s:7:\"bizerba\";s:6:\"folder\";s:49:\"/bizerba/data/multimedia/advertising/permanent/1/\";}'),(152,153,'2017-03-22 14:33:18','2018-12-05 10:15:29','admin','R_HAUS_W02_p','Bizerba Waage Hausfiliale',0,0,NULL,'N;',1,'a:4:{s:4:\"host\";s:11:\"172.22.90.2\";s:4:\"user\";s:7:\"bizuser\";s:2:\"pw\";s:7:\"bizerba\";s:6:\"folder\";s:49:\"/bizerba/data/multimedia/advertising/permanent/1/\";}'),(153,153,'2017-03-22 14:33:18','2018-12-05 10:15:29','admin','R_HAUS_W03_p','Bizerba Waage Hausfiliale',0,0,NULL,'N;',1,'a:4:{s:4:\"host\";s:11:\"172.22.90.3\";s:4:\"user\";s:7:\"bizuser\";s:2:\"pw\";s:7:\"bizerba\";s:6:\"folder\";s:49:\"/bizerba/data/multimedia/advertising/permanent/1/\";}'),(154,151,'2017-03-22 14:33:18','2018-12-05 10:14:57','admin','R_HAUS_W04_p','Bizerba Waage Hausfiliale',0,0,NULL,'N;',1,'a:4:{s:4:\"host\";s:11:\"172.22.90.4\";s:4:\"user\";s:7:\"bizuser\";s:2:\"pw\";s:7:\"bizerba\";s:6:\"folder\";s:49:\"/bizerba/data/multimedia/advertising/permanent/1/\";}'),(155,148,'2017-03-22 14:33:18','2018-12-05 11:42:57','admin','R_VIK_W01_f','Bizerba Waage Viktor Adler Markt',0,0,NULL,'N;',1,'a:4:{s:4:\"host\";s:9:\"10.0.43.1\";s:4:\"user\";s:7:\"bizuser\";s:2:\"pw\";s:7:\"bizerba\";s:6:\"folder\";s:50:\"/bizerba/data/multimedia/advertising/fullscreen/1/\";}'),(156,152,'2017-03-22 14:33:18','2018-12-05 11:51:03','admin','R_VIK_W02_f','Bizerba Waage Viktor Adler Markt',0,0,NULL,'N;',1,'a:4:{s:4:\"host\";s:9:\"10.0.43.2\";s:4:\"user\";s:7:\"bizuser\";s:2:\"pw\";s:7:\"bizerba\";s:6:\"folder\";s:50:\"/bizerba/data/multimedia/advertising/fullscreen/1/\";}'),(157,152,'2017-03-22 14:33:18','2018-12-05 11:51:03','admin','R_VIK_W03_f','Bizerba Waage Viktor Adler Markt',0,0,NULL,'N;',1,'a:4:{s:4:\"host\";s:9:\"10.0.43.3\";s:4:\"user\";s:7:\"bizuser\";s:2:\"pw\";s:7:\"bizerba\";s:6:\"folder\";s:50:\"/bizerba/data/multimedia/advertising/fullscreen/1/\";}'),(158,150,'2017-03-22 14:33:18','2018-12-05 12:01:39','admin','R_VIK_W04_f','Bizerba Waage Viktor Adler Markt',0,0,NULL,'N;',1,'a:4:{s:4:\"host\";s:9:\"10.0.43.4\";s:4:\"user\";s:7:\"bizuser\";s:2:\"pw\";s:7:\"bizerba\";s:6:\"folder\";s:50:\"/bizerba/data/multimedia/advertising/fullscreen/1/\";}'),(159,149,'2017-03-22 14:33:18','2018-12-05 11:45:22','admin','R_VIK_W01_p','Bizerba Waage Viktor Adler Markt',0,0,NULL,'N;',1,'a:4:{s:4:\"host\";s:9:\"10.0.43.1\";s:4:\"user\";s:7:\"bizuser\";s:2:\"pw\";s:7:\"bizerba\";s:6:\"folder\";s:49:\"/bizerba/data/multimedia/advertising/permanent/1/\";}'),(160,153,'2017-03-22 14:33:18','2018-12-05 11:58:28','admin','R_VIK_W02_p','Bizerba Waage Viktor Adler Markt',0,0,NULL,'N;',1,'a:4:{s:4:\"host\";s:9:\"10.0.43.2\";s:4:\"user\";s:7:\"bizuser\";s:2:\"pw\";s:7:\"bizerba\";s:6:\"folder\";s:49:\"/bizerba/data/multimedia/advertising/permanent/1/\";}'),(161,153,'2017-03-22 14:33:18','2018-12-05 11:58:28','admin','R_VIK_W03_p','Bizerba Waage Viktor Adler Markt',0,0,NULL,'N;',1,'a:4:{s:4:\"host\";s:9:\"10.0.43.3\";s:4:\"user\";s:7:\"bizuser\";s:2:\"pw\";s:7:\"bizerba\";s:6:\"folder\";s:49:\"/bizerba/data/multimedia/advertising/permanent/1/\";}'),(162,151,'2017-03-22 14:33:18','2018-12-05 11:55:51','admin','R_VIK_W04_p','Bizerba Waage Viktor Adler Markt',0,0,NULL,'N;',1,'a:4:{s:4:\"host\";s:9:\"10.0.43.4\";s:4:\"user\";s:7:\"bizuser\";s:2:\"pw\";s:7:\"bizerba\";s:6:\"folder\";s:49:\"/bizerba/data/multimedia/advertising/permanent/1/\";}'),(163,150,'2017-03-22 14:33:18','2018-12-05 10:14:39','admin','R_HAUS_W05_f','Bizerba Waage Hausfiliale',0,0,NULL,'N;',1,'a:4:{s:4:\"host\";s:11:\"172.22.90.5\";s:4:\"user\";s:7:\"bizuser\";s:2:\"pw\";s:7:\"bizerba\";s:6:\"folder\";s:50:\"/bizerba/data/multimedia/advertising/fullscreen/1/\";}'),(164,151,'2017-03-22 14:33:18','2018-12-05 10:14:57','admin','R_HAUS_W05_p','Bizerba Waage Hausfiliale',0,0,NULL,'N;',1,'a:4:{s:4:\"host\";s:11:\"172.22.90.5\";s:4:\"user\";s:7:\"bizuser\";s:2:\"pw\";s:7:\"bizerba\";s:6:\"folder\";s:49:\"/bizerba/data/multimedia/advertising/permanent/1/\";}'),(165,148,'2017-03-22 14:33:18','2018-12-05 11:42:57','admin','R_WIPP_W01_f','Bizerba Waage Wipplingerstraße',0,0,NULL,'N;',1,'a:4:{s:4:\"host\";s:9:\"10.0.20.1\";s:4:\"user\";s:7:\"bizuser\";s:2:\"pw\";s:7:\"bizerba\";s:6:\"folder\";s:50:\"/bizerba/data/multimedia/advertising/fullscreen/1/\";}'),(166,152,'2017-03-22 14:33:18','2018-12-05 11:51:03','admin','R_WIPP_W02_f','Bizerba Waage Wipplingerstraße',0,0,NULL,'N;',1,'a:4:{s:4:\"host\";s:9:\"10.0.20.2\";s:4:\"user\";s:7:\"bizuser\";s:2:\"pw\";s:7:\"bizerba\";s:6:\"folder\";s:50:\"/bizerba/data/multimedia/advertising/fullscreen/1/\";}'),(167,152,'2017-03-22 14:33:18','2018-12-05 11:51:03','admin','R_WIPP_W03_f','Bizerba Waage Wipplingerstraße',0,0,NULL,'N;',1,'a:4:{s:4:\"host\";s:9:\"10.0.20.3\";s:4:\"user\";s:7:\"bizuser\";s:2:\"pw\";s:7:\"bizerba\";s:6:\"folder\";s:50:\"/bizerba/data/multimedia/advertising/fullscreen/1/\";}'),(168,150,'2017-03-22 14:33:18','2018-12-05 11:48:57','admin','R_WIPP_W04_f','Bizerba Waage Wipplingerstraße',0,0,NULL,'N;',1,'a:4:{s:4:\"host\";s:9:\"10.0.20.4\";s:4:\"user\";s:7:\"bizuser\";s:2:\"pw\";s:7:\"bizerba\";s:6:\"folder\";s:50:\"/bizerba/data/multimedia/advertising/fullscreen/1/\";}'),(169,149,'2017-03-22 14:33:18','2018-12-05 11:45:22','admin','R_WIPP_W01_p','Bizerba Waage Wipplingerstraße',0,0,NULL,'N;',1,'a:4:{s:4:\"host\";s:9:\"10.0.20.1\";s:4:\"user\";s:7:\"bizuser\";s:2:\"pw\";s:7:\"bizerba\";s:6:\"folder\";s:49:\"/bizerba/data/multimedia/advertising/permanent/1/\";}'),(170,153,'2017-03-22 14:33:18','2018-12-05 11:58:28','admin','R_WIPP_W02_p','Bizerba Waage Wipplingerstraße',0,0,NULL,'N;',1,'a:4:{s:4:\"host\";s:9:\"10.0.20.2\";s:4:\"user\";s:7:\"bizuser\";s:2:\"pw\";s:7:\"bizerba\";s:6:\"folder\";s:49:\"/bizerba/data/multimedia/advertising/permanent/1/\";}'),(171,153,'2017-03-22 14:33:18','2018-12-05 11:58:28','admin','R_WIPP_W03_p','Bizerba Waage Wipplingerstraße',0,0,NULL,'N;',1,'a:4:{s:4:\"host\";s:9:\"10.0.20.3\";s:4:\"user\";s:7:\"bizuser\";s:2:\"pw\";s:7:\"bizerba\";s:6:\"folder\";s:49:\"/bizerba/data/multimedia/advertising/permanent/1/\";}'),(172,151,'2017-03-22 14:33:18','2018-12-05 11:55:51','admin','R_WIPP_W04_p','Bizerba Waage Wipplingerstraße',0,0,NULL,'N;',1,'a:4:{s:4:\"host\";s:9:\"10.0.20.4\";s:4:\"user\";s:7:\"bizuser\";s:2:\"pw\";s:7:\"bizerba\";s:6:\"folder\";s:49:\"/bizerba/data/multimedia/advertising/permanent/1/\";}'),(173,148,'2017-03-22 14:33:18','2018-12-05 11:42:57','admin','R_WERD_W01_f','Bizerba Waage Im Werd',0,0,NULL,'N;',1,'a:4:{s:4:\"host\";s:9:\"10.0.21.1\";s:4:\"user\";s:7:\"bizuser\";s:2:\"pw\";s:7:\"bizerba\";s:6:\"folder\";s:50:\"/bizerba/data/multimedia/advertising/fullscreen/1/\";}'),(174,152,'2017-03-22 14:33:18','2018-12-05 11:51:03','admin','R_WERD_W02_f','Bizerba Waage Im Werd',0,0,NULL,'N;',1,'a:4:{s:4:\"host\";s:9:\"10.0.21.2\";s:4:\"user\";s:7:\"bizuser\";s:2:\"pw\";s:7:\"bizerba\";s:6:\"folder\";s:50:\"/bizerba/data/multimedia/advertising/fullscreen/1/\";}'),(175,150,'2017-03-22 14:33:18','2018-12-05 11:48:57','admin','R_WERD_W03_f','Bizerba Waage Im Werd',0,0,NULL,'N;',1,'a:4:{s:4:\"host\";s:9:\"10.0.21.3\";s:4:\"user\";s:7:\"bizuser\";s:2:\"pw\";s:7:\"bizerba\";s:6:\"folder\";s:50:\"/bizerba/data/multimedia/advertising/fullscreen/1/\";}'),(176,150,'2017-03-22 14:33:18','2018-12-05 11:48:57','admin','R_WERD_W04_f','Bizerba Waage Im Werd',0,0,NULL,'N;',1,'a:4:{s:4:\"host\";s:9:\"10.0.21.4\";s:4:\"user\";s:7:\"bizuser\";s:2:\"pw\";s:7:\"bizerba\";s:6:\"folder\";s:50:\"/bizerba/data/multimedia/advertising/fullscreen/1/\";}'),(177,149,'2017-03-22 14:33:18','2018-12-05 11:45:22','admin','R_WERD_W01_p','Bizerba Waage Im Werd',0,0,NULL,'N;',1,'a:4:{s:4:\"host\";s:9:\"10.0.21.1\";s:4:\"user\";s:7:\"bizuser\";s:2:\"pw\";s:7:\"bizerba\";s:6:\"folder\";s:49:\"/bizerba/data/multimedia/advertising/permanent/1/\";}'),(178,153,'2017-03-22 14:33:18','2018-12-05 11:58:28','admin','R_WERD_W02_p','Bizerba Waage Im Werd',0,0,NULL,'N;',1,'a:4:{s:4:\"host\";s:9:\"10.0.21.2\";s:4:\"user\";s:7:\"bizuser\";s:2:\"pw\";s:7:\"bizerba\";s:6:\"folder\";s:49:\"/bizerba/data/multimedia/advertising/permanent/1/\";}'),(179,151,'2017-03-22 14:33:18','2018-12-05 11:55:51','admin','R_WERD_W03_p','Bizerba Waage Im Werd',0,0,NULL,'N;',1,'a:4:{s:4:\"host\";s:9:\"10.0.21.3\";s:4:\"user\";s:7:\"bizuser\";s:2:\"pw\";s:7:\"bizerba\";s:6:\"folder\";s:49:\"/bizerba/data/multimedia/advertising/permanent/1/\";}'),(180,151,'2017-03-22 14:33:18','2018-12-05 11:55:51','admin','R_WERD_W04_p','Bizerba Waage Im Werd',0,0,NULL,'N;',1,'a:4:{s:4:\"host\";s:9:\"10.0.21.4\";s:4:\"user\";s:7:\"bizuser\";s:2:\"pw\";s:7:\"bizerba\";s:6:\"folder\";s:49:\"/bizerba/data/multimedia/advertising/permanent/1/\";}'),(181,148,'2017-03-22 14:33:18','2018-12-05 11:42:57','admin','R_MILL_W01_f','Bizerba Waage Millenium City',0,0,NULL,'N;',1,'a:4:{s:4:\"host\";s:9:\"10.0.22.1\";s:4:\"user\";s:7:\"bizuser\";s:2:\"pw\";s:7:\"bizerba\";s:6:\"folder\";s:50:\"/bizerba/data/multimedia/advertising/fullscreen/1/\";}'),(182,152,'2017-03-22 14:33:18','2018-12-05 11:51:03','admin','R_MILL_W02_f','Bizerba Waage Millenium City',0,0,NULL,'N;',1,'a:4:{s:4:\"host\";s:9:\"10.0.22.2\";s:4:\"user\";s:7:\"bizuser\";s:2:\"pw\";s:7:\"bizerba\";s:6:\"folder\";s:50:\"/bizerba/data/multimedia/advertising/fullscreen/1/\";}'),(183,152,'2017-03-22 14:33:18','2018-12-05 11:51:03','admin','R_MILL_W03_f','Bizerba Waage Millenium City',0,0,NULL,'N;',1,'a:4:{s:4:\"host\";s:9:\"10.0.22.3\";s:4:\"user\";s:7:\"bizuser\";s:2:\"pw\";s:7:\"bizerba\";s:6:\"folder\";s:50:\"/bizerba/data/multimedia/advertising/fullscreen/1/\";}'),(184,150,'2017-03-22 14:33:18','2018-12-05 11:48:57','admin','R_MILL_W04_f','Bizerba Waage Millenium City',0,0,NULL,'N;',1,'a:4:{s:4:\"host\";s:9:\"10.0.22.4\";s:4:\"user\";s:7:\"bizuser\";s:2:\"pw\";s:7:\"bizerba\";s:6:\"folder\";s:50:\"/bizerba/data/multimedia/advertising/fullscreen/1/\";}'),(185,149,'2017-03-22 14:33:18','2018-12-05 11:45:22','admin','R_MILL_W01_p','Bizerba Waage Millenium City',0,0,NULL,'N;',1,'a:4:{s:4:\"host\";s:9:\"10.0.22.1\";s:4:\"user\";s:7:\"bizuser\";s:2:\"pw\";s:7:\"bizerba\";s:6:\"folder\";s:49:\"/bizerba/data/multimedia/advertising/permanent/1/\";}'),(186,153,'2017-03-22 14:33:18','2018-12-05 11:58:28','admin','R_MILL_W02_p','Bizerba Waage Millenium City',0,0,NULL,'N;',1,'a:4:{s:4:\"host\";s:9:\"10.0.22.2\";s:4:\"user\";s:7:\"bizuser\";s:2:\"pw\";s:7:\"bizerba\";s:6:\"folder\";s:49:\"/bizerba/data/multimedia/advertising/permanent/1/\";}'),(187,153,'2017-03-22 14:33:18','2018-12-05 11:58:28','admin','R_MILL_W03_p','Bizerba Waage Millenium City',0,0,NULL,'N;',1,'a:4:{s:4:\"host\";s:9:\"10.0.22.3\";s:4:\"user\";s:7:\"bizuser\";s:2:\"pw\";s:7:\"bizerba\";s:6:\"folder\";s:49:\"/bizerba/data/multimedia/advertising/permanent/1/\";}'),(188,151,'2017-03-22 14:33:18','2018-12-05 11:55:51','admin','R_MILL_W04_p','Bizerba Waage Millenium City',0,0,NULL,'N;',1,'a:4:{s:4:\"host\";s:9:\"10.0.22.4\";s:4:\"user\";s:7:\"bizuser\";s:2:\"pw\";s:7:\"bizerba\";s:6:\"folder\";s:49:\"/bizerba/data/multimedia/advertising/permanent/1/\";}'),(189,148,'2017-03-22 14:33:18','2018-12-05 11:42:57','admin','R_WIED_W01_f','Bizerba Waage Wiedner Hauptstraße',0,0,NULL,'N;',1,'a:4:{s:4:\"host\";s:9:\"10.0.40.1\";s:4:\"user\";s:7:\"bizuser\";s:2:\"pw\";s:7:\"bizerba\";s:6:\"folder\";s:50:\"/bizerba/data/multimedia/advertising/fullscreen/1/\";}'),(190,152,'2017-03-22 14:33:18','2018-12-05 11:51:03','admin','R_WIED_W02_f','Bizerba Waage Wiedner Hauptstraße',0,0,NULL,'N;',1,'a:4:{s:4:\"host\";s:9:\"10.0.40.2\";s:4:\"user\";s:7:\"bizuser\";s:2:\"pw\";s:7:\"bizerba\";s:6:\"folder\";s:50:\"/bizerba/data/multimedia/advertising/fullscreen/1/\";}'),(191,152,'2017-03-22 14:33:18','2018-12-05 11:51:03','admin','R_WIED_W03_f','Bizerba Waage Wiedner Hauptstraße',0,0,NULL,'N;',1,'a:4:{s:4:\"host\";s:9:\"10.0.40.3\";s:4:\"user\";s:7:\"bizuser\";s:2:\"pw\";s:7:\"bizerba\";s:6:\"folder\";s:50:\"/bizerba/data/multimedia/advertising/fullscreen/1/\";}'),(192,150,'2017-03-22 14:33:18','2018-12-05 11:48:57','admin','R_WIED_W04_f','Bizerba Waage Wiedner Hauptstraße',0,0,NULL,'N;',1,'a:4:{s:4:\"host\";s:9:\"10.0.40.4\";s:4:\"user\";s:7:\"bizuser\";s:2:\"pw\";s:7:\"bizerba\";s:6:\"folder\";s:50:\"/bizerba/data/multimedia/advertising/fullscreen/1/\";}'),(193,149,'2017-03-22 14:33:18','2018-12-05 11:53:04','admin','R_WIED_W01_p','Bizerba Waage Wiedner Hauptstraße',0,0,NULL,'N;',1,'a:4:{s:4:\"host\";s:9:\"10.0.40.1\";s:4:\"user\";s:7:\"bizuser\";s:2:\"pw\";s:7:\"bizerba\";s:6:\"folder\";s:49:\"/bizerba/data/multimedia/advertising/permanent/1/\";}'),(194,153,'2017-03-22 14:33:18','2018-12-05 11:58:28','admin','R_WIED_W02_p','Bizerba Waage Wiedner Hauptstraße',0,0,NULL,'N;',1,'a:4:{s:4:\"host\";s:9:\"10.0.40.2\";s:4:\"user\";s:7:\"bizuser\";s:2:\"pw\";s:7:\"bizerba\";s:6:\"folder\";s:49:\"/bizerba/data/multimedia/advertising/permanent/1/\";}'),(195,153,'2017-03-22 14:33:18','2018-12-05 11:58:28','admin','R_WIED_W03_p','Bizerba Waage Wiedner Hauptstraße',0,0,NULL,'N;',1,'a:4:{s:4:\"host\";s:9:\"10.0.40.3\";s:4:\"user\";s:7:\"bizuser\";s:2:\"pw\";s:7:\"bizerba\";s:6:\"folder\";s:49:\"/bizerba/data/multimedia/advertising/permanent/1/\";}'),(196,151,'2017-03-22 14:33:18','2018-12-05 11:55:51','admin','R_WIED_W04_p','Bizerba Waage Wiedner Hauptstraße',0,0,NULL,'N;',1,'a:4:{s:4:\"host\";s:9:\"10.0.40.4\";s:4:\"user\";s:7:\"bizuser\";s:2:\"pw\";s:7:\"bizerba\";s:6:\"folder\";s:49:\"/bizerba/data/multimedia/advertising/permanent/1/\";}'),(197,148,'2017-03-22 14:33:18','2018-12-05 12:07:07','admin','R_PERA_W01_f','Bizerba Waage Per Albin Hanson Zentrum',0,0,NULL,'N;',1,'a:4:{s:4:\"host\";s:9:\"10.0.45.1\";s:4:\"user\";s:7:\"bizuser\";s:2:\"pw\";s:7:\"bizerba\";s:6:\"folder\";s:50:\"/bizerba/data/multimedia/advertising/fullscreen/1/\";}'),(198,152,'2017-03-22 14:33:18','2018-12-05 11:51:03','admin','R_PERA_W02_f','Bizerba Waage Per Albin Hanson Zentrum',0,0,NULL,'N;',1,'a:4:{s:4:\"host\";s:9:\"10.0.45.2\";s:4:\"user\";s:7:\"bizuser\";s:2:\"pw\";s:7:\"bizerba\";s:6:\"folder\";s:50:\"/bizerba/data/multimedia/advertising/fullscreen/1/\";}'),(199,150,'2017-03-22 14:33:18','2018-12-05 11:48:57','admin','R_PERA_W03_f','Bizerba Waage Per Albin Hanson Zentrum',0,0,NULL,'N;',1,'a:4:{s:4:\"host\";s:9:\"10.0.45.3\";s:4:\"user\";s:7:\"bizuser\";s:2:\"pw\";s:7:\"bizerba\";s:6:\"folder\";s:50:\"/bizerba/data/multimedia/advertising/fullscreen/1/\";}'),(200,149,'2017-03-22 14:33:18','2018-12-05 12:00:37','admin','R_PERA_W01_p','Bizerba Waage Per Albin Hanson Zentrum',0,0,NULL,'N;',1,'a:4:{s:4:\"host\";s:9:\"10.0.45.1\";s:4:\"user\";s:7:\"bizuser\";s:2:\"pw\";s:7:\"bizerba\";s:6:\"folder\";s:49:\"/bizerba/data/multimedia/advertising/permanent/1/\";}'),(201,153,'2017-03-22 14:33:18','2018-12-05 11:58:28','admin','R_PERA_W02_p','Bizerba Waage Per Albin Hanson Zentrum',0,0,NULL,'N;',1,'a:4:{s:4:\"host\";s:9:\"10.0.45.2\";s:4:\"user\";s:7:\"bizuser\";s:2:\"pw\";s:7:\"bizerba\";s:6:\"folder\";s:49:\"/bizerba/data/multimedia/advertising/permanent/1/\";}'),(202,151,'2017-03-22 14:33:18','2018-12-05 11:55:51','admin','R_PERA_W03_p','Bizerba Waage Per Albin Hanson Zentrum',0,0,NULL,'N;',1,'a:4:{s:4:\"host\";s:9:\"10.0.45.3\";s:4:\"user\";s:7:\"bizuser\";s:2:\"pw\";s:7:\"bizerba\";s:6:\"folder\";s:49:\"/bizerba/data/multimedia/advertising/permanent/1/\";}'),(203,148,'2017-03-22 14:33:18','2018-12-05 11:42:57','admin','R_MEIS_W01_f','Bizerba Waage Meiselcenter',0,0,NULL,'N;',1,'a:4:{s:4:\"host\";s:9:\"10.0.65.1\";s:4:\"user\";s:7:\"bizuser\";s:2:\"pw\";s:7:\"bizerba\";s:6:\"folder\";s:50:\"/bizerba/data/multimedia/advertising/fullscreen/1/\";}'),(204,148,'2017-03-22 14:33:18','2018-12-05 11:42:57','admin','R_MEIS_W02_f','Bizerba Waage Meiselcenter',0,0,NULL,'N;',1,'a:4:{s:4:\"host\";s:9:\"10.0.65.2\";s:4:\"user\";s:7:\"bizuser\";s:2:\"pw\";s:7:\"bizerba\";s:6:\"folder\";s:50:\"/bizerba/data/multimedia/advertising/fullscreen/1/\";}'),(205,152,'2017-03-22 14:33:18','2018-12-05 11:51:03','admin','R_MEIS_W03_f','Bizerba Waage Meiselcenter',0,0,NULL,'N;',1,'a:4:{s:4:\"host\";s:9:\"10.0.65.3\";s:4:\"user\";s:7:\"bizuser\";s:2:\"pw\";s:7:\"bizerba\";s:6:\"folder\";s:50:\"/bizerba/data/multimedia/advertising/fullscreen/1/\";}'),(206,152,'2017-03-22 14:33:18','2018-12-05 11:51:03','admin','R_MEIS_W04_f','Bizerba Waage Meiselcenter',0,0,NULL,'N;',1,'a:4:{s:4:\"host\";s:9:\"10.0.65.4\";s:4:\"user\";s:7:\"bizuser\";s:2:\"pw\";s:7:\"bizerba\";s:6:\"folder\";s:50:\"/bizerba/data/multimedia/advertising/fullscreen/1/\";}'),(207,150,'2017-03-22 14:33:18','2018-12-05 11:48:57','admin','R_MEIS_W05_f','Bizerba Waage Meiselcenter',0,0,NULL,'N;',1,'a:4:{s:4:\"host\";s:9:\"10.0.65.5\";s:4:\"user\";s:7:\"bizuser\";s:2:\"pw\";s:7:\"bizerba\";s:6:\"folder\";s:50:\"/bizerba/data/multimedia/advertising/fullscreen/1/\";}'),(208,149,'2017-03-22 14:33:18','2018-12-05 11:53:04','admin','R_MEIS_W01_p','Bizerba Waage Meiselcenter',0,0,NULL,'N;',1,'a:4:{s:4:\"host\";s:9:\"10.0.65.1\";s:4:\"user\";s:7:\"bizuser\";s:2:\"pw\";s:7:\"bizerba\";s:6:\"folder\";s:49:\"/bizerba/data/multimedia/advertising/permanent/1/\";}'),(209,149,'2017-03-22 14:33:18','2018-12-05 11:53:04','admin','R_MEIS_W02_p','Bizerba Waage Meiselcenter',0,0,NULL,'N;',1,'a:4:{s:4:\"host\";s:9:\"10.0.65.2\";s:4:\"user\";s:7:\"bizuser\";s:2:\"pw\";s:7:\"bizerba\";s:6:\"folder\";s:49:\"/bizerba/data/multimedia/advertising/permanent/1/\";}'),(210,153,'2017-03-22 14:33:18','2018-12-05 11:58:28','admin','R_MEIS_W03_p','Bizerba Waage Meiselcenter',0,0,NULL,'N;',1,'a:4:{s:4:\"host\";s:9:\"10.0.65.3\";s:4:\"user\";s:7:\"bizuser\";s:2:\"pw\";s:7:\"bizerba\";s:6:\"folder\";s:49:\"/bizerba/data/multimedia/advertising/permanent/1/\";}'),(211,153,'2017-03-22 14:33:18','2018-12-05 11:58:28','admin','R_MEIS_W04_p','Bizerba Waage Meiselcenter',0,0,NULL,'N;',1,'a:4:{s:4:\"host\";s:9:\"10.0.65.4\";s:4:\"user\";s:7:\"bizuser\";s:2:\"pw\";s:7:\"bizerba\";s:6:\"folder\";s:49:\"/bizerba/data/multimedia/advertising/permanent/1/\";}'),(212,151,'2017-03-22 14:33:18','2018-12-05 11:55:51','admin','R_MEIS_W05_p','Bizerba Waage Meiselcenter',0,0,NULL,'N;',1,'a:4:{s:4:\"host\";s:9:\"10.0.65.5\";s:4:\"user\";s:7:\"bizuser\";s:2:\"pw\";s:7:\"bizerba\";s:6:\"folder\";s:49:\"/bizerba/data/multimedia/advertising/permanent/1/\";}'),(213,148,'2017-03-22 14:33:18','2018-12-05 11:42:57','admin','R_SONN_W01_f','Bizerba Waage Sonnbergmarkt',0,0,NULL,'N;',1,'a:4:{s:4:\"host\";s:9:\"10.0.66.1\";s:4:\"user\";s:7:\"bizuser\";s:2:\"pw\";s:7:\"bizerba\";s:6:\"folder\";s:50:\"/bizerba/data/multimedia/advertising/fullscreen/1/\";}'),(214,152,'2017-03-22 14:33:18','2018-12-05 11:51:03','admin','R_SONN_W02_f','Bizerba Waage Sonnbergmarkt',0,0,NULL,'N;',1,'a:4:{s:4:\"host\";s:9:\"10.0.66.2\";s:4:\"user\";s:7:\"bizuser\";s:2:\"pw\";s:7:\"bizerba\";s:6:\"folder\";s:50:\"/bizerba/data/multimedia/advertising/fullscreen/1/\";}'),(215,152,'2017-03-22 14:33:18','2018-12-05 11:51:03','admin','R_SONN_W03_f','Bizerba Waage Sonnbergmarkt',0,0,NULL,'N;',1,'a:4:{s:4:\"host\";s:9:\"10.0.66.3\";s:4:\"user\";s:7:\"bizuser\";s:2:\"pw\";s:7:\"bizerba\";s:6:\"folder\";s:50:\"/bizerba/data/multimedia/advertising/fullscreen/1/\";}'),(216,150,'2017-03-22 14:33:18','2018-12-05 11:48:57','admin','R_SONN_W04_f','Bizerba Waage Sonnbergmarkt',0,0,NULL,'N;',1,'a:4:{s:4:\"host\";s:9:\"10.0.66.4\";s:4:\"user\";s:7:\"bizuser\";s:2:\"pw\";s:7:\"bizerba\";s:6:\"folder\";s:50:\"/bizerba/data/multimedia/advertising/fullscreen/1/\";}'),(217,149,'2017-03-22 14:33:18','2018-12-05 11:53:04','admin','R_SONN_W01_p','Bizerba Waage Sonnbergmarkt',0,0,NULL,'N;',1,'a:4:{s:4:\"host\";s:9:\"10.0.66.1\";s:4:\"user\";s:7:\"bizuser\";s:2:\"pw\";s:7:\"bizerba\";s:6:\"folder\";s:49:\"/bizerba/data/multimedia/advertising/permanent/1/\";}'),(218,153,'2017-03-22 14:33:18','2018-12-05 11:58:28','admin','R_SONN_W02_p','Bizerba Waage Sonnbergmarkt',0,0,NULL,'N;',1,'a:4:{s:4:\"host\";s:9:\"10.0.66.2\";s:4:\"user\";s:7:\"bizuser\";s:2:\"pw\";s:7:\"bizerba\";s:6:\"folder\";s:49:\"/bizerba/data/multimedia/advertising/permanent/1/\";}'),(219,153,'2017-03-22 14:33:18','2018-12-05 11:58:28','admin','R_SONN_W03_p','Bizerba Waage Sonnbergmarkt',0,0,NULL,'N;',1,'a:4:{s:4:\"host\";s:9:\"10.0.66.3\";s:4:\"user\";s:7:\"bizuser\";s:2:\"pw\";s:7:\"bizerba\";s:6:\"folder\";s:49:\"/bizerba/data/multimedia/advertising/permanent/1/\";}'),(220,151,'2017-03-22 14:33:18','2018-12-05 11:55:51','admin','R_SONN_W04_p','Bizerba Waage Sonnbergmarkt',0,0,NULL,'N;',1,'a:4:{s:4:\"host\";s:9:\"10.0.66.4\";s:4:\"user\";s:7:\"bizuser\";s:2:\"pw\";s:7:\"bizerba\";s:6:\"folder\";s:49:\"/bizerba/data/multimedia/advertising/permanent/1/\";}'),(221,148,'2017-03-22 14:33:18','2018-12-05 11:42:57','admin','R_JOSE_W01_f','Bizerba Waage Josefstaedterstraße',0,0,NULL,'N;',1,'a:4:{s:4:\"host\";s:9:\"10.0.67.1\";s:4:\"user\";s:7:\"bizuser\";s:2:\"pw\";s:7:\"bizerba\";s:6:\"folder\";s:50:\"/bizerba/data/multimedia/advertising/fullscreen/1/\";}'),(222,152,'2017-03-22 14:33:18','2018-12-05 11:51:03','admin','R_JOSE_W02_f','Bizerba Waage Josefstaedterstraße',0,0,NULL,'N;',1,'a:4:{s:4:\"host\";s:9:\"10.0.67.2\";s:4:\"user\";s:7:\"bizuser\";s:2:\"pw\";s:7:\"bizerba\";s:6:\"folder\";s:50:\"/bizerba/data/multimedia/advertising/fullscreen/1/\";}'),(223,152,'2017-03-22 14:33:18','2018-12-05 11:51:03','admin','R_JOSE_W03_f','Bizerba Waage Josefstaedterstraße',0,0,NULL,'N;',1,'a:4:{s:4:\"host\";s:9:\"10.0.67.3\";s:4:\"user\";s:7:\"bizuser\";s:2:\"pw\";s:7:\"bizerba\";s:6:\"folder\";s:50:\"/bizerba/data/multimedia/advertising/fullscreen/1/\";}'),(224,150,'2017-03-22 14:33:18','2018-12-05 11:48:57','admin','R_JOSE_W04_f','Bizerba Waage Josefstaedterstraße',0,0,NULL,'N;',1,'a:4:{s:4:\"host\";s:9:\"10.0.67.4\";s:4:\"user\";s:7:\"bizuser\";s:2:\"pw\";s:7:\"bizerba\";s:6:\"folder\";s:50:\"/bizerba/data/multimedia/advertising/fullscreen/1/\";}'),(225,149,'2017-03-22 14:33:18','2018-12-05 11:53:04','admin','R_JOSE_W01_p','Bizerba Waage Josefstaedterstraße',0,0,NULL,'N;',1,'a:4:{s:4:\"host\";s:9:\"10.0.67.1\";s:4:\"user\";s:7:\"bizuser\";s:2:\"pw\";s:7:\"bizerba\";s:6:\"folder\";s:49:\"/bizerba/data/multimedia/advertising/permanent/1/\";}'),(226,153,'2017-03-22 14:33:18','2018-12-05 11:58:28','admin','R_JOSE_W02_p','Bizerba Waage Josefstaedterstraße',0,0,NULL,'N;',1,'a:4:{s:4:\"host\";s:9:\"10.0.67.2\";s:4:\"user\";s:7:\"bizuser\";s:2:\"pw\";s:7:\"bizerba\";s:6:\"folder\";s:49:\"/bizerba/data/multimedia/advertising/permanent/1/\";}'),(227,153,'2017-03-22 14:33:18','2018-12-05 11:58:28','admin','R_JOSE_W03_p','Bizerba Waage Josefstaedterstraße',0,0,NULL,'N;',1,'a:4:{s:4:\"host\";s:9:\"10.0.67.3\";s:4:\"user\";s:7:\"bizuser\";s:2:\"pw\";s:7:\"bizerba\";s:6:\"folder\";s:49:\"/bizerba/data/multimedia/advertising/permanent/1/\";}'),(228,151,'2017-03-22 14:33:18','2018-12-05 11:55:51','admin','R_JOSE_W04_p','Bizerba Waage Josefstaedterstraße',0,0,NULL,'N;',1,'a:4:{s:4:\"host\";s:9:\"10.0.67.4\";s:4:\"user\";s:7:\"bizuser\";s:2:\"pw\";s:7:\"bizerba\";s:6:\"folder\";s:49:\"/bizerba/data/multimedia/advertising/permanent/1/\";}'),(229,148,'2017-03-22 14:33:18','2018-12-05 11:42:57','admin','R_MOED_W01_f','Bizerba Waage Mödling',0,0,NULL,'N;',1,'a:4:{s:4:\"host\";s:9:\"10.0.92.1\";s:4:\"user\";s:7:\"bizuser\";s:2:\"pw\";s:7:\"bizerba\";s:6:\"folder\";s:50:\"/bizerba/data/multimedia/advertising/fullscreen/1/\";}'),(230,152,'2017-03-22 14:33:18','2018-12-05 11:51:03','admin','R_MOED_W02_f','Bizerba Waage Mödling',0,0,NULL,'N;',1,'a:4:{s:4:\"host\";s:9:\"10.0.92.2\";s:4:\"user\";s:7:\"bizuser\";s:2:\"pw\";s:7:\"bizerba\";s:6:\"folder\";s:50:\"/bizerba/data/multimedia/advertising/fullscreen/1/\";}'),(231,150,'2017-03-22 14:33:18','2018-12-05 11:48:57','admin','R_MOED_W03_f','Bizerba Waage Mödling',0,0,NULL,'N;',1,'a:4:{s:4:\"host\";s:9:\"10.0.92.3\";s:4:\"user\";s:7:\"bizuser\";s:2:\"pw\";s:7:\"bizerba\";s:6:\"folder\";s:50:\"/bizerba/data/multimedia/advertising/fullscreen/1/\";}'),(232,149,'2017-03-22 14:33:18','2018-12-05 11:53:04','admin','R_MOED_W01_p','Bizerba Waage Mödling',0,0,NULL,'N;',1,'a:4:{s:4:\"host\";s:9:\"10.0.92.1\";s:4:\"user\";s:7:\"bizuser\";s:2:\"pw\";s:7:\"bizerba\";s:6:\"folder\";s:49:\"/bizerba/data/multimedia/advertising/permanent/1/\";}'),(233,153,'2017-03-22 14:33:18','2018-12-05 11:58:28','admin','R_MOED_W02_p','Bizerba Waage Mödling',0,0,NULL,'N;',1,'a:4:{s:4:\"host\";s:9:\"10.0.92.2\";s:4:\"user\";s:7:\"bizuser\";s:2:\"pw\";s:7:\"bizerba\";s:6:\"folder\";s:49:\"/bizerba/data/multimedia/advertising/permanent/1/\";}'),(234,151,'2017-03-22 14:33:18','2018-12-05 11:55:51','admin','R_MOED_W03_p','Bizerba Waage Mödling',0,0,NULL,'N;',1,'a:4:{s:4:\"host\";s:9:\"10.0.92.3\";s:4:\"user\";s:7:\"bizuser\";s:2:\"pw\";s:7:\"bizerba\";s:6:\"folder\";s:49:\"/bizerba/data/multimedia/advertising/permanent/1/\";}'),(235,148,'2017-03-22 14:33:18','2018-12-05 11:42:57','admin','R_SCHW_W01_f','Bizerba Waage Schwechat',0,0,NULL,'N;',1,'a:4:{s:4:\"host\";s:9:\"10.0.97.1\";s:4:\"user\";s:7:\"bizuser\";s:2:\"pw\";s:7:\"bizerba\";s:6:\"folder\";s:50:\"/bizerba/data/multimedia/advertising/fullscreen/1/\";}'),(236,152,'2017-03-22 14:33:18','2018-12-05 11:51:03','admin','R_SCHW_W02_f','Bizerba Waage Schwechat',0,0,NULL,'N;',1,'a:4:{s:4:\"host\";s:9:\"10.0.97.2\";s:4:\"user\";s:7:\"bizuser\";s:2:\"pw\";s:7:\"bizerba\";s:6:\"folder\";s:50:\"/bizerba/data/multimedia/advertising/fullscreen/1/\";}'),(237,150,'2017-03-22 14:33:18','2018-12-05 17:38:52','admin','R_SCHW_W03_f','Bizerba Waage Schwechat',0,0,NULL,'N;',1,'a:4:{s:4:\"host\";s:9:\"10.0.97.3\";s:4:\"user\";s:7:\"bizuser\";s:2:\"pw\";s:7:\"bizerba\";s:6:\"folder\";s:50:\"/bizerba/data/multimedia/advertising/fullscreen/1/\";}'),(238,149,'2017-03-22 14:33:18','2018-12-05 11:53:04','admin','R_SCHW_W01_p','Bizerba Waage Schwechat',0,0,NULL,'N;',1,'a:4:{s:4:\"host\";s:9:\"10.0.97.1\";s:4:\"user\";s:7:\"bizuser\";s:2:\"pw\";s:7:\"bizerba\";s:6:\"folder\";s:49:\"/bizerba/data/multimedia/advertising/permanent/1/\";}'),(239,153,'2017-03-22 14:33:18','2018-12-05 11:58:28','admin','R_SCHW_W02_p','Bizerba Waage Schwechat',0,0,NULL,'N;',1,'a:4:{s:4:\"host\";s:9:\"10.0.97.2\";s:4:\"user\";s:7:\"bizuser\";s:2:\"pw\";s:7:\"bizerba\";s:6:\"folder\";s:49:\"/bizerba/data/multimedia/advertising/permanent/1/\";}'),(240,151,'2017-03-22 14:33:18','2018-12-05 11:55:51','admin','R_SCHW_W03_p','Bizerba Waage Schwechat',0,0,NULL,'N;',1,'a:4:{s:4:\"host\";s:9:\"10.0.97.3\";s:4:\"user\";s:7:\"bizuser\";s:2:\"pw\";s:7:\"bizerba\";s:6:\"folder\";s:49:\"/bizerba/data/multimedia/advertising/permanent/1/\";}'),(241,148,'2017-03-22 14:33:18','2018-12-05 11:59:36','admin','R_MARI_W01_f','Bizerba Waage Maria Enzersdorf',0,0,NULL,'N;',1,'a:4:{s:4:\"host\";s:9:\"10.0.98.1\";s:4:\"user\";s:7:\"bizuser\";s:2:\"pw\";s:7:\"bizerba\";s:6:\"folder\";s:50:\"/bizerba/data/multimedia/advertising/fullscreen/1/\";}'),(242,152,'2017-03-22 14:33:18','2018-12-05 12:02:37','admin','R_MARI_W02_f','Bizerba Waage Maria Enzersdorf',0,0,NULL,'N;',1,'a:4:{s:4:\"host\";s:9:\"10.0.98.2\";s:4:\"user\";s:7:\"bizuser\";s:2:\"pw\";s:7:\"bizerba\";s:6:\"folder\";s:50:\"/bizerba/data/multimedia/advertising/fullscreen/1/\";}'),(243,150,'2017-03-22 14:33:18','2018-12-05 12:01:39','admin','R_MARI_W03_f','Bizerba Waage Maria Enzersdorf',0,0,NULL,'N;',1,'a:4:{s:4:\"host\";s:9:\"10.0.98.3\";s:4:\"user\";s:7:\"bizuser\";s:2:\"pw\";s:7:\"bizerba\";s:6:\"folder\";s:50:\"/bizerba/data/multimedia/advertising/fullscreen/1/\";}'),(244,149,'2017-03-22 14:33:18','2018-12-05 12:00:37','admin','R_MARI_W01_p','Bizerba Waage Maria Enzersdorf',0,0,NULL,'N;',1,'a:4:{s:4:\"host\";s:9:\"10.0.98.1\";s:4:\"user\";s:7:\"bizuser\";s:2:\"pw\";s:7:\"bizerba\";s:6:\"folder\";s:49:\"/bizerba/data/multimedia/advertising/permanent/1/\";}'),(245,153,'2017-03-22 14:33:18','2018-12-05 11:58:28','admin','R_MARI_W02_p','Bizerba Waage Maria Enzersdorf',0,0,NULL,'N;',1,'a:4:{s:4:\"host\";s:9:\"10.0.98.2\";s:4:\"user\";s:7:\"bizuser\";s:2:\"pw\";s:7:\"bizerba\";s:6:\"folder\";s:49:\"/bizerba/data/multimedia/advertising/permanent/1/\";}'),(246,151,'2017-03-22 14:33:18','2018-12-05 12:08:08','admin','R_MARI_W03_p','Bizerba Waage Maria Enzersdorf',0,0,NULL,'N;',1,'a:4:{s:4:\"host\";s:9:\"10.0.98.3\";s:4:\"user\";s:7:\"bizuser\";s:2:\"pw\";s:7:\"bizerba\";s:6:\"folder\";s:49:\"/bizerba/data/multimedia/advertising/permanent/1/\";}'),(247,148,'2017-03-22 14:33:18','2018-12-05 11:59:36','admin','R_ANTO_W01_f','Bizerba Waage Anton Baumgartner-Straße',0,0,NULL,'N;',1,'a:4:{s:4:\"host\";s:9:\"10.0.99.1\";s:4:\"user\";s:7:\"bizuser\";s:2:\"pw\";s:7:\"bizerba\";s:6:\"folder\";s:50:\"/bizerba/data/multimedia/advertising/fullscreen/1/\";}'),(248,152,'2017-03-22 14:33:18','2018-12-05 12:02:37','admin','R_ANTO_W02_f','Bizerba Waage Anton Baumgartner-Straße',0,0,NULL,'N;',1,'a:4:{s:4:\"host\";s:9:\"10.0.99.2\";s:4:\"user\";s:7:\"bizuser\";s:2:\"pw\";s:7:\"bizerba\";s:6:\"folder\";s:50:\"/bizerba/data/multimedia/advertising/fullscreen/1/\";}'),(249,150,'2017-03-22 14:33:18','2018-12-05 12:01:39','admin','R_ANTO_W03_f','Bizerba Waage Anton Baumgartner-Straße',0,0,NULL,'N;',1,'a:4:{s:4:\"host\";s:9:\"10.0.99.3\";s:4:\"user\";s:7:\"bizuser\";s:2:\"pw\";s:7:\"bizerba\";s:6:\"folder\";s:50:\"/bizerba/data/multimedia/advertising/fullscreen/1/\";}'),(250,150,'2017-03-22 14:33:18','2018-12-05 12:08:52','admin','R_ANTO_W04_f','Bizerba Waage Anton Baumgartner-Straße',0,0,NULL,'N;',1,'a:4:{s:4:\"host\";s:9:\"10.0.99.4\";s:4:\"user\";s:7:\"bizuser\";s:2:\"pw\";s:7:\"bizerba\";s:6:\"folder\";s:50:\"/bizerba/data/multimedia/advertising/fullscreen/1/\";}'),(251,149,'2017-03-22 14:33:18','2018-12-05 12:00:37','admin','R_ANTO_W01_p','Bizerba Waage Anton Baumgartner-Straße',0,0,NULL,'N;',1,'a:4:{s:4:\"host\";s:9:\"10.0.99.1\";s:4:\"user\";s:7:\"bizuser\";s:2:\"pw\";s:7:\"bizerba\";s:6:\"folder\";s:49:\"/bizerba/data/multimedia/advertising/permanent/1/\";}'),(252,153,'2017-03-22 14:33:18','2018-12-05 12:09:14','admin','R_ANTO_W02_p','Bizerba Waage Anton Baumgartner-Straße',0,0,NULL,'N;',1,'a:4:{s:4:\"host\";s:9:\"10.0.99.2\";s:4:\"user\";s:7:\"bizuser\";s:2:\"pw\";s:7:\"bizerba\";s:6:\"folder\";s:49:\"/bizerba/data/multimedia/advertising/permanent/1/\";}'),(253,151,'2017-03-22 14:33:18','2018-12-05 12:08:08','admin','R_ANTO_W03_p','Bizerba Waage Anton Baumgartner-Straße',0,0,NULL,'N;',1,'a:4:{s:4:\"host\";s:9:\"10.0.99.3\";s:4:\"user\";s:7:\"bizuser\";s:2:\"pw\";s:7:\"bizerba\";s:6:\"folder\";s:49:\"/bizerba/data/multimedia/advertising/permanent/1/\";}'),(254,151,'2017-03-22 14:33:18','2018-12-05 12:08:08','admin','R_ANTO_W04_p','Bizerba Waage Anton Baumgartner-Straße',0,0,NULL,'N;',1,'a:4:{s:4:\"host\";s:9:\"10.0.99.4\";s:4:\"user\";s:7:\"bizuser\";s:2:\"pw\";s:7:\"bizerba\";s:6:\"folder\";s:49:\"/bizerba/data/multimedia/advertising/permanent/1/\";}'),(255,149,'2017-03-22 14:33:18','2019-05-09 09:24:14','admin','R_SIMM_W01_p','Bizerba Waage Simmering',0,0,NULL,'N;',1,'a:4:{s:4:\"host\";s:9:\"10.0.46.1\";s:4:\"user\";s:7:\"bizuser\";s:2:\"pw\";s:7:\"bizerba\";s:6:\"folder\";s:49:\"/bizerba/data/multimedia/advertising/permanent/1/\";}'),(256,148,'2017-03-22 14:33:18','2019-05-09 09:23:52','admin','R_SIMM_W01_f','Bizerba Waage Simmering',0,0,NULL,'N;',1,'a:4:{s:4:\"host\";s:9:\"10.0.46.1\";s:4:\"user\";s:7:\"bizuser\";s:2:\"pw\";s:7:\"bizerba\";s:6:\"folder\";s:50:\"/bizerba/data/multimedia/advertising/fullscreen/1/\";}'),(257,153,'2017-03-22 14:33:18','2019-05-09 10:06:22','admin','R_SIMM_W02_p','Bizerba Waage Simmering',0,0,NULL,'N;',1,'a:4:{s:4:\"host\";s:9:\"10.0.46.2\";s:4:\"user\";s:7:\"bizuser\";s:2:\"pw\";s:7:\"bizerba\";s:6:\"folder\";s:49:\"/bizerba/data/multimedia/advertising/permanent/1/\";}'),(258,151,'2017-03-22 14:33:18','2019-05-09 09:25:06','admin','R_SIMM_W03_p','Bizerba Waage Simmering',0,0,NULL,'N;',1,'a:4:{s:4:\"host\";s:9:\"10.0.46.3\";s:4:\"user\";s:7:\"bizuser\";s:2:\"pw\";s:7:\"bizerba\";s:6:\"folder\";s:49:\"/bizerba/data/multimedia/advertising/permanent/1/\";}'),(259,151,'2017-03-22 14:33:18','2019-05-09 09:25:06','admin','R_SIMM_W04_p','Bizerba Waage Simmering',0,0,NULL,'N;',1,'a:4:{s:4:\"host\";s:9:\"10.0.46.4\";s:4:\"user\";s:7:\"bizuser\";s:2:\"pw\";s:7:\"bizerba\";s:6:\"folder\";s:49:\"/bizerba/data/multimedia/advertising/permanent/1/\";}'),(260,152,'2017-03-22 14:33:18','2019-05-09 09:25:37','admin','R_SIMM_W02_f','Bizerba Waage Simmering',0,0,NULL,'N;',1,'a:4:{s:4:\"host\";s:9:\"10.0.46.2\";s:4:\"user\";s:7:\"bizuser\";s:2:\"pw\";s:7:\"bizerba\";s:6:\"folder\";s:50:\"/bizerba/data/multimedia/advertising/fullscreen/1/\";}'),(261,150,'2017-03-22 14:33:18','2019-05-09 09:24:42','admin','R_SIMM_W03_f','Bizerba Waage Simmering',0,0,NULL,'N;',1,'a:4:{s:4:\"host\";s:9:\"10.0.46.3\";s:4:\"user\";s:7:\"bizuser\";s:2:\"pw\";s:7:\"bizerba\";s:6:\"folder\";s:50:\"/bizerba/data/multimedia/advertising/fullscreen/1/\";}'),(262,150,'2017-03-22 14:33:18','2019-05-09 09:24:42','admin','R_SIMM_W04_f','Bizerba Waage Simmering',0,0,NULL,'N;',1,'a:4:{s:4:\"host\";s:9:\"10.0.46.4\";s:4:\"user\";s:7:\"bizuser\";s:2:\"pw\";s:7:\"bizerba\";s:6:\"folder\";s:50:\"/bizerba/data/multimedia/advertising/fullscreen/1/\";}'),(263,148,'2017-03-22 14:33:18','2019-08-21 09:41:57','admin','R_AUH_W01_f','Bizerba Waage Auhof',0,0,NULL,'N;',1,'a:4:{s:4:\"host\";s:9:\"10.0.62.1\";s:4:\"user\";s:7:\"bizuser\";s:2:\"pw\";s:7:\"bizerba\";s:6:\"folder\";s:50:\"/bizerba/data/multimedia/advertising/fullscreen/1/\";}'),(264,149,'2017-03-22 14:33:18','2019-08-21 09:42:20','admin','R_AUH_W01_p','Bizerba Waage Auhof',0,0,NULL,'N;',1,'a:4:{s:4:\"host\";s:9:\"10.0.62.1\";s:4:\"user\";s:7:\"bizuser\";s:2:\"pw\";s:7:\"bizerba\";s:6:\"folder\";s:49:\"/bizerba/data/multimedia/advertising/permanent/1/\";}'),(265,153,'2017-03-22 14:33:18','2019-08-21 09:44:05','admin','R_AUH_W02_p','Bizerba Waage Auhof',0,0,NULL,'N;',1,'a:4:{s:4:\"host\";s:9:\"10.0.62.2\";s:4:\"user\";s:7:\"bizuser\";s:2:\"pw\";s:7:\"bizerba\";s:6:\"folder\";s:49:\"/bizerba/data/multimedia/advertising/permanent/1/\";}'),(266,152,'2017-03-22 14:33:18','2019-08-21 09:43:44','admin','R_AUH_W02_f','Bizerba Waage Auhof',0,0,NULL,'N;',1,'a:4:{s:4:\"host\";s:9:\"10.0.62.2\";s:4:\"user\";s:7:\"bizuser\";s:2:\"pw\";s:7:\"bizerba\";s:6:\"folder\";s:50:\"/bizerba/data/multimedia/advertising/fullscreen/1/\";}'),(267,151,'2017-03-22 14:33:18','2019-08-21 09:43:10','admin','R_AUH_W03_p','Bizerba Waage Auhof',0,0,NULL,'N;',1,'a:4:{s:4:\"host\";s:9:\"10.0.62.3\";s:4:\"user\";s:7:\"bizuser\";s:2:\"pw\";s:7:\"bizerba\";s:6:\"folder\";s:49:\"/bizerba/data/multimedia/advertising/permanent/1/\";}'),(268,150,'2017-03-22 14:33:18','2019-08-21 09:42:46','admin','R_AUH_W03_f','Bizerba Waage Auhof',0,0,NULL,'N;',1,'a:4:{s:4:\"host\";s:9:\"10.0.62.3\";s:4:\"user\";s:7:\"bizuser\";s:2:\"pw\";s:7:\"bizerba\";s:6:\"folder\";s:50:\"/bizerba/data/multimedia/advertising/fullscreen/1/\";}');

--
-- Table structure for table `ds_folder`
--

CREATE TABLE `ds_folder` (
  `id` int(10) unsigned NOT NULL AUTO_INCREMENT,
  `parent_id` int(10) unsigned DEFAULT NULL,
  `created` datetime NOT NULL,
  `updated` datetime NOT NULL,
  `updatedBy` varchar(255) DEFAULT NULL,
  `name` varchar(255) NOT NULL,
  `mandate_id` int(10) unsigned DEFAULT NULL,
  PRIMARY KEY (`id`),
  KEY `IDX_4DA46345727ACA70` (`parent_id`),
  KEY `IDX_4DA463456C1129CD` (`mandate_id`),
  CONSTRAINT `FK_4DA463456C1129CD` FOREIGN KEY (`mandate_id`) REFERENCES `sys_mandate` (`id`),
  CONSTRAINT `FK_4DA46345727ACA70` FOREIGN KEY (`parent_id`) REFERENCES `ds_folder` (`id`) ON DELETE CASCADE
) ENGINE=InnoDB AUTO_INCREMENT=196 DEFAULT CHARSET=utf8mb3 COLLATE=utf8mb3_unicode_ci;

--
-- Dumping data for table `ds_folder`
--

INSERT INTO `ds_folder` VALUES (1,NULL,'2015-08-05 12:10:17','2015-08-06 13:41:51','admin','Spots',1),(107,1,'2016-08-22 16:37:34','2016-08-22 16:37:51','admin','Halb Bilder',1),(114,1,'2016-08-26 14:46:25','2016-08-26 14:46:32','admin','Familienwand',1),(115,NULL,'2016-09-22 15:40:06','2016-09-28 17:49:00','adminJT','Spots',2),(134,1,'2016-09-29 09:08:19','2016-09-29 09:08:24','admin','Waagen',1),(143,1,'2017-02-09 15:47:59','2017-02-09 15:48:11','s.moik','Heringsschmaus',1),(146,1,'2017-02-09 15:49:17','2017-02-09 15:49:23','s.moik','Wochenrezepte',1),(148,1,'2017-03-02 12:16:02','2017-03-02 12:16:09','s.moik','Bärlauch',1),(149,1,'2017-03-29 10:19:39','2017-03-29 10:19:43','s.moik','Ostern',1),(150,1,'2017-03-30 15:40:02','2017-03-30 15:40:11','s.moik','Feinkost',1),(151,1,'2017-04-03 14:55:04','2017-04-03 14:55:10','s.moik','Imbiss',1),(152,115,'2017-04-04 11:11:26','2017-04-04 11:11:30','adminJT','test',2),(153,115,'2017-04-04 11:11:31','2017-04-04 11:11:34','adminJT','test2',2),(155,1,'2017-04-18 10:05:31','2017-04-18 10:05:37','s.moik','Grillen',1),(156,NULL,'2017-05-04 16:53:49','2017-05-04 16:53:49','admin_ep','Videos',3),(157,NULL,'2017-05-04 16:54:56','2017-05-04 16:54:56','admin_ep','Bilder',3),(158,NULL,'0000-00-00 00:00:00','0000-00-00 00:00:00',NULL,'Spots',4),(160,158,'2017-05-17 10:15:00','2017-05-17 10:15:08','admin_jt','logos',4),(163,1,'2017-08-30 12:26:30','2017-08-30 12:26:37','s.moik','Weisswurst',1),(164,NULL,'0000-00-00 00:00:00','0000-00-00 00:00:00',NULL,'Spots',5),(165,1,'2017-09-19 09:56:00','2017-09-19 09:56:05','s.moik','Fleisch',1),(166,1,'2017-10-20 17:13:54','2018-08-27 18:14:15','c.haas','Hersbt_Martini',1),(168,1,'2017-11-29 10:15:06','2017-11-29 10:15:12','s.moik','Weihnachten',1),(169,1,'2017-12-21 16:04:37','2017-12-21 16:04:42','s.moik','Silvester',1),(172,NULL,'0000-00-00 00:00:00','0000-00-00 00:00:00',NULL,'Spots',6),(186,172,'2018-07-10 17:59:03','2018-07-10 17:59:12','moemax','Food',6),(187,172,'2018-07-10 18:00:55','2018-07-10 18:00:59','moemax','Produkte',6),(188,172,'2018-07-10 18:01:40','2018-07-10 18:01:45','moemax','Produkt Spots',6),(190,172,'2018-07-10 18:02:54','2018-07-10 18:03:03','moemax','Aktionen',6),(191,172,'2018-07-10 18:03:20','2018-07-10 18:03:23','moemax','Service',6),(192,172,'2018-07-11 09:37:07','2018-07-11 09:37:10','moemax','Videos',6),(193,172,'2018-07-11 10:04:12','2018-07-11 10:04:16','moemax','Promotion',6),(194,NULL,'0000-00-00 00:00:00','0000-00-00 00:00:00',NULL,'Spots',7),(195,194,'2018-11-22 10:16:27','2018-11-22 10:16:33','service_more','my Media',7);

--
-- Table structure for table `ds_job`
--

CREATE TABLE `ds_job` (
  `id` int(11) NOT NULL AUTO_INCREMENT,
  `player_id` int(11) NOT NULL,
  `created` datetime NOT NULL,
  `type` varchar(255) NOT NULL,
  `state` smallint(6) NOT NULL,
  `startDate` datetime DEFAULT NULL,
  `completedDate` datetime DEFAULT NULL,
  `priority` smallint(6) NOT NULL,
  `enabled` tinyint(1) NOT NULL,
  `data` longtext DEFAULT NULL COMMENT '(DC2Type:array)',
  `params` longtext DEFAULT NULL COMMENT '(DC2Type:array)',
  `result` longtext DEFAULT NULL COMMENT '(DC2Type:array)',
  `mandate_id` int(10) unsigned DEFAULT NULL,
  PRIMARY KEY (`id`),
  KEY `IDX_B2250EE99E6F5DF` (`player_id`),
  KEY `player_job_idx` (`player_id`,`enabled`,`state`),
  KEY `IDX_B2250EE6C1129CD` (`mandate_id`),
  CONSTRAINT `FK_B2250EE6C1129CD` FOREIGN KEY (`mandate_id`) REFERENCES `sys_mandate` (`id`),
  CONSTRAINT `FK_B2250EE99E6F5DF` FOREIGN KEY (`player_id`) REFERENCES `ds_player` (`id`) ON DELETE CASCADE
) ENGINE=InnoDB AUTO_INCREMENT=45 DEFAULT CHARSET=utf8mb3 COLLATE=utf8mb3_unicode_ci;

--
-- Dumping data for table `ds_job`
--

INSERT INTO `ds_job` VALUES (8,34,'2017-07-25 13:20:13','SAFESYNC',1,'2019-03-15 10:56:44',NULL,0,0,NULL,NULL,NULL,NULL),(9,16,'2017-07-25 13:20:13','RESTART',1,'2018-08-31 17:22:38',NULL,0,1,NULL,NULL,NULL,NULL),(10,17,'2017-07-25 13:20:13','RESTART',1,'2018-03-13 14:43:08',NULL,0,0,NULL,NULL,NULL,NULL),(11,18,'2017-07-25 13:20:13','RESTART',1,'2018-03-13 14:42:29',NULL,0,0,NULL,NULL,NULL,NULL),(12,19,'2017-07-25 13:20:13','RESTART',1,'2018-03-13 14:42:21',NULL,0,0,NULL,NULL,NULL,NULL),(13,8,'2017-07-25 13:20:13','RESTART',1,'2018-03-14 14:28:56',NULL,0,0,NULL,NULL,NULL,NULL),(14,9,'2017-07-25 13:20:13','RESTART',1,'2018-03-14 14:29:34',NULL,0,0,NULL,NULL,NULL,NULL),(15,10,'2017-07-25 13:20:13','RESTART',1,'2018-03-14 14:29:04',NULL,0,0,NULL,NULL,NULL,NULL),(16,11,'2017-07-25 13:20:13','SYNCBOOT',1,'2019-03-15 11:02:49',NULL,0,0,NULL,NULL,NULL,NULL),(17,12,'2017-07-25 13:20:13','RESTART',1,'2018-03-14 14:30:48',NULL,0,0,NULL,NULL,NULL,NULL),(18,13,'2017-07-25 13:20:13','RESTART',1,'2018-03-14 14:31:02',NULL,0,0,NULL,NULL,NULL,NULL),(19,4,'2017-07-25 13:20:13','RESTART',1,'2018-03-14 14:39:14',NULL,0,0,NULL,NULL,NULL,NULL),(20,5,'2017-07-25 13:20:13','RESTART',1,'2018-03-14 14:40:07',NULL,0,0,NULL,NULL,NULL,NULL),(21,6,'2017-07-25 13:20:13','RESTART',1,'2018-03-14 14:39:57',NULL,0,0,NULL,NULL,NULL,NULL),(22,47,'2017-07-25 13:20:13','SAFESYNC',1,'2018-08-28 14:01:47',NULL,0,0,NULL,NULL,NULL,NULL),(23,48,'2017-07-25 13:20:13','RESTART',1,'2018-03-14 14:20:04',NULL,0,0,NULL,NULL,NULL,NULL),(24,49,'2017-07-25 13:20:13','RESTART',1,'2018-03-14 14:20:29',NULL,0,0,NULL,NULL,NULL,NULL),(25,50,'2017-07-25 13:20:13','RESTART',1,'2018-04-26 10:46:27',NULL,0,0,NULL,NULL,NULL,NULL),(26,51,'2017-07-25 13:20:13','RESTART',1,'2018-03-14 14:22:11',NULL,0,0,NULL,NULL,NULL,NULL),(27,52,'2017-07-25 13:20:13','RESTART',1,'2018-03-14 14:22:33',NULL,0,0,NULL,NULL,NULL,NULL),(28,35,'2017-07-25 13:20:13','RESTART',1,'2018-03-14 14:11:25',NULL,0,0,NULL,NULL,NULL,NULL),(29,36,'2017-07-25 13:20:13','RESTART',1,'2018-03-14 14:12:37',NULL,0,0,NULL,NULL,NULL,NULL),(30,37,'2017-07-25 13:20:13','RESTART',1,'2018-03-14 14:12:49',NULL,0,0,NULL,NULL,NULL,NULL),(31,38,'2017-07-25 13:20:13','RESTART',1,'2018-03-14 14:12:28',NULL,0,0,NULL,NULL,NULL,NULL),(32,39,'2017-07-25 13:20:13','RESTART',1,'2018-03-14 14:12:13',NULL,0,0,NULL,NULL,NULL,NULL),(37,20,'2017-07-25 13:20:13','SYNCSTART',1,'2017-11-30 19:20:06',NULL,0,0,NULL,NULL,NULL,NULL),(38,41,'2017-07-25 13:20:13','RESTART',1,'2018-03-14 14:35:25',NULL,0,0,NULL,NULL,NULL,NULL),(39,42,'2017-07-25 13:20:13','RESTART',1,'2018-03-14 14:36:06',NULL,0,0,NULL,NULL,NULL,NULL),(40,43,'2017-07-25 13:20:13','RESTART',1,'2018-03-14 14:36:02',NULL,0,0,NULL,NULL,NULL,NULL),(41,44,'2017-07-25 13:20:13','RESTART',1,'2018-03-14 14:36:34',NULL,0,0,NULL,NULL,NULL,NULL),(42,67,'2017-07-25 13:20:13','RESTART',1,'2018-03-14 15:03:35',NULL,0,0,NULL,NULL,NULL,NULL),(43,83,'2018-08-31 19:09:30','SAFESYNC',1,'2018-03-14 15:03:35',NULL,0,1,'N;','N;','N;',1),(44,93,'2019-03-15 10:12:26','SYNC',1,NULL,NULL,1,1,'N;','N;','N;',1);

--
-- Table structure for table `ds_layer`
--

CREATE TABLE `ds_layer` (
  `id` int(10) unsigned NOT NULL AUTO_INCREMENT,
  `channel_id` int(10) unsigned NOT NULL,
  `created` datetime NOT NULL,
  `updated` datetime NOT NULL,
  `updatedBy` varchar(255) DEFAULT NULL,
  `name` varchar(255) NOT NULL,
  `rect` longtext DEFAULT NULL COMMENT '(DC2Type:array)',
  `fullScreen` tinyint(1) NOT NULL DEFAULT 1,
  `settings` longtext DEFAULT NULL COMMENT '(DC2Type:array)',
  `mandate_id` int(10) unsigned DEFAULT NULL,
  PRIMARY KEY (`id`),
  KEY `IDX_3322D7BB72F5A1AA` (`channel_id`),
  KEY `IDX_3322D7BB6C1129CD` (`mandate_id`),
  CONSTRAINT `FK_3322D7BB6C1129CD` FOREIGN KEY (`mandate_id`) REFERENCES `sys_mandate` (`id`),
  CONSTRAINT `FK_3322D7BB72F5A1AA` FOREIGN KEY (`channel_id`) REFERENCES `ds_channel` (`id`) ON DELETE CASCADE
) ENGINE=InnoDB AUTO_INCREMENT=464 DEFAULT CHARSET=utf8mb3 COLLATE=utf8mb3_unicode_ci;

--
-- Dumping data for table `ds_layer`
--

INSERT INTO `ds_layer` VALUES (72,51,'2016-07-22 08:53:33','2016-08-16 15:00:28','admin','Screen 1 links','a:4:{s:5:\"width\";i:100;s:6:\"height\";i:100;s:1:\"x\";i:0;s:1:\"y\";i:0;}',1,NULL,1),(73,51,'2016-07-22 10:53:25','2016-08-16 15:00:01','admin','Screen 2 mitte','a:4:{s:5:\"width\";i:100;s:6:\"height\";i:100;s:1:\"x\";i:100;s:1:\"y\";i:0;}',1,NULL,1),(74,51,'2016-07-22 10:54:21','2016-08-16 15:00:34','admin','Screen 3 rechts','a:4:{s:5:\"width\";i:100;s:6:\"height\";i:100;s:1:\"x\";i:200;s:1:\"y\";i:0;}',1,NULL,1),(75,52,'2016-08-08 09:22:36','2016-08-16 15:02:07','admin','Screen 7 links','a:4:{s:5:\"width\";i:100;s:6:\"height\";i:100;s:1:\"x\";i:0;s:1:\"y\";i:0;}',1,NULL,1),(76,52,'2016-08-08 09:23:36','2016-08-16 15:02:09','admin','Screen 8 rechts','a:4:{s:5:\"width\";i:100;s:6:\"height\";i:100;s:1:\"x\";i:100;s:1:\"y\";i:0;}',1,NULL,1),(77,53,'2016-08-11 10:25:25','2016-08-16 15:01:14','admin','Screen 4 links','a:4:{s:5:\"width\";i:100;s:6:\"height\";i:100;s:1:\"x\";i:0;s:1:\"y\";i:0;}',1,NULL,1),(78,53,'2016-08-11 10:25:39','2016-08-16 15:01:21','admin','Screen 5 mitte','a:4:{s:5:\"width\";i:100;s:6:\"height\";i:100;s:1:\"x\";i:100;s:1:\"y\";i:0;}',1,NULL,1),(79,53,'2016-08-11 10:26:33','2016-08-16 15:02:15','admin','Screen 6 rechts','a:4:{s:5:\"width\";i:100;s:6:\"height\";i:100;s:1:\"x\";i:200;s:1:\"y\";i:0;}',1,NULL,1),(83,54,'2016-08-12 19:25:44','2016-09-09 19:14:50','alang','screen 1','a:4:{s:5:\"width\";i:100;s:6:\"height\";i:100;s:1:\"x\";i:0;s:1:\"y\";i:0;}',1,NULL,1),(86,54,'2016-08-16 19:38:31','2016-09-20 11:00:36','admin','screen 2','a:4:{s:5:\"width\";i:100;s:6:\"height\";i:100;s:1:\"x\";i:100;s:1:\"y\";i:0;}',1,NULL,1),(91,56,'2016-08-19 15:46:46','2016-08-19 15:48:11','admin','screen links','a:4:{s:5:\"width\";i:100;s:6:\"height\";i:100;s:1:\"x\";i:0;s:1:\"y\";i:0;}',1,NULL,1),(92,56,'2016-08-19 15:47:47','2016-08-24 08:49:22','admin','screen mitte','a:4:{s:5:\"width\";i:100;s:6:\"height\";i:100;s:1:\"x\";i:100;s:1:\"y\";i:0;}',1,NULL,1),(93,56,'2016-08-19 15:48:02','2016-08-24 08:49:22','admin','screen rechts','a:4:{s:5:\"width\";i:100;s:6:\"height\";i:100;s:1:\"x\";i:200;s:1:\"y\";i:0;}',1,NULL,1),(94,57,'2016-08-19 15:53:08','2016-08-19 15:55:00','admin','Screen links','a:4:{s:5:\"width\";i:100;s:6:\"height\";i:100;s:1:\"x\";i:0;s:1:\"y\";i:0;}',1,NULL,1),(95,58,'2016-08-19 15:53:17','2016-08-19 15:55:33','admin','Screen links','a:4:{s:5:\"width\";i:100;s:6:\"height\";i:100;s:1:\"x\";i:0;s:1:\"y\";i:0;}',1,NULL,1),(96,59,'2016-08-19 15:53:26','2016-08-19 15:55:56','admin','Screen Links','a:4:{s:5:\"width\";i:100;s:6:\"height\";i:100;s:1:\"x\";i:0;s:1:\"y\";i:0;}',1,NULL,1),(97,60,'2016-08-19 15:53:58','2016-08-24 12:10:07','admin','Screen 1 quer','a:4:{s:5:\"width\";i:100;s:6:\"height\";i:100;s:1:\"x\";i:0;s:1:\"y\";i:0;}',1,NULL,1),(98,61,'2016-08-19 15:54:04','2016-08-24 12:19:35','dpillinger','Screen 1','a:4:{s:5:\"width\";i:100;s:6:\"height\";i:100;s:1:\"x\";i:0;s:1:\"y\";i:0;}',1,NULL,1),(99,57,'2016-08-19 15:54:20','2016-08-24 08:49:43','admin','Screen rechts','a:4:{s:5:\"width\";i:100;s:6:\"height\";i:100;s:1:\"x\";i:100;s:1:\"y\";i:0;}',1,NULL,1),(100,58,'2016-08-19 15:54:31','2016-08-24 08:49:56','admin','Screen rechts','a:4:{s:5:\"width\";i:100;s:6:\"height\";i:100;s:1:\"x\";i:100;s:1:\"y\";i:0;}',1,NULL,1),(101,59,'2016-08-19 15:54:37','2016-08-24 08:47:42','admin','Screen Mitte','a:4:{s:5:\"width\";i:100;s:6:\"height\";i:100;s:1:\"x\";i:100;s:1:\"y\";i:0;}',1,NULL,1),(102,59,'2016-08-19 15:54:48','2016-08-24 08:47:47','admin','Screen Rechts','a:4:{s:5:\"width\";i:100;s:6:\"height\";i:100;s:1:\"x\";i:200;s:1:\"y\";i:0;}',1,NULL,1),(103,60,'2016-08-19 15:56:41','2016-08-24 12:10:07','admin','Screen 2 quer','a:4:{s:5:\"width\";i:100;s:6:\"height\";i:100;s:1:\"x\";i:100;s:1:\"y\";i:0;}',1,NULL,1),(104,60,'2016-08-19 15:56:47','2016-08-24 13:38:49','admin','Screen 3 hoch','a:4:{s:5:\"width\";i:56;s:6:\"height\";i:178;s:1:\"x\";i:200;s:1:\"y\";i:0;}',1,NULL,1),(105,61,'2016-08-19 15:57:07','2016-08-24 12:19:48','dpillinger','Screen 2','a:4:{s:5:\"width\";i:100;s:6:\"height\";i:100;s:1:\"x\";i:100;s:1:\"y\";i:0;}',1,NULL,1),(107,61,'2016-08-19 15:57:14','2016-08-24 12:19:56','dpillinger','Screen 3','a:4:{s:5:\"width\";i:100;s:6:\"height\";i:100;s:1:\"x\";i:200;s:1:\"y\";i:0;}',1,NULL,1),(110,63,'2016-09-07 17:15:29','2016-09-21 12:33:46','admin','Layer','a:4:{s:5:\"width\";i:100;s:6:\"height\";i:100;s:1:\"x\";i:0;s:1:\"y\";i:0;}',1,'N;',1),(112,54,'2016-09-08 10:58:31','2016-09-08 10:58:57','admin','screen 3','a:4:{s:5:\"width\";i:100;s:6:\"height\";i:100;s:1:\"x\";i:200;s:1:\"y\";i:0;}',1,'N;',1),(117,66,'2016-09-22 15:19:16','2016-09-22 15:19:16','adminJT','Layer 1','N;',1,'N;',NULL),(120,69,'2016-10-13 10:01:50','2016-10-13 10:01:50','admin','Layer 1','N;',1,'N;',NULL),(122,71,'2017-03-21 15:42:08','2017-03-21 15:51:57','admin','screen links','a:4:{s:5:\"width\";i:100;s:6:\"height\";i:100;s:1:\"x\";i:0;s:1:\"y\";i:0;}',1,'N;',NULL),(123,72,'2017-03-21 15:42:22','2017-03-21 15:52:03','admin','screen links','a:4:{s:5:\"width\";i:100;s:6:\"height\";i:100;s:1:\"x\";i:0;s:1:\"y\";i:0;}',1,'N;',NULL),(124,73,'2017-03-21 15:42:41','2017-03-21 15:52:08','admin','screen links','a:4:{s:5:\"width\";i:100;s:6:\"height\";i:100;s:1:\"x\";i:0;s:1:\"y\";i:0;}',1,'N;',NULL),(125,74,'2017-03-21 15:42:53','2017-03-21 15:52:12','admin','screen links','a:4:{s:5:\"width\";i:100;s:6:\"height\";i:100;s:1:\"x\";i:0;s:1:\"y\";i:0;}',1,'N;',NULL),(126,71,'2017-03-21 15:52:19','2017-03-21 15:52:42','admin','screen rechts','a:4:{s:5:\"width\";i:100;s:6:\"height\";i:100;s:1:\"x\";i:100;s:1:\"y\";i:0;}',1,'N;',1),(127,72,'2017-03-21 15:52:55','2019-04-30 14:58:05','admin','screen rechts','a:4:{s:5:\"width\";i:100;s:6:\"height\";i:100;s:1:\"x\";i:100;s:1:\"y\";i:0;}',1,'N;',1),(128,73,'2017-03-21 15:53:27','2017-03-21 15:53:35','admin','screen rechts','a:4:{s:5:\"width\";i:100;s:6:\"height\";i:100;s:1:\"x\";i:100;s:1:\"y\";i:0;}',1,'N;',1),(129,74,'2017-03-21 15:53:46','2017-03-21 15:54:28','admin','screen mitte','a:4:{s:5:\"width\";i:100;s:6:\"height\";i:100;s:1:\"x\";i:100;s:1:\"y\";i:0;}',1,'N;',1),(130,74,'2017-03-21 15:53:56','2017-03-21 15:54:32','admin','screen rechts','a:4:{s:5:\"width\";i:100;s:6:\"height\";i:100;s:1:\"x\";i:200;s:1:\"y\";i:0;}',1,'N;',1),(131,75,'2017-03-29 09:20:39','2017-04-11 10:00:15','admin','hoch links','a:4:{s:5:\"width\";i:100;s:6:\"height\";i:100;s:1:\"x\";i:0;s:1:\"y\";i:0;}',1,'N;',NULL),(132,75,'2017-04-11 09:59:54','2017-04-11 10:00:30','admin','hoch mitte','a:4:{s:5:\"width\";i:100;s:6:\"height\";i:100;s:1:\"x\";i:100;s:1:\"y\";i:0;}',1,'N;',1),(133,75,'2017-04-11 10:00:06','2017-04-11 10:00:37','admin','hoch rechts','a:4:{s:5:\"width\";i:100;s:6:\"height\";i:100;s:1:\"x\";i:200;s:1:\"y\";i:0;}',1,'N;',1),(135,76,'2017-05-04 16:35:14','2017-05-05 08:58:36','admin_ep','Layer 1','a:4:{s:5:\"width\";i:100;s:6:\"height\";i:100;s:1:\"x\";i:0;s:1:\"y\";i:0;}',1,'N;',NULL),(136,77,'2017-05-11 10:43:30','2017-05-12 11:44:33','admin_jt','Layer Breit','a:4:{s:5:\"width\";i:100;s:6:\"height\";i:100;s:1:\"x\";i:0;s:1:\"y\";i:0;}',1,'N;',NULL),(137,78,'2017-05-11 10:50:21','2017-05-12 11:10:40','admin_jt','Layer Empfang','a:4:{s:5:\"width\";i:100;s:6:\"height\";i:200;s:1:\"x\";i:0;s:1:\"y\";i:0;}',1,'N;',NULL),(138,79,'2017-05-11 10:50:31','2017-05-11 10:52:24','admin_jt','Layer WC','a:4:{s:5:\"width\";i:100;s:6:\"height\";i:100;s:1:\"x\";i:0;s:1:\"y\";i:0;}',1,'N;',NULL),(139,80,'2017-05-11 11:56:30','2017-05-11 11:56:42','admin_jt','Layer Stele','a:4:{s:5:\"width\";i:100;s:6:\"height\";i:100;s:1:\"x\";i:0;s:1:\"y\";i:0;}',1,'N;',NULL),(140,81,'2017-06-06 08:57:30','2017-06-06 10:29:23','admin_jt','Layer 1','a:4:{s:5:\"width\";i:100;s:6:\"height\";i:200;s:1:\"x\";i:0;s:1:\"y\";i:0;}',1,'N;',NULL),(141,82,'2017-06-06 09:31:32','2019-03-26 10:52:56','admin','Layer 1','a:4:{s:5:\"width\";i:100;s:6:\"height\";i:100;s:1:\"x\";i:0;s:1:\"y\";i:0;}',1,'N;',NULL),(142,83,'2017-06-13 17:04:56','2017-06-13 17:04:56','admin','Layer 1','N;',1,'N;',NULL),(158,84,'2017-07-19 11:39:26','2017-07-19 11:43:47','admin','links','a:4:{s:5:\"width\";i:100;s:6:\"height\";i:100;s:1:\"x\";i:0;s:1:\"y\";i:0;}',1,'N;',NULL),(159,85,'2017-07-19 11:40:02','2017-07-19 11:41:25','admin','links','a:4:{s:5:\"width\";i:100;s:6:\"height\";i:100;s:1:\"x\";i:0;s:1:\"y\";i:0;}',1,'N;',NULL),(160,86,'2017-07-19 11:40:10','2017-07-19 11:42:49','admin','links','a:4:{s:5:\"width\";i:100;s:6:\"height\";i:100;s:1:\"x\";i:0;s:1:\"y\";i:0;}',1,'N;',NULL),(161,87,'2017-07-19 11:40:17','2017-07-27 09:04:36','admin','links','a:4:{s:5:\"width\";i:100;s:6:\"height\";i:100;s:1:\"x\";i:0;s:1:\"y\";i:0;}',1,'N;',NULL),(163,88,'2017-07-19 11:41:01','2017-07-19 11:41:01','admin','layer imbiss hoch','a:4:{s:5:\"width\";i:100;s:6:\"height\";i:100;s:1:\"x\";i:0;s:1:\"y\";i:0;}',1,'N;',1),(165,85,'2017-07-19 11:41:50','2017-07-19 11:42:03','admin','rechts','a:4:{s:5:\"width\";i:100;s:6:\"height\";i:100;s:1:\"x\";i:100;s:1:\"y\";i:0;}',1,'N;',1),(166,86,'2017-07-19 11:42:39','2017-07-19 11:42:54','admin','rechts','a:4:{s:5:\"width\";i:100;s:6:\"height\";i:100;s:1:\"x\";i:100;s:1:\"y\";i:0;}',1,'N;',1),(167,87,'2017-07-19 11:43:20','2017-07-19 11:44:22','admin','rechts','a:4:{s:5:\"width\";i:100;s:6:\"height\";i:100;s:1:\"x\";i:100;s:1:\"y\";i:0;}',1,'N;',1),(168,84,'2017-07-19 11:43:30','2017-07-19 11:43:52','admin','mitte','a:4:{s:5:\"width\";i:100;s:6:\"height\";i:100;s:1:\"x\";i:100;s:1:\"y\";i:0;}',1,'N;',1),(169,84,'2017-07-19 11:43:39','2017-07-19 11:43:54','admin','rechts','a:4:{s:5:\"width\";i:100;s:6:\"height\";i:100;s:1:\"x\";i:200;s:1:\"y\";i:0;}',1,'N;',1),(170,89,'2017-08-09 15:54:35','2017-08-09 15:54:59','admin_ep','Layer Horizontal','a:4:{s:5:\"width\";i:100;s:6:\"height\";i:100;s:1:\"x\";i:0;s:1:\"y\";i:0;}',1,'N;',NULL),(172,90,'2017-08-09 16:11:04','2017-08-09 16:11:18','admin_ep','Layer Vert','a:4:{s:5:\"width\";i:100;s:6:\"height\";i:100;s:1:\"x\";i:0;s:1:\"y\";i:0;}',1,'N;',NULL),(174,89,'2017-08-17 12:29:14','2017-08-17 12:29:38','admin_ep','Layer hoch','a:4:{s:5:\"width\";i:56;s:6:\"height\";i:178;s:1:\"x\";i:100;s:1:\"y\";i:0;}',1,'N;',3),(175,91,'2017-08-18 14:43:46','2017-08-18 14:44:12','admin','links','a:4:{s:5:\"width\";i:100;s:6:\"height\";i:100;s:1:\"x\";i:0;s:1:\"y\";i:0;}',1,'N;',NULL),(176,91,'2017-08-18 14:44:16','2017-08-18 14:44:41','admin','rechts','a:4:{s:5:\"width\";i:100;s:6:\"height\";i:100;s:1:\"x\";i:100;s:1:\"y\";i:0;}',1,'N;',1),(177,92,'2017-08-18 15:21:35','2017-08-18 15:22:50','admin','links','a:4:{s:5:\"width\";i:100;s:6:\"height\";i:100;s:1:\"x\";i:0;s:1:\"y\";i:0;}',1,'N;',NULL),(178,92,'2017-08-18 15:22:38','2017-08-18 15:22:56','admin','rechts','a:4:{s:5:\"width\";i:100;s:6:\"height\";i:100;s:1:\"x\";i:100;s:1:\"y\";i:0;}',1,'N;',1),(179,93,'2017-08-18 15:59:30','2017-08-18 15:59:30','admin_jt','Layer 1','N;',1,'N;',NULL),(180,94,'2017-08-21 10:16:03','2017-08-21 10:17:17','admin','links','a:4:{s:5:\"width\";i:100;s:6:\"height\";i:100;s:1:\"x\";i:0;s:1:\"y\";i:0;}',1,'N;',NULL),(181,94,'2017-08-21 10:16:53','2017-08-21 10:17:26','admin','mitte','a:4:{s:5:\"width\";i:100;s:6:\"height\";i:100;s:1:\"x\";i:100;s:1:\"y\";i:0;}',1,'N;',1),(182,94,'2017-08-21 10:17:07','2017-08-21 10:17:30','admin','rechts','a:4:{s:5:\"width\";i:100;s:6:\"height\";i:100;s:1:\"x\";i:200;s:1:\"y\";i:0;}',1,'N;',1),(183,95,'2017-08-21 10:48:34','2017-08-21 10:48:34','admin','Layer 1','N;',1,'N;',NULL),(184,95,'2017-08-23 09:22:54','2017-08-23 09:23:14','admin','Layer 2','a:4:{s:5:\"width\";i:100;s:6:\"height\";i:100;s:1:\"x\";i:100;s:1:\"y\";i:0;}',1,'N;',1),(185,96,'2017-09-06 17:44:10','2017-09-06 17:44:59','admin','Auslage quer','a:4:{s:5:\"width\";i:100;s:6:\"height\";i:100;s:1:\"x\";i:0;s:1:\"y\";i:0;}',1,'N;',NULL),(186,97,'2017-09-06 17:45:39','2017-09-06 17:46:29','admin','links','a:4:{s:5:\"width\";i:100;s:6:\"height\";i:100;s:1:\"x\";i:0;s:1:\"y\";i:0;}',1,'N;',NULL),(188,97,'2017-09-06 17:46:19','2017-09-06 17:47:09','admin','mitte','a:4:{s:5:\"width\";i:100;s:6:\"height\";i:100;s:1:\"x\";i:100;s:1:\"y\";i:0;}',1,'N;',1),(189,97,'2017-09-06 17:47:15','2017-09-06 17:47:26','admin','rechts','a:4:{s:5:\"width\";i:100;s:6:\"height\";i:100;s:1:\"x\";i:200;s:1:\"y\";i:0;}',1,'N;',1),(190,98,'2017-09-06 17:47:56','2017-09-06 17:48:19','admin','links','a:4:{s:5:\"width\";i:100;s:6:\"height\";i:100;s:1:\"x\";i:0;s:1:\"y\";i:0;}',1,'N;',NULL),(191,98,'2017-09-06 17:48:09','2017-09-06 17:48:24','admin','rechts','a:4:{s:5:\"width\";i:100;s:6:\"height\";i:100;s:1:\"x\";i:100;s:1:\"y\";i:0;}',1,'N;',1),(192,99,'2017-09-06 17:48:41','2017-09-06 17:49:01','admin','links','a:4:{s:5:\"width\";i:100;s:6:\"height\";i:100;s:1:\"x\";i:0;s:1:\"y\";i:0;}',1,'N;',NULL),(193,99,'2017-09-06 17:48:53','2017-09-06 17:49:07','admin','rechts','a:4:{s:5:\"width\";i:100;s:6:\"height\";i:100;s:1:\"x\";i:100;s:1:\"y\";i:0;}',1,'N;',1),(196,101,'2017-09-06 17:50:18','2017-09-13 15:06:33','admin','hoch','a:4:{s:5:\"width\";i:56;s:6:\"height\";i:178;s:1:\"x\";i:0;s:1:\"y\";i:0;}',1,'N;',1),(197,100,'2017-09-06 17:50:34','2017-09-13 15:07:12','admin','hoch','a:4:{s:5:\"width\";i:56;s:6:\"height\";i:178;s:1:\"x\";i:0;s:1:\"y\";i:0;}',1,'N;',1),(198,102,'2017-09-11 11:38:43','2017-09-11 11:38:43','post','Layer 1','N;',1,'N;',NULL),(199,103,'2017-09-11 12:03:22','2017-09-11 12:03:22','post','Layer 1','N;',1,'N;',NULL),(200,104,'2017-09-11 12:03:39','2017-09-12 09:59:12','post','Layer 1','a:4:{s:5:\"width\";i:200;s:6:\"height\";i:200;s:1:\"x\";i:0;s:1:\"y\";i:0;}',1,'N;',NULL),(201,105,'2018-01-08 12:40:15','2018-01-08 12:40:15','admin_jt','Layer 1','N;',1,'N;',NULL),(202,106,'2018-03-15 10:42:07','2018-03-15 10:42:07','admin','Layer 1','N;',1,'N;',NULL),(209,111,'2018-07-05 12:56:28','2018-07-05 12:57:42','admin','links','a:4:{s:5:\"width\";i:100;s:6:\"height\";i:100;s:1:\"x\";i:0;s:1:\"y\";i:0;}',1,'N;',NULL),(210,111,'2018-07-05 12:56:52','2018-07-05 12:57:51','admin','mitte','a:4:{s:5:\"width\";i:100;s:6:\"height\";i:100;s:1:\"x\";i:100;s:1:\"y\";i:0;}',1,'N;',1),(211,111,'2018-07-05 12:57:26','2018-07-31 12:13:49','admin','rechts','a:4:{s:5:\"width\";i:100;s:6:\"height\";i:100;s:1:\"x\";i:200;s:1:\"y\";i:0;}',1,'N;',1),(212,112,'2018-07-05 12:58:48','2018-07-05 12:59:23','admin','einzel','a:4:{s:5:\"width\";i:100;s:6:\"height\";i:100;s:1:\"x\";i:0;s:1:\"y\";i:0;}',1,'N;',NULL),(213,113,'2018-07-05 12:59:46','2018-07-05 13:00:18','admin','links','a:4:{s:5:\"width\";i:100;s:6:\"height\";i:100;s:1:\"x\";i:0;s:1:\"y\";i:0;}',1,'N;',NULL),(214,113,'2018-07-05 13:00:03','2018-07-05 13:01:31','admin','rechts','a:4:{s:5:\"width\";i:100;s:6:\"height\";i:100;s:1:\"x\";i:100;s:1:\"y\";i:0;}',1,'N;',1),(215,114,'2018-07-05 13:00:55','2018-07-05 13:01:18','admin','links','a:4:{s:5:\"width\";i:100;s:6:\"height\";i:100;s:1:\"x\";i:0;s:1:\"y\";i:0;}',1,'N;',NULL),(216,114,'2018-07-05 13:01:07','2018-07-05 13:01:24','admin','rechts','a:4:{s:5:\"width\";i:100;s:6:\"height\";i:100;s:1:\"x\";i:100;s:1:\"y\";i:0;}',1,'N;',1),(217,115,'2018-07-05 15:49:59','2018-07-05 15:52:16','admin','links','a:4:{s:5:\"width\";i:100;s:6:\"height\";i:100;s:1:\"x\";i:0;s:1:\"y\";i:0;}',1,'N;',NULL),(218,116,'2018-07-05 15:50:08','2018-07-05 15:51:06','admin','links','a:4:{s:5:\"width\";i:100;s:6:\"height\";i:100;s:1:\"x\";i:0;s:1:\"y\";i:0;}',1,'N;',NULL),(219,117,'2018-07-05 15:50:17','2018-07-05 15:52:29','admin','links','a:4:{s:5:\"width\";i:100;s:6:\"height\";i:100;s:1:\"x\";i:0;s:1:\"y\";i:0;}',1,'N;',NULL),(220,116,'2018-07-05 15:50:56','2018-07-05 15:53:18','admin','rechts','a:4:{s:5:\"width\";i:100;s:6:\"height\";i:100;s:1:\"x\";i:100;s:1:\"y\";i:0;}',1,'N;',1),(221,115,'2018-07-05 15:51:15','2018-07-05 15:53:05','admin','mitte','a:4:{s:5:\"width\";i:100;s:6:\"height\";i:100;s:1:\"x\";i:100;s:1:\"y\";i:0;}',1,'N;',1),(222,115,'2018-07-05 15:51:29','2018-07-05 15:53:11','admin','rechts','a:4:{s:5:\"width\";i:100;s:6:\"height\";i:100;s:1:\"x\";i:200;s:1:\"y\";i:0;}',1,'N;',1),(223,117,'2018-07-05 15:51:46','2018-07-05 15:52:35','admin','mitte','a:4:{s:5:\"width\";i:100;s:6:\"height\";i:100;s:1:\"x\";i:100;s:1:\"y\";i:0;}',1,'N;',1),(224,117,'2018-07-05 15:52:05','2018-07-05 15:52:41','admin','rechts','a:4:{s:5:\"width\";i:100;s:6:\"height\";i:100;s:1:\"x\";i:200;s:1:\"y\";i:0;}',1,'N;',1),(225,118,'2018-07-10 10:17:18','2018-07-10 10:17:18','moemax','Layer 1','N;',1,'N;',NULL),(226,119,'2018-07-10 10:17:34','2018-07-10 10:17:34','moemax','Layer 1','N;',1,'N;',NULL),(227,120,'2018-07-10 10:17:41','2018-07-10 10:17:41','moemax','Layer 1','N;',1,'N;',NULL),(228,121,'2018-07-10 10:17:54','2018-07-10 20:19:18','moemax','Layer 1','a:4:{s:5:\"width\";i:100;s:6:\"height\";i:100;s:1:\"x\";i:0;s:1:\"y\";i:0;}',1,'N;',NULL),(229,122,'2018-07-10 10:18:00','2018-07-10 10:18:00','moemax','Layer 1','N;',1,'N;',NULL),(230,123,'2018-07-10 10:18:08','2018-07-10 10:18:08','moemax','Layer 1','N;',1,'N;',NULL),(231,124,'2018-07-10 10:23:16','2018-07-10 10:23:16','moemax','Layer 1','N;',1,'N;',NULL),(232,125,'2018-07-10 10:23:29','2018-07-10 10:23:29','moemax','Layer 1','N;',1,'N;',NULL),(233,126,'2018-07-10 10:23:35','2018-07-10 10:23:35','moemax','Layer 1','N;',1,'N;',NULL),(234,127,'2018-07-10 11:02:16','2018-07-10 11:02:16','moemax','Layer 1','N;',1,'N;',NULL),(235,128,'2018-07-10 11:03:44','2018-07-10 11:03:44','moemax','Layer 1','N;',1,'N;',NULL),(236,129,'2018-07-10 11:03:53','2018-07-10 11:03:53','moemax','Layer 1','N;',1,'N;',NULL),(237,130,'2018-07-10 11:04:07','2018-07-10 11:04:07','moemax','Layer 1','N;',1,'N;',NULL),(238,131,'2018-07-25 10:42:29','2018-07-25 10:43:11','admin','links','a:4:{s:5:\"width\";i:100;s:6:\"height\";i:100;s:1:\"x\";i:0;s:1:\"y\";i:0;}',1,'N;',NULL),(239,131,'2018-07-25 10:42:54','2018-07-25 10:44:09','admin','mitte','a:4:{s:5:\"width\";i:100;s:6:\"height\";i:100;s:1:\"x\";i:100;s:1:\"y\";i:0;}',1,'N;',1),(240,131,'2018-07-25 10:43:04','2018-07-25 10:44:14','admin','rechts','a:4:{s:5:\"width\";i:100;s:6:\"height\";i:100;s:1:\"x\";i:200;s:1:\"y\";i:0;}',1,'N;',1),(241,132,'2018-08-01 15:23:03','2018-08-02 15:42:39','admin','links','a:4:{s:5:\"width\";i:100;s:6:\"height\";i:100;s:1:\"x\";i:0;s:1:\"y\";i:0;}',1,'N;',NULL),(242,133,'2018-08-01 15:24:19','2018-08-02 15:36:43','admin','links','a:4:{s:5:\"width\";i:100;s:6:\"height\";i:100;s:1:\"x\";i:0;s:1:\"y\";i:0;}',1,'N;',NULL),(243,134,'2018-08-01 15:24:36','2018-08-02 15:32:00','admin','links','a:4:{s:5:\"width\";i:100;s:6:\"height\";i:100;s:1:\"x\";i:0;s:1:\"y\";i:0;}',1,'N;',NULL),(244,135,'2018-08-01 15:24:56','2018-08-02 15:52:01','admin','hochformat','a:4:{s:5:\"width\";i:100;s:6:\"height\";i:100;s:1:\"x\";i:0;s:1:\"y\";i:0;}',1,'N;',NULL),(245,136,'2018-08-01 15:25:13','2018-08-02 15:55:14','admin','hochformat','a:4:{s:5:\"width\";i:100;s:6:\"height\";i:100;s:1:\"x\";i:0;s:1:\"y\";i:0;}',1,'N;',NULL),(246,134,'2018-08-02 15:31:27','2018-08-02 15:42:01','admin','rechts','a:4:{s:5:\"width\";i:100;s:6:\"height\";i:100;s:1:\"x\";i:100;s:1:\"y\";i:0;}',1,'N;',1),(248,133,'2018-08-02 15:36:32','2018-08-02 15:36:48','admin','rechts','a:4:{s:5:\"width\";i:100;s:6:\"height\";i:100;s:1:\"x\";i:100;s:1:\"y\";i:0;}',1,'N;',1),(249,132,'2018-08-02 15:42:12','2018-08-02 15:42:46','admin','mitte','a:4:{s:5:\"width\";i:100;s:6:\"height\";i:100;s:1:\"x\";i:100;s:1:\"y\";i:0;}',1,'N;',1),(250,132,'2018-08-02 15:42:28','2018-08-02 15:42:51','admin','rechts','a:4:{s:5:\"width\";i:100;s:6:\"height\";i:100;s:1:\"x\";i:200;s:1:\"y\";i:0;}',1,'N;',1),(251,137,'2018-08-16 16:50:56','2018-08-16 17:46:21','admin','Layer 1','a:4:{s:5:\"width\";i:100;s:6:\"height\";i:100;s:1:\"x\";i:0;s:1:\"y\";i:0;}',1,'N;',NULL),(252,138,'2018-11-22 10:10:06','2018-11-22 10:10:06','service_more','Layer 1','N;',1,'N;',NULL),(253,139,'2018-11-22 10:10:17','2018-12-05 13:25:43','service_more','Layer','a:4:{s:5:\"width\";i:100;s:6:\"height\";i:100;s:1:\"x\";i:0;s:1:\"y\";i:0;}',1,'N;',NULL),(254,140,'2018-12-05 09:43:41','2018-12-05 09:43:41','admin','Layer 1','N;',1,'N;',NULL),(255,141,'2018-12-05 09:43:46','2018-12-05 09:43:46','admin','Layer 1','N;',1,'N;',NULL),(256,142,'2018-12-05 09:43:51','2018-12-05 09:43:51','admin','Layer 1','N;',1,'N;',NULL),(257,143,'2018-12-05 09:43:54','2018-12-05 09:43:54','admin','Layer 1','N;',1,'N;',NULL),(258,144,'2018-12-05 09:43:58','2018-12-05 09:43:58','admin','Layer 1','N;',1,'N;',NULL),(259,145,'2018-12-05 09:44:03','2018-12-05 09:44:03','admin','Layer 1','N;',1,'N;',NULL),(261,147,'2019-03-22 17:26:34','2019-03-22 17:26:34','service_more','Layer 1','N;',1,'N;',NULL),(263,149,'2019-03-29 14:57:22','2019-03-29 15:18:52','admin','links','a:4:{s:5:\"width\";i:100;s:6:\"height\";i:100;s:1:\"x\";i:0;s:1:\"y\";i:0;}',1,'N;',NULL),(264,150,'2019-03-29 14:57:33','2019-03-29 15:18:42','admin','links','a:4:{s:5:\"width\";i:100;s:6:\"height\";i:100;s:1:\"x\";i:0;s:1:\"y\";i:0;}',1,'N;',NULL),(265,151,'2019-03-29 14:58:29','2019-03-29 15:18:48','admin','links','a:4:{s:5:\"width\";i:100;s:6:\"height\";i:100;s:1:\"x\";i:0;s:1:\"y\";i:0;}',1,'N;',NULL),(266,149,'2019-03-29 15:17:39','2019-03-29 15:19:09','admin','mitte','a:4:{s:5:\"width\";i:100;s:6:\"height\";i:100;s:1:\"x\";i:100;s:1:\"y\";i:0;}',1,'N;',1),(267,149,'2019-03-29 15:17:56','2019-03-29 15:19:18','admin','rechts','a:4:{s:5:\"width\";i:100;s:6:\"height\";i:100;s:1:\"x\";i:200;s:1:\"y\";i:0;}',1,'N;',1),(268,151,'2019-03-29 15:18:10','2019-03-29 15:19:09','admin','rechts','a:4:{s:5:\"width\";i:100;s:6:\"height\";i:100;s:1:\"x\";i:100;s:1:\"y\";i:0;}',1,'N;',1),(269,150,'2019-03-29 15:18:21','2019-03-29 15:19:24','admin','mitte','a:4:{s:5:\"width\";i:100;s:6:\"height\";i:100;s:1:\"x\";i:100;s:1:\"y\";i:0;}',1,'N;',1),(270,150,'2019-03-29 15:18:32','2019-03-29 15:19:27','admin','rechts','a:4:{s:5:\"width\";i:100;s:6:\"height\";i:100;s:1:\"x\";i:200;s:1:\"y\";i:0;}',1,'N;',1),(271,152,'2019-04-19 10:22:49','2019-04-19 10:26:46','admin','hoch','a:4:{s:5:\"width\";i:100;s:6:\"height\";i:100;s:1:\"x\";i:0;s:1:\"y\";i:0;}',1,'N;',NULL),(275,156,'2019-04-24 10:44:35','2019-04-24 10:56:29','admin','links','a:4:{s:5:\"width\";i:100;s:6:\"height\";i:100;s:1:\"x\";i:0;s:1:\"y\";i:0;}',1,'N;',NULL),(276,157,'2019-04-24 10:48:46','2019-04-24 10:57:15','admin','links','a:4:{s:5:\"width\";i:100;s:6:\"height\";i:100;s:1:\"x\";i:0;s:1:\"y\";i:0;}',1,'N;',NULL),(277,158,'2019-04-24 10:49:04','2019-04-24 10:56:16','admin','links','a:4:{s:5:\"width\";i:100;s:6:\"height\";i:100;s:1:\"x\";i:0;s:1:\"y\";i:0;}',1,'N;',NULL),(278,159,'2019-04-24 10:51:33','2019-04-24 10:52:58','admin','links','a:4:{s:5:\"width\";i:100;s:6:\"height\";i:100;s:1:\"x\";i:0;s:1:\"y\";i:0;}',1,'N;',NULL),(279,160,'2019-04-24 10:51:48','2019-04-24 10:52:49','admin','hoch','a:4:{s:5:\"width\";i:100;s:6:\"height\";i:100;s:1:\"x\";i:0;s:1:\"y\";i:0;}',1,'N;',NULL),(280,161,'2019-04-24 10:52:09','2019-04-24 10:52:43','admin','hoch','a:4:{s:5:\"width\";i:100;s:6:\"height\";i:100;s:1:\"x\";i:0;s:1:\"y\";i:0;}',1,'N;',NULL),(281,159,'2019-04-24 10:53:03','2019-04-24 10:57:44','admin','rechts','a:4:{s:5:\"width\";i:100;s:6:\"height\";i:100;s:1:\"x\";i:100;s:1:\"y\";i:0;}',1,'N;',1),(282,158,'2019-04-24 10:54:19','2019-04-24 10:58:15','admin','rechts','a:4:{s:5:\"width\";i:100;s:6:\"height\";i:100;s:1:\"x\";i:100;s:1:\"y\";i:0;}',1,'N;',1),(283,156,'2019-04-24 10:54:36','2019-04-24 10:58:45','admin','rechts','a:4:{s:5:\"width\";i:100;s:6:\"height\";i:100;s:1:\"x\";i:100;s:1:\"y\";i:0;}',1,'N;',1),(284,157,'2019-04-24 10:54:48','2019-04-24 17:43:17','admin','rechts','a:4:{s:5:\"width\";i:100;s:6:\"height\";i:100;s:1:\"x\";i:100;s:1:\"y\";i:0;}',1,'N;',1),(285,162,'2019-04-25 12:48:59','2019-04-25 12:48:59','service_more','Layer 1','N;',1,'N;',NULL),(288,165,'2019-04-25 12:50:22','2019-04-25 12:50:22','service_more','Layer 1','N;',1,'N;',NULL),(290,167,'2019-04-25 12:50:51','2019-04-25 12:50:51','service_more','Layer 1','N;',1,'N;',NULL),(291,168,'2019-04-25 12:51:23','2019-04-25 12:51:23','service_more','Layer 1','N;',1,'N;',NULL),(292,169,'2019-04-25 12:51:36','2019-04-25 12:51:36','service_more','Layer 1','N;',1,'N;',NULL),(293,170,'2019-04-25 12:51:51','2019-04-25 12:51:51','service_more','Layer 1','N;',1,'N;',NULL),(294,171,'2019-05-20 17:16:14','2019-05-20 17:16:14','service_more','Layer 1','N;',1,'N;',NULL),(295,172,'2019-05-20 17:16:33','2019-05-20 17:16:33','service_more','Layer 1','N;',1,'N;',NULL),(296,173,'2019-05-22 09:25:17','2019-05-22 09:25:17','service_more','Layer 1','N;',1,'N;',NULL),(297,174,'2019-05-22 09:25:32','2019-05-22 09:25:32','service_more','Layer 1','N;',1,'N;',NULL),(298,175,'2019-06-05 12:45:47','2019-06-05 12:45:47','service_more','Layer 1','N;',1,'N;',NULL),(299,176,'2019-06-05 12:46:37','2019-06-05 12:46:37','service_more','Layer 1','N;',1,'N;',NULL),(300,177,'2019-06-05 12:49:54','2019-06-05 12:49:54','service_more','Layer 1','N;',1,'N;',NULL),(301,178,'2019-06-05 12:50:38','2019-06-05 12:50:38','service_more','Layer 1','N;',1,'N;',NULL),(302,179,'2019-06-11 10:49:07','2019-06-11 10:49:07','service_more','Layer 1','N;',1,'N;',NULL),(303,180,'2019-06-11 10:50:06','2019-06-11 10:50:06','service_more','Layer 1','N;',1,'N;',NULL),(304,181,'2019-06-11 10:56:52','2019-06-11 10:56:52','service_more','Layer 1','N;',1,'N;',NULL),(305,182,'2019-06-11 10:57:26','2019-06-11 10:57:26','service_more','Layer 1','N;',1,'N;',NULL),(306,183,'2019-06-11 11:00:31','2019-06-11 11:00:31','service_more','Layer 1','N;',1,'N;',NULL),(307,184,'2019-06-11 11:01:10','2019-06-11 11:01:10','service_more','Layer 1','N;',1,'N;',NULL),(308,185,'2019-06-11 11:03:53','2019-06-11 11:03:53','service_more','Layer 1','N;',1,'N;',NULL),(309,186,'2019-06-11 11:04:16','2019-06-11 11:04:16','service_more','Layer 1','N;',1,'N;',NULL),(310,187,'2019-06-12 11:23:49','2019-06-12 11:23:49','service_more','Layer 1','N;',1,'N;',NULL),(313,190,'2019-06-12 11:26:04','2019-06-12 11:26:04','service_more','Layer 1','N;',1,'N;',NULL),(314,191,'2019-06-26 17:47:18','2019-06-26 17:47:18','service_more','Layer 1','N;',1,'N;',NULL),(316,193,'2019-08-19 11:17:32','2019-08-19 11:17:32','admin','Layer 1','N;',1,'N;',NULL),(317,194,'2019-08-19 11:17:41','2019-08-19 11:20:21','admin','rechts','a:4:{s:5:\"width\";i:100;s:6:\"height\";i:100;s:1:\"x\";i:100;s:1:\"y\";i:0;}',1,'N;',NULL),(318,195,'2019-08-19 11:17:47','2019-08-19 11:20:39','admin','rechts','a:4:{s:5:\"width\";i:100;s:6:\"height\";i:100;s:1:\"x\";i:100;s:1:\"y\";i:0;}',1,'N;',NULL),(320,196,'2019-08-19 11:18:46','2019-08-19 11:19:01','admin','links','a:4:{s:5:\"width\";i:100;s:6:\"height\";i:100;s:1:\"x\";i:0;s:1:\"y\";i:0;}',1,'N;',1),(321,196,'2019-08-19 11:19:32','2019-08-19 11:20:50','admin','rechts','a:4:{s:5:\"width\";i:100;s:6:\"height\";i:100;s:1:\"x\";i:100;s:1:\"y\";i:0;}',1,'N;',1),(322,195,'2019-08-19 11:19:46','2019-08-19 11:20:33','admin','links','a:4:{s:5:\"width\";i:100;s:6:\"height\";i:100;s:1:\"x\";i:0;s:1:\"y\";i:0;}',1,'N;',1),(323,194,'2019-08-19 11:19:55','2019-08-19 11:20:06','admin','links','a:4:{s:5:\"width\";i:100;s:6:\"height\";i:100;s:1:\"x\";i:0;s:1:\"y\";i:0;}',1,'N;',1),(324,197,'2019-08-19 15:52:24','2019-08-19 15:52:24','service_more','Layer 1','N;',1,'N;',NULL),(325,198,'2019-08-22 14:48:42','2019-08-22 14:48:42','service_more','Layer 1','N;',1,'N;',NULL),(326,199,'2019-08-22 14:50:47','2019-08-22 14:50:47','service_more','Layer 1','N;',1,'N;',NULL),(327,200,'2019-08-22 15:06:33','2019-08-22 15:06:33','service_more','Layer 1','N;',1,'N;',NULL),(328,201,'2019-08-22 15:06:49','2019-08-22 15:06:49','service_more','Layer 1','N;',1,'N;',NULL),(329,202,'2019-08-23 10:57:46','2019-08-23 10:57:46','service_more','Layer 1','N;',1,'N;',NULL),(330,203,'2019-08-23 10:58:34','2019-08-23 10:58:34','service_more','Layer 1','N;',1,'N;',NULL),(331,204,'2019-08-23 11:06:31','2019-08-23 11:06:31','service_more','Layer 1','N;',1,'N;',NULL),(332,205,'2019-08-23 11:06:43','2019-08-23 11:06:43','service_more','Layer 1','N;',1,'N;',NULL),(333,206,'2019-08-23 11:19:26','2019-08-23 11:19:26','service_more','Layer 1','N;',1,'N;',NULL),(334,207,'2019-08-23 11:19:34','2019-08-23 11:19:34','service_more','Layer 1','N;',1,'N;',NULL),(335,208,'2019-08-26 10:31:46','2019-08-26 10:31:46','service_more','Layer 1','N;',1,'N;',NULL),(336,209,'2019-08-26 10:31:58','2019-08-26 10:31:58','service_more','Layer 1','N;',1,'N;',NULL),(337,210,'2019-08-26 14:22:39','2019-08-26 14:22:39','service_more','Layer 1','N;',1,'N;',NULL),(338,211,'2019-08-26 14:22:51','2019-08-26 14:22:51','service_more','Layer 1','N;',1,'N;',NULL),(339,212,'2019-08-26 14:37:18','2019-08-26 14:37:18','service_more','Layer 1','N;',1,'N;',NULL),(340,213,'2019-08-26 14:37:31','2019-08-26 14:37:31','service_more','Layer 1','N;',1,'N;',NULL),(341,214,'2019-08-26 14:37:41','2019-08-26 14:37:41','service_more','Layer 1','N;',1,'N;',NULL),(342,215,'2019-08-27 10:16:01','2019-08-27 10:16:01','service_more','Layer 1','N;',1,'N;',NULL),(343,216,'2019-08-27 10:16:23','2019-08-27 10:16:23','service_more','Layer 1','N;',1,'N;',NULL),(344,217,'2019-08-27 10:28:42','2019-08-27 10:28:42','service_more','Layer 1','N;',1,'N;',NULL),(345,218,'2019-08-27 10:28:54','2019-08-27 10:28:54','service_more','Layer 1','N;',1,'N;',NULL),(346,219,'2019-08-27 10:40:09','2019-08-27 10:40:09','service_more','Layer 1','N;',1,'N;',NULL),(347,220,'2019-08-27 10:40:25','2019-08-27 10:40:25','service_more','Layer 1','N;',1,'N;',NULL),(348,221,'2019-08-27 10:53:26','2019-08-27 10:53:26','service_more','Layer 1','N;',1,'N;',NULL),(349,222,'2019-08-27 10:53:47','2019-08-27 10:53:47','service_more','Layer 1','N;',1,'N;',NULL),(352,225,'2019-10-16 11:00:13','2019-10-16 11:00:13','service_more','Layer 1','N;',1,'N;',NULL),(353,226,'2019-10-16 11:00:54','2019-10-16 11:00:54','service_more','Layer 1','N;',1,'N;',NULL),(354,227,'2019-10-16 11:17:05','2019-10-16 11:17:05','service_more','Layer 1','N;',1,'N;',NULL),(355,228,'2019-10-16 11:17:18','2019-10-16 11:17:18','service_more','Layer 1','N;',1,'N;',NULL),(356,229,'2019-10-16 11:40:48','2019-10-16 11:40:48','service_more','Layer 1','N;',1,'N;',NULL),(357,230,'2019-10-16 11:41:37','2019-10-16 11:41:37','service_more','Layer 1','N;',1,'N;',NULL),(358,231,'2019-10-16 11:59:13','2019-10-16 11:59:13','service_more','Layer 1','N;',1,'N;',NULL),(359,232,'2019-10-16 11:59:30','2019-10-16 11:59:30','service_more','Layer 1','N;',1,'N;',NULL),(360,233,'2019-10-16 12:12:01','2019-10-16 12:12:01','service_more','Layer 1','N;',1,'N;',NULL),(361,234,'2019-10-16 12:12:12','2019-10-16 12:12:12','service_more','Layer 1','N;',1,'N;',NULL),(362,235,'2019-10-16 12:21:23','2019-10-16 12:21:23','service_more','Layer 1','N;',1,'N;',NULL),(363,236,'2019-10-16 12:24:59','2019-10-16 12:24:59','service_more','Layer 1','N;',1,'N;',NULL),(364,237,'2019-10-16 12:33:18','2019-10-16 12:33:18','service_more','Layer 1','N;',1,'N;',NULL),(365,238,'2019-10-16 12:33:28','2019-10-16 12:33:28','service_more','Layer 1','N;',1,'N;',NULL),(366,239,'2019-10-16 12:46:00','2019-10-16 12:46:00','service_more','Layer 1','N;',1,'N;',NULL),(367,240,'2019-10-16 12:46:14','2019-10-16 12:46:14','service_more','Layer 1','N;',1,'N;',NULL),(368,241,'2019-10-21 11:39:33','2019-10-21 11:39:33','service_more','Layer 1','N;',1,'N;',NULL),(369,242,'2019-10-21 11:39:46','2019-10-21 11:39:46','service_more','Layer 1','N;',1,'N;',NULL),(370,243,'2019-10-21 11:44:36','2019-10-21 11:44:36','service_more','Layer 1','N;',1,'N;',NULL),(371,244,'2019-10-21 11:44:44','2019-10-21 11:44:44','service_more','Layer 1','N;',1,'N;',NULL),(372,245,'2019-10-21 11:50:06','2019-10-21 11:50:06','service_more','Layer 1','N;',1,'N;',NULL),(373,246,'2019-10-21 11:50:14','2019-10-21 11:50:14','service_more','Layer 1','N;',1,'N;',NULL),(374,247,'2019-10-21 11:54:28','2019-10-21 11:54:28','service_more','Layer 1','N;',1,'N;',NULL),(375,248,'2019-10-21 11:54:36','2019-10-21 11:54:36','service_more','Layer 1','N;',1,'N;',NULL),(376,249,'2019-10-21 15:05:07','2019-10-21 15:05:07','service_more','Layer 1','N;',1,'N;',NULL),(377,250,'2019-10-21 15:05:16','2019-10-21 15:05:16','service_more','Layer 1','N;',1,'N;',NULL),(378,251,'2019-10-21 15:09:23','2019-10-21 15:09:23','service_more','Layer 1','N;',1,'N;',NULL),(379,252,'2019-10-21 15:09:31','2019-10-21 15:09:31','service_more','Layer 1','N;',1,'N;',NULL),(380,253,'2019-10-21 15:13:46','2019-10-21 15:13:46','service_more','Layer 1','N;',1,'N;',NULL),(381,254,'2019-10-21 15:13:54','2019-10-21 15:13:54','service_more','Layer 1','N;',1,'N;',NULL),(382,255,'2019-10-21 15:19:05','2019-10-21 15:19:05','service_more','Layer 1','N;',1,'N;',NULL),(383,256,'2019-10-21 15:19:12','2019-10-21 15:19:12','service_more','Layer 1','N;',1,'N;',NULL),(384,257,'2019-10-29 14:03:06','2019-10-29 14:03:06','service_more','Layer 1','N;',1,'N;',NULL),(385,258,'2020-02-05 15:00:07','2020-02-05 15:00:07','service_more','Layer 1','N;',1,'N;',NULL),(386,259,'2020-02-05 15:00:17','2020-02-05 15:00:17','service_more','Layer 1','N;',1,'N;',NULL),(387,260,'2020-02-05 15:00:22','2020-02-05 15:00:22','service_more','Layer 1','N;',1,'N;',NULL),(388,261,'2020-02-05 15:00:25','2020-02-05 15:00:25','service_more','Layer 1','N;',1,'N;',NULL),(389,262,'2020-02-05 15:00:28','2020-02-05 15:00:28','service_more','Layer 1','N;',1,'N;',NULL),(390,263,'2020-02-05 15:00:31','2020-02-05 15:00:31','service_more','Layer 1','N;',1,'N;',NULL),(391,264,'2020-02-05 15:00:34','2020-02-05 15:00:34','service_more','Layer 1','N;',1,'N;',NULL),(392,265,'2020-02-05 15:00:38','2020-02-05 15:00:38','service_more','Layer 1','N;',1,'N;',NULL),(393,266,'2020-02-05 15:00:41','2020-02-05 15:00:41','service_more','Layer 1','N;',1,'N;',NULL),(394,267,'2020-02-05 15:00:44','2020-02-05 15:00:44','service_more','Layer 1','N;',1,'N;',NULL),(395,268,'2020-02-05 15:00:48','2020-02-05 15:00:48','service_more','Layer 1','N;',1,'N;',NULL),(397,270,'2020-02-05 15:01:05','2020-02-05 15:01:05','service_more','Layer 1','N;',1,'N;',NULL),(398,271,'2020-02-05 15:01:09','2020-02-05 15:01:09','service_more','Layer 1','N;',1,'N;',NULL),(399,272,'2020-02-05 15:01:15','2020-02-05 15:01:15','service_more','Layer 1','N;',1,'N;',NULL),(400,273,'2020-02-05 15:01:21','2020-02-05 15:01:21','service_more','Layer 1','N;',1,'N;',NULL),(401,274,'2020-02-05 15:01:24','2020-02-05 15:01:24','service_more','Layer 1','N;',1,'N;',NULL),(402,275,'2020-02-05 15:01:27','2020-02-05 15:01:27','service_more','Layer 1','N;',1,'N;',NULL),(403,276,'2020-02-05 15:01:31','2020-02-05 15:01:31','service_more','Layer 1','N;',1,'N;',NULL),(404,277,'2020-02-05 15:01:34','2020-02-05 15:01:34','service_more','Layer 1','N;',1,'N;',NULL),(405,278,'2020-02-05 15:01:36','2020-02-05 15:01:36','service_more','Layer 1','N;',1,'N;',NULL),(406,279,'2020-02-05 15:01:40','2020-02-05 15:01:40','service_more','Layer 1','N;',1,'N;',NULL),(407,280,'2020-02-05 15:01:44','2020-02-05 15:01:44','service_more','Layer 1','N;',1,'N;',NULL),(408,281,'2020-03-09 17:33:36','2020-03-09 17:33:36','service_more','Layer 1','N;',1,'N;',NULL),(409,282,'2020-03-18 10:06:41','2020-03-18 10:06:41','service_more','Layer 1','N;',1,'N;',NULL),(410,283,'2020-03-18 10:06:58','2020-03-18 10:06:58','service_more','Layer 1','N;',1,'N;',NULL),(411,284,'2020-04-10 10:40:26','2020-04-10 10:40:26','service_more','Layer 1','N;',1,'N;',NULL),(412,285,'2020-04-10 10:40:40','2020-04-10 10:40:40','service_more','Layer 1','N;',1,'N;',NULL),(413,286,'2020-10-02 10:17:04','2020-10-02 10:17:04','service_more','Layer 1','N;',1,'N;',NULL),(414,287,'2020-10-02 10:17:18','2020-10-02 10:17:18','service_more','Layer 1','N;',1,'N;',NULL),(415,288,'2020-11-04 09:47:47','2020-11-04 09:47:47','service_more','Layer 1','N;',1,'N;',NULL),(416,289,'2020-11-04 09:48:08','2020-11-04 09:48:08','service_more','Layer 1','N;',1,'N;',NULL),(417,290,'2020-12-11 08:35:33','2020-12-11 08:35:33','service_more','Layer 1','N;',1,'N;',NULL),(418,291,'2020-12-11 08:35:40','2020-12-11 08:35:40','service_more','Layer 1','N;',1,'N;',NULL),(419,292,'2020-12-11 08:35:59','2020-12-11 08:35:59','service_more','Layer 1','N;',1,'N;',NULL),(420,293,'2020-12-11 08:36:04','2020-12-11 08:36:04','service_more','Layer 1','N;',1,'N;',NULL),(421,294,'2021-02-12 12:14:21','2021-02-12 12:14:21','service_more','Layer 1','N;',1,'N;',NULL),(422,295,'2021-02-12 12:14:36','2021-02-12 12:14:36','service_more','Layer 1','N;',1,'N;',NULL),(423,296,'2021-03-03 09:07:39','2021-03-03 09:07:39','service_more','Layer 1','N;',1,'N;',NULL),(424,297,'2021-03-03 09:07:47','2021-03-03 09:07:47','service_more','Layer 1','N;',1,'N;',NULL),(425,298,'2021-03-10 12:28:08','2021-03-10 12:28:08','service_more','Layer 1','N;',1,'N;',NULL),(426,299,'2021-03-10 12:28:36','2021-03-10 12:28:36','service_more','Layer 1','N;',1,'N;',NULL),(427,300,'2021-03-17 13:44:39','2021-03-17 13:44:39','service_more','Layer 1','N;',1,'N;',NULL),(428,301,'2021-03-17 13:44:51','2021-03-17 13:44:51','service_more','Layer 1','N;',1,'N;',NULL),(429,302,'2021-05-04 08:29:19','2021-05-04 08:29:19','service_more','Layer 1','N;',1,'N;',NULL),(430,303,'2021-05-04 08:29:29','2021-05-04 08:29:29','service_more','Layer 1','N;',1,'N;',NULL),(431,304,'2021-05-04 08:35:31','2021-05-04 08:35:31','service_more','Layer 1','N;',1,'N;',NULL),(432,305,'2021-05-04 08:35:41','2021-05-04 08:35:41','service_more','Layer 1','N;',1,'N;',NULL),(433,306,'2021-07-21 13:02:23','2021-07-21 13:02:23','service_more','Layer 1','N;',1,'N;',NULL),(434,307,'2021-07-21 13:02:36','2021-07-21 13:02:36','service_more','Layer 1','N;',1,'N;',NULL),(435,308,'2021-10-25 11:08:22','2021-10-25 11:08:22','service_more','Layer 1','N;',1,'N;',NULL),(436,309,'2021-10-25 11:08:31','2021-10-25 11:08:31','service_more','Layer 1','N;',1,'N;',NULL),(437,310,'2022-04-27 09:59:08','2022-04-27 09:59:08','service_more','Layer 1','N;',1,'N;',NULL),(438,311,'2022-04-27 09:59:13','2022-04-27 09:59:13','service_more','Layer 1','N;',1,'N;',NULL),(439,312,'2022-05-17 10:50:58','2022-05-17 10:50:58','service_more','Layer 1','N;',1,'N;',NULL),(440,313,'2022-05-17 10:51:07','2022-05-17 10:51:07','service_more','Layer 1','N;',1,'N;',NULL),(441,314,'2022-05-27 09:05:49','2022-05-27 09:05:49','service_more','Layer 1','N;',1,'N;',NULL),(442,315,'2022-05-27 09:05:58','2022-05-27 09:05:58','service_more','Layer 1','N;',1,'N;',NULL),(443,316,'2022-06-23 11:43:25','2022-06-23 11:43:25','service_more','Layer 1','N;',1,'N;',NULL),(444,317,'2022-06-23 11:43:32','2022-06-23 11:43:32','service_more','Layer 1','N;',1,'N;',NULL),(445,318,'2022-06-23 14:42:13','2022-06-23 14:42:13','service_more','Layer 1','N;',1,'N;',NULL),(446,319,'2022-06-23 14:42:22','2022-06-23 14:42:22','service_more','Layer 1','N;',1,'N;',NULL),(447,320,'2022-09-13 16:55:08','2022-09-13 16:55:08','service_more','Layer 1','N;',1,'N;',NULL),(448,321,'2022-09-13 16:55:17','2022-09-13 16:55:17','service_more','Layer 1','N;',1,'N;',NULL),(449,322,'2022-11-30 16:55:49','2022-11-30 16:55:49','service_more','Layer 1','N;',1,'N;',NULL),(450,323,'2022-11-30 16:55:58','2022-11-30 16:55:58','service_more','Layer 1','N;',1,'N;',NULL),(451,324,'2023-03-09 14:17:27','2023-03-09 14:17:27','service_more','Layer 1','N;',1,'N;',NULL),(452,325,'2023-03-09 14:17:32','2023-03-09 14:17:32','service_more','Layer 1','N;',1,'N;',NULL),(453,326,'2023-03-09 14:17:52','2023-03-09 14:17:52','service_more','Layer 1','N;',1,'N;',NULL),(454,327,'2023-03-09 14:17:58','2023-03-09 14:17:58','service_more','Layer 1','N;',1,'N;',NULL),(456,329,'2023-04-26 10:10:31','2023-04-26 10:10:31','service_more','Layer 1','N;',1,'N;',NULL),(457,330,'2023-04-26 10:10:39','2023-04-26 10:10:39','service_more','Layer 1','N;',1,'N;',NULL),(458,331,'2023-08-14 12:15:15','2023-08-14 12:16:01','service_more','Layer 1','a:4:{s:5:\"width\";i:100;s:6:\"height\";i:100;s:1:\"x\";i:0;s:1:\"y\";i:0;}',1,'N;',NULL),(459,332,'2023-08-14 12:15:23','2023-08-14 12:15:23','service_more','Layer 1','N;',1,'N;',NULL),(460,333,'2023-12-04 08:32:06','2023-12-04 08:32:06','service_more','Layer 1','N;',1,'N;',NULL),(461,334,'2023-12-04 08:32:15','2023-12-04 08:32:15','service_more','Layer 1','N;',1,'N;',NULL),(462,335,'2024-02-28 07:30:51','2024-02-28 07:30:51','service_more','Layer 1','N;',1,'N;',NULL),(463,336,'2024-02-28 07:30:58','2024-02-28 07:30:58','service_more','Layer 1','N;',1,'N;',NULL);

--
-- Table structure for table `ds_layer_playlist`
--

CREATE TABLE `ds_layer_playlist` (
  `id` int(10) unsigned NOT NULL AUTO_INCREMENT,
  `layer_id` int(10) unsigned NOT NULL,
  `playlist_id` int(10) unsigned NOT NULL,
  `created` datetime NOT NULL,
  `updated` datetime NOT NULL,
  `updatedBy` varchar(255) DEFAULT NULL,
  `position` int(11) NOT NULL,
  `mandate_id` int(10) unsigned DEFAULT NULL,
  PRIMARY KEY (`id`),
  KEY `IDX_E56728BEEA6EFDCD` (`layer_id`),
  KEY `IDX_E56728BE6BBD148` (`playlist_id`),
  KEY `IDX_E56728BE6C1129CD` (`mandate_id`),
  CONSTRAINT `FK_E56728BE6BBD148` FOREIGN KEY (`playlist_id`) REFERENCES `ds_playlist` (`id`) ON DELETE CASCADE,
  CONSTRAINT `FK_E56728BE6C1129CD` FOREIGN KEY (`mandate_id`) REFERENCES `sys_mandate` (`id`),
  CONSTRAINT `FK_E56728BEEA6EFDCD` FOREIGN KEY (`layer_id`) REFERENCES `ds_layer` (`id`) ON DELETE CASCADE
) ENGINE=InnoDB AUTO_INCREMENT=1196 DEFAULT CHARSET=utf8mb3 COLLATE=utf8mb3_unicode_ci;

--
-- Dumping data for table `ds_layer_playlist`
--

INSERT INTO `ds_layer_playlist` VALUES (182,74,64,'2016-07-22 14:34:07','2016-07-22 14:34:07','admin',0,1),(261,104,77,'2016-08-24 13:14:15','2016-08-24 13:14:15','admin',1,1),(262,97,78,'2016-08-24 16:20:17','2016-08-24 16:20:17','admin',1,1),(263,103,79,'2016-08-24 16:20:51','2016-08-24 16:20:51','admin',1,1),(264,98,80,'2016-08-24 16:21:02','2016-08-24 16:21:02','admin',1,1),(265,105,81,'2016-08-24 16:21:05','2016-08-24 16:21:05','admin',1,1),(266,107,82,'2016-08-24 16:21:08','2016-08-24 16:21:08','admin',1,1),(295,117,97,'2016-09-22 16:51:12','2016-09-22 16:51:12','adminJT',0,2),(296,72,63,'2016-09-26 17:05:44','2016-09-26 17:05:44','admin',0,1),(306,125,69,'2017-03-21 15:55:09','2017-03-21 15:55:09','admin',0,1),(307,130,68,'2017-03-21 15:55:12','2017-03-21 15:55:12','admin',0,1),(308,129,84,'2017-03-21 15:55:14','2017-03-21 15:55:14','admin',0,1),(314,127,62,'2017-03-21 15:57:00','2017-03-21 15:57:00','admin',0,1),(339,131,109,'2017-03-29 09:24:26','2017-03-29 09:24:26','admin',4,1),(346,122,63,'2017-04-04 10:00:53','2017-04-04 10:00:53','s.moik',1,1),(363,132,110,'2017-04-11 10:02:41','2017-04-11 10:02:41','admin',0,1),(364,133,111,'2017-04-11 10:02:50','2017-04-11 10:02:50','admin',0,1),(405,135,113,'2017-05-09 15:06:59','2017-05-09 15:06:59','admin_ep',1,NULL),(407,137,116,'2017-05-11 10:52:09','2017-05-11 10:52:09','admin_jt',0,4),(408,138,115,'2017-05-11 10:52:13','2017-05-11 10:52:13','admin_jt',0,4),(409,136,114,'2017-05-11 10:52:16','2017-05-11 10:52:16','admin_jt',0,4),(413,139,117,'2017-05-17 09:41:37','2017-05-17 09:41:37','admin_jt',1,4),(414,135,112,'2017-05-23 16:19:32','2017-05-23 16:19:32','admin_ep',0,3),(468,158,63,'2017-07-19 11:45:56','2017-07-19 11:45:56','admin',0,1),(470,169,64,'2017-07-19 11:46:09','2017-07-19 11:46:09','admin',0,1),(472,163,122,'2017-07-19 11:54:06','2017-07-19 11:54:06','admin',1,1),(482,161,69,'2017-07-27 09:07:16','2017-07-27 09:07:16','admin',1,1),(484,167,68,'2017-07-28 09:59:47','2017-07-28 09:59:47','s.moik',1,1),(485,170,123,'2017-08-09 15:58:06','2017-08-09 15:58:06','admin_ep',0,3),(488,172,124,'2017-08-09 16:11:24','2017-08-09 16:11:24','admin_ep',0,3),(491,174,124,'2017-08-17 12:29:22','2017-08-17 12:29:22','admin_ep',0,3),(494,177,67,'2017-08-18 15:23:04','2017-08-18 15:23:04','admin',0,1),(495,178,83,'2017-08-18 15:23:06','2017-08-18 15:23:06','admin',0,1),(496,179,127,'2017-08-18 15:59:37','2017-08-18 15:59:37','admin_jt',0,4),(497,180,63,'2017-08-21 10:17:44','2017-08-21 10:17:44','admin',0,1),(504,172,128,'0000-00-00 00:00:00','0000-00-00 00:00:00',NULL,1,3),(505,124,67,'2017-08-31 12:34:00','2018-03-06 13:42:57','admin',0,1),(511,170,113,'2017-09-01 09:36:51','2017-09-01 09:36:52',NULL,1,3),(512,174,128,'2017-09-01 09:37:05','2017-09-01 09:37:05',NULL,1,3),(513,128,83,'2017-09-04 16:10:10','2017-09-04 16:10:10','s.vidovic',1,1),(514,78,83,'2017-09-04 16:13:04','2018-03-06 14:44:02','admin',0,1),(518,186,63,'2017-09-06 17:47:35','2017-09-06 17:47:35','admin',0,1),(520,189,64,'2017-09-06 17:47:42','2017-09-06 17:47:42','admin',0,1),(521,190,67,'2017-09-06 17:49:18','2017-09-06 17:49:18','admin',0,1),(522,191,83,'2017-09-06 17:49:20','2017-09-06 17:49:20','admin',0,1),(523,192,69,'2017-09-06 17:49:31','2017-09-06 17:49:31','admin',0,1),(524,193,84,'2017-09-06 17:49:33','2017-09-06 17:49:33','admin',0,1),(529,198,130,'2017-09-11 12:04:21','2017-09-11 12:04:21','post',0,5),(530,199,132,'2017-09-11 12:04:25','2017-09-11 12:04:25','post',0,5),(531,200,133,'2017-09-11 12:04:28','2017-09-11 12:04:28','post',0,5),(533,176,68,'2017-09-12 13:34:55','2017-09-12 13:34:55','s.vidovic',1,1),(538,76,84,'2017-09-19 09:51:43','2017-09-19 09:51:43','s.moik',1,1),(539,167,84,'2017-09-19 09:52:55','2017-09-19 09:52:55','s.moik',0,1),(553,126,88,'2017-11-27 10:49:49','2017-11-27 10:49:49','s.vidovic',1,1),(554,185,62,'2017-11-27 10:58:03','2017-11-27 10:58:03','s.vidovic',1,1),(558,168,62,'2017-11-27 11:07:41','2017-11-27 11:07:41','s.vidovic',1,1),(560,181,88,'2017-11-29 15:08:47','2017-11-29 15:08:47','c.haas',1,1),(561,183,62,'2017-11-29 15:10:18','2017-11-29 15:10:18','c.haas',1,1),(568,188,88,'2017-12-05 16:25:32','2017-12-05 16:25:32','c.haas',1,1),(571,197,77,'2018-01-02 20:11:06','2018-01-02 20:11:06','c.haas',1,1),(572,196,77,'2018-01-02 20:11:15','2018-01-02 20:11:15','c.haas',1,1),(573,201,136,'2018-01-08 15:44:13','2018-01-08 15:44:13','admin_jt',0,4),(575,175,69,'2018-02-17 15:18:00','2018-02-17 15:18:00','c.haas',0,1),(576,176,84,'2018-02-17 15:18:02','2018-02-17 15:18:02','c.haas',0,1),(604,193,68,'2018-03-19 08:26:51','2018-03-19 08:26:51','s.moik',1,1),(615,160,66,'2018-04-10 09:43:24','2018-04-10 09:43:24','s.moik',1,1),(616,159,67,'2018-04-10 09:43:32','2018-04-10 09:43:32','s.moik',1,1),(639,209,63,'2018-07-05 12:58:15','2018-07-05 12:58:15','admin',0,1),(641,211,64,'2018-07-05 12:58:26','2018-07-05 12:58:26','admin',0,1),(648,212,66,'2018-07-05 13:02:08','2018-07-05 13:02:08','admin',2,1),(649,212,65,'2018-07-05 13:02:12','2018-07-05 13:02:12','admin',3,1),(650,218,67,'2018-07-05 15:53:43','2018-07-05 15:53:43','admin',0,1),(651,220,83,'2018-07-05 15:53:48','2018-07-05 15:53:48','admin',0,1),(654,217,69,'2018-07-05 15:53:59','2018-07-05 15:53:59','admin',0,1),(655,221,84,'2018-07-05 15:54:01','2018-07-05 15:54:01','admin',0,1),(656,222,68,'2018-07-05 15:54:03','2018-07-05 15:54:03','admin',0,1),(657,219,63,'2018-07-05 15:54:09','2018-07-05 15:54:09','admin',0,1),(658,223,88,'2018-07-05 15:54:12','2018-07-05 15:54:12','admin',0,1),(659,224,64,'2018-07-05 15:54:15','2018-07-05 15:54:15','admin',0,1),(664,228,152,'2018-07-10 10:27:45','2018-07-10 10:27:45','moemax',0,6),(665,229,153,'2018-07-10 10:27:48','2018-07-10 10:27:48','moemax',0,6),(666,230,154,'2018-07-10 10:27:53','2018-07-10 10:27:53','moemax',0,6),(670,231,158,'2018-07-10 10:47:57','2018-07-10 10:47:57','moemax',0,6),(671,232,159,'2018-07-10 10:48:04','2018-07-10 10:48:04','moemax',0,6),(672,233,160,'2018-07-10 10:48:08','2018-07-10 10:48:08','moemax',0,6),(679,225,152,'2018-07-10 10:49:04','2018-07-10 10:59:01','moemax',0,6),(680,226,153,'2018-07-10 10:49:06','2018-07-10 10:49:06','moemax',1,6),(681,227,154,'2018-07-10 10:49:08','2018-07-10 10:49:08','moemax',1,6),(682,228,165,'2018-07-10 10:57:58','2018-07-11 09:43:35','moemax',3,6),(684,228,161,'2018-07-10 10:58:16','2018-07-11 09:43:35','moemax',6,6),(686,225,165,'2018-07-10 10:59:06','2018-07-10 10:59:06','moemax',2,6),(688,225,161,'2018-07-10 10:59:12','2018-07-10 10:59:12','moemax',4,6),(691,235,152,'2018-07-10 12:15:57','2018-07-10 12:16:54','moemax',0,6),(693,235,165,'2018-07-10 12:16:02','2018-07-10 12:16:58','moemax',2,6),(695,236,165,'2018-07-10 12:16:17','2018-07-10 12:16:17','moemax',1,6),(697,237,161,'2018-07-10 12:16:24','2018-07-10 12:16:24','moemax',1,6),(699,236,161,'2018-07-10 12:16:26','2018-07-10 12:16:26','moemax',3,6),(701,234,161,'2018-07-10 12:16:38','2018-07-10 12:16:38','moemax',1,6),(702,228,171,'2018-07-11 09:31:26','2018-07-11 09:43:35','moemax',1,6),(705,229,165,'2018-07-11 17:22:13','2018-07-11 17:22:13','moemax',1,6),(706,228,152,'2018-07-12 17:10:56','2018-07-12 17:10:56','moemax',9,NULL),(707,238,78,'2018-07-25 10:43:41','2018-07-25 10:43:41','admin',0,1),(709,240,79,'2018-07-25 10:43:51','2018-07-25 10:43:51','admin',0,1),(711,239,173,'2018-07-26 14:31:10','2018-07-26 14:31:10','c.haas',0,1),(722,244,122,'2018-08-02 15:52:04','2018-08-02 15:52:04','admin',0,1),(736,241,69,'2018-08-05 22:00:55','2018-08-05 22:00:55','admin',1,1),(737,249,84,'2018-08-05 22:01:00','2018-08-05 22:01:00','admin',1,1),(738,250,68,'2018-08-05 22:01:06','2018-08-05 22:01:06','admin',1,1),(739,242,67,'2018-08-05 22:01:30','2018-08-05 22:01:30','admin',1,1),(740,248,83,'2018-08-05 22:01:32','2018-08-05 22:01:32','admin',1,1),(743,243,63,'2018-08-05 22:01:46','2018-08-05 22:01:46','admin',1,1),(744,246,64,'2018-08-05 22:01:48','2018-08-05 22:01:48','admin',1,1),(747,251,122,'2018-08-17 09:22:32','2018-08-17 09:22:32','admin',1,1),(751,213,67,'2018-08-17 09:25:43','2018-08-17 09:25:43','c.haas',1,1),(752,214,83,'2018-08-17 09:25:50','2018-08-17 09:25:50','c.haas',0,1),(755,216,84,'2018-08-17 12:12:56','2018-08-17 12:12:56','c.haas',0,1),(756,216,68,'2018-08-17 12:12:58','2018-08-17 12:12:58','c.haas',1,1),(757,215,69,'2018-08-20 12:30:30','2018-08-20 12:30:30','c.haas',0,1),(758,245,122,'2018-08-27 18:04:20','2018-08-27 18:04:20','c.haas',1,1),(760,165,83,'2018-09-04 21:37:45','2018-09-04 21:37:45','c.haas',0,1),(761,166,65,'2018-09-04 21:37:49','2018-09-04 21:37:49','c.haas',0,1),(763,77,67,'2018-09-05 17:06:46','2018-09-05 17:06:46','c.haas',1,1),(764,79,66,'2018-09-05 17:06:56','2018-09-05 17:06:56','c.haas',0,1),(765,79,65,'2018-09-05 17:06:59','2018-09-05 17:06:59','c.haas',1,1),(799,252,179,'2018-11-22 10:12:41','2018-12-05 13:22:26','service_more',2,7),(800,253,180,'2018-11-22 10:12:43','2018-12-05 13:22:47','service_more',2,7),(801,256,184,'2018-12-05 09:46:02','2018-12-05 09:46:02','admin',0,1),(802,257,182,'2018-12-05 09:46:07','2018-12-05 09:46:07','admin',0,1),(803,258,181,'2018-12-05 09:46:11','2018-12-05 09:46:11','admin',0,1),(804,259,185,'2018-12-05 09:46:16','2018-12-05 09:46:16','admin',0,1),(805,254,186,'2018-12-05 09:46:25','2018-12-05 09:46:25','admin',0,1),(806,255,183,'2018-12-05 09:46:32','2018-12-05 09:46:32','admin',0,1),(813,75,69,'2018-12-06 10:53:09','2018-12-06 10:53:09','s.moik',0,1),(816,120,186,'2019-01-16 15:15:45','2019-01-16 15:15:45','admin',0,1),(817,110,183,'2019-01-16 15:15:46','2019-01-16 15:15:46','admin',0,1),(818,184,83,'2019-02-18 12:20:34','2019-02-18 12:20:34','c.haas',0,1),(821,261,204,'2019-03-22 17:26:39','2019-03-22 17:26:39','service_more',0,7),(825,142,205,'2019-03-26 10:52:50','2019-03-26 10:52:50','admin',1,NULL),(828,141,138,'2019-03-26 10:58:30','2019-03-26 10:58:30','admin',0,1),(829,265,67,'2019-03-29 15:19:46','2019-03-29 15:19:46','admin',0,1),(830,263,69,'2019-03-29 15:19:49','2019-03-29 15:19:49','admin',0,1),(831,267,68,'2019-03-29 15:19:54','2019-03-29 15:19:54','admin',0,1),(832,266,84,'2019-03-29 15:19:58','2019-03-29 15:19:58','admin',0,1),(833,268,83,'2019-03-29 15:20:05','2019-03-29 15:20:05','admin',0,1),(834,270,64,'2019-03-29 15:20:05','2019-03-29 15:20:05','admin',0,1),(836,264,63,'2019-03-29 15:20:12','2019-03-29 15:20:12','admin',0,1),(837,123,64,'2019-04-01 08:30:06','2019-04-01 08:30:06','c.haas',0,1),(838,182,64,'2019-04-01 08:30:21','2019-04-01 08:30:21','c.haas',0,1),(839,210,88,'2019-04-03 09:01:16','2019-04-03 09:01:16','c.haas',1,1),(840,73,88,'2019-04-03 09:01:32','2019-04-03 09:01:32','c.haas',0,1),(841,269,88,'2019-04-03 09:01:40','2019-04-03 09:01:40','c.haas',0,1),(842,271,122,'2019-04-19 10:24:11','2019-04-19 10:24:11','admin',0,1),(846,279,122,'2019-04-24 10:57:34','2019-04-24 10:57:34','admin',0,1),(864,285,216,'2019-04-25 12:49:33','2019-04-25 12:49:33','service_more',0,7),(865,291,217,'2019-04-25 12:52:14','2019-04-25 12:52:14','service_more',0,7),(866,292,214,'2019-04-25 12:52:18','2019-04-25 12:52:18','service_more',0,7),(867,288,215,'2019-04-25 12:52:21','2019-04-25 12:52:21','service_more',0,7),(868,293,219,'2019-04-25 12:52:30','2019-04-25 12:52:30','service_more',0,7),(869,290,218,'2019-04-25 12:52:34','2019-04-25 12:52:34','service_more',0,7),(877,278,67,'2019-04-27 15:10:00','2019-04-27 15:10:00','c.haas',0,1),(878,281,83,'2019-04-27 15:10:24','2019-04-27 15:10:24','c.haas',0,1),(879,282,84,'2019-04-27 15:10:43','2019-04-27 15:10:43','c.haas',0,1),(880,277,69,'2019-04-27 15:10:52','2019-04-27 15:10:52','c.haas',0,1),(887,284,64,'2019-04-30 13:56:24','2019-04-30 13:56:24','c.haas',1,NULL),(888,276,88,'2019-04-30 13:56:38','2019-04-30 13:56:38','c.haas',1,1),(893,275,222,'2019-04-30 14:05:57','2019-04-30 14:05:57','c.haas',1,1),(895,76,68,'2019-05-06 16:47:48','2019-05-06 16:47:48','c.haas',1,1),(896,282,68,'2019-05-06 16:47:58','2019-05-06 16:47:58','c.haas',1,1),(900,280,83,'2019-05-06 16:56:09','2019-05-06 16:56:09','c.haas',2,1),(901,280,69,'2019-05-06 16:56:10','2019-05-06 16:56:10','c.haas',3,1),(903,283,63,'2019-05-09 08:27:45','2019-05-09 08:27:45','c.haas',0,1),(904,280,223,'2019-05-09 17:40:33','2019-05-09 17:40:33','c.haas',0,1),(905,284,224,'2019-05-09 17:56:42','2019-05-09 17:56:42','c.haas',1,1),(915,295,227,'2019-05-20 17:28:02','2019-05-20 17:28:02','service_more',0,7),(916,294,226,'2019-05-20 17:28:09','2019-05-20 17:28:09','service_more',0,7),(921,297,229,'2019-05-22 09:26:22','2019-05-22 09:26:22','service_more',0,7),(922,296,230,'2019-05-22 09:26:26','2019-05-22 09:26:26','service_more',0,7),(975,128,66,'2019-05-28 22:50:04','2019-05-28 22:50:04','c.haas',1,1),(976,248,66,'2019-05-28 22:50:22','2019-05-28 22:50:22','c.haas',1,1),(977,281,66,'2019-05-28 22:50:30','2019-05-28 22:50:30','c.haas',1,1),(978,191,66,'2019-05-28 22:50:41','2019-05-28 22:50:41','c.haas',1,1),(981,220,66,'2019-05-28 22:52:10','2019-05-28 22:52:10','c.haas',1,1),(982,298,238,'2019-06-05 12:47:46','2019-06-05 12:47:46','service_more',0,7),(983,299,237,'2019-06-05 12:47:51','2019-06-05 12:47:51','service_more',0,7),(984,300,239,'2019-06-05 12:52:03','2019-06-05 12:52:03','service_more',0,7),(985,301,240,'2019-06-05 12:52:04','2019-06-05 12:52:04','service_more',0,7),(986,303,241,'2019-06-11 10:52:43','2019-06-11 10:52:43','service_more',0,7),(987,302,242,'2019-06-11 10:52:44','2019-06-11 10:52:44','service_more',0,7),(988,304,244,'2019-06-11 10:58:08','2019-06-11 10:58:08','service_more',0,7),(989,305,243,'2019-06-11 10:58:10','2019-06-11 10:58:10','service_more',0,7),(990,307,246,'2019-06-11 11:02:15','2019-06-11 11:02:15','service_more',0,7),(991,306,245,'2019-06-11 11:02:17','2019-06-11 11:02:17','service_more',0,7),(992,309,247,'2019-06-11 11:05:41','2019-06-11 11:05:41','service_more',0,7),(993,308,248,'2019-06-11 11:05:41','2019-06-11 11:05:41','service_more',0,7),(994,310,251,'2019-06-12 11:26:21','2019-06-12 11:26:21','service_more',0,7),(995,313,250,'2019-06-12 11:26:23','2019-06-12 11:26:23','service_more',0,7),(996,314,252,'2019-06-26 17:47:53','2019-06-26 17:47:53','service_more',0,7),(999,112,222,'2019-07-24 16:46:00','2019-07-24 16:46:00','admin',1,1),(1000,112,68,'2019-07-24 16:46:13','2019-07-24 16:46:13','admin',1,1),(1004,112,84,'2019-07-24 16:46:28','2019-07-24 16:46:28','admin',2,1),(1005,86,88,'2019-07-24 16:46:55','2019-07-24 16:46:55','admin',1,NULL),(1006,86,88,'2019-07-24 16:48:03','2019-07-24 16:48:03','admin',1,1),(1008,316,88,'2019-08-19 11:21:19','2019-08-19 11:21:19','admin',0,1),(1009,320,67,'2019-08-19 11:21:24','2019-08-19 11:21:24','admin',0,1),(1010,321,83,'2019-08-19 11:21:26','2019-08-19 11:21:26','admin',0,1),(1011,322,69,'2019-08-19 11:21:30','2019-08-19 11:21:30','admin',0,1),(1012,318,84,'2019-08-19 11:21:32','2019-08-19 11:21:32','admin',0,1),(1013,323,63,'2019-08-19 11:21:37','2019-08-19 11:21:37','admin',0,1),(1016,324,254,'2019-08-19 15:53:26','2019-08-19 15:53:26','service_more',0,7),(1017,317,64,'2019-08-20 14:59:04','2019-08-20 14:59:04','c.haas',0,1),(1018,326,256,'2019-08-22 14:53:29','2019-08-22 14:53:29','service_more',0,7),(1019,325,257,'2019-08-22 14:54:00','2019-08-22 14:54:00','service_more',0,7),(1020,328,261,'2019-08-22 15:08:27','2019-08-22 15:08:27','service_more',0,7),(1021,327,262,'2019-08-22 15:09:36','2019-08-22 15:09:36','service_more',0,7),(1022,329,264,'2019-08-23 11:01:34','2019-08-23 11:01:34','service_more',0,7),(1023,330,265,'2019-08-23 11:01:40','2019-08-23 11:01:40','service_more',0,7),(1024,331,266,'2019-08-23 11:07:34','2019-08-23 11:07:34','service_more',0,7),(1025,332,267,'2019-08-23 11:07:37','2019-08-23 11:07:37','service_more',0,7),(1026,333,269,'2019-08-23 11:21:24','2019-08-23 11:21:24','service_more',0,7),(1027,334,270,'2019-08-23 11:21:28','2019-08-23 11:21:28','service_more',0,7),(1028,317,62,'2019-08-23 14:08:23','2019-08-23 14:08:23','c.haas',0,1),(1029,323,64,'2019-08-23 14:08:41','2019-08-23 14:08:41','c.haas',1,1),(1030,335,272,'2019-08-26 10:33:14','2019-08-26 10:33:14','service_more',0,7),(1031,336,273,'2019-08-26 10:33:16','2019-08-26 10:33:16','service_more',0,7),(1032,338,276,'2019-08-26 14:24:47','2019-08-26 14:24:47','service_more',0,7),(1033,337,275,'2019-08-26 14:24:48','2019-08-26 14:24:48','service_more',0,7),(1034,339,279,'2019-08-26 14:39:04','2019-08-26 14:39:04','service_more',0,7),(1035,340,278,'2019-08-26 14:39:06','2019-08-26 14:39:06','service_more',0,7),(1036,341,280,'2019-08-26 14:39:09','2019-08-26 14:39:09','service_more',0,7),(1037,342,282,'2019-08-27 10:18:51','2019-08-27 10:18:51','service_more',0,7),(1038,343,283,'2019-08-27 10:18:53','2019-08-27 10:18:53','service_more',0,7),(1039,344,285,'2019-08-27 10:31:30','2019-08-27 10:31:30','service_more',0,7),(1040,345,286,'2019-08-27 10:31:34','2019-08-27 10:31:34','service_more',0,7),(1041,346,288,'2019-08-27 10:47:34','2019-08-27 10:47:34','service_more',0,7),(1042,347,289,'2019-08-27 10:47:45','2019-08-27 10:47:45','service_more',0,7),(1043,348,292,'2019-08-27 10:55:40','2019-08-27 10:55:40','service_more',0,7),(1044,349,293,'2019-08-27 10:55:41','2019-08-27 10:55:41','service_more',0,7),(1070,94,67,'2019-10-10 08:09:28','2019-10-10 08:09:28','c.haas',0,1),(1071,99,83,'2019-10-10 08:09:30','2019-10-10 08:09:30','c.haas',0,1),(1072,100,65,'2019-10-10 08:09:37','2019-10-10 08:09:37','c.haas',0,1),(1073,95,66,'2019-10-10 08:09:37','2019-10-10 08:09:37','c.haas',0,1),(1074,96,69,'2019-10-10 08:09:45','2019-10-10 08:09:45','c.haas',0,1),(1075,102,68,'2019-10-10 08:09:53','2019-10-10 08:09:53','c.haas',0,1),(1076,91,63,'2019-10-10 08:10:03','2019-10-10 08:10:03','c.haas',0,1),(1077,93,64,'2019-10-10 08:10:10','2019-10-10 08:10:10','c.haas',0,1),(1078,92,88,'2019-10-10 08:10:22','2019-10-10 08:10:22','c.haas',0,1),(1079,101,84,'2019-10-10 08:11:26','2019-10-10 08:11:26','c.haas',0,1),(1083,83,74,'2019-10-10 11:11:39','2019-10-10 11:11:39','admin',3,NULL),(1084,352,307,'2019-10-16 11:03:05','2019-10-16 11:03:05','service_more',0,7),(1085,353,308,'2019-10-16 11:03:07','2019-10-16 11:03:07','service_more',0,7),(1086,354,310,'2019-10-16 11:23:24','2019-10-16 11:23:24','service_more',0,7),(1087,355,311,'2019-10-16 11:23:28','2019-10-16 11:23:28','service_more',0,7),(1088,356,316,'2019-10-16 11:44:41','2019-10-16 11:44:41','service_more',0,7),(1089,357,315,'2019-10-16 11:44:51','2019-10-16 11:44:51','service_more',0,7),(1090,358,318,'2019-10-16 12:00:30','2019-10-16 12:00:30','service_more',0,7),(1091,359,319,'2019-10-16 12:00:32','2019-10-16 12:00:32','service_more',0,7),(1092,360,321,'2019-10-16 12:13:29','2019-10-16 12:13:29','service_more',0,7),(1093,361,322,'2019-10-16 12:13:30','2019-10-16 12:13:30','service_more',0,7),(1094,362,324,'2019-10-16 12:26:11','2019-10-16 12:26:11','service_more',0,7),(1095,363,325,'2019-10-16 12:26:13','2019-10-16 12:26:13','service_more',0,7),(1096,364,327,'2019-10-16 12:34:57','2019-10-16 12:34:57','service_more',0,7),(1097,365,328,'2019-10-16 12:34:59','2019-10-16 12:34:59','service_more',0,7),(1098,366,330,'2019-10-16 12:47:22','2019-10-16 12:47:22','service_more',0,7),(1099,367,331,'2019-10-16 12:47:23','2019-10-16 12:47:23','service_more',0,7),(1100,368,333,'2019-10-21 11:40:16','2019-10-21 11:40:16','service_more',0,7),(1101,369,334,'2019-10-21 11:40:18','2019-10-21 11:40:18','service_more',0,7),(1102,370,336,'2019-10-21 11:46:24','2019-10-21 11:46:24','service_more',0,7),(1103,371,337,'2019-10-21 11:46:28','2019-10-21 11:46:28','service_more',0,7),(1104,372,339,'2019-10-21 11:50:59','2019-10-21 11:50:59','service_more',0,7),(1105,373,340,'2019-10-21 11:51:00','2019-10-21 11:51:00','service_more',0,7),(1106,374,342,'2019-10-21 11:55:14','2019-10-21 11:55:14','service_more',0,7),(1107,375,343,'2019-10-21 11:55:15','2019-10-21 11:55:15','service_more',0,7),(1108,376,345,'2019-10-21 15:06:05','2019-10-21 15:06:05','service_more',0,7),(1109,377,346,'2019-10-21 15:06:06','2019-10-21 15:06:06','service_more',0,7),(1110,378,348,'2019-10-21 15:10:16','2019-10-21 15:10:16','service_more',0,7),(1111,379,349,'2019-10-21 15:10:18','2019-10-21 15:10:18','service_more',0,7),(1112,380,351,'2019-10-21 15:14:40','2019-10-21 15:14:40','service_more',0,7),(1113,381,352,'2019-10-21 15:14:41','2019-10-21 15:14:41','service_more',0,7),(1114,382,354,'2019-10-21 15:20:05','2019-10-21 15:20:05','service_more',0,7),(1115,383,355,'2019-10-21 15:20:07','2019-10-21 15:20:07','service_more',0,7),(1116,384,356,'2019-10-29 14:03:13','2019-10-29 14:03:13','service_more',0,7),(1117,397,369,'2020-02-05 15:05:29','2020-02-05 15:05:29','service_more',0,7),(1118,385,368,'2020-02-05 15:05:32','2020-02-05 15:05:32','service_more',0,7),(1119,386,370,'2020-02-05 15:05:50','2020-02-05 15:05:50','service_more',0,7),(1120,398,380,'2020-02-05 15:05:50','2020-02-05 15:05:50','service_more',0,7),(1121,387,371,'2020-02-05 15:05:59','2020-02-05 15:05:59','service_more',0,7),(1122,399,381,'2020-02-05 15:06:00','2020-02-05 15:06:00','service_more',0,7),(1123,388,372,'2020-02-05 15:06:20','2020-02-05 15:06:20','service_more',0,7),(1124,400,382,'2020-02-05 15:06:21','2020-02-05 15:06:21','service_more',0,7),(1125,389,373,'2020-02-05 15:06:33','2020-02-05 15:06:33','service_more',0,7),(1126,401,383,'2020-02-05 15:06:35','2020-02-05 15:06:35','service_more',0,7),(1127,390,374,'2020-02-05 15:06:55','2020-02-05 15:06:55','service_more',0,7),(1128,402,384,'2020-02-05 15:06:56','2020-02-05 15:06:56','service_more',0,7),(1131,403,385,'2020-02-05 15:07:20','2020-02-05 15:07:20','service_more',0,7),(1132,391,375,'2020-02-05 15:07:21','2020-02-05 15:07:21','service_more',0,7),(1133,392,376,'2020-02-05 15:08:03','2020-02-05 15:08:03','service_more',0,7),(1134,404,386,'2020-02-05 15:08:04','2020-02-05 15:08:04','service_more',0,7),(1135,393,377,'2020-02-05 15:08:19','2020-02-05 15:08:19','service_more',0,7),(1136,405,387,'2020-02-05 15:08:20','2020-02-05 15:08:20','service_more',0,7),(1137,394,378,'2020-02-05 15:08:33','2020-02-05 15:08:33','service_more',0,7),(1138,406,388,'2020-02-05 15:08:34','2020-02-05 15:08:34','service_more',0,7),(1139,395,379,'2020-02-05 15:08:54','2020-02-05 15:08:54','service_more',0,7),(1140,407,389,'2020-02-05 15:08:55','2020-02-05 15:08:55','service_more',0,7),(1141,408,390,'2020-03-09 17:34:18','2020-03-09 17:34:18','service_more',0,7),(1142,409,392,'2020-03-18 10:10:01','2020-03-18 10:10:01','service_more',0,7),(1143,410,393,'2020-03-18 10:10:05','2020-03-18 10:10:05','service_more',0,7),(1144,411,396,'2020-04-10 10:40:57','2020-04-10 10:40:57','service_more',0,7),(1145,412,397,'2020-04-10 10:40:59','2020-04-10 10:40:59','service_more',0,7),(1146,414,400,'2020-10-02 10:17:42','2020-10-02 10:17:42','service_more',0,7),(1147,413,399,'2020-10-02 10:17:43','2020-10-02 10:17:43','service_more',0,7),(1148,415,403,'2020-11-04 09:48:27','2020-11-04 09:48:27','service_more',0,7),(1149,416,402,'2020-11-04 09:48:31','2020-11-04 09:48:31','service_more',0,7),(1150,417,406,'2020-12-11 08:36:45','2020-12-11 08:36:45','service_more',0,7),(1151,419,408,'2020-12-11 08:36:49','2020-12-11 08:36:49','service_more',0,7),(1152,418,409,'2020-12-11 08:36:57','2020-12-11 08:36:57','service_more',0,7),(1153,420,407,'2020-12-11 08:37:00','2020-12-11 08:37:00','service_more',0,7),(1154,421,411,'2021-02-12 12:14:56','2021-02-12 12:14:56','service_more',0,7),(1155,422,412,'2021-02-12 12:14:58','2021-02-12 12:14:58','service_more',0,7),(1156,423,414,'2021-03-03 09:07:55','2021-03-03 09:07:55','service_more',0,7),(1157,424,413,'2021-03-03 09:07:57','2021-03-03 09:07:57','service_more',0,7),(1158,425,417,'2021-03-10 12:28:46','2021-03-10 12:28:46','service_more',0,7),(1159,426,418,'2021-03-10 12:28:49','2021-03-10 12:28:49','service_more',0,7),(1160,427,420,'2021-03-17 13:45:00','2021-03-17 13:45:00','service_more',0,7),(1161,428,421,'2021-03-17 13:45:02','2021-03-17 13:45:02','service_more',0,7),(1162,429,423,'2021-05-04 08:30:59','2021-05-04 08:30:59','service_more',0,7),(1163,430,424,'2021-05-04 08:31:01','2021-05-04 08:31:01','service_more',0,7),(1164,432,428,'2021-05-04 08:35:54','2021-05-04 08:35:54','service_more',0,7),(1165,431,427,'2021-05-04 08:35:55','2021-05-04 08:35:55','service_more',0,7),(1166,433,429,'2021-07-21 13:05:42','2021-07-21 13:05:42','service_more',0,7),(1167,434,430,'2021-07-21 13:05:44','2021-07-21 13:05:44','service_more',0,7),(1168,435,434,'2021-10-25 11:09:02','2021-10-25 11:09:02','service_more',0,7),(1169,436,433,'2021-10-25 11:09:04','2021-10-25 11:09:04','service_more',0,7),(1170,438,436,'2022-04-27 09:59:51','2022-04-27 09:59:51','service_more',0,7),(1171,437,435,'2022-04-27 09:59:53','2022-04-27 09:59:53','service_more',0,7),(1172,439,439,'2022-05-17 10:54:38','2022-05-17 10:54:38','service_more',0,7),(1173,440,440,'2022-05-17 10:54:40','2022-05-17 10:54:40','service_more',0,7),(1174,441,442,'2022-05-27 09:06:47','2022-05-27 09:06:47','service_more',0,7),(1175,442,443,'2022-05-27 09:06:49','2022-05-27 09:06:49','service_more',0,7),(1176,443,445,'2022-06-23 11:45:34','2022-06-23 11:45:34','service_more',0,7),(1177,444,446,'2022-06-23 11:45:34','2022-06-23 11:45:34','service_more',0,7),(1178,445,448,'2022-06-23 14:44:45','2022-06-23 14:44:45','service_more',0,7),(1179,446,449,'2022-06-23 14:44:47','2022-06-23 14:44:47','service_more',0,7),(1180,447,451,'2022-09-13 16:55:43','2022-09-13 16:55:43','service_more',0,7),(1181,448,452,'2022-09-13 16:55:43','2022-09-13 16:55:43','service_more',0,7),(1182,449,454,'2022-11-30 16:56:29','2022-11-30 16:56:29','service_more',0,7),(1183,450,453,'2022-11-30 16:56:30','2022-11-30 16:56:30','service_more',0,7),(1184,451,458,'2023-03-09 14:18:41','2023-03-09 14:18:41','service_more',0,7),(1185,454,460,'2023-03-09 14:18:44','2023-03-09 14:18:44','service_more',0,7),(1186,452,459,'2023-03-09 14:18:56','2023-03-09 14:18:56','service_more',0,7),(1187,453,461,'2023-03-09 14:18:58','2023-03-09 14:18:58','service_more',0,7),(1188,457,464,'2023-04-26 10:11:04','2023-04-26 10:11:04','service_more',0,7),(1189,456,463,'2023-04-26 10:11:07','2023-04-26 10:11:07','service_more',0,7),(1190,459,467,'2023-08-14 12:15:46','2023-08-14 12:15:46','service_more',0,7),(1191,458,466,'2023-08-14 12:15:47','2023-08-14 12:15:47','service_more',0,7),(1192,460,469,'2023-12-04 08:32:50','2023-12-04 08:32:50','service_more',0,7),(1193,461,470,'2023-12-04 08:32:51','2023-12-04 08:32:51','service_more',0,7),(1194,462,472,'2024-02-28 07:31:30','2024-02-28 07:31:30','service_more',0,7),(1195,463,473,'2024-02-28 07:31:32','2024-02-28 07:31:32','service_more',0,7);

--
-- Table structure for table `ds_location`
--

CREATE TABLE `ds_location` (
  `id` int(10) unsigned NOT NULL AUTO_INCREMENT,
  `created` datetime NOT NULL,
  `updated` datetime NOT NULL,
  `updatedBy` varchar(255) DEFAULT NULL,
  `name` varchar(255) NOT NULL,
  `address` varchar(255) NOT NULL,
  `zip` varchar(255) NOT NULL,
  `city` varchar(255) NOT NULL,
  `country` varchar(255) NOT NULL,
  `phone` varchar(255) NOT NULL,
  `mandate_id` int(10) unsigned DEFAULT NULL,
  PRIMARY KEY (`id`),
  KEY `IDX_A3B2C86C1129CD` (`mandate_id`),
  CONSTRAINT `FK_A3B2C86C1129CD` FOREIGN KEY (`mandate_id`) REFERENCES `sys_mandate` (`id`)
) ENGINE=InnoDB AUTO_INCREMENT=160 DEFAULT CHARSET=utf8mb3 COLLATE=utf8mb3_unicode_ci;

--
-- Dumping data for table `ds_location`
--

INSERT INTO `ds_location` VALUES (14,'2015-08-12 13:37:02','2016-08-19 19:17:46','admin','Standort Jumptomorrow','Schottenfeldgasse 60/33L','1070','Wien','','0043 1 524 84 24',1),(35,'2016-08-11 19:42:24','2018-03-04 14:36:41','c.haas','93 Liesing','Liesinger Platz','1230','Wien','','',1),(36,'2016-08-19 15:46:03','2018-03-04 14:36:29','c.haas','63 Hietzing','','','','','',1),(37,'2016-09-20 17:30:21','2016-09-22 15:11:01','adminJT','Radatz','','','','','',2),(38,'2017-03-17 16:17:13','2018-03-04 14:37:07','c.haas','24 Schottengasse','Schottengasse 3a','1010','Wien','','+43 1 533 81 63',1),(39,'2017-03-29 09:18:41','2017-03-29 09:18:41','admin','Standort Zentrale','Erlaaer Str. 187','1230','Wien','','+43 1 66 110 0',1),(40,'2017-04-21 17:24:56','2017-04-21 17:24:56','admin_ep','ElectronicPartner Zentrale','Universitätsring 12/15','1010','Wien','','',3),(41,'2017-05-04 16:33:38','2017-05-04 16:33:38','admin_ep','Standort Jumptomorrow','','','','','',3),(42,'2017-05-11 10:39:50','2017-05-11 10:39:50','admin_jt','JT Office','Universitätsring 12/15','1010','Wien','','',4),(44,'2017-06-29 11:36:26','2018-03-04 14:36:59','c.haas','29 Rochusmarkt','Rochusmarkt 28-29','1030','Wien','','+43-1-713 81 28',1),(45,'2017-07-13 11:02:56','2018-03-04 14:37:20','c.haas','64 Währinger Straße','Währinger Straße 104','1180','Wien','','+43-1-478 24 69',1),(47,'2017-09-04 10:58:06','2018-03-04 14:36:48','c.haas','60 Neubaugasse','Neubaugasse 7','1070','Wien','','01 523 33 13',1),(48,'2017-09-11 11:36:02','2017-09-11 11:36:02','post','Post Lounge Rochusmarkt','','','','','',5),(49,'2017-09-11 12:06:08','2017-09-11 12:06:08','post','Post 4er Inst','','','','','',5),(56,'2018-06-19 11:42:21','2018-07-10 10:10:22','moemax','AT mömax Wien 22','Strasse 1','1234','Berlin','','123456789',6),(57,'2018-06-19 11:42:42','2018-07-10 10:10:48','moemax','AT mömax Ansfelden','Straasse 2','1010','Wien','','123456789',6),(58,'2018-07-05 12:40:33','2018-07-05 12:40:33','admin','99 Alt Erlaa','Kaufpark Alt Erlaa - Arena','1230','Wien','','+43-1-667 61 20',1),(59,'2018-07-05 12:41:33','2018-07-05 12:41:33','admin','28 Donau Zentrum','Donau Zentrum Arena Top 11','1220','Wien','','+43-1-203 57 91',1),(60,'2018-07-05 12:42:42','2018-07-05 12:42:42','admin','67 Josefstädter Straße','Josefstädter Straße 65','1080','Wien','','+43-1-409 22 43',1),(61,'2018-07-05 12:43:35','2018-07-05 12:43:35','admin','43 Viktor-Adler-Markt','Viktor Adler Markt 3-5','1100','Wien','','+43-1-603 53 06',1),(62,'2018-07-10 10:11:03','2018-07-10 10:11:03','moemax','AT mömax Graz','','','','','',6),(63,'2018-07-10 10:11:23','2018-07-10 10:11:23','moemax','AT mömax Vösendorf - SCS','','','','','',6),(64,'2018-07-10 10:11:41','2018-07-10 10:11:41','moemax','AT mömax Wr. Neustadt','','','','','',6),(65,'2018-07-10 10:11:59','2018-07-10 10:11:59','moemax','DE mömax Berlin','','','','','',6),(66,'2018-07-10 10:12:17','2018-07-10 10:12:17','moemax','DE mömax Baden Baden','','','','','',6),(67,'2018-07-10 10:12:29','2018-07-10 10:12:29','moemax','DE mömax Frankfurt','','','','','',6),(68,'2018-07-10 10:12:49','2018-07-10 10:12:49','moemax','DE mömax München','','','','','',6),(69,'2018-07-10 10:13:05','2018-07-10 10:13:05','moemax','DE mömax Würzburg','','','','','',6),(70,'2018-07-10 10:14:09','2018-07-10 10:14:09','moemax','SI mömax Ljubljana','','','','','',6),(71,'2018-07-10 10:14:32','2018-07-10 10:14:32','moemax','SI mömax Maribor','','','','','',6),(72,'2018-07-10 10:14:48','2018-07-10 10:14:48','moemax','SI mömax Kranj','','','','','',6),(73,'2018-07-10 10:15:03','2018-07-10 10:15:03','moemax','SI mömax Vrtojba','','','','','',6),(74,'2018-11-22 10:09:18','2020-03-18 10:03:23','service_more','Testumgebung','','','','','',7),(75,'2019-03-14 16:14:11','2019-03-14 16:14:11','admin','98 Südstadt','SÜDSTADT - ZENTRUM 1/15','2344','MARIA ENZERSDORF','','+43-2236-480 68',1),(77,'2019-04-24 09:36:13','2020-03-18 10:03:10','service_more','Möbel Maier','','','','','',7),(78,'2019-04-24 09:36:37','2020-03-18 10:01:04','service_more','Gaster','','','','','',7),(79,'2019-04-24 09:36:57','2020-03-18 10:00:23','service_more','Farbe & Wohnen Müllner','','','','','',7),(80,'2019-04-24 10:18:34','2019-04-24 18:07:34','admin','46 Simmering','Simmeringer Hauptstraße 96A','1110','Wien','','+43-1-66 110-200',1),(81,'2019-05-20 17:07:32','2020-03-18 10:00:17','service_more','Haider Wohnen','','','','','',7),(82,'2019-05-22 09:19:54','2020-03-18 10:03:05','service_more','Wohnquartier','','','','','',7),(83,'2019-05-22 09:20:45','2020-03-18 10:02:01','service_more','Phillip & Kurt Manufaktur','','','','','',7),(84,'2019-05-22 09:21:14','2020-03-18 10:00:39','service_more','Fox Holz','','','','','',7),(85,'2019-06-11 10:35:38','2020-03-18 10:02:36','service_more','Möbel Fellner','','','','','',7),(86,'2019-06-11 10:36:34','2020-03-18 10:00:04','service_more','Aufschnaiter','','','','','',7),(87,'2019-06-11 10:36:52','2020-03-18 10:02:55','service_more','See & Maschik','','','','','',7),(88,'2019-06-11 10:37:11','2020-03-18 09:58:53','service_more','Aichner','','','','','',7),(89,'2019-06-12 11:20:58','2020-03-18 09:59:00','service_more','Akquisepartner','','','','','',7),(90,'2019-08-19 11:12:46','2019-08-19 11:12:46','admin','62 Auhof','','','','','',1),(91,'2019-08-22 14:41:30','2020-03-18 10:02:10','service_more','Küchen & Wohnstudio Schwaiger','','','','','',7),(92,'2019-08-22 14:58:08','2020-03-18 10:01:36','service_more','K&B Unterlerchner','','','','','',7),(94,'2019-08-23 10:46:28','2020-03-18 10:03:00','service_more','Wohnraum Eder','','','','','',7),(95,'2019-08-23 11:03:13','2020-03-18 09:59:06','service_more','Akquisepartner 2','','','','','',7),(96,'2019-08-23 11:17:22','2020-03-18 10:02:19','service_more','Wimmer Wohnen','','','','','',7),(97,'2019-08-26 10:29:28','2020-03-18 10:03:16','service_more','Raumgestaltung Widy','','','','','',7),(98,'2019-08-26 14:20:15','2020-03-18 10:01:56','service_more','Küchenzentrum Steffl','','','','','',7),(99,'2019-08-26 14:33:05','2020-03-18 10:03:36','service_more','Wohndesign Maierhofer','','','','','',7),(100,'2019-08-27 10:11:08','2020-03-18 10:01:20','service_more','Georg Mayerhofer','','','','','',7),(101,'2019-08-27 10:23:12','2020-03-18 10:01:47','service_more','Winter - die Einrichtung','','','','','',7),(102,'2019-08-27 10:36:12','2020-03-18 10:00:45','service_more','Johann Glanz Raumdesigner','','','','','',7),(103,'2019-08-27 10:50:47','2020-03-18 10:01:14','service_more','Kreibich Malerwerkstatt','','','','','',7),(106,'2019-10-16 10:52:42','2020-03-18 10:02:23','service_more','Möbel Zimmermann','','','','','',7),(107,'2019-10-16 11:12:50','2020-03-18 10:00:11','service_more','Burtscher Böden','','','','','',7),(108,'2019-10-16 11:47:26','2020-03-18 10:01:51','service_more','Resch Home','','','','','',7),(109,'2019-10-16 12:00:43','2020-03-18 10:02:42','service_more','Möbel Handl','','','','','',7),(110,'2019-10-16 12:09:52','2020-03-18 10:00:30','service_more','Designstudio Wolfgang Nowak','','','','','',7),(111,'2019-10-16 12:18:42','2020-03-18 10:02:15','service_more','Oberrauter','','','','','',7),(112,'2019-10-16 12:31:09','2020-03-18 09:59:51','service_more','Anton Meyer Raumausstattung','','','','','',7),(113,'2019-10-16 12:40:55','2020-03-18 10:00:59','service_more','Groiss Wohnkultur','','','','','',7),(114,'2019-10-21 11:36:20','2020-03-18 10:02:06','service_more','Möbel Laimer','','','','','',7),(115,'2019-10-21 11:43:45','2020-03-18 10:01:09','service_more','Mazenreiter','','','','','',7),(116,'2019-10-21 11:49:24','2020-03-18 10:02:48','service_more','Spätauf','','','','','',7),(117,'2019-10-21 11:53:29','2020-03-18 10:01:29','service_more','Hannerer','','','','','',7),(118,'2019-10-21 15:04:16','2020-03-18 09:58:46','service_more','Ablinger','','','','','',7),(119,'2019-10-21 15:08:42','2020-03-18 10:02:30','service_more','Landrichtinger','','','','','',7),(120,'2019-10-21 15:13:05','2020-03-18 09:59:58','service_more','Assl Möbel','','','','','',7),(121,'2019-10-21 15:18:24','2020-03-18 10:01:42','service_more','MF-Böden','','','','','',7),(122,'2020-02-05 14:45:06','2020-02-05 14:45:31','service_more','dasmöbelhaus Huber','','','','','',7),(123,'2020-02-05 14:45:24','2020-02-05 14:45:24','service_more','Gerhard Ilg Raumgestaltung','','','','','',7),(124,'2020-02-05 14:45:40','2020-02-05 14:45:40','service_more','Drack Maler und Bodenleger','','','','','',7),(125,'2020-02-05 14:45:50','2020-02-05 14:45:50','service_more','Schild GmbH & Co. KG','','','','','',7),(126,'2020-02-05 14:46:08','2020-02-05 14:46:08','service_more','Schmidt Raumausstattung','','','','','',7),(127,'2020-02-05 14:46:19','2020-02-05 14:54:06','service_more','Berger Markus Tapezierer und Raumausstatter','','','','','',7),(128,'2020-02-05 14:46:31','2020-02-05 14:53:33','service_more','Fetz Karl','','','','','',7),(129,'2020-02-05 14:46:40','2020-02-05 14:52:03','service_more','Leopold Stranzl GmbH','','','','','',7),(130,'2020-02-05 14:46:48','2020-02-05 14:53:10','service_more','Prix & Rak','','','','','',7),(131,'2020-02-05 14:46:58','2020-02-05 14:53:38','service_more','Erich Brunner','','','','','',7),(132,'2020-02-05 14:47:05','2020-02-05 14:47:05','service_more','MATUTEX GmbH','','','','','',7),(133,'2020-03-18 10:03:59','2020-03-18 10:03:59','service_more','Josef Schmidt Raumausstattung Linz','','','','','',7),(134,'2020-04-10 10:38:31','2020-04-10 10:38:31','service_more','Trixl GmbH & Co. KG Einrichtung Tischlerei Innenarchitektur','','','','','',7),(135,'2020-10-02 10:14:06','2020-10-02 10:14:06','service_more','Kirchschlager','','','','','',7),(136,'2020-11-04 09:49:08','2020-11-04 09:49:08','service_more','S&M - mayrhofer küche&wohnen','','','','','',7),(137,'2020-12-11 08:31:45','2020-12-11 08:31:45','service_more','Herbert Moser GmbH Maler u. Raumausstatter','','','','','',7),(138,'2020-12-11 08:31:58','2020-12-11 08:31:58','service_more','Griesbacher GmbH','','','','','',7),(139,'2021-02-12 12:11:49','2021-02-12 12:11:49','service_more','Aster','','','','','',7),(140,'2021-03-03 09:08:37','2021-03-03 09:08:45','service_more','01 Test JT','','','','','',7),(141,'2021-03-10 12:25:09','2021-03-10 12:25:09','service_more','Wohnideen Hueter eU','','','','','',7),(142,'2021-03-17 13:43:11','2021-03-17 13:43:11','service_more','Impex','','','','','',7),(143,'2021-05-04 08:27:35','2021-05-04 08:27:35','service_more','Egger Raumdesign','','','','','',7),(144,'2021-05-04 08:34:02','2021-05-04 08:34:02','service_more','Schwab Walcher','','','','','',7),(145,'2021-07-21 13:01:05','2021-07-21 13:01:05','service_more','Möbelhaus Karner','','','','','',7),(146,'2021-10-25 11:09:14','2021-10-25 11:09:14','service_more','Winkler Raumausstattung','','','','','',7),(147,'2022-04-27 09:57:11','2022-04-27 09:57:11','service_more','Laforma - Werinos','','','','','',7),(148,'2022-05-17 10:51:30','2022-05-17 10:51:30','service_more','Zieger','','','','','',7),(149,'2022-05-27 09:08:05','2022-05-27 09:08:05','service_more','S-Wohndesign GmbH Schneiderbauer','','','','','',7),(150,'2022-06-23 11:41:09','2022-06-23 11:41:09','service_more','egger EINRICHTEN GmbH','','','','','',7),(151,'2022-06-23 14:42:51','2022-06-23 14:42:51','service_more','Aigner Wohnkonzepte','','','','','',7),(152,'2022-09-13 16:52:13','2022-09-13 16:52:13','service_more','Tikal GmbH & Co KG','','','','','',7),(153,'2022-11-30 16:54:38','2022-11-30 16:54:38','service_more','Möbel Freudling','','','','','',7),(154,'2023-03-09 14:08:19','2023-03-09 14:08:19','service_more','Christian Streller GmbH','','','','','',7),(155,'2023-03-09 14:08:39','2023-03-09 14:08:39','service_more','Tischlerei Bauer GmbH','','','','','',7),(156,'2023-04-26 10:08:40','2023-04-26 10:08:40','service_more','Maislinger GmbH','','','','','',7),(157,'2023-08-14 12:13:42','2023-08-14 12:13:42','service_more','GUPFINGER Einrichtungsstudio','','','','','',7),(158,'2023-12-04 08:30:39','2023-12-04 08:30:39','service_more','ZÜTTL','','','','','',7),(159,'2024-02-28 07:30:00','2024-02-28 07:30:00','service_more','LEO WOHNARCHITEKTUR','','','','','',7);

--
-- Table structure for table `ds_player`
--

CREATE TABLE `ds_player` (
  `id` int(11) NOT NULL AUTO_INCREMENT,
  `retailer_id` int(11) DEFAULT NULL,
  `box_id` int(11) DEFAULT NULL,
  `created` datetime NOT NULL,
  `updated` datetime NOT NULL,
  `updatedBy` varchar(255) DEFAULT NULL,
  `name` varchar(255) NOT NULL,
  `enabled` tinyint(1) NOT NULL,
  `activationDate` datetime DEFAULT NULL,
  `registrationDate` datetime DEFAULT NULL,
  `onlineDate` datetime DEFAULT NULL,
  `liveDate` datetime DEFAULT NULL,
  `contentChangeDate` datetime DEFAULT NULL,
  `restartTime` varchar(255) NOT NULL DEFAULT '00:00',
  `restartEnabled` tinyint(1) NOT NULL DEFAULT 1,
  `downloadEnabled` tinyint(1) NOT NULL DEFAULT 1,
  `downloadPriority` tinyint(1) NOT NULL DEFAULT 0,
  `systemState` smallint(6) NOT NULL DEFAULT 0,
  `contentState` smallint(6) NOT NULL DEFAULT 0,
  `contentMissing` int(11) NOT NULL DEFAULT 0,
  `lastDownload` datetime DEFAULT NULL,
  `timeoutDate` datetime DEFAULT NULL,
  `jobEnabled` tinyint(1) NOT NULL DEFAULT 1,
  `data` longtext DEFAULT NULL COMMENT '(DC2Type:array)',
  `description` longtext DEFAULT NULL,
  `location_id` int(10) unsigned NOT NULL,
  `mandate_id` int(10) unsigned DEFAULT NULL,
  PRIMARY KEY (`id`),
  UNIQUE KEY `UNIQ_391F10ED5E237E06` (`name`),
  UNIQUE KEY `UNIQ_391F10EDD8177B3F` (`box_id`),
  KEY `IDX_391F10ED23F5ED09` (`retailer_id`),
  KEY `IDX_391F10ED64D218E` (`location_id`),
  KEY `IDX_391F10ED6C1129CD` (`mandate_id`),
  CONSTRAINT `FK_391F10ED23F5ED09` FOREIGN KEY (`retailer_id`) REFERENCES `ds_retailer` (`id`) ON DELETE SET NULL,
  CONSTRAINT `FK_391F10ED64D218E` FOREIGN KEY (`location_id`) REFERENCES `ds_location` (`id`),
  CONSTRAINT `FK_391F10ED6C1129CD` FOREIGN KEY (`mandate_id`) REFERENCES `sys_mandate` (`id`),
  CONSTRAINT `FK_391F10EDD8177B3F` FOREIGN KEY (`box_id`) REFERENCES `ds_box` (`id`) ON DELETE SET NULL
) ENGINE=InnoDB AUTO_INCREMENT=297 DEFAULT CHARSET=utf8mb3 COLLATE=utf8mb3_unicode_ci;

--
-- Dumping data for table `ds_player`
--

INSERT INTO `ds_player` VALUES (4,1,9,'2016-08-11 19:43:34','2019-10-17 09:29:58','admin','Player Liesing Imbiss',1,NULL,NULL,NULL,'2019-10-17 09:29:58',NULL,'4:00',1,1,1,0,1,0,'2019-10-17 09:29:58',NULL,1,'s:988:\"2019-10-17 05:00:54 - [Player] Starting player with box nr: G17F00280\n2019-10-17 05:00:54 - [Player] System-Settings: {\r\n	\"computername\" : \"RADJTC001\",\r\n	\"ipaddress\" : [],\r\n	\"teamviewer\" : \"1211261801\",\r\n	\"serial\" : \"To be filled by O.E.M.\",\r\n	\"model\" : \"Shuttle Inc. - DH170\",\r\n	\"region\" : \"�sterreich\",\r\n	\"geo\" : \"14\",\r\n	\"location\" : \"de-AT\",\r\n	\"country\" : \"43\",\r\n	\"language\" : \"DEA\",\r\n	\"currency\" : \"?\"\r\n}\r\n\n2019-10-17 05:01:07 - [Player] Checking media files (18)\n2019-10-17 05:01:08 - [Layer] Init complete [Screen 1 links] (x:0, y:0, width:1920, height:1080)\n2019-10-17 05:01:08 - [Layer] Init complete [Screen 2 mitte] (x:1920, y:0, width:1920, height:1080)\n2019-10-17 05:01:08 - [Layer] Init complete [Screen 3 rechts] (x:3840, y:0, width:1920, height:1080)\n2019-10-17 05:01:09 - [Player] Init complete (version=1.2.9)\n2019-10-17 07:33:58 - [Player] Checking media files (18)\n2019-10-17 07:33:59 - [Spotplayer] Update detected\n2019-10-17 07:33:59 - [Spotplayer] Update detected\n\";',NULL,35,1),(5,1,10,'2016-08-11 19:44:47','2019-10-17 09:30:27','admin','Player Liesing Feinkost',1,NULL,NULL,NULL,'2019-10-17 09:30:27',NULL,'4:00',1,1,1,0,1,0,'2019-10-17 09:29:55',NULL,1,'s:886:\"2019-10-17 05:00:54 - [Player] Starting player with box nr: G17F00234\n2019-10-17 05:00:54 - [Player] System-Settings: {\r\n	\"computername\" : \"RADJTC002\",\r\n	\"ipaddress\" : [],\r\n	\"teamviewer\" : \"1001847486\",\r\n	\"serial\" : \"To be filled by O.E.M.\",\r\n	\"model\" : \"Shuttle Inc. - DH170\",\r\n	\"region\" : \"�sterreich\",\r\n	\"geo\" : \"14\",\r\n	\"location\" : \"de-AT\",\r\n	\"country\" : \"43\",\r\n	\"language\" : \"DEA\",\r\n	\"currency\" : \"?\"\r\n}\r\n\n2019-10-17 05:01:03 - [Player] Checking media files (13)\n2019-10-17 05:01:04 - [Layer] Init complete [Screen 4 links] (x:0, y:0, width:1920, height:1080)\n2019-10-17 05:01:04 - [Layer] Init complete [Screen 5 mitte] (x:1920, y:0, width:1920, height:1080)\n2019-10-17 05:01:04 - [Layer] Init complete [Screen 6 rechts] (x:3840, y:0, width:1920, height:1080)\n2019-10-17 05:01:05 - [Player] Init complete (version=1.2.9)\n2019-10-17 07:33:55 - [Player] Checking media files (13)\n\";',NULL,35,1),(6,1,11,'2016-08-11 19:45:05','2019-10-17 09:29:59','admin','Player Liesing Fleisch',1,NULL,NULL,NULL,'2019-10-17 09:29:59',NULL,'4:00',1,1,1,0,1,0,'2019-10-17 09:29:59',NULL,1,'s:786:\"2019-10-17 05:00:54 - [Player] Starting player with box nr: G17F00181\n2019-10-17 05:00:54 - [Player] System-Settings: {\r\n	\"computername\" : \"RADJTC003\",\r\n	\"ipaddress\" : [],\r\n	\"teamviewer\" : \"1219746326\",\r\n	\"serial\" : \"To be filled by O.E.M.\",\r\n	\"model\" : \"Shuttle Inc. - DH170\",\r\n	\"region\" : \"�sterreich\",\r\n	\"geo\" : \"14\",\r\n	\"location\" : \"de-AT\",\r\n	\"country\" : \"43\",\r\n	\"language\" : \"DEA\",\r\n	\"currency\" : \"?\"\r\n}\r\n\n2019-10-17 05:01:06 - [Player] Checking media files (11)\n2019-10-17 05:01:07 - [Layer] Init complete [Screen 7 links] (x:0, y:0, width:1920, height:1080)\n2019-10-17 05:01:07 - [Layer] Init complete [Screen 8 rechts] (x:1920, y:0, width:1920, height:1080)\n2019-10-17 05:01:07 - [Player] Init complete (version=1.2.9)\n2019-10-17 07:34:04 - [Player] Checking media files (11)\n\";',NULL,35,1),(8,33,16,'2016-08-19 18:49:46','2019-10-17 09:29:56','admin','Player Hietzing Imbiss',1,NULL,NULL,NULL,'2019-10-17 09:29:56',NULL,'04:00',1,1,1,0,1,0,'2019-10-17 09:29:54',NULL,1,'s:822:\"2019-10-17 05:00:53 - [Player] Starting player with box nr: G17F00226\n2019-10-17 05:00:53 - [Player] System-Settings: {\r\n	\"computername\" : \"RADJTC004\",\r\n	\"ipaddress\" : [],\r\n	\"teamviewer\" : \"987869111\",\r\n	\"serial\" : \"To be filled by O.E.M.\",\r\n	\"model\" : \"Shuttle Inc. - DH170\",\r\n	\"region\" : \"�sterreich\",\r\n	\"geo\" : \"14\",\r\n	\"location\" : \"de-AT\",\r\n	\"country\" : \"43\",\r\n	\"language\" : \"DEA\",\r\n	\"currency\" : \"?\"\r\n}\r\n\n2019-10-17 05:01:02 - [Player] Checking media files (18)\n2019-10-17 05:01:02 - [Layer] Init complete [screen links] (x:0, y:0, width:1920, height:1080)\n2019-10-17 05:01:02 - [Layer] Init complete [screen mitte] (x:1920, y:0, width:1920, height:1080)\n2019-10-17 05:01:02 - [Layer] Init complete [screen rechts] (x:3840, y:0, width:1920, height:1080)\n2019-10-17 05:01:03 - [Player] Init complete (version=1.2.9)\n\";',NULL,36,1),(9,33,17,'2016-08-22 10:36:48','2019-10-17 09:30:02','admin','Player Hietzing Fleisch',1,NULL,NULL,NULL,'2019-10-17 09:30:00',NULL,'04:00',1,1,1,0,1,0,'2019-10-17 09:30:00',NULL,1,'s:823:\"2019-10-17 05:00:54 - [Player] Starting player with box nr: G17F00279\n2019-10-17 05:00:54 - [Player] System-Settings: {\r\n	\"computername\" : \"RADJTC005\",\r\n	\"ipaddress\" : [],\r\n	\"teamviewer\" : \"1230780727\",\r\n	\"serial\" : \"To be filled by O.E.M.\",\r\n	\"model\" : \"Shuttle Inc. - DH170\",\r\n	\"region\" : \"�sterreich\",\r\n	\"geo\" : \"14\",\r\n	\"location\" : \"de-AT\",\r\n	\"country\" : \"43\",\r\n	\"language\" : \"DEA\",\r\n	\"currency\" : \"?\"\r\n}\r\n\n2019-10-17 05:01:06 - [Player] Checking media files (11)\n2019-10-17 05:01:07 - [Layer] Init complete [Screen Links] (x:0, y:0, width:1920, height:1080)\n2019-10-17 05:01:07 - [Layer] Init complete [Screen Mitte] (x:1920, y:0, width:1920, height:1080)\n2019-10-17 05:01:07 - [Layer] Init complete [Screen Rechts] (x:3840, y:0, width:1920, height:1080)\n2019-10-17 05:01:07 - [Player] Init complete (version=1.2.9)\n\";',NULL,36,1),(10,33,18,'2016-08-22 10:37:14','2019-10-17 09:30:01','admin','Player Hietzing Feinkost 1',1,NULL,NULL,NULL,'2019-10-17 09:29:59',NULL,'04:00',1,1,1,0,1,0,'2019-10-17 09:30:00',NULL,1,'s:723:\"2019-10-17 05:00:55 - [Player] Starting player with box nr: G17F00330\n2019-10-17 05:00:55 - [Player] System-Settings: {\r\n	\"computername\" : \"RADJTC006\",\r\n	\"ipaddress\" : [],\r\n	\"teamviewer\" : \"999053043\",\r\n	\"serial\" : \"To be filled by O.E.M.\",\r\n	\"model\" : \"Shuttle Inc. - DH170\",\r\n	\"region\" : \"�sterreich\",\r\n	\"geo\" : \"14\",\r\n	\"location\" : \"de-AT\",\r\n	\"country\" : \"43\",\r\n	\"language\" : \"DEA\",\r\n	\"currency\" : \"?\"\r\n}\r\n\n2019-10-17 05:01:09 - [Player] Checking media files (9)\n2019-10-17 05:01:10 - [Layer] Init complete [Screen links] (x:0, y:0, width:1920, height:1080)\n2019-10-17 05:01:10 - [Layer] Init complete [Screen rechts] (x:1920, y:0, width:1920, height:1080)\n2019-10-17 05:01:11 - [Player] Init complete (version=1.2.9)\n\";',NULL,36,1),(11,33,21,'2016-08-22 10:37:42','2019-10-17 09:30:05','admin','Player Hietzing Familienwand groß',1,NULL,NULL,NULL,'2019-10-17 09:30:00',NULL,'04:00',1,1,1,0,1,0,'2019-10-17 09:30:01',NULL,1,'s:842:\"2019-10-17 05:00:56 - [Player] Starting player with box nr: G17F00233\n2019-10-17 05:00:56 - [Player] System-Settings: {\r\n	\"computername\" : \"RADJTC009\",\r\n	\"ipaddress\" : [\"10.0.63.115\"],\r\n	\"teamviewer\" : \"1002677864\",\r\n	\"serial\" : \"To be filled by O.E.M.\",\r\n	\"model\" : \"Shuttle Inc. - DH170\",\r\n	\"region\" : \"�sterreich\",\r\n	\"geo\" : \"14\",\r\n	\"location\" : \"de-AT\",\r\n	\"country\" : \"43\",\r\n	\"language\" : \"DEA\",\r\n	\"currency\" : \"?\"\r\n}\r\n\n2019-10-17 05:01:04 - [Player] Checking media files (10)\n2019-10-17 05:01:05 - [Layer] Init complete [Screen 1 quer] (x:0, y:0, width:1920, height:1080)\n2019-10-17 05:01:05 - [Layer] Init complete [Screen 2 quer] (x:1920, y:0, width:1920, height:1080)\n2019-10-17 05:01:05 - [Layer] Init complete [Screen 3 hoch] (x:3840, y:0, width:1075.2, height:1922.4)\n2019-10-17 05:01:05 - [Player] Init complete (version=1.2.9)\n\";',NULL,36,1),(12,33,20,'2016-08-22 10:37:55','2019-10-17 09:29:56','admin','Player Hietzing Familienwand klein',1,NULL,NULL,NULL,'2019-10-17 09:29:56',NULL,'04:00',1,1,1,0,1,0,'2019-10-17 09:29:55',NULL,1,'s:806:\"2019-10-17 05:00:54 - [Player] Starting player with box nr: G17F00068\n2019-10-17 05:00:54 - [Player] System-Settings: {\r\n	\"computername\" : \"RADJTC008\",\r\n	\"ipaddress\" : [],\r\n	\"teamviewer\" : \"1007700724\",\r\n	\"serial\" : \"To be filled by O.E.M.\",\r\n	\"model\" : \"Shuttle Inc. - DH170\",\r\n	\"region\" : \"�sterreich\",\r\n	\"geo\" : \"14\",\r\n	\"location\" : \"de-AT\",\r\n	\"country\" : \"43\",\r\n	\"language\" : \"DEA\",\r\n	\"currency\" : \"?\"\r\n}\r\n\n2019-10-17 05:01:00 - [Player] Checking media files (7)\n2019-10-17 05:01:01 - [Layer] Init complete [Screen 1] (x:0, y:0, width:1280, height:720)\n2019-10-17 05:01:01 - [Layer] Init complete [Screen 2] (x:1280, y:0, width:1280, height:720)\n2019-10-17 05:01:01 - [Layer] Init complete [Screen 3] (x:2560, y:0, width:1280, height:720)\n2019-10-17 05:01:01 - [Player] Init complete (version=1.2.9)\n\";',NULL,36,1),(13,33,19,'2016-08-22 11:27:57','2019-10-17 09:30:17','admin','Player Hietzing Feinkost 2',1,NULL,NULL,NULL,'2019-10-17 09:30:02',NULL,'04:00',1,1,1,0,1,0,'2019-10-17 09:30:03',NULL,1,'s:736:\"2019-10-17 05:00:56 - [Player] Starting player with box nr: G17F00153\n2019-10-17 05:00:56 - [Player] System-Settings: {\r\n	\"computername\" : \"RADJTC007\",\r\n	\"ipaddress\" : [\"10.0.63.113\"],\r\n	\"teamviewer\" : \"980897644\",\r\n	\"serial\" : \"To be filled by O.E.M.\",\r\n	\"model\" : \"Shuttle Inc. - DH170\",\r\n	\"region\" : \"�sterreich\",\r\n	\"geo\" : \"14\",\r\n	\"location\" : \"de-AT\",\r\n	\"country\" : \"43\",\r\n	\"language\" : \"DEA\",\r\n	\"currency\" : \"?\"\r\n}\r\n\n2019-10-17 05:01:05 - [Player] Checking media files (9)\n2019-10-17 05:01:05 - [Layer] Init complete [Screen links] (x:0, y:0, width:1920, height:1080)\n2019-10-17 05:01:05 - [Layer] Init complete [Screen rechts] (x:1920, y:0, width:1920, height:1080)\n2019-10-17 05:01:06 - [Player] Init complete (version=1.2.9)\n\";',NULL,36,1),(16,37,27,'2017-03-17 16:18:04','2019-10-17 09:30:21','admin','Player Schottengasse Imbiss 1',1,NULL,NULL,NULL,'2019-10-17 09:30:06',NULL,'05:00',1,1,0,0,1,0,'2019-10-17 09:30:18',NULL,1,'s:743:\"2019-10-17 05:00:33 - [Player] Starting player with box nr: G49F00234\n2019-10-17 05:00:33 - [Player] System-Settings: {\r\n	\"computername\" : \"DESKTOP-QK83UUA\",\r\n	\"ipaddress\" : [\"10.0.24.105\"],\r\n	\"teamviewer\" : \"788176052\",\r\n	\"serial\" : \"To be filled by O.E.M.\",\r\n	\"model\" : \"Shuttle Inc. - DH170\",\r\n	\"region\" : \"�sterreich\",\r\n	\"geo\" : \"14\",\r\n	\"location\" : \"de-AT\",\r\n	\"country\" : \"43\",\r\n	\"language\" : \"DEA\",\r\n	\"currency\" : \"?\"\r\n}\r\n\n2019-10-17 05:00:42 - [Player] Checking media files (15)\n2019-10-17 05:00:42 - [Layer] Init complete [screen links] (x:0, y:0, width:1920, height:1080)\n2019-10-17 05:00:42 - [Layer] Init complete [screen rechts] (x:1920, y:0, width:1920, height:1080)\n2019-10-17 05:00:43 - [Player] Init complete (version=1.2.9)\n\";',NULL,38,1),(17,37,28,'2017-03-21 15:43:15','2019-10-17 09:30:19','admin','Player Schottengasse Imbiss 2',1,NULL,NULL,NULL,'2019-10-17 09:30:12',NULL,'05:00',1,1,0,0,1,0,'2019-10-17 09:30:17',NULL,1,'s:743:\"2019-10-17 05:00:32 - [Player] Starting player with box nr: G49F00230\n2019-10-17 05:00:32 - [Player] System-Settings: {\r\n	\"computername\" : \"DESKTOP-UPUETUE\",\r\n	\"ipaddress\" : [\"10.0.24.106\"],\r\n	\"teamviewer\" : \"802687493\",\r\n	\"serial\" : \"To be filled by O.E.M.\",\r\n	\"model\" : \"Shuttle Inc. - DH170\",\r\n	\"region\" : \"�sterreich\",\r\n	\"geo\" : \"14\",\r\n	\"location\" : \"de-AT\",\r\n	\"country\" : \"43\",\r\n	\"language\" : \"DEA\",\r\n	\"currency\" : \"?\"\r\n}\r\n\n2019-10-17 05:00:40 - [Player] Checking media files (13)\n2019-10-17 05:00:40 - [Layer] Init complete [screen links] (x:0, y:0, width:1920, height:1080)\n2019-10-17 05:00:40 - [Layer] Init complete [screen rechts] (x:1920, y:0, width:1920, height:1080)\n2019-10-17 05:00:41 - [Player] Init complete (version=1.2.9)\n\";',NULL,38,1),(18,37,29,'2017-03-21 15:43:30','2019-10-17 09:30:28','admin','Player Schottengasse Feinkost',1,NULL,NULL,NULL,'2019-10-17 09:30:07',NULL,'05:00',1,1,0,0,1,0,'2019-10-17 09:30:07',NULL,1,'s:742:\"2019-10-17 05:00:34 - [Player] Starting player with box nr: G49F00231\n2019-10-17 05:00:34 - [Player] System-Settings: {\r\n	\"computername\" : \"DESKTOP-VK8M7M4\",\r\n	\"ipaddress\" : [\"10.0.24.107\"],\r\n	\"teamviewer\" : \"802804337\",\r\n	\"serial\" : \"To be filled by O.E.M.\",\r\n	\"model\" : \"Shuttle Inc. - DH170\",\r\n	\"region\" : \"�sterreich\",\r\n	\"geo\" : \"14\",\r\n	\"location\" : \"de-AT\",\r\n	\"country\" : \"43\",\r\n	\"language\" : \"DEA\",\r\n	\"currency\" : \"?\"\r\n}\r\n\n2019-10-17 05:00:42 - [Player] Checking media files (9)\n2019-10-17 05:00:43 - [Layer] Init complete [screen links] (x:0, y:0, width:1920, height:1080)\n2019-10-17 05:00:43 - [Layer] Init complete [screen rechts] (x:1920, y:0, width:1920, height:1080)\n2019-10-17 05:00:43 - [Player] Init complete (version=1.2.9)\n\";',NULL,38,1),(19,37,30,'2017-03-21 15:43:43','2019-10-17 09:30:28','admin','Player Schottengasse Fleisch',1,NULL,NULL,NULL,'2019-10-17 09:30:10',NULL,'05:00',1,1,0,0,1,0,'2019-10-17 09:30:11',NULL,1,'s:841:\"2019-10-17 05:00:36 - [Player] Starting player with box nr: G49F00229\n2019-10-17 05:00:36 - [Player] System-Settings: {\r\n	\"computername\" : \"DESKTOP-SRPR5Q9\",\r\n	\"ipaddress\" : [\"10.0.24.108\"],\r\n	\"teamviewer\" : \"803025698\",\r\n	\"serial\" : \"To be filled by O.E.M.\",\r\n	\"model\" : \"Shuttle Inc. - DH170\",\r\n	\"region\" : \"�sterreich\",\r\n	\"geo\" : \"14\",\r\n	\"location\" : \"de-AT\",\r\n	\"country\" : \"43\",\r\n	\"language\" : \"DEA\",\r\n	\"currency\" : \"?\"\r\n}\r\n\n2019-10-17 05:00:41 - [Player] Checking media files (11)\n2019-10-17 05:00:42 - [Layer] Init complete [screen links] (x:0, y:0, width:1920, height:1080)\n2019-10-17 05:00:42 - [Layer] Init complete [screen mitte] (x:1920, y:0, width:1920, height:1080)\n2019-10-17 05:00:42 - [Layer] Init complete [screen rechts] (x:3840, y:0, width:1920, height:1080)\n2019-10-17 05:00:42 - [Player] Init complete (version=1.2.9)\n\";',NULL,38,1),(20,37,33,'2017-03-29 09:19:16','2018-10-14 04:35:11','admin','Player Zentrale Familienwand',1,NULL,NULL,NULL,'2018-10-14 04:35:10',NULL,'03:00',1,1,0,0,1,0,'2018-10-14 04:35:07',NULL,1,'s:863:\"2018-10-13 09:44:35 - [Player] Starting player with box nr: G49F00224\n2018-10-13 09:44:38 - [Player] Checking media files (8)\n2018-10-13 09:44:38 - [Layer] Init complete [hoch links] (x:0, y:0, width:1080, height:1920)\n2018-10-13 09:44:38 - [Layer] Init complete [hoch mitte] (x:1080, y:0, width:1080, height:1920)\n2018-10-13 09:44:38 - [Layer] Init complete [hoch rechts] (x:2160, y:0, width:1080, height:1920)\n2018-10-13 09:44:38 - [Player] Init complete (version=1.1.16)\n2018-10-13 11:02:07 - [Player] Checking media files (8)\n2018-10-13 11:59:07 - [Player] Checking media files (8)\n2018-10-13 13:58:07 - [Player] Checking media files (8)\n2018-10-14 00:05:40 - [Player] Checking media files (8)\n2018-10-14 00:06:07 - [Player] Checking media files (8)\n2018-10-14 00:06:37 - [Player] Checking media files (8)\n2018-10-14 03:15:32 - [Player] Player closed by user\n\";',NULL,39,1),(22,38,48,'2017-05-04 16:33:57','2017-11-23 08:52:29','admin_ep','Testplayer',1,NULL,NULL,NULL,'2017-11-23 08:52:29',NULL,'00:00',1,1,0,0,0,0,'2017-08-10 08:57:03',NULL,1,'s:185:\"2017-08-10 08:57:18 - [Player] Starting player with box nr: JT-Test\n2017-08-10 08:57:18 - [Layer] Init complete [Layer 1] \n2017-08-10 08:57:18 - [Player] Init complete (version=1.1.16)\n\";',NULL,41,3),(29,39,39,'2017-05-11 10:48:14','2019-10-17 09:30:05','admin_jt','Empfang',1,NULL,NULL,NULL,'2019-10-17 09:30:04',NULL,'00:00',1,1,0,0,0,0,'2019-10-17 09:26:36',NULL,1,'s:286:\"2019-10-17 00:21:03 - [Player] Starting player with box nr: G12F00198_2\n2019-10-17 00:21:06 - [Player] Checking media files (2)\n2019-10-17 00:21:06 - [Layer] Init complete [Layer Empfang] (x:0, y:0, width:1080, height:3840)\n2019-10-17 00:21:07 - [Player] Init complete (version=1.1.16)\n\";',NULL,42,4),(30,39,NULL,'2017-05-11 10:48:47','2019-10-17 09:30:19','admin_jt','WC',1,NULL,NULL,NULL,'2019-10-17 09:30:19',NULL,'00:00',1,1,0,0,0,0,NULL,NULL,1,'N;',NULL,42,4),(32,NULL,NULL,'2017-05-29 14:11:52','2017-05-29 14:11:52','admin_ep','TestPlayer2',1,NULL,NULL,NULL,NULL,NULL,'00:00',1,1,0,0,0,0,NULL,NULL,1,'N;',NULL,41,3),(34,37,47,'2017-06-29 10:38:10','2019-10-17 09:30:05','admin','HTML Player Test JT',1,NULL,NULL,NULL,'2019-10-17 09:30:04',NULL,'03:00',1,1,0,0,1,0,'2019-10-17 09:30:04',NULL,1,'s:1552:\"2019-10-16 03:15:06 - [Player] Starting player with box nr: JT1234\n2019-10-16 03:15:06 - [Player] System-Settings: {\r\n	\"computername\" : \"DESKTOP-PDI8PQV\",\r\n	\"ipaddress\" : [\"10.11.11.52\"],\r\n	\"teamviewer\" : \"1008488060\",\r\n	\"serial\" : \"To be filled by O.E.M.\",\r\n	\"model\" : \"Shuttle Inc. - DH170\",\r\n	\"region\" : \"�sterreich\",\r\n	\"geo\" : \"14\",\r\n	\"location\" : \"de-AT\",\r\n	\"country\" : \"43\",\r\n	\"language\" : \"DEA\",\r\n	\"currency\" : \"?\"\r\n}\r\n\n2019-10-16 03:15:25 - [Layer] Init complete [screen 1] (x:0, y:0, width:1920, height:1080)\n2019-10-16 03:15:25 - [Layer] Init complete [screen 2] (x:1920, y:0, width:1920, height:1080)\n2019-10-16 03:15:25 - [Layer] Init complete [screen 3] (x:3840, y:0, width:1920, height:1080)\n2019-10-16 03:15:27 - [Player] Init complete (version=1.2.9)\n2019-10-16 13:05:53 - [Player] Checking media files (18)\n2019-10-16 13:05:54 - [Spotplayer] Update detected\n2019-10-16 13:05:54 - [Spotplayer] Update detected\n2019-10-16 13:05:54 - [Spotplayer] Update detected\n2019-10-16 13:05:54 - [Spotplayer] Update detected\n2019-10-16 13:45:57 - [Player] Checking media files (18)\n2019-10-16 13:45:57 - [Spotplayer] Update detected\n2019-10-16 13:45:57 - [Spotplayer] Update detected\n2019-10-16 13:45:57 - [Spotplayer] Update detected\n2019-10-16 13:45:57 - [Spotplayer] Update detected\n2019-10-17 00:05:27 - [Player] Checking media files (18)\n2019-10-17 00:05:28 - [Spotplayer] Update detected\n2019-10-17 00:05:28 - [Spotplayer] Update detected\n2019-10-17 00:05:28 - [Spotplayer] Update detected\n2019-10-17 00:05:28 - [Spotplayer] Update detected\n\";',NULL,14,1),(35,41,25,'2017-07-13 10:40:24','2019-10-17 09:30:04','admin','Player Rochusmarkt Imbiss',1,NULL,NULL,NULL,'2019-10-17 09:30:03',NULL,'04:00',1,1,0,0,0,0,'2019-10-17 09:30:03',NULL,1,'s:802:\"2019-10-17 04:00:30 - [Player] Starting player with box nr: G17F00073\n2019-10-17 04:00:30 - [Player] System-Settings: {\r\n	\"computername\" : \"RADJTC010\",\r\n	\"ipaddress\" : [],\r\n	\"teamviewer\" : \"1005815842\",\r\n	\"serial\" : \"To be filled by O.E.M.\",\r\n	\"model\" : \"Shuttle Inc. - DH170\",\r\n	\"region\" : \"�sterreich\",\r\n	\"geo\" : \"14\",\r\n	\"location\" : \"de-AT\",\r\n	\"country\" : \"43\",\r\n	\"language\" : \"DEA\",\r\n	\"currency\" : \"?\"\r\n}\r\n\n2019-10-17 04:00:37 - [Player] Checking media files (16)\n2019-10-17 04:00:37 - [Layer] Init complete [links] (x:0, y:0, width:1920, height:1080)\n2019-10-17 04:00:37 - [Layer] Init complete [mitte] (x:1920, y:0, width:1920, height:1080)\n2019-10-17 04:00:37 - [Layer] Init complete [rechts] (x:3840, y:0, width:1920, height:1080)\n2019-10-17 04:00:38 - [Player] Init complete (version=1.2.8)\n\";',NULL,44,1),(36,41,31,'2017-07-13 10:40:39','2019-10-17 09:30:07','admin','Player Rochusmarkt Feinkost 1',1,NULL,NULL,NULL,'2019-10-17 09:30:05',NULL,'04:00',1,1,0,0,0,0,'2019-10-17 09:30:04',NULL,1,'s:659:\"2019-10-17 04:00:31 - [Player] Starting player with box nr: G49F00226\n2019-10-17 04:00:31 - [Player] System-Settings: {\r\n	\"computername\" : \"DESKTOP-N8HUENG\",\r\n	\"ipaddress\" : [],\r\n	\"teamviewer\" : \"803093059\",\r\n	\"serial\" : \"To be filled by O.E.M.\",\r\n	\"model\" : \"Shuttle Inc. - DH170\",\r\n	\"region\" : \"�sterreich\",\r\n	\"geo\" : \"14\",\r\n	\"location\" : \"de-AT\",\r\n	\"country\" : \"43\",\r\n	\"language\" : \"DEA\",\r\n	\"currency\" : \"?\"\r\n}\r\n\n2019-10-17 04:00:32 - [Layer] Init complete [links] (x:0, y:0, width:1920, height:1080)\n2019-10-17 04:00:32 - [Layer] Init complete [rechts] (x:1920, y:0, width:1920, height:1080)\n2019-10-17 04:00:33 - [Player] Init complete (version=1.2.9)\n\";',NULL,44,1),(37,41,45,'2017-07-13 10:40:51','2019-10-17 09:29:42','admin','Player Rochusmarkt Feinkost 2',1,NULL,NULL,NULL,'2019-10-17 09:29:39',NULL,'03:00',1,1,0,0,0,0,'2019-10-17 09:29:42',NULL,1,'s:728:\"2019-10-17 03:00:35 - [Player] Starting player with box nr: H08F00339\n2019-10-17 03:00:35 - [Player] System-Settings: {\r\n	\"computername\" : \"DESKTOP-B6D9ML0\",\r\n	\"ipaddress\" : [\"10.0.29.107\"],\r\n	\"teamviewer\" : \"691314822\",\r\n	\"serial\" : \"To be filled by O.E.M.\",\r\n	\"model\" : \"Shuttle Inc. - DH170\",\r\n	\"region\" : \"�sterreich\",\r\n	\"geo\" : \"14\",\r\n	\"location\" : \"de-AT\",\r\n	\"country\" : \"43\",\r\n	\"language\" : \"DEA\",\r\n	\"currency\" : \"?\"\r\n}\r\n\n2019-10-17 03:00:44 - [Player] Checking media files (9)\n2019-10-17 03:00:44 - [Layer] Init complete [links] (x:0, y:0, width:1920, height:1080)\n2019-10-17 03:00:44 - [Layer] Init complete [rechts] (x:1920, y:0, width:1920, height:1080)\n2019-10-17 03:00:45 - [Player] Init complete (version=1.2.9)\n\";',NULL,44,1),(38,41,44,'2017-07-13 10:40:58','2019-10-17 09:30:05','admin','Player Rochusmarkt Fleisch',1,NULL,NULL,NULL,'2019-10-17 09:30:04',NULL,'04:00',1,1,0,0,0,0,'2019-10-17 09:30:03',NULL,1,'s:716:\"2019-10-17 04:00:32 - [Player] Starting player with box nr: H08F00391\n2019-10-17 04:00:32 - [Player] System-Settings: {\r\n	\"computername\" : \"DESKTOP-8CDFQ9Q\",\r\n	\"ipaddress\" : [],\r\n	\"teamviewer\" : \"697178195\",\r\n	\"serial\" : \"To be filled by O.E.M.\",\r\n	\"model\" : \"Shuttle Inc. - DH170\",\r\n	\"region\" : \"�sterreich\",\r\n	\"geo\" : \"14\",\r\n	\"location\" : \"de-AT\",\r\n	\"country\" : \"43\",\r\n	\"language\" : \"DEA\",\r\n	\"currency\" : \"?\"\r\n}\r\n\n2019-10-17 04:00:38 - [Player] Checking media files (11)\n2019-10-17 04:00:38 - [Layer] Init complete [links] (x:0, y:0, width:1920, height:1080)\n2019-10-17 04:00:38 - [Layer] Init complete [rechts] (x:1920, y:0, width:1920, height:1080)\n2019-10-17 04:00:38 - [Player] Init complete (version=1.2.9)\n\";',NULL,44,1),(39,41,46,'2017-07-13 10:41:11','2019-10-17 09:30:28','admin','Player Rochusmarkt Imbiss Hoch',1,NULL,NULL,NULL,'2019-10-17 09:30:09',NULL,'04:00',1,1,0,0,0,0,'2019-10-17 09:30:13',NULL,1,'s:647:\"2019-10-17 04:00:34 - [Player] Starting player with box nr: H08F00318\n2019-10-17 04:00:34 - [Player] System-Settings: {\r\n	\"computername\" : \"DESKTOP-LNIGF0H\",\r\n	\"ipaddress\" : [\"10.0.29.34\"],\r\n	\"teamviewer\" : \"704081086\",\r\n	\"serial\" : \"To be filled by O.E.M.\",\r\n	\"model\" : \"Shuttle Inc. - DH170\",\r\n	\"region\" : \"�sterreich\",\r\n	\"geo\" : \"14\",\r\n	\"location\" : \"de-AT\",\r\n	\"country\" : \"43\",\r\n	\"language\" : \"DEA\",\r\n	\"currency\" : \"?\"\r\n}\r\n\n2019-10-17 04:00:37 - [Player] Checking media files (6)\n2019-10-17 04:00:38 - [Layer] Init complete [layer imbiss hoch] (x:0, y:0, width:1080, height:1920)\n2019-10-17 04:00:38 - [Player] Init complete (version=1.2.9)\n\";',NULL,44,1),(41,42,50,'2017-07-13 12:28:56','2019-10-17 09:30:26','admin','Player Währinger Straße Fleisch',1,NULL,NULL,NULL,'2019-10-17 09:30:22',NULL,'04:00',1,1,0,0,0,0,'2019-10-17 09:30:24',NULL,1,'s:716:\"2019-10-17 04:00:36 - [Player] Starting player with box nr: H08F00291\n2019-10-17 04:00:36 - [Player] System-Settings: {\r\n	\"computername\" : \"DESKTOP-QKI44GE\",\r\n	\"ipaddress\" : [],\r\n	\"teamviewer\" : \"864799074\",\r\n	\"serial\" : \"To be filled by O.E.M.\",\r\n	\"model\" : \"Shuttle Inc. - DH170\",\r\n	\"region\" : \"�sterreich\",\r\n	\"geo\" : \"14\",\r\n	\"location\" : \"de-AT\",\r\n	\"country\" : \"43\",\r\n	\"language\" : \"DEA\",\r\n	\"currency\" : \"?\"\r\n}\r\n\n2019-10-17 04:01:20 - [Player] Checking media files (11)\n2019-10-17 04:01:22 - [Layer] Init complete [links] (x:0, y:0, width:1920, height:1080)\n2019-10-17 04:01:22 - [Layer] Init complete [rechts] (x:1920, y:0, width:1920, height:1080)\n2019-10-17 04:01:23 - [Player] Init complete (version=1.2.9)\n\";',NULL,45,1),(42,42,51,'2017-07-13 12:29:16','2019-10-17 09:30:24','admin','Player Währinger Straße Feinkost',1,NULL,NULL,NULL,'2019-10-17 09:30:13',NULL,'04:00',1,1,0,0,0,0,'2019-10-17 09:30:22',NULL,1,'s:728:\"2019-10-17 04:00:35 - [Player] Starting player with box nr: H08F00337\n2019-10-17 04:00:35 - [Player] System-Settings: {\r\n	\"computername\" : \"DESKTOP-UDT3NB1\",\r\n	\"ipaddress\" : [\"10.0.64.111\"],\r\n	\"teamviewer\" : \"865379503\",\r\n	\"serial\" : \"To be filled by O.E.M.\",\r\n	\"model\" : \"Shuttle Inc. - DH170\",\r\n	\"region\" : \"�sterreich\",\r\n	\"geo\" : \"14\",\r\n	\"location\" : \"de-AT\",\r\n	\"country\" : \"43\",\r\n	\"language\" : \"DEA\",\r\n	\"currency\" : \"?\"\r\n}\r\n\n2019-10-17 04:00:53 - [Player] Checking media files (9)\n2019-10-17 04:00:54 - [Layer] Init complete [links] (x:0, y:0, width:1920, height:1080)\n2019-10-17 04:00:54 - [Layer] Init complete [rechts] (x:1920, y:0, width:1920, height:1080)\n2019-10-17 04:00:54 - [Player] Init complete (version=1.2.9)\n\";',NULL,45,1),(43,42,53,'2017-07-13 12:29:29','2019-10-17 09:30:13','admin','Player Währinger Straße Imbiss',1,NULL,NULL,NULL,'2019-10-17 09:30:13',NULL,'04:00',1,1,0,0,0,0,'2019-10-17 09:29:42',NULL,1,'s:807:\"2019-10-17 04:00:39 - [Player] Starting player with box nr: H08F00301\n2019-10-17 04:00:39 - [Player] System-Settings: {\r\n	\"computername\" : \"DESKTOP-GI0RS8C\",\r\n	\"ipaddress\" : [],\r\n	\"teamviewer\" : \"877278432\",\r\n	\"serial\" : \"To be filled by O.E.M.\",\r\n	\"model\" : \"Shuttle Inc. - DH170\",\r\n	\"region\" : \"�sterreich\",\r\n	\"geo\" : \"14\",\r\n	\"location\" : \"de-AT\",\r\n	\"country\" : \"43\",\r\n	\"language\" : \"DEA\",\r\n	\"currency\" : \"?\"\r\n}\r\n\n2019-10-17 04:01:09 - [Player] Checking media files (18)\n2019-10-17 04:01:10 - [Layer] Init complete [links] (x:0, y:0, width:1920, height:1080)\n2019-10-17 04:01:10 - [Layer] Init complete [mitte] (x:1920, y:0, width:1920, height:1080)\n2019-10-17 04:01:10 - [Layer] Init complete [rechts] (x:3840, y:0, width:1920, height:1080)\n2019-10-17 04:01:11 - [Player] Init complete (version=1.2.9)\n\";',NULL,45,1),(44,42,56,'2017-07-13 12:29:41','2019-10-17 09:30:13','admin','Player Währinger Straße Auslage',1,NULL,NULL,NULL,'2019-10-17 09:30:13',NULL,'04:00',1,1,0,0,0,0,'2019-10-17 09:29:37',NULL,1,'s:732:\"2019-10-17 04:00:32 - [Player] Starting player with box nr: H08F00168\n2019-10-17 04:00:32 - [Player] System-Settings: {\r\n	\"computername\" : \"DESKTOP-V3G1EGV\",\r\n	\"ipaddress\" : [\"10.0.64.113\"],\r\n	\"teamviewer\" : \"877593628\",\r\n	\"serial\" : \"To be filled by O.E.M.\",\r\n	\"model\" : \"Shuttle Inc. - DH170\",\r\n	\"region\" : \"�sterreich\",\r\n	\"geo\" : \"14\",\r\n	\"location\" : \"de-AT\",\r\n	\"country\" : \"43\",\r\n	\"language\" : \"DEA\",\r\n	\"currency\" : \"?\"\r\n}\r\n\n2019-10-17 04:00:56 - [Player] Checking media files (13)\n2019-10-17 04:01:08 - [Layer] Init complete [Layer 1] (x:0, y:0, width:1920, height:1080)\n2019-10-17 04:01:08 - [Layer] Init complete [Layer 2] (x:1920, y:0, width:1920, height:1080)\n2019-10-17 04:01:08 - [Player] Init complete (version=1.2.9)\n\";',NULL,45,1),(45,43,49,'2017-08-09 15:50:42','2019-03-27 12:50:41','admin_ep','IFA 1',1,NULL,NULL,NULL,'2019-03-27 12:50:40',NULL,'03:00',1,1,0,0,0,0,'2019-03-27 12:50:41',NULL,1,'s:446:\"2019-03-27 12:52:51 - [Player] Starting player with box nr: G6BN72900ECW\n2019-03-27 12:49:47 - [Player] Checking media files (8)\n2019-03-27 12:49:47 - [Layer] Init complete [Layer Horizontal] (x:0, y:0, width:1920, height:1080)\n2019-03-27 12:49:47 - [Layer] Init complete [Layer hoch] (x:1920, y:0, width:1075.2, height:1922.4)\n2019-03-27 12:49:48 - [Player] Init complete (version=1.1.16)\n2019-03-27 12:50:14 - [Player] Checking media files (8)\n\";',NULL,41,3),(46,39,52,'2017-08-18 15:56:50','2017-12-06 17:38:29','admin_jt','Touch Shelf',1,NULL,NULL,NULL,'2017-12-06 17:38:29',NULL,'04:00',1,1,0,0,0,0,'2017-12-06 17:38:32',NULL,1,'s:276:\"2017-12-06 17:38:00 - [Player] Starting player with box nr: uajuet4\n2017-12-06 17:38:01 - [Player] Checking media files (2)\n2017-12-06 17:38:01 - [Layer] Init complete [Layer 1] (x:0, y:0, width:1080, height:1920)\n2017-12-06 17:38:02 - [Player] Init complete (version=1.1.16)\n\";',NULL,42,4),(47,44,57,'2017-09-04 15:48:45','2019-10-17 09:30:21','admin','Player Neubaugasse Imbiss',1,NULL,NULL,NULL,'2019-10-17 09:30:21',NULL,'04:00',1,1,0,0,0,0,'2019-10-17 09:29:44',NULL,1,'s:821:\"2019-10-17 04:00:43 - [Player] Starting player with box nr: H08F00340\n2019-10-17 04:00:43 - [Player] System-Settings: {\r\n	\"computername\" : \"DESKTOP-ADD7DLJ\",\r\n	\"ipaddress\" : [\"10.0.60.110\"],\r\n	\"teamviewer\" : \"1009886736\",\r\n	\"serial\" : \"To be filled by O.E.M.\",\r\n	\"model\" : \"Shuttle Inc. - DH170\",\r\n	\"region\" : \"�sterreich\",\r\n	\"geo\" : \"14\",\r\n	\"location\" : \"de-AT\",\r\n	\"country\" : \"43\",\r\n	\"language\" : \"DEA\",\r\n	\"currency\" : \"?\"\r\n}\r\n\n2019-10-17 04:01:33 - [Player] Checking media files (18)\n2019-10-17 04:01:33 - [Layer] Init complete [links] (x:0, y:0, width:1920, height:1080)\n2019-10-17 04:01:33 - [Layer] Init complete [mitte] (x:1920, y:0, width:1920, height:1080)\n2019-10-17 04:01:33 - [Layer] Init complete [rechts] (x:3840, y:0, width:1920, height:1080)\n2019-10-17 04:01:34 - [Player] Init complete (version=1.2.9)\n\";',NULL,47,1),(48,44,58,'2017-09-04 16:49:13','2019-10-17 09:30:13','admin','Player Neubaugasse Feinkost',1,NULL,NULL,NULL,'2019-10-17 09:30:04',NULL,'04:00',1,1,0,0,0,0,'2019-10-17 09:30:05',NULL,1,'s:728:\"2019-10-17 04:00:33 - [Player] Starting player with box nr: H08F00231\n2019-10-17 04:00:33 - [Player] System-Settings: {\r\n	\"computername\" : \"DESKTOP-1S3A2L9\",\r\n	\"ipaddress\" : [\"10.0.60.111\"],\r\n	\"teamviewer\" : \"960146970\",\r\n	\"serial\" : \"To be filled by O.E.M.\",\r\n	\"model\" : \"Shuttle Inc. - DH170\",\r\n	\"region\" : \"�sterreich\",\r\n	\"geo\" : \"14\",\r\n	\"location\" : \"de-AT\",\r\n	\"country\" : \"43\",\r\n	\"language\" : \"DEA\",\r\n	\"currency\" : \"?\"\r\n}\r\n\n2019-10-17 04:00:37 - [Player] Checking media files (9)\n2019-10-17 04:00:38 - [Layer] Init complete [links] (x:0, y:0, width:1920, height:1080)\n2019-10-17 04:00:38 - [Layer] Init complete [rechts] (x:1920, y:0, width:1920, height:1080)\n2019-10-17 04:00:38 - [Player] Init complete (version=1.2.9)\n\";',NULL,47,1),(49,44,59,'2017-09-04 16:49:28','2019-10-17 09:30:29','admin','Player Neubaugasse Fleisch',1,NULL,NULL,NULL,'2019-10-17 09:30:10',NULL,'04:00',1,1,0,0,0,0,'2019-10-17 09:30:11',NULL,1,'s:659:\"2019-10-17 04:00:36 - [Player] Starting player with box nr: H08F00329\n2019-10-17 04:00:36 - [Player] System-Settings: {\r\n	\"computername\" : \"DESKTOP-7QDSC01\",\r\n	\"ipaddress\" : [],\r\n	\"teamviewer\" : \"971264604\",\r\n	\"serial\" : \"To be filled by O.E.M.\",\r\n	\"model\" : \"Shuttle Inc. - DH170\",\r\n	\"region\" : \"�sterreich\",\r\n	\"geo\" : \"14\",\r\n	\"location\" : \"de-AT\",\r\n	\"country\" : \"43\",\r\n	\"language\" : \"DEA\",\r\n	\"currency\" : \"?\"\r\n}\r\n\n2019-10-17 04:00:38 - [Layer] Init complete [links] (x:0, y:0, width:1920, height:1080)\n2019-10-17 04:00:38 - [Layer] Init complete [rechts] (x:1920, y:0, width:1920, height:1080)\n2019-10-17 04:00:38 - [Player] Init complete (version=1.2.9)\n\";',NULL,47,1),(50,44,60,'2017-09-04 16:49:47','2019-10-17 09:30:11','admin','Player Neubaugasse Auslage',1,NULL,NULL,NULL,'2019-10-17 09:30:11',NULL,'04:00',1,1,0,0,0,0,'2019-10-17 09:29:41',NULL,1,'s:631:\"2019-10-17 04:00:38 - [Player] Starting player with box nr: H23F00790\n2019-10-17 04:00:38 - [Player] System-Settings: {\r\n	\"computername\" : \"DESKTOP-9TJJPNT\",\r\n	\"ipaddress\" : [],\r\n	\"teamviewer\" : \"971428509\",\r\n	\"serial\" : \"To be filled by O.E.M.\",\r\n	\"model\" : \"Shuttle Inc. - DH170\",\r\n	\"region\" : \"�sterreich\",\r\n	\"geo\" : \"14\",\r\n	\"location\" : \"de-AT\",\r\n	\"country\" : \"43\",\r\n	\"language\" : \"DEA\",\r\n	\"currency\" : \"?\"\r\n}\r\n\n2019-10-17 04:01:29 - [Player] Checking media files (10)\n2019-10-17 04:01:31 - [Layer] Init complete [Auslage quer] (x:0, y:0, width:1920, height:1080)\n2019-10-17 04:01:32 - [Player] Init complete (version=1.2.9)\n\";',NULL,47,1),(51,44,61,'2017-09-04 16:50:02','2019-10-17 09:30:28','admin','Player Neubaugasse Familienwand innen',1,NULL,NULL,NULL,'2019-10-17 09:30:28',NULL,'04:00',1,1,0,0,0,0,'2019-10-17 09:29:39',NULL,1,'s:570:\"2019-10-17 04:00:32 - [Player] Starting player with box nr: H23F00798\n2019-10-17 04:00:32 - [Player] System-Settings: {\r\n	\"computername\" : \"DESKTOP-IKPG0KJ\",\r\n	\"ipaddress\" : [],\r\n	\"teamviewer\" : \"971580024\",\r\n	\"serial\" : \"To be filled by O.E.M.\",\r\n	\"model\" : \"Shuttle Inc. - DH170\",\r\n	\"region\" : \"�sterreich\",\r\n	\"geo\" : \"14\",\r\n	\"location\" : \"de-AT\",\r\n	\"country\" : \"43\",\r\n	\"language\" : \"DEA\",\r\n	\"currency\" : \"?\"\r\n}\r\n\n2019-10-17 04:00:33 - [Layer] Init complete [hoch] (x:0, y:0, width:1075.2, height:1922.4)\n2019-10-17 04:00:34 - [Player] Init complete (version=1.2.9)\n\";',NULL,47,1),(52,44,62,'2017-09-06 11:11:50','2019-10-17 09:30:07','admin','Player Neubaugasse Familienwand außen',1,NULL,NULL,NULL,'2019-10-17 09:30:05',NULL,'04:00',1,1,0,0,0,0,'2019-10-17 09:30:06',NULL,1,'s:570:\"2019-10-17 04:00:32 - [Player] Starting player with box nr: H23F00794\n2019-10-17 04:00:32 - [Player] System-Settings: {\r\n	\"computername\" : \"DESKTOP-J3OMBIK\",\r\n	\"ipaddress\" : [],\r\n	\"teamviewer\" : \"974023178\",\r\n	\"serial\" : \"To be filled by O.E.M.\",\r\n	\"model\" : \"Shuttle Inc. - DH170\",\r\n	\"region\" : \"�sterreich\",\r\n	\"geo\" : \"14\",\r\n	\"location\" : \"de-AT\",\r\n	\"country\" : \"43\",\r\n	\"language\" : \"DEA\",\r\n	\"currency\" : \"?\"\r\n}\r\n\n2019-10-17 04:00:34 - [Layer] Init complete [hoch] (x:0, y:0, width:1075.2, height:1922.4)\n2019-10-17 04:00:34 - [Player] Init complete (version=1.2.9)\n\";',NULL,47,1),(55,45,63,'2017-09-11 11:36:32','2019-02-27 09:44:02','post','Wall',1,NULL,NULL,NULL,'2019-02-27 09:44:01',NULL,'04:00',1,1,0,0,0,0,'2019-02-27 09:42:47',NULL,1,'s:277:\"2019-02-27 04:09:14 - [Player] Starting player with box nr: H23F00787\n2019-02-27 04:09:18 - [Player] Checking media files (5)\n2019-02-27 04:09:18 - [Layer] Init complete [Layer 1] (x:0, y:0, width:3840, height:3240)\n2019-02-27 04:09:19 - [Player] Init complete (version=1.2.6)\n\";',NULL,48,5),(61,45,NULL,'2017-09-11 12:02:59','2017-09-11 12:04:54','post','Aufsteller',1,NULL,NULL,NULL,NULL,NULL,'03:00',1,1,0,0,0,0,NULL,NULL,1,'N;',NULL,48,5),(62,45,64,'2017-09-11 12:06:23','2018-06-05 11:34:50','post','Player Post 4er Inst',1,NULL,NULL,NULL,'2018-06-05 11:34:34',NULL,'03:00',1,1,0,0,0,0,'2018-06-05 11:34:31',NULL,1,'s:387:\"2018-06-05 03:05:57 - [Player] Starting player with box nr: H08F00288\n2018-06-05 03:06:07 - [Player] Checking media files (2)\n2018-06-05 03:06:07 - [Layer] Init complete [Layer 1] (x:0, y:0, width:2160, height:3840)\n2018-06-05 03:06:07 - [Player] Init complete (version=1.1.16)\n2018-06-05 11:19:02 - [Player] Checking media files (2)\n2018-06-05 11:34:47 - [Player] Player closed by user\n\";',NULL,49,5),(64,43,NULL,'2017-10-09 09:48:02','2018-02-14 11:55:26','admin_ep','Rewe',1,NULL,NULL,NULL,'2018-02-14 11:55:26',NULL,'00:00',1,1,0,0,0,0,'2018-02-14 11:55:26',NULL,1,'s:281:\"2018-02-14 11:54:54 - [Player] Starting player with box nr: H23F00777\n2018-02-14 11:54:56 - [Player] Checking media files (4)\n2018-02-14 11:54:56 - [Layer] Init complete [Layer Vert] (x:0, y:0, width:1080, height:1920)\n2018-02-14 11:54:57 - [Player] Init complete (version=1.1.16)\n\";',NULL,41,3),(66,39,68,'2018-01-04 09:07:57','2018-01-24 11:15:23','admin_jt','Test',1,NULL,NULL,NULL,'2018-01-24 11:15:22',NULL,'00:00',1,1,1,0,0,0,'2018-01-24 11:15:24',NULL,1,'s:275:\"2018-01-24 11:02:22 - [Player] Starting player with box nr: test123\n2018-01-24 11:02:24 - [Player] Checking media files (2)\n2018-01-24 11:02:25 - [Layer] Init complete [Layer 1] (x:0, y:0, width:1080, height:1920)\n2018-01-24 11:02:25 - [Player] Init complete (version=1.2.2)\n\";',NULL,42,4),(67,37,32,'2018-02-14 12:12:07','2019-10-17 09:30:19','admin','Player Waagen Zentrale',1,NULL,NULL,NULL,'2019-10-17 09:30:13',NULL,'04:00',1,1,0,0,0,0,'2019-10-17 09:30:14',NULL,1,'s:1192:\"2019-10-17 04:06:34 - [Player] Starting player with box nr: G49F00227\n2019-10-17 04:06:34 - [Player] System-Settings: {\r\n	\"computername\" : \"DESKTOP-CSCP6P0\",\r\n	\"ipaddress\" : [\"172.22.90.50\"],\r\n	\"teamviewer\" : \"805486303\",\r\n	\"serial\" : \"To be filled by O.E.M.\",\r\n	\"model\" : \"Shuttle Inc. - DH170\",\r\n	\"region\" : \"�sterreich\",\r\n	\"geo\" : \"14\",\r\n	\"location\" : \"de-AT\",\r\n	\"country\" : \"43\",\r\n	\"language\" : \"DEA\",\r\n	\"currency\" : \"?\"\r\n}\r\n\n2019-10-17 04:06:55 - [Player] Checking media files (8)\n2019-10-17 04:06:55 - [Layer] Init complete [Layer 1] (x:0, y:0, width:800, height:462)\n2019-10-17 04:06:55 - [Layer] Init complete [Layer 1] (x:0, y:0, width:800, height:600)\n2019-10-17 04:06:55 - [Layer] Init complete [Layer 1] (x:0, y:0, width:800, height:462)\n2019-10-17 04:06:55 - [Layer] Init complete [Layer 1] (x:0, y:0, width:800, height:600)\n2019-10-17 04:06:55 - [Layer] Init complete [Layer 1] (x:0, y:0, width:800, height:462)\n2019-10-17 04:06:55 - [Layer] Init complete [Layer 1] (x:0, y:0, width:800, height:600)\n2019-10-17 04:06:57 - [Player] Init complete (version=1.2.8)\n2019-10-17 04:07:05 - [Player] Spot Rendering complete\n2019-10-17 04:16:13 - [Player] FTP transfer script complete\n\";',NULL,39,1),(79,56,83,'2018-07-05 13:03:21','2019-10-17 09:30:25','admin','Player Josefstädter Straße Imbiss',1,NULL,NULL,NULL,'2019-10-17 09:30:23',NULL,'04:00',1,1,0,0,0,0,'2019-10-17 09:30:22',NULL,1,'s:821:\"2019-10-17 04:00:42 - [Player] Starting player with box nr: I01F00163\n2019-10-17 04:00:42 - [Player] System-Settings: {\r\n	\"computername\" : \"DESKTOP-AHCG7HB\",\r\n	\"ipaddress\" : [\"10.0.67.110\"],\r\n	\"teamviewer\" : \"1035188338\",\r\n	\"serial\" : \"To be filled by O.E.M.\",\r\n	\"model\" : \"Shuttle Inc. - DH270\",\r\n	\"region\" : \"�sterreich\",\r\n	\"geo\" : \"14\",\r\n	\"location\" : \"de-AT\",\r\n	\"country\" : \"43\",\r\n	\"language\" : \"DEA\",\r\n	\"currency\" : \"?\"\r\n}\r\n\n2019-10-17 04:01:01 - [Player] Checking media files (18)\n2019-10-17 04:01:02 - [Layer] Init complete [links] (x:0, y:0, width:1920, height:1080)\n2019-10-17 04:01:02 - [Layer] Init complete [mitte] (x:1920, y:0, width:1920, height:1080)\n2019-10-17 04:01:02 - [Layer] Init complete [rechts] (x:3840, y:0, width:1920, height:1080)\n2019-10-17 04:01:03 - [Player] Init complete (version=1.2.9)\n\";',NULL,60,1),(80,56,84,'2018-07-05 13:03:40','2019-10-17 09:29:55','admin','Player Josefstädter Straße Feinkost',1,NULL,NULL,NULL,'2019-10-17 09:29:55',NULL,'04:00',1,1,0,0,0,0,'2019-10-17 09:29:54',NULL,1,'s:638:\"2019-10-17 04:00:48 - [Player] Starting player with box nr: I02F00369\n2019-10-17 04:00:48 - [Player] System-Settings: {\r\n	\"computername\" : \"DESKTOP-98VA5IG\",\r\n	\"ipaddress\" : [\"10.0.67.111\"],\r\n	\"teamviewer\" : \"1033661557\",\r\n	\"serial\" : \"To be filled by O.E.M.\",\r\n	\"model\" : \"Shuttle Inc. - DH270\",\r\n	\"region\" : \"�sterreich\",\r\n	\"geo\" : \"14\",\r\n	\"location\" : \"de-AT\",\r\n	\"country\" : \"43\",\r\n	\"language\" : \"DEA\",\r\n	\"currency\" : \"?\"\r\n}\r\n\n2019-10-17 04:01:08 - [Player] Checking media files (9)\n2019-10-17 04:01:09 - [Layer] Init complete [einzel] (x:0, y:0, width:1920, height:1080)\n2019-10-17 04:01:09 - [Player] Init complete (version=1.2.9)\n\";',NULL,60,1),(81,56,85,'2018-07-05 13:03:54','2019-10-17 09:30:28','admin','Player Josefstädter Straße Fleisch 1',1,NULL,NULL,NULL,'2019-10-17 09:30:28',NULL,'04:00',1,1,0,0,0,0,'2019-10-17 09:29:44',NULL,1,'s:729:\"2019-10-17 04:00:53 - [Player] Starting player with box nr: I02F00143\n2019-10-17 04:00:53 - [Player] System-Settings: {\r\n	\"computername\" : \"DESKTOP-L59LCLM\",\r\n	\"ipaddress\" : [\"10.0.67.112\"],\r\n	\"teamviewer\" : \"1033802250\",\r\n	\"serial\" : \"To be filled by O.E.M.\",\r\n	\"model\" : \"Shuttle Inc. - DH270\",\r\n	\"region\" : \"�sterreich\",\r\n	\"geo\" : \"14\",\r\n	\"location\" : \"de-AT\",\r\n	\"country\" : \"43\",\r\n	\"language\" : \"DEA\",\r\n	\"currency\" : \"?\"\r\n}\r\n\n2019-10-17 04:01:33 - [Player] Checking media files (9)\n2019-10-17 04:01:33 - [Layer] Init complete [links] (x:0, y:0, width:1920, height:1080)\n2019-10-17 04:01:33 - [Layer] Init complete [rechts] (x:1920, y:0, width:1920, height:1080)\n2019-10-17 04:01:34 - [Player] Init complete (version=1.2.9)\n\";',NULL,60,1),(82,56,86,'2018-07-05 13:04:06','2019-10-17 09:29:57','admin','Player Josefstädter Straße Fleisch 2',1,NULL,NULL,NULL,'2019-10-17 09:29:57',NULL,'04:00',1,1,0,0,0,0,'2019-10-17 09:29:56',NULL,1,'s:730:\"2019-10-17 04:00:41 - [Player] Starting player with box nr: I02F00258\n2019-10-17 04:00:41 - [Player] System-Settings: {\r\n	\"computername\" : \"DESKTOP-7AOC6NS\",\r\n	\"ipaddress\" : [\"10.0.67.113\"],\r\n	\"teamviewer\" : \"1251533774\",\r\n	\"serial\" : \"To be filled by O.E.M.\",\r\n	\"model\" : \"Shuttle Inc. - DH270\",\r\n	\"region\" : \"�sterreich\",\r\n	\"geo\" : \"14\",\r\n	\"location\" : \"de-AT\",\r\n	\"country\" : \"43\",\r\n	\"language\" : \"DEA\",\r\n	\"currency\" : \"?\"\r\n}\r\n\n2019-10-17 04:01:06 - [Player] Checking media files (11)\n2019-10-17 04:01:07 - [Layer] Init complete [links] (x:0, y:0, width:1920, height:1080)\n2019-10-17 04:01:07 - [Layer] Init complete [rechts] (x:1920, y:0, width:1920, height:1080)\n2019-10-17 04:01:08 - [Player] Init complete (version=1.2.9)\n\";',NULL,60,1),(83,51,74,'2018-07-05 15:55:16','2019-10-17 09:30:02','admin','Player Alt Erlaa Fleisch',1,NULL,NULL,NULL,'2019-10-17 09:30:01',NULL,'04:00',1,1,0,0,0,0,'2019-10-17 09:30:02',NULL,1,'s:820:\"2019-10-17 04:00:44 - [Player] Starting player with box nr: H23F00777\n2019-10-17 04:00:44 - [Player] System-Settings: {\r\n	\"computername\" : \"DESKTOP-5HMQHUF\",\r\n	\"ipaddress\" : [\"10.0.99.110\"],\r\n	\"teamviewer\" : \"184021659\",\r\n	\"serial\" : \"To be filled by O.E.M.\",\r\n	\"model\" : \"Shuttle Inc. - DH170\",\r\n	\"region\" : \"�sterreich\",\r\n	\"geo\" : \"14\",\r\n	\"location\" : \"de-AT\",\r\n	\"country\" : \"43\",\r\n	\"language\" : \"DEA\",\r\n	\"currency\" : \"?\"\r\n}\r\n\n2019-10-17 04:01:33 - [Player] Checking media files (11)\n2019-10-17 04:01:34 - [Layer] Init complete [links] (x:0, y:0, width:1920, height:1080)\n2019-10-17 04:01:34 - [Layer] Init complete [mitte] (x:1920, y:0, width:1920, height:1080)\n2019-10-17 04:01:34 - [Layer] Init complete [rechts] (x:3840, y:0, width:1920, height:1080)\n2019-10-17 04:01:35 - [Player] Init complete (version=1.2.9)\n\";',NULL,58,1),(84,51,75,'2018-07-05 15:55:34','2019-10-17 09:30:11','admin','Player Alt Erlaa Feinkost',1,NULL,NULL,NULL,'2019-10-17 09:30:10',NULL,'04:00',1,1,0,0,0,0,'2019-10-17 09:30:10',NULL,1,'s:716:\"2019-10-17 04:00:38 - [Player] Starting player with box nr: H23F00789\n2019-10-17 04:00:38 - [Player] System-Settings: {\r\n	\"computername\" : \"DESKTOP-F2MAMJM\",\r\n	\"ipaddress\" : [],\r\n	\"teamviewer\" : \"1144837030\",\r\n	\"serial\" : \"To be filled by O.E.M.\",\r\n	\"model\" : \"Shuttle Inc. - DH170\",\r\n	\"region\" : \"�sterreich\",\r\n	\"geo\" : \"14\",\r\n	\"location\" : \"de-AT\",\r\n	\"country\" : \"43\",\r\n	\"language\" : \"DEA\",\r\n	\"currency\" : \"?\"\r\n}\r\n\n2019-10-17 04:01:27 - [Player] Checking media files (9)\n2019-10-17 04:01:29 - [Layer] Init complete [links] (x:0, y:0, width:1920, height:1080)\n2019-10-17 04:01:29 - [Layer] Init complete [rechts] (x:1920, y:0, width:1920, height:1080)\n2019-10-17 04:01:29 - [Player] Init complete (version=1.2.9)\n\";',NULL,58,1),(85,51,76,'2018-07-05 15:55:55','2019-10-17 09:30:25','admin','Player Alt Erlaa Imbiss',1,NULL,NULL,NULL,'2019-10-17 09:30:25',NULL,'04:00',1,1,0,0,0,0,'2019-10-17 09:29:49',NULL,1,'s:821:\"2019-10-17 04:00:45 - [Player] Starting player with box nr: I01F00041\n2019-10-17 04:00:46 - [Player] System-Settings: {\r\n	\"computername\" : \"DESKTOP-CT5C4NG\",\r\n	\"ipaddress\" : [\"10.0.99.112\"],\r\n	\"teamviewer\" : \"1145184622\",\r\n	\"serial\" : \"To be filled by O.E.M.\",\r\n	\"model\" : \"Shuttle Inc. - DH270\",\r\n	\"region\" : \"�sterreich\",\r\n	\"geo\" : \"14\",\r\n	\"location\" : \"de-AT\",\r\n	\"country\" : \"43\",\r\n	\"language\" : \"DEA\",\r\n	\"currency\" : \"?\"\r\n}\r\n\n2019-10-17 04:01:14 - [Player] Checking media files (18)\n2019-10-17 04:01:15 - [Layer] Init complete [links] (x:0, y:0, width:1920, height:1080)\n2019-10-17 04:01:15 - [Layer] Init complete [mitte] (x:1920, y:0, width:1920, height:1080)\n2019-10-17 04:01:15 - [Layer] Init complete [rechts] (x:3840, y:0, width:1920, height:1080)\n2019-10-17 04:01:16 - [Player] Init complete (version=1.2.9)\n\";',NULL,58,1),(86,52,71,'2018-07-10 10:19:37','2018-07-10 12:12:53','moemax','Kassa',1,NULL,NULL,NULL,NULL,NULL,'00:00',1,1,0,0,0,0,NULL,NULL,1,'N;',NULL,57,6),(87,52,NULL,'2018-07-10 10:19:49','2018-07-10 10:20:25','moemax','Eingang',1,NULL,NULL,NULL,NULL,NULL,'00:00',1,1,0,0,0,0,NULL,NULL,1,'N;',NULL,57,6),(88,52,NULL,'2018-07-10 10:23:58','2018-07-10 10:24:31','moemax','Restaurant',1,NULL,NULL,NULL,NULL,NULL,'00:00',1,1,0,0,0,0,NULL,NULL,1,'N;',NULL,57,6),(89,52,NULL,'2018-07-10 11:00:35','2018-07-10 11:02:52','moemax','Warenausgabe',1,NULL,NULL,NULL,NULL,NULL,'00:00',1,1,0,0,0,0,NULL,NULL,1,'N;',NULL,57,6),(90,52,NULL,'2018-07-10 11:01:06','2018-07-10 11:05:09','moemax','Fläche Wohnen',1,NULL,NULL,NULL,NULL,NULL,'00:00',1,1,0,0,0,0,NULL,NULL,1,'N;',NULL,57,6),(91,52,NULL,'2018-07-10 11:01:15','2018-07-10 11:05:56','moemax','Fläche Bad',1,NULL,NULL,NULL,NULL,NULL,'00:00',1,1,0,0,0,0,NULL,NULL,1,'N;',NULL,57,6),(92,52,NULL,'2018-07-10 11:01:27','2018-07-10 11:06:28','moemax','Fläche Schlafen',1,NULL,NULL,NULL,NULL,NULL,'00:00',1,1,0,0,0,0,NULL,NULL,1,'N;',NULL,57,6),(93,55,77,'2018-07-25 10:40:08','2019-10-17 09:29:54','admin','Player Donauzentrum Wand',1,NULL,NULL,NULL,'2019-10-17 09:29:53',NULL,'04:00',1,1,0,0,0,0,'2019-10-17 09:29:53',NULL,1,'s:820:\"2019-10-17 08:01:19 - [Player] Starting player with box nr: I01F00126\n2019-10-17 08:01:19 - [Player] System-Settings: {\r\n	\"computername\" : \"DESKTOP-RB2RC6S\",\r\n	\"ipaddress\" : [\"10.0.28.110\"],\r\n	\"teamviewer\" : \"1017081693\",\r\n	\"serial\" : \"To be filled by O.E.M.\",\r\n	\"model\" : \"Shuttle Inc. - DH270\",\r\n	\"region\" : \"�sterreich\",\r\n	\"geo\" : \"14\",\r\n	\"location\" : \"de-AT\",\r\n	\"country\" : \"43\",\r\n	\"language\" : \"DEA\",\r\n	\"currency\" : \"?\"\r\n}\r\n\n2019-10-17 08:01:22 - [Player] Checking media files (6)\n2019-10-17 08:01:22 - [Layer] Init complete [links] (x:0, y:0, width:1920, height:1080)\n2019-10-17 08:01:22 - [Layer] Init complete [mitte] (x:1920, y:0, width:1920, height:1080)\n2019-10-17 08:01:22 - [Layer] Init complete [rechts] (x:3840, y:0, width:1920, height:1080)\n2019-10-17 08:01:23 - [Player] Init complete (version=1.2.8)\n\";',NULL,59,1),(94,57,78,'2018-08-01 14:17:39','2019-10-17 09:30:12','admin','Player Viktor Adlermarkt Fleisch',1,NULL,NULL,NULL,'2019-10-17 09:30:12',NULL,'04:00',1,1,0,0,0,0,'2019-10-17 09:29:38',NULL,1,'s:821:\"2019-10-17 04:21:33 - [Player] Starting player with box nr: I01F00052\n2019-10-17 04:21:33 - [Player] System-Settings: {\r\n	\"computername\" : \"DESKTOP-T5U028B\",\r\n	\"ipaddress\" : [\"10.0.43.110\"],\r\n	\"teamviewer\" : \"1021980937\",\r\n	\"serial\" : \"To be filled by O.E.M.\",\r\n	\"model\" : \"Shuttle Inc. - DH270\",\r\n	\"region\" : \"�sterreich\",\r\n	\"geo\" : \"14\",\r\n	\"location\" : \"de-AT\",\r\n	\"country\" : \"43\",\r\n	\"language\" : \"DEA\",\r\n	\"currency\" : \"?\"\r\n}\r\n\n2019-10-17 04:21:46 - [Player] Checking media files (11)\n2019-10-17 04:21:46 - [Layer] Init complete [links] (x:0, y:0, width:1920, height:1080)\n2019-10-17 04:21:46 - [Layer] Init complete [mitte] (x:1920, y:0, width:1920, height:1080)\n2019-10-17 04:21:46 - [Layer] Init complete [rechts] (x:3840, y:0, width:1920, height:1080)\n2019-10-17 04:21:47 - [Player] Init complete (version=1.2.9)\n\";',NULL,61,1),(95,57,79,'2018-08-01 14:19:34','2019-10-17 09:30:22','admin','Player Viktor-Adler-Markt Feinkost',1,NULL,NULL,NULL,'2019-10-17 09:30:17',NULL,'04:00',1,1,0,0,0,0,'2019-10-17 09:30:21',NULL,1,'s:729:\"2019-10-17 04:27:03 - [Player] Starting player with box nr: I01F00196\n2019-10-17 04:27:03 - [Player] System-Settings: {\r\n	\"computername\" : \"DESKTOP-FEDHILV\",\r\n	\"ipaddress\" : [\"10.0.43.111\"],\r\n	\"teamviewer\" : \"1015484497\",\r\n	\"serial\" : \"To be filled by O.E.M.\",\r\n	\"model\" : \"Shuttle Inc. - DH270\",\r\n	\"region\" : \"�sterreich\",\r\n	\"geo\" : \"14\",\r\n	\"location\" : \"de-AT\",\r\n	\"country\" : \"43\",\r\n	\"language\" : \"DEA\",\r\n	\"currency\" : \"?\"\r\n}\r\n\n2019-10-17 04:27:13 - [Player] Checking media files (9)\n2019-10-17 04:27:13 - [Layer] Init complete [links] (x:0, y:0, width:1920, height:1080)\n2019-10-17 04:27:13 - [Layer] Init complete [rechts] (x:1920, y:0, width:1920, height:1080)\n2019-10-17 04:27:14 - [Player] Init complete (version=1.2.9)\n\";',NULL,61,1),(96,57,80,'2018-08-01 14:20:09','2019-10-17 09:30:28','admin','Player  Viktor-Adler-Markt Imbiss',1,NULL,NULL,NULL,'2019-10-17 09:30:28',NULL,'04:00',1,1,0,0,0,0,'2019-10-17 09:29:52',NULL,1,'s:729:\"2019-10-17 04:14:47 - [Player] Starting player with box nr: I01F00141\n2019-10-17 04:14:47 - [Player] System-Settings: {\r\n	\"computername\" : \"DESKTOP-FD6DQ8R\",\r\n	\"ipaddress\" : [\"10.0.43.112\"],\r\n	\"teamviewer\" : \"1239789986\",\r\n	\"serial\" : \"To be filled by O.E.M.\",\r\n	\"model\" : \"Shuttle Inc. - DH270\",\r\n	\"region\" : \"�sterreich\",\r\n	\"geo\" : \"14\",\r\n	\"location\" : \"de-AT\",\r\n	\"country\" : \"43\",\r\n	\"language\" : \"DEA\",\r\n	\"currency\" : \"?\"\r\n}\r\n\n2019-10-17 04:14:58 - [Player] Checking media files (9)\n2019-10-17 04:14:58 - [Layer] Init complete [links] (x:0, y:0, width:1920, height:1080)\n2019-10-17 04:14:58 - [Layer] Init complete [rechts] (x:1920, y:0, width:1920, height:1080)\n2019-10-17 04:14:58 - [Player] Init complete (version=1.2.9)\n\";',NULL,61,1),(97,57,81,'2018-08-01 14:20:38','2019-10-17 09:30:24','admin','Player Viktor-Adler-Markt Imbiss extra',1,NULL,NULL,NULL,'2019-10-17 09:30:15',NULL,'04:00',1,1,0,0,0,0,'2019-10-17 09:30:17',NULL,1,'s:642:\"2019-10-17 04:21:37 - [Player] Starting player with box nr: I01F00009\n2019-10-17 04:21:37 - [Player] System-Settings: {\r\n	\"computername\" : \"DESKTOP-T7U5QMR\",\r\n	\"ipaddress\" : [\"10.0.43.113\"],\r\n	\"teamviewer\" : \"1023847155\",\r\n	\"serial\" : \"To be filled by O.E.M.\",\r\n	\"model\" : \"Shuttle Inc. - DH270\",\r\n	\"region\" : \"�sterreich\",\r\n	\"geo\" : \"14\",\r\n	\"location\" : \"de-AT\",\r\n	\"country\" : \"43\",\r\n	\"language\" : \"DEA\",\r\n	\"currency\" : \"?\"\r\n}\r\n\n2019-10-17 04:21:48 - [Player] Checking media files (6)\n2019-10-17 04:21:48 - [Layer] Init complete [hochformat] (x:0, y:0, width:1080, height:1920)\n2019-10-17 04:21:49 - [Player] Init complete (version=1.2.9)\n\";',NULL,61,1),(98,57,82,'2018-08-01 14:20:54','2019-10-17 09:29:54','admin','Player Viktor-Adler-Markt Zusatz Fleisch',1,NULL,NULL,NULL,'2019-10-17 09:29:53',NULL,'04:00',1,1,0,0,0,0,'2019-10-17 09:29:53',NULL,1,'s:642:\"2019-10-17 04:08:49 - [Player] Starting player with box nr: I01F00067\n2019-10-17 04:08:49 - [Player] System-Settings: {\r\n	\"computername\" : \"DESKTOP-KNNHTV8\",\r\n	\"ipaddress\" : [\"10.0.43.114\"],\r\n	\"teamviewer\" : \"1241798944\",\r\n	\"serial\" : \"To be filled by O.E.M.\",\r\n	\"model\" : \"Shuttle Inc. - DH270\",\r\n	\"region\" : \"�sterreich\",\r\n	\"geo\" : \"14\",\r\n	\"location\" : \"de-AT\",\r\n	\"country\" : \"43\",\r\n	\"language\" : \"DEA\",\r\n	\"currency\" : \"?\"\r\n}\r\n\n2019-10-17 04:08:52 - [Player] Checking media files (6)\n2019-10-17 04:08:53 - [Layer] Init complete [hochformat] (x:0, y:0, width:1080, height:1920)\n2019-10-17 04:08:53 - [Player] Init complete (version=1.2.9)\n\";',NULL,61,1),(99,56,87,'2018-08-16 16:49:28','2019-10-17 09:30:27','admin','Player Josefstädter Straße Auslage',1,NULL,NULL,NULL,'2019-10-17 09:30:13',NULL,'04:00',1,1,0,0,0,0,'2019-10-17 09:30:15',NULL,1,'s:639:\"2019-10-17 04:00:50 - [Player] Starting player with box nr: I02F00455\n2019-10-17 04:00:50 - [Player] System-Settings: {\r\n	\"computername\" : \"DESKTOP-CPMB66R\",\r\n	\"ipaddress\" : [\"10.0.67.114\"],\r\n	\"teamviewer\" : \"1035690415\",\r\n	\"serial\" : \"To be filled by O.E.M.\",\r\n	\"model\" : \"Shuttle Inc. - DH270\",\r\n	\"region\" : \"�sterreich\",\r\n	\"geo\" : \"14\",\r\n	\"location\" : \"de-AT\",\r\n	\"country\" : \"43\",\r\n	\"language\" : \"DEA\",\r\n	\"currency\" : \"?\"\r\n}\r\n\n2019-10-17 04:01:24 - [Player] Checking media files (6)\n2019-10-17 04:01:25 - [Layer] Init complete [Layer 1] (x:0, y:0, width:1080, height:1920)\n2019-10-17 04:01:25 - [Player] Init complete (version=1.2.9)\n\";',NULL,60,1),(100,46,26,'2018-10-12 11:48:51','2019-05-29 17:22:06','admin','Test Player Ali',1,NULL,NULL,NULL,'2019-05-29 17:22:05',NULL,'00:00',1,1,0,0,0,0,'2019-05-29 17:22:02',NULL,1,'s:463:\"2019-05-29 17:19:30 - [Player] Starting player with box nr: 1111\n2019-05-29 17:19:30 - [Player] System-Settings: {\r\n	\"teamviewer\" : \"987011181\",\r\n	\"serial\" : \"DGKRN03VGG7V\",\r\n	\"model\" : \"Apple Inc. - iMac17,1\",\r\n	\"region\" : \"�sterreich\",\r\n	\"geo\" : \"14\",\r\n	\"location\" : \"de-AT\",\r\n	\"country\" : \"43\",\r\n	\"language\" : \"DEA\",\r\n	\"currency\" : \"?\"\r\n}\r\n\n2019-05-29 17:19:33 - [Player] Checking media files (1)\n2019-05-29 17:19:33 - [Player] Init complete (version=1.2.8)\n\";',NULL,14,1),(101,57,88,'2018-11-05 16:24:11','2019-10-17 09:30:29','admin','Player Viktor Adlermarkt Auslage',1,NULL,NULL,NULL,'2019-10-17 09:30:29',NULL,'04:00',1,1,0,0,0,0,'2019-10-17 09:29:56',NULL,1,'s:642:\"2019-10-17 04:14:50 - [Player] Starting player with box nr: I05F00286\n2019-10-17 04:14:50 - [Player] System-Settings: {\r\n	\"computername\" : \"DESKTOP-7SIGMR5\",\r\n	\"ipaddress\" : [\"10.0.43.106\"],\r\n	\"teamviewer\" : \"1105357293\",\r\n	\"serial\" : \"To be filled by O.E.M.\",\r\n	\"model\" : \"Shuttle Inc. - DH270\",\r\n	\"region\" : \"�sterreich\",\r\n	\"geo\" : \"14\",\r\n	\"location\" : \"de-AT\",\r\n	\"country\" : \"43\",\r\n	\"language\" : \"DEA\",\r\n	\"currency\" : \"?\"\r\n}\r\n\n2019-10-17 04:15:00 - [Player] Checking media files (6)\n2019-10-17 04:15:01 - [Layer] Init complete [hochformat] (x:0, y:0, width:1080, height:1920)\n2019-10-17 04:15:02 - [Player] Init complete (version=1.2.9)\n\";',NULL,61,1),(102,70,NULL,'2018-11-22 10:09:35','2019-03-07 14:03:08','service_more','Signage Screen',1,NULL,NULL,NULL,NULL,NULL,'00:00',1,1,0,0,0,0,NULL,NULL,1,'N;',NULL,74,7),(103,70,NULL,'2018-11-22 10:09:51','2019-03-07 14:03:18','service_more','Shelf Idle',1,NULL,NULL,NULL,NULL,NULL,'00:00',1,1,0,0,0,0,NULL,NULL,1,'N;',NULL,74,7),(104,70,NULL,'2019-03-22 17:27:04','2019-04-02 11:08:47','service_more','shelf header player',1,NULL,NULL,NULL,NULL,NULL,'00:00',1,1,0,0,0,0,NULL,NULL,1,'N;',NULL,74,7),(105,69,89,'2019-03-29 14:52:09','2019-10-17 09:30:05','admin','Player Südstadt Fleisch',1,NULL,NULL,NULL,'2019-10-17 09:30:01',NULL,'04:00',1,1,0,0,0,0,'2019-10-17 09:30:05',NULL,1,'s:820:\"2019-10-17 04:25:28 - [Player] Starting player with box nr: I05F00278\n2019-10-17 04:25:28 - [Player] System-Settings: {\r\n	\"computername\" : \"DESKTOP-PLO91CT\",\r\n	\"ipaddress\" : [\"10.0.98.36\"],\r\n	\"teamviewer\" : \"1123462890\",\r\n	\"serial\" : \"To be filled by O.E.M.\",\r\n	\"model\" : \"Shuttle Inc. - DH270\",\r\n	\"region\" : \"�sterreich\",\r\n	\"geo\" : \"14\",\r\n	\"location\" : \"de-AT\",\r\n	\"country\" : \"43\",\r\n	\"language\" : \"DEA\",\r\n	\"currency\" : \"?\"\r\n}\r\n\n2019-10-17 04:25:31 - [Player] Checking media files (11)\n2019-10-17 04:25:31 - [Layer] Init complete [links] (x:0, y:0, width:1920, height:1080)\n2019-10-17 04:25:31 - [Layer] Init complete [mitte] (x:1920, y:0, width:1920, height:1080)\n2019-10-17 04:25:31 - [Layer] Init complete [rechts] (x:3840, y:0, width:1920, height:1080)\n2019-10-17 04:25:32 - [Player] Init complete (version=1.2.8)\n\";',NULL,75,1),(106,69,90,'2019-03-29 14:52:23','2019-10-17 09:29:50','admin','Player Südstadt Imbiss',1,NULL,NULL,NULL,'2019-10-17 09:29:48',NULL,'04:00',1,1,0,0,0,0,'2019-10-17 09:29:47',NULL,1,'s:820:\"2019-10-17 04:09:45 - [Player] Starting player with box nr: I05F00282\n2019-10-17 04:09:45 - [Player] System-Settings: {\r\n	\"computername\" : \"DESKTOP-D7JOL0C\",\r\n	\"ipaddress\" : [\"10.0.98.33\"],\r\n	\"teamviewer\" : \"1127297000\",\r\n	\"serial\" : \"To be filled by O.E.M.\",\r\n	\"model\" : \"Shuttle Inc. - DH270\",\r\n	\"region\" : \"�sterreich\",\r\n	\"geo\" : \"14\",\r\n	\"location\" : \"de-AT\",\r\n	\"country\" : \"43\",\r\n	\"language\" : \"DEA\",\r\n	\"currency\" : \"?\"\r\n}\r\n\n2019-10-17 04:09:47 - [Player] Checking media files (18)\n2019-10-17 04:09:48 - [Layer] Init complete [links] (x:0, y:0, width:1920, height:1080)\n2019-10-17 04:09:48 - [Layer] Init complete [mitte] (x:1920, y:0, width:1920, height:1080)\n2019-10-17 04:09:48 - [Layer] Init complete [rechts] (x:3840, y:0, width:1920, height:1080)\n2019-10-17 04:09:49 - [Player] Init complete (version=1.2.8)\n\";',NULL,75,1),(107,69,91,'2019-03-29 14:52:52','2019-10-17 09:30:27','admin','Player Südstadt Feinkost',1,NULL,NULL,NULL,'2019-10-17 09:30:27',NULL,'04:00',1,1,0,0,0,0,'2019-10-17 09:29:53',NULL,1,'s:728:\"2019-10-17 04:26:21 - [Player] Starting player with box nr: I21F00072\n2019-10-17 04:26:21 - [Player] System-Settings: {\r\n	\"computername\" : \"DESKTOP-E05NL0I\",\r\n	\"ipaddress\" : [\"10.0.98.34\"],\r\n	\"teamviewer\" : \"1214242924\",\r\n	\"serial\" : \"To be filled by O.E.M.\",\r\n	\"model\" : \"Shuttle Inc. - DH270\",\r\n	\"region\" : \"�sterreich\",\r\n	\"geo\" : \"14\",\r\n	\"location\" : \"de-AT\",\r\n	\"country\" : \"43\",\r\n	\"language\" : \"DEA\",\r\n	\"currency\" : \"?\"\r\n}\r\n\n2019-10-17 04:26:24 - [Player] Checking media files (9)\n2019-10-17 04:26:24 - [Layer] Init complete [links] (x:0, y:0, width:1920, height:1080)\n2019-10-17 04:26:24 - [Layer] Init complete [rechts] (x:1920, y:0, width:1920, height:1080)\n2019-10-17 04:26:24 - [Player] Init complete (version=1.2.8)\n\";',NULL,75,1),(108,51,92,'2019-04-19 10:21:16','2019-10-17 09:29:42','admin','Player Alt Erlaa Auslage',1,NULL,NULL,NULL,'2019-10-17 09:29:41',NULL,'03:00',1,1,0,0,0,0,'2019-10-17 09:29:41',NULL,1,'s:635:\"2019-10-17 03:00:36 - [Player] Starting player with box nr: I21F00011\n2019-10-17 03:00:36 - [Player] System-Settings: {\r\n	\"computername\" : \"DESKTOP-ERG80BF\",\r\n	\"ipaddress\" : [\"10.0.99.35\"],\r\n	\"teamviewer\" : \"1439346882\",\r\n	\"serial\" : \"To be filled by O.E.M.\",\r\n	\"model\" : \"Shuttle Inc. - DH270\",\r\n	\"region\" : \"�sterreich\",\r\n	\"geo\" : \"14\",\r\n	\"location\" : \"de-AT\",\r\n	\"country\" : \"43\",\r\n	\"language\" : \"DEA\",\r\n	\"currency\" : \"?\"\r\n}\r\n\n2019-10-17 03:00:42 - [Player] Checking media files (6)\n2019-10-17 03:00:43 - [Layer] Init complete [hoch] (x:0, y:0, width:1080, height:1920)\n2019-10-17 03:00:43 - [Player] Init complete (version=1.2.9)\n\";',NULL,58,1),(115,76,96,'2019-04-24 10:19:09','2019-10-17 09:29:47','admin','Player Simmering Imbiss links',1,NULL,NULL,NULL,'2019-10-17 09:29:47',NULL,'04:00',1,1,0,0,0,0,'2019-10-17 09:29:47',NULL,1,'s:728:\"2019-10-17 04:08:44 - [Player] Starting player with box nr: I21F00061\n2019-10-17 04:08:44 - [Player] System-Settings: {\r\n	\"computername\" : \"DESKTOP-V3TNKDK\",\r\n	\"ipaddress\" : [\"10.0.46.38\"],\r\n	\"teamviewer\" : \"1221828039\",\r\n	\"serial\" : \"To be filled by O.E.M.\",\r\n	\"model\" : \"Shuttle Inc. - DH270\",\r\n	\"region\" : \"�sterreich\",\r\n	\"geo\" : \"14\",\r\n	\"location\" : \"de-AT\",\r\n	\"country\" : \"43\",\r\n	\"language\" : \"DEA\",\r\n	\"currency\" : \"?\"\r\n}\r\n\n2019-10-17 04:08:47 - [Player] Checking media files (9)\n2019-10-17 04:08:48 - [Layer] Init complete [links] (x:0, y:0, width:1920, height:1080)\n2019-10-17 04:08:48 - [Layer] Init complete [rechts] (x:1920, y:0, width:1920, height:1080)\n2019-10-17 04:08:48 - [Player] Init complete (version=1.2.9)\n\";',NULL,80,1),(116,76,97,'2019-04-24 10:19:22','2019-10-17 09:30:28','admin','Player Simmering Feinkost',1,NULL,NULL,NULL,'2019-10-17 09:30:27',NULL,'04:00',1,1,0,0,0,0,'2019-10-17 09:30:27',NULL,1,'s:728:\"2019-10-17 04:00:37 - [Player] Starting player with box nr: I21F00071\n2019-10-17 04:00:37 - [Player] System-Settings: {\r\n	\"computername\" : \"DESKTOP-K8URN25\",\r\n	\"ipaddress\" : [\"10.0.46.34\"],\r\n	\"teamviewer\" : \"1225841894\",\r\n	\"serial\" : \"To be filled by O.E.M.\",\r\n	\"model\" : \"Shuttle Inc. - DH270\",\r\n	\"region\" : \"�sterreich\",\r\n	\"geo\" : \"14\",\r\n	\"location\" : \"de-AT\",\r\n	\"country\" : \"43\",\r\n	\"language\" : \"DEA\",\r\n	\"currency\" : \"?\"\r\n}\r\n\n2019-10-17 04:01:22 - [Player] Checking media files (9)\n2019-10-17 04:01:23 - [Layer] Init complete [links] (x:0, y:0, width:1920, height:1080)\n2019-10-17 04:01:23 - [Layer] Init complete [rechts] (x:1920, y:0, width:1920, height:1080)\n2019-10-17 04:01:24 - [Player] Init complete (version=1.2.9)\n\";',NULL,80,1),(118,76,98,'2019-04-24 10:21:30','2019-10-17 09:30:12','admin','Player Simmering Fleisch',1,NULL,NULL,NULL,'2019-10-17 09:30:05',NULL,'04:00',1,1,0,0,0,0,'2019-10-17 09:30:03',NULL,1,'s:729:\"2019-10-17 04:00:37 - [Player] Starting player with box nr: I21F00033\n2019-10-17 04:00:37 - [Player] System-Settings: {\r\n	\"computername\" : \"DESKTOP-SKF6E2U\",\r\n	\"ipaddress\" : [\"10.0.46.35\"],\r\n	\"teamviewer\" : \"1237052933\",\r\n	\"serial\" : \"To be filled by O.E.M.\",\r\n	\"model\" : \"Shuttle Inc. - DH270\",\r\n	\"region\" : \"�sterreich\",\r\n	\"geo\" : \"14\",\r\n	\"location\" : \"de-AT\",\r\n	\"country\" : \"43\",\r\n	\"language\" : \"DEA\",\r\n	\"currency\" : \"?\"\r\n}\r\n\n2019-10-17 04:01:48 - [Player] Checking media files (11)\n2019-10-17 04:01:48 - [Layer] Init complete [links] (x:0, y:0, width:1920, height:1080)\n2019-10-17 04:01:48 - [Layer] Init complete [rechts] (x:1920, y:0, width:1920, height:1080)\n2019-10-17 04:01:49 - [Player] Init complete (version=1.2.9)\n\";',NULL,80,1),(119,76,94,'2019-04-24 10:21:53','2019-10-17 09:29:58','admin','Player Simmering Eingang links',1,NULL,NULL,NULL,'2019-10-17 09:29:58',NULL,'04:00',1,1,0,0,0,0,'2019-10-17 09:29:57',NULL,1,'s:635:\"2019-10-17 04:00:40 - [Player] Starting player with box nr: I50F00009\n2019-10-17 04:00:40 - [Player] System-Settings: {\r\n	\"computername\" : \"DESKTOP-URSP8MR\",\r\n	\"ipaddress\" : [\"10.0.46.36\"],\r\n	\"teamviewer\" : \"1251056204\",\r\n	\"serial\" : \"To be filled by O.E.M.\",\r\n	\"model\" : \"Shuttle Inc. - DH370\",\r\n	\"region\" : \"�sterreich\",\r\n	\"geo\" : \"14\",\r\n	\"location\" : \"de-AT\",\r\n	\"country\" : \"43\",\r\n	\"language\" : \"DEA\",\r\n	\"currency\" : \"?\"\r\n}\r\n\n2019-10-17 04:01:13 - [Player] Checking media files (6)\n2019-10-17 04:01:14 - [Layer] Init complete [hoch] (x:0, y:0, width:1080, height:1920)\n2019-10-17 04:01:15 - [Player] Init complete (version=1.2.9)\n\";',NULL,80,1),(121,76,93,'2019-04-24 10:23:32','2019-10-17 09:30:21','admin','Player Simmering Eingang rechts',1,NULL,NULL,NULL,'2019-10-17 09:30:17',NULL,'04:00',1,1,0,0,0,0,'2019-10-17 09:30:18',NULL,1,'s:620:\"2019-06-13 05:33:16 - [Player] Starting player with box nr: I50F00010\n2019-06-13 05:33:16 - [Player] System-Settings: {\r\n	\"computername\" : \"DESKTOP-TAQDU0O\",\r\n	\"ipaddress\" : [],\r\n	\"teamviewer\" : \"1255453300\",\r\n	\"serial\" : \"To be filled by O.E.M.\",\r\n	\"model\" : \"Shuttle Inc. - DH370\",\r\n	\"region\" : \"�sterreich\",\r\n	\"geo\" : \"14\",\r\n	\"location\" : \"de-AT\",\r\n	\"country\" : \"43\",\r\n	\"language\" : \"DEA\",\r\n	\"currency\" : \"?\"\r\n}\r\n\n2019-06-13 05:33:16 - [Layer] Init complete [hoch] (x:0, y:0, width:1920, height:1080)\n2019-06-13 05:33:17 - [Player] Init complete (version=1.2.8)\n2019-06-13 07:00:09 - [Player] Player closed by user\n\";',NULL,80,1),(122,76,95,'2019-04-24 10:25:55','2019-10-17 09:30:28','admin','Player Simmering Imbiss rechts',1,NULL,NULL,NULL,'2019-10-17 09:30:12',NULL,'04:00',1,1,0,0,0,0,'2019-10-17 09:30:13',NULL,1,'s:729:\"2019-10-17 04:17:37 - [Player] Starting player with box nr: I21F00018\n2019-10-17 04:17:37 - [Player] System-Settings: {\r\n	\"computername\" : \"DESKTOP-GDURQ2N\",\r\n	\"ipaddress\" : [\"10.0.46.37\"],\r\n	\"teamviewer\" : \"1215238919\",\r\n	\"serial\" : \"To be filled by O.E.M.\",\r\n	\"model\" : \"Shuttle Inc. - DH270\",\r\n	\"region\" : \"�sterreich\",\r\n	\"geo\" : \"14\",\r\n	\"location\" : \"de-AT\",\r\n	\"country\" : \"43\",\r\n	\"language\" : \"DEA\",\r\n	\"currency\" : \"?\"\r\n}\r\n\n2019-10-17 04:17:43 - [Player] Checking media files (24)\n2019-10-17 04:17:43 - [Layer] Init complete [links] (x:0, y:0, width:1920, height:1080)\n2019-10-17 04:17:43 - [Layer] Init complete [rechts] (x:1920, y:0, width:1920, height:1080)\n2019-10-17 04:17:44 - [Player] Init complete (version=1.2.9)\n\";',NULL,80,1),(123,75,NULL,'2019-04-25 12:53:39','2019-04-25 12:56:08','service_more','player shelf header Farbe & Wohnen Müllner',1,NULL,NULL,NULL,NULL,NULL,'00:00',1,1,0,0,0,0,NULL,NULL,1,'N;',NULL,79,7),(124,75,NULL,'2019-04-25 12:53:52','2019-04-25 12:59:41','service_more','player shelf signage farbe & wohnen Müler',1,NULL,NULL,NULL,NULL,NULL,'00:00',1,1,0,0,0,0,NULL,NULL,1,'N;',NULL,79,7),(128,74,NULL,'2019-04-25 12:54:24','2019-04-25 12:55:25','service_more','player shelf header Gaster',1,NULL,NULL,NULL,NULL,NULL,'00:00',1,1,0,0,0,0,NULL,NULL,1,'N;',NULL,78,7),(129,74,NULL,'2019-04-25 12:54:38','2019-04-25 12:55:45','service_more','player shelf signage Gaster',1,NULL,NULL,NULL,NULL,NULL,'00:00',1,1,0,0,0,0,NULL,NULL,1,'N;',NULL,78,7),(130,73,NULL,'2019-04-25 12:56:36','2019-04-25 12:57:25','service_more','Player Signage Shelf Möbel Maier',1,NULL,NULL,NULL,NULL,NULL,'00:00',1,1,0,0,0,0,NULL,NULL,1,'N;',NULL,77,7),(131,73,NULL,'2019-04-25 12:56:50','2019-04-25 12:57:42','service_more','Player Shelf  Header Möbel Maier',1,NULL,NULL,NULL,NULL,NULL,'00:00',1,1,0,0,0,0,NULL,NULL,1,'N;',NULL,77,7),(132,77,NULL,'2019-05-20 17:08:30','2019-05-20 17:10:06','service_more','player shelf header Haider Wohnen',1,NULL,NULL,NULL,NULL,NULL,'00:00',1,1,0,0,0,0,NULL,NULL,1,'N;',NULL,81,7),(133,77,NULL,'2019-05-20 17:08:45','2019-05-20 17:10:23','service_more','player shelf idle Haider Wohnen',1,NULL,NULL,NULL,NULL,NULL,'00:00',1,1,0,0,0,0,NULL,NULL,1,'N;',NULL,81,7),(134,78,NULL,'2019-05-22 09:22:01','2019-05-22 09:24:11','service_more','player shelf header Wohnquartier',1,NULL,NULL,NULL,NULL,NULL,'00:00',1,1,0,0,0,0,NULL,NULL,1,'N;',NULL,82,7),(135,78,NULL,'2019-05-22 09:22:37','2019-05-22 09:24:40','service_more','player shelf idle Wohnquartier',1,NULL,NULL,NULL,NULL,NULL,'00:00',1,1,0,0,0,0,NULL,NULL,1,'N;',NULL,82,7),(136,80,NULL,'2019-06-05 12:40:03','2019-06-05 12:41:01','service_more','player shelf header fox holz',1,NULL,NULL,NULL,NULL,NULL,'04:00',1,1,0,0,0,0,NULL,NULL,1,'N;',NULL,84,7),(137,80,NULL,'2019-06-05 12:40:34','2019-06-05 12:42:04','service_more','player shelf signage fox holz',1,NULL,NULL,NULL,NULL,NULL,'04:00',1,1,0,0,0,0,NULL,NULL,1,'N;',NULL,84,7),(138,82,NULL,'2019-06-05 12:42:57','2019-06-05 12:44:06','service_more','Player Signage Shelf Phillip & Kurt Manufaktur',1,NULL,NULL,NULL,NULL,NULL,'04:00',1,1,0,0,0,0,NULL,NULL,1,'N;',NULL,83,7),(139,82,NULL,'2019-06-05 12:43:23','2019-06-05 12:44:18','service_more','Player Shelf  Header Phillip & Kurt Manufaktur',1,NULL,NULL,NULL,NULL,NULL,'04:00',1,1,0,0,0,0,NULL,NULL,1,'N;',NULL,83,7),(140,84,NULL,'2019-06-11 10:38:01','2019-06-11 10:41:44','service_more','Player Shelf Header Aichner',1,NULL,NULL,NULL,NULL,NULL,'00:00',1,1,0,0,0,0,NULL,NULL,1,'N;',NULL,88,7),(143,81,NULL,'2019-06-11 10:38:30','2019-06-11 10:43:16','service_more','Player Shelf Header Aufschnaiter',1,NULL,NULL,NULL,NULL,NULL,'00:00',1,1,0,0,0,0,NULL,NULL,1,'N;',NULL,86,7),(144,79,NULL,'2019-06-11 10:38:51','2019-06-11 10:46:03','service_more','Player Shelf Header Möbel Fellner',1,NULL,NULL,NULL,NULL,NULL,'00:00',1,1,0,0,0,0,NULL,NULL,1,'N;',NULL,85,7),(145,83,NULL,'2019-06-11 10:39:10','2019-06-11 10:47:33','service_more','Player Shelf Header See & Maschik',1,NULL,NULL,NULL,NULL,NULL,'00:00',1,1,0,0,0,0,NULL,NULL,1,'N;',NULL,87,7),(146,84,NULL,'2019-06-11 10:39:43','2019-06-11 10:42:28','service_more','Player Shelf Idle Aichner',1,NULL,NULL,NULL,NULL,NULL,'00:00',1,1,0,0,0,0,NULL,NULL,1,'N;',NULL,88,7),(147,81,NULL,'2019-06-11 10:39:54','2019-06-11 10:44:29','service_more','Player Shelf Idle Aufschnaiter',1,NULL,NULL,NULL,NULL,NULL,'00:00',1,1,0,0,0,0,NULL,NULL,1,'N;',NULL,86,7),(148,79,NULL,'2019-06-11 10:40:15','2019-06-11 10:46:43','service_more','Player Shelf Idle Fellner',1,NULL,NULL,NULL,NULL,NULL,'00:00',1,1,0,0,0,0,NULL,NULL,1,'N;',NULL,85,7),(149,83,NULL,'2019-06-11 10:40:30','2019-06-11 10:48:05','service_more','Player Shelf Idle See & Maschik',1,NULL,NULL,NULL,NULL,NULL,'00:00',1,1,0,0,0,0,NULL,NULL,1,'N;',NULL,87,7),(150,85,NULL,'2019-06-12 11:22:01','2019-10-17 13:35:28','service_more','player shelf header Akquisepartner',1,NULL,NULL,NULL,NULL,NULL,'00:00',1,1,0,0,0,0,NULL,NULL,1,'N;',NULL,89,7),(152,85,NULL,'2019-06-12 11:22:24','2019-10-17 13:35:34','service_more','player shelf idle Akquisepartner',1,NULL,NULL,NULL,NULL,NULL,'00:00',1,1,0,0,0,0,NULL,NULL,1,'N;',NULL,89,7),(153,79,NULL,'2019-06-26 17:46:06','2019-06-26 17:46:50','service_more','Player Signage Screen',1,NULL,NULL,NULL,NULL,NULL,'00:00',1,1,0,0,0,0,NULL,NULL,1,'N;',NULL,85,7),(154,86,99,'2019-08-19 11:13:20','2019-10-17 09:30:12','admin','Player Auhof Imbiss',1,NULL,NULL,NULL,'2019-10-17 09:30:12',NULL,'03:00',1,1,0,0,0,0,'2019-10-17 09:29:35',NULL,1,'s:729:\"2019-10-17 03:00:33 - [Player] Starting player with box nr: I50F00257\n2019-10-17 03:00:33 - [Player] System-Settings: {\r\n	\"computername\" : \"DESKTOP-DRDR7PB\",\r\n	\"ipaddress\" : [\"10.0.62.44\"],\r\n	\"teamviewer\" : \"1347370572\",\r\n	\"serial\" : \"To be filled by O.E.M.\",\r\n	\"model\" : \"Shuttle Inc. - DH370\",\r\n	\"region\" : \"�sterreich\",\r\n	\"geo\" : \"14\",\r\n	\"location\" : \"de-AT\",\r\n	\"country\" : \"43\",\r\n	\"language\" : \"DEA\",\r\n	\"currency\" : \"?\"\r\n}\r\n\n2019-10-17 03:00:35 - [Player] Checking media files (16)\n2019-10-17 03:00:35 - [Layer] Init complete [rechts] (x:1920, y:0, width:1920, height:1080)\n2019-10-17 03:00:35 - [Layer] Init complete [links] (x:0, y:0, width:1920, height:1080)\n2019-10-17 03:00:36 - [Player] Init complete (version=1.2.9)\n\";',NULL,90,1),(155,86,100,'2019-08-19 11:13:37','2019-10-17 09:30:13','admin','Player Auhof Feinkost',1,NULL,NULL,NULL,'2019-10-17 09:30:09',NULL,'03:00',1,1,0,0,0,0,'2019-10-17 09:30:10',NULL,1,'s:728:\"2019-10-17 03:00:34 - [Player] Starting player with box nr: I50F00115\n2019-10-17 03:00:34 - [Player] System-Settings: {\r\n	\"computername\" : \"DESKTOP-FVTEB6U\",\r\n	\"ipaddress\" : [\"10.0.62.51\"],\r\n	\"teamviewer\" : \"1564417548\",\r\n	\"serial\" : \"To be filled by O.E.M.\",\r\n	\"model\" : \"Shuttle Inc. - DH370\",\r\n	\"region\" : \"�sterreich\",\r\n	\"geo\" : \"14\",\r\n	\"location\" : \"de-AT\",\r\n	\"country\" : \"43\",\r\n	\"language\" : \"DEA\",\r\n	\"currency\" : \"?\"\r\n}\r\n\n2019-10-17 03:00:41 - [Player] Checking media files (9)\n2019-10-17 03:00:41 - [Layer] Init complete [links] (x:0, y:0, width:1920, height:1080)\n2019-10-17 03:00:41 - [Layer] Init complete [rechts] (x:1920, y:0, width:1920, height:1080)\n2019-10-17 03:00:42 - [Player] Init complete (version=1.2.9)\n\";',NULL,90,1),(156,86,101,'2019-08-19 11:13:57','2019-10-17 09:30:23','admin','Player Auhof Fleisch',1,NULL,NULL,NULL,'2019-10-17 09:30:07',NULL,'03:00',1,1,0,0,0,0,'2019-10-17 09:30:17',NULL,1,'s:728:\"2019-10-17 03:00:33 - [Player] Starting player with box nr: J17F00428\n2019-10-17 03:00:33 - [Player] System-Settings: {\r\n	\"computername\" : \"DESKTOP-7OET7NI\",\r\n	\"ipaddress\" : [\"10.0.62.50\"],\r\n	\"teamviewer\" : \"1344207248\",\r\n	\"serial\" : \"To be filled by O.E.M.\",\r\n	\"model\" : \"Shuttle Inc. - DH370\",\r\n	\"region\" : \"�sterreich\",\r\n	\"geo\" : \"14\",\r\n	\"location\" : \"de-AT\",\r\n	\"country\" : \"43\",\r\n	\"language\" : \"DEA\",\r\n	\"currency\" : \"?\"\r\n}\r\n\n2019-10-17 03:00:35 - [Player] Checking media files (8)\n2019-10-17 03:00:36 - [Layer] Init complete [rechts] (x:1920, y:0, width:1920, height:1080)\n2019-10-17 03:00:36 - [Layer] Init complete [links] (x:0, y:0, width:1920, height:1080)\n2019-10-17 03:00:36 - [Player] Init complete (version=1.2.9)\n\";',NULL,90,1),(157,86,102,'2019-08-19 11:14:21','2019-10-17 09:29:50','admin','Player Auhof Decke Quer',1,NULL,NULL,NULL,'2019-10-17 09:29:49',NULL,'03:00',1,1,0,0,0,0,'2019-10-17 09:29:49',NULL,1,'s:652:\"2019-10-17 03:00:47 - [Player] Starting player with box nr: J17F00378\n2019-10-17 03:00:47 - [Player] System-Settings: {\r\n	\"computername\" : \"DESKTOP-VDH384D\",\r\n	\"ipaddress\" : [\"10.0.62.46\",\"10.0.62.45\"],\r\n	\"teamviewer\" : \"1352483582\",\r\n	\"serial\" : \"To be filled by O.E.M.\",\r\n	\"model\" : \"Shuttle Inc. - DH370\",\r\n	\"region\" : \"�sterreich\",\r\n	\"geo\" : \"14\",\r\n	\"location\" : \"de-AT\",\r\n	\"country\" : \"43\",\r\n	\"language\" : \"DEA\",\r\n	\"currency\" : \"?\"\r\n}\r\n\n2019-10-17 03:00:49 - [Player] Checking media files (12)\n2019-10-17 03:00:49 - [Layer] Init complete [Layer 1] (x:0, y:0, width:1920, height:1080)\n2019-10-17 03:00:50 - [Player] Init complete (version=1.2.9)\n\";',NULL,90,1),(160,87,NULL,'2019-08-22 14:45:32','2019-08-22 14:47:25','service_more','player shelf header Küchen & Wohnstudio Schwaiger KG',1,NULL,NULL,NULL,NULL,NULL,'00:00',1,1,0,0,0,0,NULL,NULL,1,'N;',NULL,91,7),(161,87,NULL,'2019-08-22 14:46:22','2019-08-22 14:48:03','service_more','player shelf idle Küchen & Wohnstudio Schwaiger KG',1,NULL,NULL,NULL,NULL,NULL,'00:00',1,1,0,0,0,0,NULL,NULL,1,'N;',NULL,91,7),(162,88,NULL,'2019-08-22 15:03:22','2019-08-22 15:05:27','service_more','player shelf header K&B Unterlerchner GmbH',1,NULL,NULL,NULL,NULL,NULL,'00:00',1,1,0,0,0,0,NULL,NULL,1,'N;',NULL,92,7),(163,88,NULL,'2019-08-22 15:04:09','2019-08-22 15:06:03','service_more','player shelf idle K&B Unterlerchner GmbH',1,NULL,NULL,NULL,NULL,NULL,'00:00',1,1,0,0,0,0,NULL,NULL,1,'N;',NULL,92,7),(164,89,NULL,'2019-08-23 10:48:44','2019-08-23 10:55:17','service_more','player shelf header Wohnraum Eder GmbH',1,NULL,NULL,NULL,NULL,NULL,'00:00',1,1,0,0,0,0,NULL,NULL,1,'N;',NULL,94,7),(165,89,NULL,'2019-08-23 10:52:23','2019-08-23 10:56:42','service_more','player shelf idle Wohnraum Eder GmbH',1,NULL,NULL,NULL,NULL,NULL,'00:00',1,1,0,0,0,0,NULL,NULL,1,'N;',NULL,94,7),(166,90,NULL,'2019-08-23 11:03:58','2019-08-23 11:05:14','service_more','player shelf header Föger',1,NULL,NULL,NULL,NULL,NULL,'00:00',1,1,0,0,0,0,NULL,NULL,1,'N;',NULL,95,7),(167,90,NULL,'2019-08-23 11:04:29','2019-08-23 11:06:04','service_more','player shelf signage Föger',1,NULL,NULL,NULL,NULL,NULL,'00:00',1,1,0,0,0,0,NULL,NULL,1,'N;',NULL,95,7),(168,92,NULL,'2019-08-23 11:17:52','2019-08-23 11:18:42','service_more','player shelf header Wimmer Wohnen GmbH',1,NULL,NULL,NULL,NULL,NULL,'00:00',1,1,0,0,0,0,NULL,NULL,1,'N;',NULL,96,7),(169,92,NULL,'2019-08-23 11:18:13','2019-08-23 11:19:05','service_more','player shelf idle Wimmer Wohnen GmbH',1,NULL,NULL,NULL,NULL,NULL,'00:00',1,1,0,0,0,0,NULL,NULL,1,'N;',NULL,96,7),(170,93,NULL,'2019-08-26 10:29:56','2019-08-26 10:34:10','service_more','Player Signage Shelf Raumgestaltung Widy GmbH',1,NULL,NULL,NULL,NULL,NULL,'00:00',1,1,0,0,0,0,NULL,NULL,1,'N;',NULL,97,7),(171,93,NULL,'2019-08-26 10:30:21','2019-08-26 10:34:19','service_more','Player Shelf  Header Raumgestaltung Widy GmbH',1,NULL,NULL,NULL,NULL,NULL,'00:00',1,1,0,0,0,0,NULL,NULL,1,'N;',NULL,97,7),(172,94,NULL,'2019-08-26 14:20:44','2019-08-26 14:21:51','service_more','player shelf header Küchenzentrum Steffl GmbH',1,NULL,NULL,NULL,NULL,NULL,'00:00',1,1,0,0,0,0,NULL,NULL,1,'N;',NULL,98,7),(173,94,NULL,'2019-08-26 14:21:11','2019-08-26 14:22:17','service_more','player shelf idle Küchenzentrum Steffl GmbH',1,NULL,NULL,NULL,NULL,NULL,'00:00',1,1,0,0,0,0,NULL,NULL,1,'N;',NULL,98,7),(174,95,NULL,'2019-08-26 14:33:53','2019-08-26 14:35:37','service_more','Player Shelf Header Wohndesign Maierhofer',1,NULL,NULL,NULL,NULL,NULL,'00:00',1,1,0,0,0,0,NULL,NULL,1,'N;',NULL,99,7),(175,95,NULL,'2019-08-26 14:34:18','2019-08-26 14:36:04','service_more','Player Shelf Idle Wohndesign Maierhofer',1,NULL,NULL,NULL,NULL,NULL,'00:00',1,1,0,0,0,0,NULL,NULL,1,'N;',NULL,99,7),(176,95,NULL,'2019-08-26 14:34:41','2019-08-26 14:36:53','service_more','Player Signage Wohndesign Maierhofer',1,NULL,NULL,NULL,NULL,NULL,'00:00',1,1,0,0,0,0,NULL,NULL,1,'N;',NULL,99,7),(177,96,NULL,'2019-08-27 10:11:40','2019-08-27 10:14:57','service_more','player shelf header Georg Mayerhofer',1,NULL,NULL,NULL,NULL,NULL,'00:00',1,1,0,0,0,0,NULL,NULL,1,'N;',NULL,100,7),(178,96,NULL,'2019-08-27 10:14:02','2019-08-27 10:15:40','service_more','player shelf signage Georg Mayerhofer',1,NULL,NULL,NULL,NULL,NULL,'00:00',1,1,0,0,0,0,NULL,NULL,1,'N;',NULL,100,7),(179,97,NULL,'2019-08-27 10:24:56','2019-08-27 10:28:26','service_more','player shelf header Winter - die Einrichtung',1,NULL,NULL,NULL,NULL,NULL,'00:00',1,1,0,0,0,0,NULL,NULL,1,'N;',NULL,101,7),(180,97,NULL,'2019-08-27 10:25:45','2019-08-27 10:28:04','service_more','player shelf idle Winter - die Einrichtung',1,NULL,NULL,NULL,NULL,NULL,'00:00',1,1,0,0,0,0,NULL,NULL,1,'N;',NULL,101,7),(181,98,NULL,'2019-08-27 10:37:14','2019-08-27 10:39:03','service_more','player shelf header Johann Glanz Raumdesigner',1,NULL,NULL,NULL,NULL,NULL,'00:00',1,1,0,0,0,0,NULL,NULL,1,'N;',NULL,102,7),(182,98,NULL,'2019-08-27 10:37:48','2019-08-27 10:39:32','service_more','player shelf idle Johann Glanz Raumdesigner',1,NULL,NULL,NULL,NULL,NULL,'00:00',1,1,0,0,0,0,NULL,NULL,1,'N;',NULL,102,7),(183,99,NULL,'2019-08-27 10:51:31','2019-08-27 10:52:34','service_more','player shelf header Kreibich Malerwerkstatt',1,NULL,NULL,NULL,NULL,NULL,'00:00',1,1,0,0,0,0,NULL,NULL,1,'N;',NULL,103,7),(184,99,NULL,'2019-08-27 10:51:56','2019-08-27 10:52:54','service_more','player shelf idle Kreibich Malerwerkstatt',1,NULL,NULL,NULL,NULL,NULL,'00:00',1,1,0,0,0,0,NULL,NULL,1,'N;',NULL,103,7),(187,103,NULL,'2019-10-16 10:55:21','2019-10-16 10:56:59','service_more','Player Shelf Header Möbel Zimmermann',1,NULL,NULL,NULL,NULL,NULL,'00:00',1,1,0,0,0,0,NULL,NULL,1,'N;',NULL,106,7),(188,103,NULL,'2019-10-16 10:55:53','2019-10-16 10:59:24','service_more','Player Shelf Idle Möbel Zimmermann',1,NULL,NULL,NULL,NULL,NULL,'00:00',1,1,0,0,0,0,NULL,NULL,1,'N;',NULL,106,7),(189,105,NULL,'2019-10-16 11:13:52','2019-10-16 11:16:18','service_more','Player Shelf Header Burtscher Böden',1,NULL,NULL,NULL,NULL,NULL,'00:00',1,1,0,0,0,0,NULL,NULL,1,'N;',NULL,107,7),(190,105,NULL,'2019-10-16 11:15:20','2019-10-16 11:16:46','service_more','Player Shelf Idle Burtscher Böden',1,NULL,NULL,NULL,NULL,NULL,'00:00',1,1,0,0,0,0,NULL,NULL,1,'N;',NULL,107,7),(191,106,NULL,'2019-10-16 11:48:50','2019-10-16 11:50:30','service_more','Player Shelf Header Resch Home',1,NULL,NULL,NULL,NULL,NULL,'00:00',1,1,0,0,0,0,NULL,NULL,1,'N;',NULL,108,7),(192,106,NULL,'2019-10-16 11:49:47','2019-10-16 11:51:11','service_more','Player Shelf Idle Resch Home',1,NULL,NULL,NULL,NULL,NULL,'00:00',1,1,0,0,0,0,NULL,NULL,1,'N;',NULL,108,7),(193,108,NULL,'2019-10-16 12:01:04','2019-10-16 12:06:31','service_more','Player Shelf Header Möbel Handl',1,NULL,NULL,NULL,NULL,NULL,'00:00',1,1,0,0,0,0,NULL,NULL,1,'N;',NULL,109,7),(194,108,NULL,'2019-10-16 12:03:38','2019-10-16 12:07:14','service_more','Player Shelf Idle Möbel Handl',1,NULL,NULL,NULL,NULL,NULL,'00:00',1,1,0,0,0,0,NULL,NULL,1,'N;',NULL,109,7),(195,109,NULL,'2019-10-16 12:13:58','2019-10-16 12:16:35','service_more','Player Shelf Header Designstudio Wolfgang Nowak',1,NULL,NULL,NULL,NULL,NULL,'00:00',1,1,0,0,0,0,NULL,NULL,1,'N;',NULL,110,7),(196,109,NULL,'2019-10-16 12:14:52','2019-10-16 12:17:14','service_more','Player Shelf Idle Designstudio Wolfgang Nowak',1,NULL,NULL,NULL,NULL,NULL,'00:00',1,1,0,0,0,0,NULL,NULL,1,'N;',NULL,110,7),(197,110,NULL,'2019-10-16 12:26:48','2019-10-16 12:29:02','service_more','Player Shelf Header Oberrauter',1,NULL,NULL,NULL,NULL,NULL,'00:00',1,1,0,0,0,0,NULL,NULL,1,'N;',NULL,111,7),(198,110,NULL,'2019-10-16 12:28:23','2019-10-16 12:29:43','service_more','Player Shelf Idle Oberrauter',1,NULL,NULL,NULL,NULL,NULL,'00:00',1,1,0,0,0,0,NULL,NULL,1,'N;',NULL,111,7),(199,111,NULL,'2019-10-16 12:35:54','2019-10-16 12:36:59','service_more','Player Shelf Header Anton Meyer Raumausstattung',1,NULL,NULL,NULL,NULL,NULL,'00:00',1,1,0,0,0,0,NULL,NULL,1,'N;',NULL,112,7),(200,111,NULL,'2019-10-16 12:36:20','2019-10-16 12:37:30','service_more','Player Shelf Idle Anton Meyer Raumausstattung',1,NULL,NULL,NULL,NULL,NULL,'00:00',1,1,0,0,0,0,NULL,NULL,1,'N;',NULL,112,7),(201,112,NULL,'2019-10-16 12:48:06','2019-10-16 12:49:23','service_more','Player Shelf Header Groiss Wohnkultur',1,NULL,NULL,NULL,NULL,NULL,'00:00',1,1,0,0,0,0,NULL,NULL,1,'N;',NULL,113,7),(202,112,NULL,'2019-10-16 12:48:29','2019-10-16 12:50:00','service_more','Player Shelf Idle Groiss Wohnkultur',1,NULL,NULL,NULL,NULL,NULL,'00:00',1,1,0,0,0,0,NULL,NULL,1,'N;',NULL,113,7),(203,113,NULL,'2019-10-21 11:36:55','2019-10-21 11:40:57','service_more','player shelf header Möbel Laimer',1,NULL,NULL,NULL,NULL,NULL,'00:00',1,1,0,0,0,0,NULL,NULL,1,'N;',NULL,114,7),(204,113,NULL,'2019-10-21 11:37:20','2019-10-21 11:41:27','service_more','player shelf idle Möbel Laimer',1,NULL,NULL,NULL,NULL,NULL,'00:00',1,1,0,0,0,0,NULL,NULL,1,'N;',NULL,114,7),(205,114,NULL,'2019-10-21 11:46:57','2019-10-21 11:47:42','service_more','player shelf header Mazenreiter',1,NULL,NULL,NULL,NULL,NULL,'00:00',1,1,0,0,0,0,NULL,NULL,1,'N;',NULL,115,7),(206,114,NULL,'2019-10-21 11:47:15','2019-10-21 11:48:06','service_more','player shelf idle Mazenreiter',1,NULL,NULL,NULL,NULL,NULL,'00:00',1,1,0,0,0,0,NULL,NULL,1,'N;',NULL,115,7),(207,115,NULL,'2019-10-21 11:51:20','2019-10-21 11:52:05','service_more','player shelf header Spätauf',1,NULL,NULL,NULL,NULL,NULL,'00:00',1,1,0,0,0,0,NULL,NULL,1,'N;',NULL,116,7),(208,115,NULL,'2019-10-21 11:51:41','2019-10-21 11:52:32','service_more','player shelf idle Spätauf',1,NULL,NULL,NULL,NULL,NULL,'00:00',1,1,0,0,0,0,NULL,NULL,1,'N;',NULL,116,7),(209,116,NULL,'2019-10-21 11:55:42','2019-10-21 11:56:23','service_more','player shelf header Hannerer',1,NULL,NULL,NULL,NULL,NULL,'00:00',1,1,0,0,0,0,NULL,NULL,1,'N;',NULL,117,7),(210,116,NULL,'2019-10-21 11:55:59','2019-10-21 11:56:45','service_more','player shelf idle Hannerer',1,NULL,NULL,NULL,NULL,NULL,'00:00',1,1,0,0,0,0,NULL,NULL,1,'N;',NULL,117,7),(211,117,NULL,'2019-10-21 15:06:32','2019-10-21 15:07:19','service_more','player shelf header Ablinger',1,NULL,NULL,NULL,NULL,NULL,'00:00',1,1,0,0,0,0,NULL,NULL,1,'N;',NULL,118,7),(212,117,NULL,'2019-10-21 15:06:51','2019-10-21 15:07:40','service_more','player shelf idle Ablinger',1,NULL,NULL,NULL,NULL,NULL,'00:00',1,1,0,0,0,0,NULL,NULL,1,'N;',NULL,118,7),(213,118,NULL,'2019-10-21 15:10:40','2019-10-21 15:11:31','service_more','player shelf header Landrichtinger',1,NULL,NULL,NULL,NULL,NULL,'00:00',1,1,0,0,0,0,NULL,NULL,1,'N;',NULL,119,7),(214,118,NULL,'2019-10-21 15:10:58','2019-10-21 15:12:02','service_more','player shelf idle Landrichtinger',1,NULL,NULL,NULL,NULL,NULL,'00:00',1,1,0,0,0,0,NULL,NULL,1,'N;',NULL,119,7),(215,119,NULL,'2019-10-21 15:15:02','2019-10-21 15:15:51','service_more','player shelf header Assl Möbel',1,NULL,NULL,NULL,NULL,NULL,'00:00',1,1,0,0,0,0,NULL,NULL,1,'N;',NULL,120,7),(216,119,NULL,'2019-10-21 15:15:22','2019-10-21 15:16:24','service_more','player shelf idle Assl Möbel',1,NULL,NULL,NULL,NULL,NULL,'00:00',1,1,0,0,0,0,NULL,NULL,1,'N;',NULL,120,7),(217,120,NULL,'2019-10-21 15:20:43','2019-10-21 15:21:26','service_more','player shelf header MF-Böden',1,NULL,NULL,NULL,NULL,NULL,'00:00',1,1,0,0,0,0,NULL,NULL,1,'N;',NULL,121,7),(218,120,NULL,'2019-10-21 15:20:58','2019-10-21 15:21:49','service_more','player shelf idle MF-Böden',1,NULL,NULL,NULL,NULL,NULL,'00:00',1,1,0,0,0,0,NULL,NULL,1,'N;',NULL,121,7),(219,105,NULL,'2019-10-29 14:01:38','2019-10-29 14:02:22','service_more','Player Signage Burtscher',1,NULL,NULL,NULL,NULL,NULL,'00:00',1,1,0,0,0,0,NULL,NULL,1,'N;',NULL,107,7),(220,126,NULL,'2020-02-05 14:47:51','2020-02-05 15:13:23','service_more','player shelf header Berger Markus Tapezierer und Raumausstatter',1,NULL,NULL,NULL,NULL,NULL,'00:00',1,1,0,0,0,0,NULL,NULL,1,'N;',NULL,127,7),(221,126,NULL,'2020-02-05 14:48:22','2020-02-05 15:13:57','service_more','player shelf idle Berger Markus Tapezierer und Raumausstatter',1,NULL,NULL,NULL,NULL,NULL,'00:00',1,1,0,0,0,0,NULL,NULL,1,'N;',NULL,127,7),(222,121,NULL,'2020-02-05 14:48:41','2020-02-05 15:14:26','service_more','player shelf header dasmöbelhaus Huber',1,NULL,NULL,NULL,NULL,NULL,'00:00',1,1,0,0,0,0,NULL,NULL,1,'N;',NULL,122,7),(223,121,NULL,'2020-02-05 14:48:56','2020-02-05 15:15:20','service_more','player shelf idle dasmöbelhaus Huber',1,NULL,NULL,NULL,NULL,NULL,'00:00',1,1,0,0,0,0,NULL,NULL,1,'N;',NULL,122,7),(224,123,NULL,'2020-02-05 14:49:15','2020-02-05 15:15:59','service_more','player shelf header Drack Maler und Bodenleger',1,NULL,NULL,NULL,NULL,NULL,'00:00',1,1,0,0,0,0,NULL,NULL,1,'N;',NULL,124,7),(225,123,NULL,'2020-02-05 14:49:39','2020-02-05 15:16:28','service_more','player shelf idle Drack Maler und Bodenleger',1,NULL,NULL,NULL,NULL,NULL,'00:00',1,1,0,0,0,0,NULL,NULL,1,'N;',NULL,124,7),(226,130,NULL,'2020-02-05 14:49:59','2020-02-05 15:17:04','service_more','player shelf header Erich Brunner e.U. Raumausstatter - Tapezierermeister',1,NULL,NULL,NULL,NULL,NULL,'00:00',1,1,0,0,0,0,NULL,NULL,1,'N;',NULL,131,7),(227,130,NULL,'2020-02-05 14:50:15','2020-02-05 15:17:29','service_more','player shelf idle Erich Brunner e.U. Raumausstatter - Tapezierermeister',1,NULL,NULL,NULL,NULL,NULL,'00:00',1,1,0,0,0,0,NULL,NULL,1,'N;',NULL,131,7),(228,127,NULL,'2020-02-05 14:50:30','2020-02-05 15:18:05','service_more','player shelf header Fetz Karl e.U. Fachgeschäft für Raumausstattung',1,NULL,NULL,NULL,NULL,NULL,'00:00',1,1,0,0,0,0,NULL,NULL,1,'N;',NULL,128,7),(229,127,NULL,'2020-02-05 14:50:47','2020-02-05 15:18:30','service_more','player shelf idle Fetz Karl e.U. Fachgeschäft für Raumausstattung',1,NULL,NULL,NULL,NULL,NULL,'00:00',1,1,0,0,0,0,NULL,NULL,1,'N;',NULL,128,7),(230,122,NULL,'2020-02-05 14:51:06','2020-02-05 15:19:04','service_more','player shelf header Gerhard Ilg Raumgestaltung',1,NULL,NULL,NULL,NULL,NULL,'00:00',1,1,0,0,0,0,NULL,NULL,1,'N;',NULL,123,7),(231,122,NULL,'2020-02-05 14:51:18','2020-02-05 15:20:16','service_more','player shelf idle Gerhard Ilg Raumgestaltung',1,NULL,NULL,NULL,NULL,NULL,'00:00',1,1,0,0,0,0,NULL,NULL,1,'N;',NULL,123,7),(232,128,NULL,'2020-02-05 14:51:53','2020-02-05 15:20:40','service_more','player shelf header Leopold Stranzl GmbH',1,NULL,NULL,NULL,NULL,NULL,'00:00',1,1,0,0,0,0,NULL,NULL,1,'N;',NULL,129,7),(233,128,NULL,'2020-02-05 14:52:21','2020-02-05 15:21:07','service_more','player shelf idle Leopold Stranzl GmbH',1,NULL,NULL,NULL,NULL,NULL,'00:00',1,1,0,0,0,0,NULL,NULL,1,'N;',NULL,129,7),(234,131,NULL,'2020-02-05 14:52:38','2020-02-05 15:21:50','service_more','player shelf header MATUTEX GmbH',1,NULL,NULL,NULL,NULL,NULL,'00:00',1,1,0,0,0,0,NULL,NULL,1,'N;',NULL,132,7),(235,131,NULL,'2020-02-05 14:52:52','2020-02-05 15:22:13','service_more','player shelf idle MATUTEX GmbH',1,NULL,NULL,NULL,NULL,NULL,'00:00',1,1,0,0,0,0,NULL,NULL,1,'N;',NULL,132,7),(236,129,NULL,'2020-02-05 14:53:08','2020-02-05 15:22:45','service_more','player shelf header Prix & Rak',1,NULL,NULL,NULL,NULL,NULL,'00:00',1,1,0,0,0,0,NULL,NULL,1,'N;',NULL,130,7),(237,129,NULL,'2020-02-05 14:53:23','2020-02-05 15:23:14','service_more','player shelf idle Prix & Rak',1,NULL,NULL,NULL,NULL,NULL,'00:00',1,1,0,0,0,0,NULL,NULL,1,'N;',NULL,130,7),(238,125,NULL,'2020-02-05 15:24:06','2020-02-05 15:26:16','service_more','player shelf header Schmidt Raumausstattung',1,NULL,NULL,NULL,NULL,NULL,'00:00',1,1,0,0,0,0,NULL,NULL,1,'N;',NULL,126,7),(239,125,NULL,'2020-02-05 15:24:25','2020-02-05 15:26:41','service_more','player shelf idle Schmidt Raumausstattung',1,NULL,NULL,NULL,NULL,NULL,'00:00',1,1,0,0,0,0,NULL,NULL,1,'N;',NULL,126,7),(240,124,NULL,'2020-02-05 15:24:39','2020-02-05 15:25:22','service_more','player shelf header Schild GmbH & Co. KG',1,NULL,NULL,NULL,NULL,NULL,'00:00',1,1,0,0,0,0,NULL,NULL,1,'N;',NULL,125,7),(241,124,NULL,'2020-02-05 15:24:47','2020-02-05 15:25:51','service_more','player shelf idle Schild GmbH & Co. KG',1,NULL,NULL,NULL,NULL,NULL,'00:00',1,1,0,0,0,0,NULL,NULL,1,'N;',NULL,125,7),(242,130,NULL,'2020-03-09 17:32:21','2020-03-10 12:35:11','service_more','DS Brunner',1,NULL,NULL,NULL,NULL,NULL,'04:00',1,1,0,0,0,0,NULL,NULL,1,'N;',NULL,131,7),(243,133,NULL,'2020-03-18 10:04:32','2020-03-18 10:11:22','service_more','player shelf header Josef Schmidt Raumausstattung Linz',1,NULL,NULL,NULL,NULL,NULL,'00:00',1,1,0,0,0,0,NULL,NULL,1,'N;',NULL,133,7),(244,133,NULL,'2020-03-18 10:04:51','2020-03-18 10:11:35','service_more','player shelf idle Josef Schmidt Raumausstattung Linz',1,NULL,NULL,NULL,NULL,NULL,'00:00',1,1,0,0,0,0,NULL,NULL,1,'N;',NULL,133,7),(245,134,NULL,'2020-04-10 10:41:27','2020-04-10 10:42:36','service_more','player shelf header Trixl',1,NULL,NULL,NULL,NULL,NULL,'00:00',1,1,0,0,0,0,NULL,NULL,1,'N;',NULL,134,7),(246,134,NULL,'2020-04-10 10:41:48','2020-04-10 10:43:05','service_more','player shelf idle Trixl',1,NULL,NULL,NULL,NULL,NULL,'00:00',1,1,0,0,0,0,NULL,NULL,1,'N;',NULL,134,7),(247,135,NULL,'2020-10-02 10:18:27','2020-10-02 10:20:03','service_more','player shelf header Kirchschlager',1,NULL,NULL,NULL,NULL,NULL,'00:00',1,1,0,0,0,0,NULL,NULL,1,'N;',NULL,135,7),(248,135,NULL,'2020-10-02 10:18:55','2020-10-02 10:20:12','service_more','player shelf idle Kirchschlager',1,NULL,NULL,NULL,NULL,NULL,'00:00',1,1,0,0,0,0,NULL,NULL,1,'N;',NULL,135,7),(249,136,NULL,'2020-11-04 09:49:34','2020-11-04 09:50:37','service_more','Player - mayrhofer küche&wohnen - Shelf Header',1,NULL,NULL,NULL,NULL,NULL,'03:00',1,1,0,0,0,0,NULL,NULL,1,'N;',NULL,136,7),(250,136,NULL,'2020-11-04 09:49:59','2020-11-04 09:53:12','service_more','Player - mayrhofer küche&wohnen - Digital Signage',1,NULL,NULL,NULL,NULL,NULL,'04:00',1,1,0,0,0,0,NULL,NULL,1,'N;',NULL,136,7),(251,137,NULL,'2020-12-11 08:32:34','2020-12-11 08:37:38','service_more','Player Shelf Header Griesbacher',1,NULL,NULL,NULL,NULL,NULL,'00:00',1,1,0,0,0,0,NULL,NULL,1,'N;',NULL,138,7),(252,137,NULL,'2020-12-11 08:33:36','2020-12-11 08:38:09','service_more','Player Shelf Idle Griesbacher',1,NULL,NULL,NULL,NULL,NULL,'00:00',1,1,0,0,0,0,NULL,NULL,1,'N;',NULL,138,7),(253,138,NULL,'2020-12-11 08:38:46','2020-12-11 08:39:39','service_more','Player Shelf Header Herbert Moser',1,NULL,NULL,NULL,NULL,NULL,'00:00',1,1,0,0,0,0,NULL,NULL,1,'N;',NULL,137,7),(254,138,NULL,'2020-12-11 08:39:08','2020-12-11 08:40:11','service_more','Player Shelf Idle Herbert Moser',1,NULL,NULL,NULL,NULL,NULL,'00:00',1,1,0,0,0,0,NULL,NULL,1,'N;',NULL,137,7),(255,139,NULL,'2021-02-12 12:12:18','2021-02-12 12:15:31','service_more','player shelf header Aster',1,NULL,NULL,NULL,NULL,NULL,'00:00',1,1,0,0,0,0,NULL,NULL,1,'N;',NULL,139,7),(256,139,NULL,'2021-02-12 12:12:34','2021-02-12 12:16:01','service_more','player shelf idle Aster',1,NULL,NULL,NULL,NULL,NULL,'00:00',1,1,0,0,0,0,NULL,NULL,1,'N;',NULL,139,7),(257,140,NULL,'2021-03-03 09:09:03','2021-03-03 09:09:49','service_more','player shelf header Test JT',1,NULL,NULL,NULL,NULL,NULL,'00:00',1,1,0,0,0,0,NULL,NULL,1,'N;',NULL,140,7),(258,140,NULL,'2021-03-03 09:09:14','2021-03-03 09:10:13','service_more','player shelf Idle Test JT',1,NULL,NULL,NULL,NULL,NULL,'00:00',1,1,0,0,0,0,NULL,NULL,1,'N;',NULL,140,7),(259,141,NULL,'2021-03-10 12:25:31','2021-03-10 12:29:33','service_more','player shelf header Wohnideen Hueter eU',1,NULL,NULL,NULL,NULL,NULL,'00:00',1,1,0,0,0,0,NULL,NULL,1,'N;',NULL,141,7),(260,141,NULL,'2021-03-10 12:25:52','2021-03-10 12:29:59','service_more','player shelf idle Wohnideen Hueter eU',1,NULL,NULL,NULL,NULL,NULL,'00:00',1,1,0,0,0,0,NULL,NULL,1,'N;',NULL,141,7),(261,142,NULL,'2021-03-17 13:43:31','2021-03-17 13:45:42','service_more','player shelf header Impex',1,NULL,NULL,NULL,NULL,NULL,'00:00',1,1,0,0,0,0,NULL,NULL,1,'N;',NULL,142,7),(262,142,NULL,'2021-03-17 13:43:52','2021-03-17 14:03:31','service_more','player shelf idle Impex',1,NULL,NULL,NULL,NULL,NULL,'00:00',1,1,0,0,0,0,NULL,NULL,1,'N;',NULL,142,7),(263,143,NULL,'2021-05-04 08:27:58','2021-05-04 08:30:17','service_more','player shelf header Egger Raumdesign',1,NULL,NULL,NULL,NULL,NULL,'00:00',1,1,0,0,0,0,NULL,NULL,1,'N;',NULL,143,7),(264,143,NULL,'2021-05-04 08:28:17','2021-05-04 08:30:44','service_more','player shelf idle Egger Raumdesign',1,NULL,NULL,NULL,NULL,NULL,'00:00',1,1,0,0,0,0,NULL,NULL,1,'N;',NULL,143,7),(265,145,NULL,'2021-05-04 08:34:26','2021-05-04 08:36:32','service_more','player shelf header Schwab Walcher',1,NULL,NULL,NULL,NULL,NULL,'00:00',1,1,0,0,0,0,NULL,NULL,1,'N;',NULL,144,7),(266,145,NULL,'2021-05-04 08:34:48','2021-05-04 08:37:02','service_more','player shelf idle Schwab Walcher',1,NULL,NULL,NULL,NULL,NULL,'00:00',1,1,0,0,0,0,NULL,NULL,1,'N;',NULL,144,7),(267,146,NULL,'2021-07-21 13:06:29','2021-07-21 13:08:05','service_more','player shelf header Möbelhaus Karner',1,NULL,NULL,NULL,NULL,NULL,'00:00',1,1,0,0,0,0,NULL,NULL,1,'N;',NULL,145,7),(268,146,NULL,'2021-07-21 13:06:51','2021-07-21 13:08:36','service_more','player shelf idle Möbelhaus Karner',1,NULL,NULL,NULL,NULL,NULL,'00:00',1,1,0,0,0,0,NULL,NULL,1,'N;',NULL,145,7),(269,147,NULL,'2021-10-25 11:09:33','2021-10-25 11:10:33','service_more','player shelf header Winkler Raumausstattung',1,NULL,NULL,NULL,NULL,NULL,'00:00',1,1,0,0,0,0,NULL,NULL,1,'N;',NULL,146,7),(270,147,NULL,'2021-10-25 11:09:55','2021-10-25 11:11:09','service_more','player shelf idle Winkler Raumausstattung',1,NULL,NULL,NULL,NULL,NULL,'00:00',1,1,0,0,0,0,NULL,NULL,1,'N;',NULL,146,7),(271,148,NULL,'2022-04-27 10:00:25','2022-04-27 10:02:37','service_more','player shelf header Laforma',1,NULL,NULL,NULL,NULL,NULL,'00:00',1,1,0,0,0,0,NULL,NULL,1,'N;',NULL,147,7),(272,148,NULL,'2022-04-27 10:00:47','2022-04-27 10:03:03','service_more','player shelf idle Laforma',1,NULL,NULL,NULL,NULL,NULL,'00:00',1,1,0,0,0,0,NULL,NULL,1,'N;',NULL,147,7),(273,149,NULL,'2022-05-17 10:51:50','2022-05-17 10:52:42','service_more','player shelf header Zieger',1,NULL,NULL,NULL,NULL,NULL,'00:00',1,1,0,0,0,0,NULL,NULL,1,'N;',NULL,148,7),(274,149,NULL,'2022-05-17 10:52:11','2022-05-17 10:53:12','service_more','player shelf idle Zieger',1,NULL,NULL,NULL,NULL,NULL,'00:00',1,1,0,0,0,0,NULL,NULL,1,'N;',NULL,148,7),(275,150,NULL,'2022-05-27 09:08:30','2022-05-27 09:09:24','service_more','player shelf header S-Wohndesign GmbH Schneiderbauer',1,NULL,NULL,NULL,NULL,NULL,'00:00',1,1,0,0,0,0,NULL,NULL,1,'N;',NULL,149,7),(276,150,NULL,'2022-05-27 09:08:49','2022-05-27 09:09:50','service_more','player shelf idle S-Wohndesign GmbH Schneiderbauer',1,NULL,NULL,NULL,NULL,NULL,'00:00',1,1,0,0,0,0,NULL,NULL,1,'N;',NULL,149,7),(277,151,NULL,'2022-06-23 11:41:35','2022-06-23 11:46:20','service_more','player shelf header egger EINRICHTEN GmbH',1,NULL,NULL,NULL,NULL,NULL,'00:00',1,1,0,0,0,0,NULL,NULL,1,'N;',NULL,150,7),(278,151,NULL,'2022-06-23 11:42:21','2022-06-23 11:46:58','service_more','player shelf idle egger EINRICHTEN GmbH',1,NULL,NULL,NULL,NULL,NULL,'00:00',1,1,0,0,0,0,NULL,NULL,1,'N;',NULL,150,7),(279,152,NULL,'2022-06-23 14:43:11','2022-06-23 14:44:06','service_more','player shelf header Aigner Wohnkonzepte',1,NULL,NULL,NULL,NULL,NULL,'00:00',1,1,0,0,0,0,NULL,NULL,1,'N;',NULL,151,7),(280,152,NULL,'2022-06-23 14:43:29','2022-06-23 14:44:34','service_more','player shelf idle Aigner Wohnkonzepte',1,NULL,NULL,NULL,NULL,NULL,'00:00',1,1,0,0,0,0,NULL,NULL,1,'N;',NULL,151,7),(281,153,NULL,'2022-09-13 16:52:54','2022-09-13 16:56:18','service_more','player shelf header Tikal',1,NULL,NULL,NULL,NULL,NULL,'00:00',1,1,0,0,0,0,NULL,NULL,1,'N;',NULL,152,7),(282,153,NULL,'2022-09-13 16:53:17','2022-09-13 16:56:53','service_more','player shelf idle Tikal',1,NULL,NULL,NULL,NULL,NULL,'00:00',1,1,0,0,0,0,NULL,NULL,1,'N;',NULL,152,7),(283,154,NULL,'2022-11-30 16:58:23','2022-11-30 16:59:04','service_more','player shelf header Möbel Freudling',1,NULL,NULL,NULL,NULL,NULL,'00:00',1,1,0,0,0,0,NULL,NULL,1,'N;',NULL,153,7),(284,154,NULL,'2022-11-30 16:58:38','2022-11-30 16:59:30','service_more','player shelf idle Möbel Freudling',1,NULL,NULL,NULL,NULL,NULL,'00:00',1,1,0,0,0,0,NULL,NULL,1,'N;',NULL,153,7),(285,155,NULL,'2023-03-09 14:10:33','2023-03-09 14:21:20','service_more','player shelf header Tischlerei Bauer',1,NULL,NULL,NULL,NULL,NULL,'00:00',1,1,0,0,0,0,NULL,NULL,1,'N;',NULL,155,7),(286,155,NULL,'2023-03-09 14:11:11','2023-03-09 14:21:50','service_more','player shelf idle Tischlerei Bauer',1,NULL,NULL,NULL,NULL,NULL,'00:00',1,1,0,0,0,0,NULL,NULL,1,'N;',NULL,155,7),(287,156,NULL,'2023-03-09 14:11:49','2023-03-09 14:20:09','service_more','player shelf header Christian Streller',1,NULL,NULL,NULL,NULL,NULL,'00:00',1,1,0,0,0,0,NULL,NULL,1,'N;',NULL,154,7),(288,156,NULL,'2023-03-09 14:15:45','2023-03-09 14:20:37','service_more','player shelf idle Christian Streller',1,NULL,NULL,NULL,NULL,NULL,'00:00',1,1,0,0,0,0,NULL,NULL,1,'N;',NULL,154,7),(289,157,NULL,'2023-04-26 10:11:42','2023-04-26 10:12:38','service_more','player shelf header Maislinger',1,NULL,NULL,NULL,NULL,NULL,'00:00',1,1,0,0,0,0,NULL,NULL,1,'N;',NULL,156,7),(290,157,NULL,'2023-04-26 10:11:59','2023-04-26 10:13:11','service_more','player shelf idle Maislinger',1,NULL,NULL,NULL,NULL,NULL,'00:00',1,1,0,0,0,0,NULL,NULL,1,'N;',NULL,156,7),(291,158,NULL,'2023-08-14 12:14:00','2023-08-14 12:16:35','service_more','player shelf header GUPFINGER',1,NULL,NULL,NULL,NULL,NULL,'00:00',1,1,0,0,0,0,NULL,NULL,1,'N;',NULL,157,7),(292,158,NULL,'2023-08-14 12:14:19','2023-08-14 12:17:04','service_more','player shelf idle GUPFINGER',1,NULL,NULL,NULL,NULL,NULL,'00:00',1,1,0,0,0,0,NULL,NULL,1,'N;',NULL,157,7),(293,159,NULL,'2023-12-04 08:31:00','2023-12-04 08:33:36','service_more','player shelf header ZÜTTL',1,NULL,NULL,NULL,NULL,NULL,'00:00',1,1,0,0,0,0,NULL,NULL,1,'N;',NULL,158,7),(294,159,NULL,'2023-12-04 08:31:22','2023-12-04 08:34:05','service_more','player shelf idle ZÜTTL',1,NULL,NULL,NULL,NULL,NULL,'00:00',1,1,0,0,0,0,NULL,NULL,1,'N;',NULL,158,7),(295,160,NULL,'2024-02-28 07:32:50','2024-02-28 07:33:44','service_more','player shelf header LEO WOHNARCHITEKTUR',1,NULL,NULL,NULL,NULL,NULL,'00:00',1,1,0,0,0,0,NULL,NULL,1,'N;',NULL,159,7),(296,160,NULL,'2024-02-28 07:33:09','2024-02-28 07:34:14','service_more','player shelf idle LEO WOHNARCHITEKTUR',1,NULL,NULL,NULL,NULL,NULL,'00:00',1,1,0,0,0,0,NULL,NULL,1,'N;',NULL,159,7);

--
