-- Table structure for table `ds_player_log`
--

CREATE TABLE `ds_player_log` (
  `id` int(11) NOT NULL AUTO_INCREMENT,
  `player_id` int(11) NOT NULL,
  `created` datetime NOT NULL,
  `boxSerial` varchar(255) NOT NULL,
  `action` varchar(255) NOT NULL,
  `message` longtext NOT NULL,
  `data` longtext DEFAULT NULL COMMENT '(DC2Type:array)',
  `mandate_id` int(10) unsigned DEFAULT NULL,
  PRIMARY KEY (`id`),
  KEY `IDX_6838CD3C99E6F5DF` (`player_id`),
  KEY `IDX_6838CD3C6C1129CD` (`mandate_id`),
  CONSTRAINT `FK_6838CD3C6C1129CD` FOREIGN KEY (`mandate_id`) REFERENCES `sys_mandate` (`id`),
  CONSTRAINT `FK_6838CD3C99E6F5DF` FOREIGN KEY (`player_id`) REFERENCES `ds_player` (`id`) ON DELETE CASCADE
) ENGINE=InnoDB DEFAULT CHARSET=utf8mb3 COLLATE=utf8mb3_unicode_ci;

--
-- Dumping data for table `ds_player_log`
--


--
-- Table structure for table `ds_playlist`
--

CREATE TABLE `ds_playlist` (
  `id` int(10) unsigned NOT NULL AUTO_INCREMENT,
  `retailer_id` int(11) DEFAULT NULL,
  `created` datetime NOT NULL,
  `updated` datetime NOT NULL,
  `updatedBy` varchar(255) DEFAULT NULL,
  `name` varchar(255) NOT NULL,
  `description` longtext DEFAULT NULL,
  `retailerPlaceholder` tinyint(1) NOT NULL DEFAULT 0,
  `public` tinyint(1) NOT NULL DEFAULT 0,
  `mandate_id` int(10) unsigned DEFAULT NULL,
  PRIMARY KEY (`id`),
  KEY `IDX_89BF2A2E23F5ED09` (`retailer_id`),
  KEY `IDX_89BF2A2E6C1129CD` (`mandate_id`),
  CONSTRAINT `FK_89BF2A2E23F5ED09` FOREIGN KEY (`retailer_id`) REFERENCES `ds_retailer` (`id`) ON DELETE CASCADE,
  CONSTRAINT `FK_89BF2A2E6C1129CD` FOREIGN KEY (`mandate_id`) REFERENCES `sys_mandate` (`id`)
) ENGINE=InnoDB AUTO_INCREMENT=474 DEFAULT CHARSET=utf8mb3 COLLATE=utf8mb3_unicode_ci;

--
-- Dumping data for table `ds_playlist`
--

INSERT INTO `ds_playlist` VALUES (1,NULL,'2015-06-03 13:49:30','2015-07-03 14:20:58','dpillinger','Individuelle Playliste','Hier kann der Retailer seine Inhalte befüllen',1,0,1),(62,NULL,'2016-07-22 08:55:57','2018-02-01 15:59:46','c.haas','Imbiss Tagesmenü 14.00 Uhr','Menu',0,0,1),(63,NULL,'2016-07-22 13:29:22','2017-04-03 15:01:32','s.moik','Imbiss 1','links',0,0,1),(64,NULL,'2016-07-22 13:29:43','2017-04-03 15:01:59','s.moik','Imbiss 2','rechts',0,0,1),(65,NULL,'2016-08-08 10:36:02','2017-09-19 11:04:40','s.moik','Feinkost 4','Mitte',0,0,1),(66,NULL,'2016-08-08 10:36:11','2017-04-03 15:04:21','s.moik','Feinkost 3','links',0,0,1),(67,NULL,'2016-08-11 10:18:00','2017-03-29 12:31:07','s.moik','Feinkost 1','rechts',0,0,1),(68,NULL,'2016-08-11 10:18:31','2016-11-25 12:18:37','s.moik','Fleisch 3','links',0,0,1),(69,NULL,'2016-08-11 10:18:57','2016-11-25 12:18:15','s.moik','Fleisch 1','rechts',0,0,1),(72,NULL,'2016-08-12 19:24:12','2018-08-29 16:04:47','c.haas','zJT-Test Playlist 1',NULL,0,0,1),(74,NULL,'2016-08-17 07:08:24','2018-08-29 16:04:50','c.haas','zJT-Test Playlist 2',NULL,0,0,1),(77,NULL,'2016-08-24 13:11:43','2018-08-29 16:04:11','c.haas','xFamilienwand groß mitte hoch',NULL,0,0,1),(78,NULL,'2016-08-24 16:16:12','2018-08-29 16:04:06','c.haas','xFamilienwand groß links',NULL,0,0,1),(79,NULL,'2016-08-24 16:16:22','2018-08-29 16:04:14','c.haas','xFamilienwand groß rechts',NULL,0,0,1),(80,NULL,'2016-08-24 16:16:53','2018-08-29 16:04:17','c.haas','xFamilienwand klein links',NULL,0,0,1),(81,NULL,'2016-08-24 16:17:05','2018-08-29 16:04:19','c.haas','xFamilienwand klein mitte',NULL,0,0,1),(82,NULL,'2016-08-24 16:17:14','2018-08-29 16:04:22','c.haas','xFamilienwand klein rechts',NULL,0,0,1),(83,NULL,'2016-08-25 11:46:35','2017-03-29 12:31:56','s.moik','Feinkost 2',NULL,0,0,1),(84,NULL,'2016-08-25 11:47:43','2016-11-25 12:18:25','s.moik','Fleisch 2','mitte',0,0,1),(88,NULL,'2016-09-05 13:48:34','2018-02-01 15:59:51','c.haas','Imbiss Tagesmenü 16.00 Uhr',NULL,0,0,1),(97,NULL,'2016-09-22 16:51:02','2016-09-22 16:51:02','adminJT','Playlist Radatz Test',NULL,0,0,2),(99,36,'2016-09-26 10:30:07','2016-09-26 10:30:07','adminJT','Radatz Test Händler - PLAYLIST-DEFAULT-NAME','Die Standard Playlist des Retailers',0,0,NULL),(106,37,'2017-03-17 16:27:07','2017-03-17 16:27:07','admin','Radatz Schottengasse - PLAYLIST-DEFAULT-NAME','Die Standard Playlist des Retailers',0,0,NULL),(109,NULL,'2017-03-29 09:23:40','2018-08-29 16:04:31','c.haas','xFamilienwand Zentrale rechts',NULL,0,0,1),(110,NULL,'2017-04-11 10:01:09','2018-08-29 16:04:25','c.haas','xFamilienwand Zentrale links',NULL,0,0,1),(111,NULL,'2017-04-11 10:01:16','2018-08-29 16:04:28','c.haas','xFamilienwand Zentrale mitte',NULL,0,0,1),(112,NULL,'2017-05-04 16:35:48','2017-05-04 16:35:48','admin_ep','JT Testplaylist1',NULL,0,0,3),(113,38,'2017-05-08 16:51:13','2017-05-08 16:51:13','admin_ep','ProductPlaylist',NULL,0,0,3),(114,NULL,'2017-05-11 10:43:56','2017-05-11 10:43:56','admin_jt','Lounge Playlist',NULL,0,0,4),(115,NULL,'2017-05-11 10:51:53','2017-05-11 10:51:53','admin_jt','WC Playlist',NULL,0,0,4),(116,NULL,'2017-05-11 10:52:01','2017-05-11 10:52:01','admin_jt','Empfang Playlist',NULL,0,0,4),(117,NULL,'2017-05-11 12:12:28','2017-05-11 12:12:36','admin_jt','Stele Empfang Playlist',NULL,0,0,4),(120,41,'2017-06-30 09:56:08','2017-06-30 09:56:08','admin','Rochusmarkt - PLAYLIST-DEFAULT-NAME','Die Standard Playlist des Retailers',0,0,NULL),(121,42,'2017-06-30 09:56:58','2017-06-30 09:56:58','admin','14 - PLAYLIST-DEFAULT-NAME','Die Standard Playlist des Retailers',0,0,NULL),(122,NULL,'2017-07-19 11:53:11','2018-03-17 08:38:29','c.haas','Imbiss Tagesmenü Hoch',NULL,0,0,1),(123,NULL,'2017-08-09 15:57:05','2017-08-09 15:57:05','admin_ep','IFA 1 Horizontal',NULL,0,0,3),(124,NULL,'2017-08-09 15:57:14','2017-08-09 15:57:14','admin_ep','IFA 1 Vertikal',NULL,0,0,3),(125,43,'2017-08-09 16:01:16','2017-08-09 16:01:16','admin_ep','Jumptomorrow Demo - PLAYLIST-DEFAULT-NAME','Die Standard Playlist des Retailers',0,0,NULL),(126,NULL,'2017-08-16 13:21:11','2017-08-16 13:21:11','admin_ep','Temp',NULL,0,0,3),(127,NULL,'2017-08-18 15:59:11','2017-08-18 15:59:11','admin_jt','Playlist Touch Shelf',NULL,0,0,4),(128,38,'2017-08-28 14:13:31','2017-08-28 14:13:31','admin_ep','ProductPlaylist Vertikal',NULL,0,0,3),(129,44,'2017-09-04 10:50:26','2017-09-04 10:50:26','admin','Radatz Neubaugase - PLAYLIST-DEFAULT-NAME','Die Standard Playlist des Retailers',0,0,NULL),(130,NULL,'2017-09-11 11:39:04','2017-09-11 11:39:04','post','Playlist 6er Wall',NULL,0,0,5),(131,45,'2017-09-11 11:42:00','2017-09-11 11:42:00','post','Post - PLAYLIST-DEFAULT-NAME','Die Standard Playlist des Retailers',0,0,NULL),(132,NULL,'2017-09-11 12:03:51','2017-09-11 12:03:51','post','Playlist Aufsteller',NULL,0,0,5),(133,NULL,'2017-09-11 12:04:17','2017-09-11 12:04:17','post','Playlist Hochformat Installation',NULL,0,0,5),(136,NULL,'2018-01-08 12:40:27','2018-01-08 12:40:27','admin_jt','Test Playlist',NULL,0,0,4),(137,46,'2018-02-21 10:37:32','2018-02-21 10:37:32','admin','Jumptomorrow - PLAYLIST-DEFAULT-NAME','Die Standard Playlist des Retailers',0,0,NULL),(138,NULL,'2018-02-21 13:48:41','2019-03-26 10:50:49','admin','zJT-Test Waage full',NULL,0,0,1),(150,51,'2018-07-05 16:51:27','2018-07-05 16:51:27','admin','99 Alt Erlaa - PLAYLIST-DEFAULT-NAME','Die Standard Playlist des Retailers',0,0,NULL),(151,52,'2018-07-10 10:18:53','2018-07-10 10:18:53','moemax','AT mömax Ansfelden - PLAYLIST-DEFAULT-NAME','Die Standard Playlist des Retailers',0,0,NULL),(152,NULL,'2018-07-10 10:25:54','2018-07-10 10:55:53','moemax','Container Aktionen AT',NULL,0,0,6),(153,NULL,'2018-07-10 10:26:12','2018-07-10 10:55:57','moemax','Container Aktionen DE',NULL,0,0,6),(154,NULL,'2018-07-10 10:26:23','2018-07-10 10:56:00','moemax','Container Aktionen SI',NULL,0,0,6),(158,NULL,'2018-07-10 10:47:07','2018-07-10 10:56:06','moemax','Container Restaurant AT',NULL,0,0,6),(159,NULL,'2018-07-10 10:47:13','2018-07-10 10:56:09','moemax','Container Restaurant DE',NULL,0,0,6),(160,NULL,'2018-07-10 10:47:19','2018-07-10 10:56:12','moemax','Container Restaurant SI',NULL,0,0,6),(161,NULL,'2018-07-10 10:56:32','2018-07-10 10:56:32','moemax','Container Service AT',NULL,0,0,6),(163,NULL,'2018-07-10 10:56:44','2018-07-10 10:56:44','moemax','Container Service DE',NULL,0,0,6),(164,NULL,'2018-07-10 10:56:50','2018-07-10 10:56:50','moemax','Container Service SI',NULL,0,0,6),(165,NULL,'2018-07-10 10:57:08','2018-07-10 10:57:08','moemax','Container Promotion AT',NULL,0,0,6),(167,NULL,'2018-07-10 10:57:20','2018-07-10 10:57:20','moemax','Container Promotion DE',NULL,0,0,6),(168,NULL,'2018-07-10 10:57:25','2018-07-10 10:57:25','moemax','Container Promotion SI',NULL,0,0,6),(169,53,'2018-07-10 11:08:57','2018-07-10 11:08:57','moemax','AT mömax Graz - PLAYLIST-DEFAULT-NAME','Die Standard Playlist des Retailers',0,0,NULL),(170,54,'2018-07-10 11:09:23','2018-07-10 11:09:23','moemax','AT mömax Vösendorf - SCS - PLAYLIST-DEFAULT-NAME','Die Standard Playlist des Retailers',0,0,NULL),(171,NULL,'2018-07-11 09:29:43','2018-07-11 09:29:43','moemax','Container Aktionen AT Ansfelden',NULL,0,0,6),(172,55,'2018-07-25 10:41:09','2018-07-25 10:41:09','admin','28 Donauzentrum - PLAYLIST-DEFAULT-NAME','Die Standard Playlist des Retailers',0,0,NULL),(173,NULL,'2018-07-26 12:52:34','2018-08-29 16:04:09','c.haas','xFamilienwand groß mitte',NULL,0,0,1),(174,56,'2018-07-31 12:10:05','2018-07-31 12:10:05','admin','67 Radatz Josefstaedterstrasse - PLAYLIST-DEFAULT-NAME','Die Standard Playlist des Retailers',0,0,NULL),(175,57,'2018-08-01 14:18:56','2018-08-01 14:18:56','admin','43 Viktor-Adler-Markt - PLAYLIST-DEFAULT-NAME','Die Standard Playlist des Retailers',0,0,NULL),(179,NULL,'2018-11-22 10:12:23','2019-10-17 13:23:28','service_more','Testumgebung - Digital Signage Shelf',NULL,0,0,7),(180,NULL,'2018-11-22 10:12:33','2019-10-17 13:23:23','service_more','Testumgebung - Digital Signage',NULL,0,0,7),(181,NULL,'2018-12-05 09:27:47','2018-12-05 09:31:04','admin','Waagen Fleisch Fullscreen',NULL,0,0,1),(182,NULL,'2018-12-05 09:28:04','2018-12-05 09:29:55','admin','Waagen Feinkost Permanent',NULL,0,0,1),(183,NULL,'2018-12-05 09:28:04','2018-12-05 09:28:55','admin','Waagen Imbiss Permanent',NULL,0,0,1),(184,NULL,'2018-12-05 09:28:22','2018-12-05 09:28:22','admin','Waagen Feinkost Fullscreen',NULL,0,0,1),(185,NULL,'2018-12-05 09:29:20','2018-12-05 09:31:01','admin','Waagen Fleisch Permanent',NULL,0,0,1),(186,NULL,'2018-12-05 09:29:47','2018-12-05 09:29:47','admin','Waagen Imbiss Fullscreen',NULL,0,0,1),(202,70,'2019-03-07 14:02:58','2019-03-07 14:02:58','service_more','Manzenreiter - PLAYLIST-DEFAULT-NAME','Die Standard Playlist des Retailers',0,0,NULL),(204,NULL,'2019-03-22 17:25:59','2019-10-17 13:23:34','service_more','Testumgebung - Shelf Header',NULL,0,0,7),(205,NULL,'2019-03-26 10:50:21','2019-03-26 10:50:21','admin','zJT-Test Waage perm',NULL,0,0,1),(210,73,'2019-04-24 09:35:05','2019-04-24 09:35:05','service_more','Möbel Maier GmbH - PLAYLIST-DEFAULT-NAME','Die Standard Playlist des Retailers',0,0,NULL),(211,74,'2019-04-24 09:35:29','2019-04-24 09:35:29','service_more','Gaster GmbH - PLAYLIST-DEFAULT-NAME','Die Standard Playlist des Retailers',0,0,NULL),(212,75,'2019-04-24 09:35:40','2019-04-24 09:35:40','service_more','Farbe & Wohnen Müllner GmbH - PLAYLIST-DEFAULT-NAME','Die Standard Playlist des Retailers',0,0,NULL),(213,76,'2019-04-24 11:18:41','2019-04-24 11:18:41','admin','Radatz Simmering - PLAYLIST-DEFAULT-NAME','Die Standard Playlist des Retailers',0,0,NULL),(214,NULL,'2019-04-25 12:45:53','2019-04-25 12:45:53','service_more','S&M - Gaster - Digital Signage Shelf',NULL,0,0,7),(215,NULL,'2019-04-25 12:46:10','2019-04-25 12:46:10','service_more','S&M - Gaster - Shelf Header',NULL,0,0,7),(216,NULL,'2019-04-25 12:46:41','2019-04-25 12:46:41','service_more','S&M - Farbe & Wohnen Müllner - Shelf Header',NULL,0,0,7),(217,NULL,'2019-04-25 12:47:29','2019-04-25 12:47:29','service_more','S&M - Farbe & Wohnen Müllner - Digital Signage Shelf',NULL,0,0,7),(218,NULL,'2019-04-25 12:48:01','2019-04-25 12:48:01','service_more','S&M - Möbel Maier - Shelf Header',NULL,0,0,7),(219,NULL,'2019-04-25 12:48:20','2019-04-25 12:48:20','service_more','S&M - Möbel Maier - Digital Signage Shelf',NULL,0,0,7),(222,NULL,'2019-04-30 13:59:40','2019-04-30 13:59:40','c.haas','Imbiss 3',NULL,0,0,1),(223,NULL,'2019-05-09 17:39:07','2019-05-09 17:39:07','c.haas','Imbiss Frühstück',NULL,0,0,1),(224,NULL,'2019-05-09 17:55:22','2019-05-14 09:04:29','c.haas','Imbiss Bier_Wein',NULL,0,0,1),(225,77,'2019-05-20 17:06:30','2019-05-20 17:06:30','service_more','S&M - Haider Wohnen - PLAYLIST-DEFAULT-NAME','Die Standard Playlist des Retailers',0,0,NULL),(226,NULL,'2019-05-20 17:20:16','2019-05-20 17:20:16','service_more','S&M - Haider Wohnen - Shelf Header',NULL,0,0,7),(227,NULL,'2019-05-20 17:20:54','2019-05-20 17:20:54','service_more','S&M - Haider Wohnen - Digital Signage Shelf',NULL,0,0,7),(228,78,'2019-05-22 09:23:15','2019-05-22 09:23:15','service_more','S&M - Wohnquartier - PLAYLIST-DEFAULT-NAME','Die Standard Playlist des Retailers',0,0,NULL),(229,NULL,'2019-05-22 09:25:56','2019-05-22 09:25:56','service_more','S&M - Wohnquartier - Digital Signage Shelf',NULL,0,0,7),(230,NULL,'2019-05-22 09:26:14','2019-05-22 09:26:14','service_more','S&M - Wohnquartier - Shelf Header',NULL,0,0,7),(231,79,'2019-06-05 12:33:50','2019-06-05 12:33:50','service_more','S&M - Möbel Fellner - PLAYLIST-DEFAULT-NAME','Die Standard Playlist des Retailers',0,0,NULL),(232,80,'2019-06-05 12:35:03','2019-06-05 12:35:03','service_more','Fox Holz - PLAYLIST-DEFAULT-NAME','Die Standard Playlist des Retailers',0,0,NULL),(233,81,'2019-06-05 12:36:08','2019-06-05 12:36:08','service_more','S&M - Aufschnaiter - PLAYLIST-DEFAULT-NAME','Die Standard Playlist des Retailers',0,0,NULL),(234,82,'2019-06-05 12:36:46','2019-06-05 12:36:46','service_more','S&M - Möbelprofi P&K Wohnmanufaktur - PLAYLIST-DEFAULT-NAME','Die Standard Playlist des Retailers',0,0,NULL),(235,83,'2019-06-05 12:37:26','2019-06-05 12:37:26','service_more','S&M - See & Maschik - PLAYLIST-DEFAULT-NAME','Die Standard Playlist des Retailers',0,0,NULL),(236,84,'2019-06-05 12:37:51','2019-06-05 12:37:51','service_more','S&M - Aichner - PLAYLIST-DEFAULT-NAME','Die Standard Playlist des Retailers',0,0,NULL),(237,NULL,'2019-06-05 12:47:13','2019-06-05 12:47:13','service_more','S&M - Fox Holz - Shelf Header',NULL,0,0,7),(238,NULL,'2019-06-05 12:47:28','2019-06-05 12:47:28','service_more','S&M - Fox Holz - Digital Signage Shelf',NULL,0,0,7),(239,NULL,'2019-06-05 12:51:36','2019-06-05 12:51:36','service_more','S&M - Phillip & Kurt Manufaktur - Digital Signage Shelf',NULL,0,0,7),(240,NULL,'2019-06-05 12:51:49','2019-06-05 12:51:49','service_more','S&M - Phillip & Kurt Manufaktur - Shelf Header',NULL,0,0,7),(241,NULL,'2019-06-11 10:52:07','2019-06-11 10:52:07','service_more','S&M - Aichner - Digital Signage Shelf',NULL,0,0,7),(242,NULL,'2019-06-11 10:52:28','2020-11-04 09:47:00','service_more','S&M - Aichner - Shelf Header',NULL,0,0,7),(243,NULL,'2019-06-11 10:57:46','2019-06-11 10:57:46','service_more','S&M - Aufschnaiter - Shelf Header',NULL,0,0,7),(244,NULL,'2019-06-11 10:57:57','2019-06-11 10:57:57','service_more','S&M - Aufschnaiter - Digital Signage Shelf',NULL,0,0,7),(245,NULL,'2019-06-11 11:01:35','2019-06-11 11:01:35','service_more','S&M - Möbel Fellner - Shelf Header',NULL,0,0,7),(246,NULL,'2019-06-11 11:01:55','2019-06-11 11:01:55','service_more','S&M - Möbel Fellner - Digital Signage Shelf',NULL,0,0,7),(247,NULL,'2019-06-11 11:04:56','2019-06-11 11:04:56','service_more','S&M - See & Maschik - Digital Signage Shelf',NULL,0,0,7),(248,NULL,'2019-06-11 11:05:21','2019-06-11 11:05:21','service_more','S&M - See & Maschik - Shelf Header',NULL,0,0,7),(249,85,'2019-06-12 11:21:18','2019-06-12 11:21:18','service_more','S&M - küchegraz.at - PLAYLIST-DEFAULT-NAME','Die Standard Playlist des Retailers',0,0,NULL),(250,NULL,'2019-06-12 11:24:58','2019-10-17 13:35:00','service_more','S&M - Akquisepartner - Shelf Header',NULL,0,0,7),(251,NULL,'2019-06-12 11:25:29','2019-10-17 13:34:55','service_more','S&M - Akquisepartner - Digital Signage Shelf',NULL,0,0,7),(252,NULL,'2019-06-26 17:47:35','2019-10-21 15:24:37','service_more','S&M - Möbel Fellner Signage Playlist',NULL,0,0,7),(253,86,'2019-08-19 11:14:55','2019-08-19 11:14:55','admin','62 Auhof - PLAYLIST-DEFAULT-NAME','Die Standard Playlist des Retailers',0,0,NULL),(254,NULL,'2019-08-19 15:53:11','2019-08-26 14:38:06','service_more','S&M - Aichner - DS',NULL,0,0,7),(255,87,'2019-08-22 14:41:51','2019-08-22 14:41:51','service_more','S&M - Küchen & Wohnstudio Schwaiger KG - PLAYLIST-DEFAULT-NAME','Die Standard Playlist des Retailers',0,0,NULL),(256,NULL,'2019-08-22 14:52:51','2019-08-26 14:27:02','service_more','S&M - Küchen & Wohnstudio Schwaiger - Shelf Header',NULL,0,0,7),(257,NULL,'2019-08-22 14:53:44','2019-08-26 14:26:59','service_more','S&M - Küchen & Wohnstudio Schwaiger - Digital Signage Shelf',NULL,0,0,7),(258,88,'2019-08-22 14:58:27','2019-08-22 14:58:27','service_more','S&M - K&B Unterlerchner GmbH - PLAYLIST-DEFAULT-NAME','Die Standard Playlist des Retailers',0,0,NULL),(259,89,'2019-08-22 14:59:10','2019-08-22 14:59:10','service_more','S&M - Wohnraum Eder GmbH - PLAYLIST-DEFAULT-NAME','Die Standard Playlist des Retailers',0,0,NULL),(260,90,'2019-08-22 14:59:45','2019-08-22 14:59:45','service_more','S&M - Föger - PLAYLIST-DEFAULT-NAME','Die Standard Playlist des Retailers',0,0,NULL),(261,NULL,'2019-08-22 15:07:36','2019-08-26 14:26:56','service_more','S&M - K&B Unterlerchner - Digital Signage Shelf',NULL,0,0,7),(262,NULL,'2019-08-22 15:08:55','2019-08-26 14:26:57','service_more','S&M - K&B Unterlerchner - Shelf Header',NULL,0,0,7),(264,NULL,'2019-08-23 11:00:09','2019-08-26 14:27:22','service_more','S&M - Wohnraum Eder - Digital Signage Shelf',NULL,0,0,7),(265,NULL,'2019-08-23 11:01:15','2019-08-26 14:27:24','service_more','S&M - Wohnraum Eder - Shelf Header',NULL,0,0,7),(266,NULL,'2019-08-23 11:07:04','2020-02-07 13:52:21','service_more','S&M - Akquisepartner - Digital Signage Shelf',NULL,0,0,7),(267,NULL,'2019-08-23 11:07:18','2020-02-07 13:52:25','service_more','S&M - Akquisepartner - Shelf Header',NULL,0,0,7),(268,92,'2019-08-23 11:16:45','2019-08-23 11:16:45','service_more','S&M - Wimmer Wohnen GmbH - PLAYLIST-DEFAULT-NAME','Die Standard Playlist des Retailers',0,0,NULL),(269,NULL,'2019-08-23 11:20:08','2019-08-26 14:27:17','service_more','S&M - Wimmer Wohnen - Digital Signage Shelf',NULL,0,0,7),(270,NULL,'2019-08-23 11:20:31','2019-08-26 14:27:19','service_more','S&M - Wimmer Wohnen - Shelf Header',NULL,0,0,7),(271,93,'2019-08-26 10:28:52','2019-08-26 10:28:52','service_more','Raumgestaltung Widy GmbH - PLAYLIST-DEFAULT-NAME','Die Standard Playlist des Retailers',0,0,NULL),(272,NULL,'2019-08-26 10:32:33','2019-08-26 14:27:12','service_more','S&M - Raumgestaltung Widy - Digital Signage Shelf',NULL,0,0,7),(273,NULL,'2019-08-26 10:32:44','2019-08-26 14:27:14','service_more','S&M - Raumgestaltung Widy - Shelf Header',NULL,0,0,7),(274,94,'2019-08-26 14:19:35','2019-08-26 14:19:35','service_more','S&M - Küchenzentrum Steffl GmbH - PLAYLIST-DEFAULT-NAME','Die Standard Playlist des Retailers',0,0,NULL),(275,NULL,'2019-08-26 14:23:35','2019-08-26 14:27:05','service_more','S&M - Küchenzentrum Steffl - Digital Signage Shelf',NULL,0,0,7),(276,NULL,'2019-08-26 14:23:51','2019-08-26 14:27:07','service_more','S&M - Küchenzentrum Steffl - Shelf Header',NULL,0,0,7),(277,95,'2019-08-26 14:32:25','2019-08-26 14:32:25','service_more','S&M - Wohndesign Maierhofer - PLAYLIST-DEFAULT-NAME','Die Standard Playlist des Retailers',0,0,NULL),(278,NULL,'2019-08-26 14:38:14','2019-08-26 14:38:43','service_more','S&M - Wohndesign Maierhofer - DS',NULL,0,0,7),(279,NULL,'2019-08-26 14:38:23','2019-08-26 14:38:40','service_more','S&M - Wohndesign Maierhofer - Digital Signage Shelf',NULL,0,0,7),(280,NULL,'2019-08-26 14:38:32','2019-08-26 14:38:47','service_more','S&M - Wohndesign Maierhofer - Shelf Header',NULL,0,0,7),(281,96,'2019-08-27 10:10:24','2019-08-27 10:10:24','service_more','S&M - Georg Mayerhofer - PLAYLIST-DEFAULT-NAME','Die Standard Playlist des Retailers',0,0,NULL),(282,NULL,'2019-08-27 10:17:26','2019-08-27 10:18:28','service_more','S&M - Georg Mayerhofer - Digital Signage Shelf',NULL,0,0,7),(283,NULL,'2019-08-27 10:18:05','2019-08-27 10:18:30','service_more','S&M - Georg Mayerhofer - Shelf Header',NULL,0,0,7),(284,97,'2019-08-27 10:21:16','2019-08-27 10:21:16','service_more','S&M - Winter - die Einrichtung - PLAYLIST-DEFAULT-NAME','Die Standard Playlist des Retailers',0,0,NULL),(285,NULL,'2019-08-27 10:30:11','2019-08-27 10:31:09','service_more','S&M - Winter - die Einrichtung - Digital Signage Shelf',NULL,0,0,7),(286,NULL,'2019-08-27 10:30:55','2019-08-27 10:31:14','service_more','S&M - Winter - die Einrichtung - Shelf Header',NULL,0,0,7),(287,98,'2019-08-27 10:35:40','2019-08-27 10:35:40','service_more','S&M - Johann Glanz Raumdesigner - PLAYLIST-DEFAULT-NAME','Die Standard Playlist des Retailers',0,0,NULL),(288,NULL,'2019-08-27 10:45:43','2019-08-27 10:46:16','service_more','S&M - Johann Glanz Raumdesigner - Digital Signage Shelf',NULL,0,0,7),(289,NULL,'2019-08-27 10:45:58','2019-08-27 10:47:18','service_more','S&M - Johann Glanz Raumdesigner - Shelf Header',NULL,0,0,7),(290,99,'2019-08-27 10:49:39','2019-08-27 10:49:39','service_more','S&M - Kreibich Malerwerkstatt - PLAYLIST-DEFAULT-NAME','Die Standard Playlist des Retailers',0,0,NULL),(292,NULL,'2019-08-27 10:54:51','2019-08-27 10:55:20','service_more','S&M - Kreibich Malerwerkstatt - Digital Signage Shelf',NULL,0,0,7),(293,NULL,'2019-08-27 10:55:03','2019-08-27 10:55:23','service_more','S&M - Kreibich Malerwerkstatt - Shelf Header',NULL,0,0,7),(305,103,'2019-10-16 10:53:31','2019-10-16 10:53:31','service_more','S&M - Möbel Zimmermann - PLAYLIST-DEFAULT-NAME','Die Standard Playlist des Retailers',0,0,NULL),(307,NULL,'2019-10-16 11:01:23','2019-10-16 11:02:45','service_more','S&M - Möbel Zimmermann - Digital Signage Shelf',NULL,0,0,7),(308,NULL,'2019-10-16 11:02:05','2019-10-16 11:02:52','service_more','S&M - Möbel Zimmermann - Shelf Header',NULL,0,0,7),(309,105,'2019-10-16 11:11:56','2019-10-16 11:11:56','service_more','S&M - Burtscher Böden - PLAYLIST-DEFAULT-NAME','Die Standard Playlist des Retailers',0,0,NULL),(310,NULL,'2019-10-16 11:18:52','2019-10-16 11:21:02','service_more','S&M - Burtscher Böden - Digital Signage Shelf',NULL,0,0,7),(311,NULL,'2019-10-16 11:19:41','2019-10-16 11:20:36','service_more','S&M - Burtscher Böden - Shelf Header',NULL,0,0,7),(313,106,'2019-10-16 11:31:09','2019-10-16 11:31:09','service_more','S&M - Resch Home - PLAYLIST-DEFAULT-NAME','Die Standard Playlist des Retailers',0,0,NULL),(315,NULL,'2019-10-16 11:35:27','2019-10-16 11:39:08','service_more','S&M - Resch Home - Shelf Header',NULL,0,0,7),(316,NULL,'2019-10-16 11:38:39','2019-10-16 11:39:43','service_more','S&M - Resch Home - Digital Signage Shelf',NULL,0,0,7),(317,108,'2019-10-16 11:56:58','2019-10-16 11:56:58','service_more','S&M Möbel Handl - PLAYLIST-DEFAULT-NAME','Die Standard Playlist des Retailers',0,0,NULL),(318,NULL,'2019-10-16 11:58:08','2019-10-16 11:58:56','service_more','S&M - Möbel Handl - Digital Signage Shelf',NULL,0,0,7),(319,NULL,'2019-10-16 11:58:29','2019-10-16 11:58:52','service_more','S&M - Möbel Handl - Shelf Header',NULL,0,0,7),(320,109,'2019-10-16 12:08:24','2019-10-16 12:08:24','service_more','S&M - Designstudio Wolfgang Nowak - PLAYLIST-DEFAULT-NAME','Die Standard Playlist des Retailers',0,0,NULL),(321,NULL,'2019-10-16 12:10:57','2019-10-16 12:11:40','service_more','S&M - Designstudio Wolfgang Nowak - Digital Signage Shelf',NULL,0,0,7),(322,NULL,'2019-10-16 12:11:10','2019-10-16 12:11:38','service_more','S&M - Designstudio Wolfgang Nowak - Shelf Header',NULL,0,0,7),(323,110,'2019-10-16 12:18:34','2019-10-16 12:18:34','service_more','S&M - Oberrauter - PLAYLIST-DEFAULT-NAME','Die Standard Playlist des Retailers',0,0,NULL),(324,NULL,'2019-10-16 12:19:44','2019-10-16 12:19:44','service_more','S&M - Oberrauter - Digital Signage Shelf',NULL,0,0,7),(325,NULL,'2019-10-16 12:20:17','2019-10-16 12:20:17','service_more','S&M - Oberrauter - Shelf Header',NULL,0,0,7),(326,111,'2019-10-16 12:31:01','2019-10-16 12:31:01','service_more','S&M - Anton Meyer Raumausstattung - PLAYLIST-DEFAULT-NAME','Die Standard Playlist des Retailers',0,0,NULL),(327,NULL,'2019-10-16 12:32:22','2019-10-16 12:32:45','service_more','S&M - Anton Meyer Raumausstattung - Digital Signage Shelf',NULL,0,0,7),(328,NULL,'2019-10-16 12:32:36','2019-10-16 12:32:49','service_more','S&M - Anton Meyer Raumausstattung - Shelf Header',NULL,0,0,7),(329,112,'2019-10-16 12:40:42','2019-10-16 12:40:42','service_more','S&M - Groiss Wohnkultur - PLAYLIST-DEFAULT-NAME','Die Standard Playlist des Retailers',0,0,NULL),(330,NULL,'2019-10-16 12:45:14','2019-10-16 12:45:49','service_more','S&M - Groiss Wohnkultur - Digital Signage Shelf',NULL,0,0,7),(331,NULL,'2019-10-16 12:45:37','2019-10-16 12:45:46','service_more','S&M - Groiss Wohnkultur - Shelf Header',NULL,0,0,7),(332,113,'2019-10-21 11:35:39','2019-10-21 11:35:39','service_more','S&M - Möbel Laimer - PLAYLIST-DEFAULT-NAME','Die Standard Playlist des Retailers',0,0,NULL),(333,NULL,'2019-10-21 11:37:59','2019-10-21 11:38:21','service_more','S&M - Möbel Laimer - Digital Signage Shelf',NULL,0,0,7),(334,NULL,'2019-10-21 11:38:08','2019-10-21 11:38:24','service_more','S&M - Möbel Laimer - Shelf Header',NULL,0,0,7),(335,114,'2019-10-21 11:43:19','2019-10-21 11:43:19','service_more','S&M - Mazenreiter - PLAYLIST-DEFAULT-NAME','Die Standard Playlist des Retailers',0,0,NULL),(336,NULL,'2019-10-21 11:44:02','2019-10-21 11:44:17','service_more','S&M - Mazenreiter - Digital Signage Shelf',NULL,0,0,7),(337,NULL,'2019-10-21 11:44:10','2019-10-21 11:44:19','service_more','S&M - Mazenreiter - Shelf Header',NULL,0,0,7),(338,115,'2019-10-21 11:49:02','2019-10-21 11:49:02','service_more','S&M - Spätauf - PLAYLIST-DEFAULT-NAME','Die Standard Playlist des Retailers',0,0,NULL),(339,NULL,'2019-10-21 11:49:36','2019-10-21 11:49:52','service_more','S&M - Spätauf - Digital Signage Shelf',NULL,0,0,7),(340,NULL,'2019-10-21 11:49:43','2019-10-21 11:49:49','service_more','S&M - Spätauf - Shelf Header',NULL,0,0,7),(341,116,'2019-10-21 11:53:10','2019-10-21 11:53:10','service_more','S&M - Hannerer - PLAYLIST-DEFAULT-NAME','Die Standard Playlist des Retailers',0,0,NULL),(342,NULL,'2019-10-21 11:53:38','2019-10-21 11:53:56','service_more','S&M - Hannerer - Digital Signage Shelf',NULL,0,0,7),(343,NULL,'2019-10-21 11:53:51','2019-10-21 11:53:59','service_more','S&M - Hannerer - Shelf Header',NULL,0,0,7),(344,117,'2019-10-21 15:03:53','2019-10-21 15:03:53','service_more','S&M - Ablinger - PLAYLIST-DEFAULT-NAME','Die Standard Playlist des Retailers',0,0,NULL),(345,NULL,'2019-10-21 15:04:37','2019-10-21 15:04:51','service_more','S&M - Ablinger - Digital Signage Shelf',NULL,0,0,7),(346,NULL,'2019-10-21 15:04:45','2021-03-10 12:27:31','service_more','S&M - Ablinger - Shelf Header',NULL,0,0,7),(347,118,'2019-10-21 15:08:18','2019-10-21 15:08:18','service_more','S&M - Landrichtinger - PLAYLIST-DEFAULT-NAME','Die Standard Playlist des Retailers',0,0,NULL),(348,NULL,'2019-10-21 15:08:53','2019-10-21 15:09:09','service_more','S&M - Landrichtinger - Digital Signage Shelf',NULL,0,0,7),(349,NULL,'2019-10-21 15:09:02','2019-10-21 15:09:11','service_more','S&M - Landrichtinger - Shelf Header',NULL,0,0,7),(350,119,'2019-10-21 15:12:45','2019-10-21 15:12:45','service_more','S&M - Assl Möbel - PLAYLIST-DEFAULT-NAME','Die Standard Playlist des Retailers',0,0,NULL),(351,NULL,'2019-10-21 15:13:15','2019-10-21 15:13:30','service_more','S&M - Assl Möbel - Digital Signage Shelf',NULL,0,0,7),(352,NULL,'2019-10-21 15:13:22','2019-10-21 15:13:33','service_more','S&M - Assl Möbel - Shelf Header',NULL,0,0,7),(353,120,'2019-10-21 15:17:50','2019-10-21 15:17:50','service_more','S&M - MF-Böden - PLAYLIST-DEFAULT-NAME','Die Standard Playlist des Retailers',0,0,NULL),(354,NULL,'2019-10-21 15:18:38','2019-10-21 15:18:53','service_more','S&M - MF-Böden - Digital Signage Shelf',NULL,0,0,7),(355,NULL,'2019-10-21 15:18:48','2019-10-21 15:18:56','service_more','S&M - MF-Böden - Shelf Header',NULL,0,0,7),(356,NULL,'2019-10-29 14:02:50','2019-10-29 14:02:50','service_more','S&M - Burtscher - DS',NULL,0,0,7),(357,121,'2020-02-04 17:25:33','2020-02-04 17:25:33','service_more','S&M dasmöbelhaus Huber - PLAYLIST-DEFAULT-NAME','Die Standard Playlist des Retailers',0,0,NULL),(358,122,'2020-02-04 17:26:09','2020-02-04 17:26:09','service_more','S&M - Gerhard Ilg Raumgestaltung - PLAYLIST-DEFAULT-NAME','Die Standard Playlist des Retailers',0,0,NULL),(359,123,'2020-02-04 17:26:53','2020-02-04 17:26:53','service_more','S&M - Drack Maler und Bodenleger - PLAYLIST-DEFAULT-NAME','Die Standard Playlist des Retailers',0,0,NULL),(360,124,'2020-02-04 17:27:55','2020-02-04 17:27:55','service_more','S&M - Schild GmbH & Co. KG - PLAYLIST-DEFAULT-NAME','Die Standard Playlist des Retailers',0,0,NULL),(361,125,'2020-02-04 17:30:20','2020-02-04 17:30:20','service_more','S&M - Schmidt Raumausstattung - PLAYLIST-DEFAULT-NAME','Die Standard Playlist des Retailers',0,0,NULL),(362,126,'2020-02-04 17:31:24','2020-02-04 17:31:24','service_more','S&M - Berger Markus Tapezierer und Raumausstatter - PLAYLIST-DEFAULT-NAME','Die Standard Playlist des Retailers',0,0,NULL),(363,127,'2020-02-04 17:31:50','2020-02-04 17:31:50','service_more','S&M - Fetz Karl e.U. Fachgeschäft für Raumausstattung - PLAYLIST-DEFAULT-NAME','Die Standard Playlist des Retailers',0,0,NULL),(364,128,'2020-02-04 17:32:31','2020-02-04 17:32:31','service_more','S&M - Leopold Stranzl GmbH & Co KG Maler-Bodenleger-Raumausstatter - PLAYLIST-DEFAULT-NAME','Die Standard Playlist des Retailers',0,0,NULL),(365,129,'2020-02-04 17:33:04','2020-02-04 17:33:04','service_more','S&M - Prix & Rak GmbH Raumausstattung - PLAYLIST-DEFAULT-NAME','Die Standard Playlist des Retailers',0,0,NULL),(366,130,'2020-02-04 17:33:43','2020-02-04 17:33:43','service_more','S&M - Erich Brunner e.U. Raumausstatter - PLAYLIST-DEFAULT-NAME','Die Standard Playlist des Retailers',0,0,NULL),(367,131,'2020-02-04 17:34:15','2020-02-04 17:34:15','service_more','S&M - MATUTEX - PLAYLIST-DEFAULT-NAME','Die Standard Playlist des Retailers',0,0,NULL),(368,NULL,'2020-02-05 14:54:57','2020-02-05 14:57:17','service_more','S&M - dasmöbelhaus Huber - Digital Signage Shelf',NULL,0,0,7),(369,NULL,'2020-02-05 14:55:09','2020-02-05 14:57:22','service_more','S&M - dasmöbelhaus Huber  - Shelf Header',NULL,0,0,7),(370,NULL,'2020-02-05 14:55:40','2020-02-05 14:57:32','service_more','S&M - Gerhard Ilg Raumgestaltung - Digital Signage Shelf',NULL,0,0,7),(371,NULL,'2020-02-05 14:55:45','2020-02-05 14:57:39','service_more','S&M - Drack Maler und Bodenleger - Digital Signage Shelf',NULL,0,0,7),(372,NULL,'2020-02-05 14:55:48','2020-02-05 14:58:05','service_more','S&M - Schild GmbH & Co - Digital Signage Shelf',NULL,0,0,7),(373,NULL,'2020-02-05 14:56:00','2020-02-05 14:58:13','service_more','S&M - Schmidt Raumausstattung GmbH - Digital Signage Shelf',NULL,0,0,7),(374,NULL,'2020-02-05 14:56:03','2020-02-05 14:58:28','service_more','S&M - Berger Markus Tapezierer und Raumausstatter - Digital Signage Shelf',NULL,0,0,7),(375,NULL,'2020-02-05 14:56:06','2020-02-05 14:58:41','service_more','S&M - Fetz Karl e.U. Fachgeschäft für Raumausstattung - Digital Signage Shelf',NULL,0,0,7),(376,NULL,'2020-02-05 14:56:09','2020-02-05 14:59:02','service_more','S&M - Leopold Stranzl GmbH & Co KG  - Digital Signage Shelf',NULL,0,0,7),(377,NULL,'2020-02-05 14:56:12','2020-02-05 14:59:10','service_more','S&M - Prix & Rak GmbH  - Digital Signage Shelf',NULL,0,0,7),(378,NULL,'2020-02-05 14:56:15','2020-02-05 14:59:30','service_more','S&M - Erich Brunner e.U. Raumausstatter - Digital Signage Shelf',NULL,0,0,7),(379,NULL,'2020-02-05 14:56:23','2020-02-05 14:59:36','service_more','S&M - MATUTEX GmbH  - Digital Signage Shelf',NULL,0,0,7),(380,NULL,'2020-02-05 14:56:31','2020-02-05 14:57:29','service_more','S&M - Gerhard Ilg Raumgestaltung - Shelf Header',NULL,0,0,7),(381,NULL,'2020-02-05 14:56:34','2020-02-05 14:57:43','service_more','S&M - Drack Maler und Bodenleger - Shelf Header',NULL,0,0,7),(382,NULL,'2020-02-05 14:56:37','2020-02-05 14:57:55','service_more','S&M - Schild GmbH & Co - Shelf Header',NULL,0,0,7),(383,NULL,'2020-02-05 14:56:41','2020-02-05 14:58:16','service_more','S&M - Schmidt Raumausstattung GmbH - Shelf Header',NULL,0,0,7),(384,NULL,'2020-02-05 14:56:44','2020-02-05 14:58:24','service_more','S&M - Berger Markus Tapezierer und Raumausstatter - Shelf Header',NULL,0,0,7),(385,NULL,'2020-02-05 14:56:47','2020-02-05 14:58:47','service_more','S&M - Fetz Karl e.U. Fachgeschäft für Raumausstattung  - Shelf Header',NULL,0,0,7),(386,NULL,'2020-02-05 14:56:51','2020-02-05 14:58:58','service_more','S&M - Leopold Stranzl GmbH & Co KG  - Shelf Header',NULL,0,0,7),(387,NULL,'2020-02-05 14:56:53','2020-02-05 14:59:13','service_more','S&M - Prix & Rak GmbH  - Shelf Header',NULL,0,0,7),(388,NULL,'2020-02-05 14:56:57','2020-02-05 14:59:23','service_more','S&M - Erich Brunner e.U. Raumausstatter - Shelf Header',NULL,0,0,7),(389,NULL,'2020-02-05 14:57:00','2020-02-05 14:59:39','service_more','S&M - MATUTEX GmbH  - Shelf Header',NULL,0,0,7),(390,NULL,'2020-03-09 17:33:04','2020-03-10 12:35:47','service_more','S&M - Erich Brunner e.U. Raumausstatter - Digital Signage',NULL,0,0,7),(392,NULL,'2020-03-18 10:07:27','2020-03-18 10:07:27','service_more','S&M - Josef Schmidt Raumausstattung Linz - Digital Signage Shelf',NULL,0,0,7),(393,NULL,'2020-03-18 10:09:49','2020-03-18 10:09:49','service_more','S&M - Josef Schmidt Raumausstattung Linz - Shelf Header',NULL,0,0,7),(394,133,'2020-03-18 10:11:02','2020-03-18 10:11:02','service_more','Josef Schmidt Raumausstattung Linz - PLAYLIST-DEFAULT-NAME','Die Standard Playlist des Retailers',0,0,NULL),(395,134,'2020-04-10 10:38:51','2020-04-10 10:38:51','service_more','Trixl - PLAYLIST-DEFAULT-NAME','Die Standard Playlist des Retailers',0,0,NULL),(396,NULL,'2020-04-10 10:39:50','2020-04-10 10:39:50','service_more','S&M - Trixl - Digital Signage Shelf',NULL,0,0,7),(397,NULL,'2020-04-10 10:40:10','2020-04-10 10:40:10','service_more','S&M - Trixl - Shelf Header',NULL,0,0,7),(398,135,'2020-10-02 10:11:00','2020-10-02 10:11:00','service_more','Kirchschlager - PLAYLIST-DEFAULT-NAME','Die Standard Playlist des Retailers',0,0,NULL),(399,NULL,'2020-10-02 10:15:58','2020-10-02 10:16:24','service_more','S&M - Kirchschlager - Digital Signage Shelf',NULL,0,0,7),(400,NULL,'2020-10-02 10:16:16','2020-10-02 10:16:27','service_more','S&M - Kirchschlager - Shelf Header',NULL,0,0,7),(401,136,'2020-11-04 09:44:34','2020-11-04 09:44:34','service_more','mayrhofer küche&wohnen GmbH - PLAYLIST-DEFAULT-NAME','Die Standard Playlist des Retailers',0,0,NULL),(402,NULL,'2020-11-04 09:45:49','2020-11-04 09:45:49','service_more','S&M - mayrhofer küche&wohnen - Shelf Header',NULL,0,0,7),(403,NULL,'2020-11-04 09:47:22','2020-11-04 09:47:22','service_more','S&M - mayrhofer küche&wohnen - Digital Signage Shelf',NULL,0,0,7),(404,137,'2020-12-11 08:29:52','2020-12-11 08:29:52','service_more','Griesbacher - PLAYLIST-DEFAULT-NAME','Die Standard Playlist des Retailers',0,0,NULL),(405,138,'2020-12-11 08:30:27','2020-12-11 08:30:27','service_more','Herbert Moser - PLAYLIST-DEFAULT-NAME','Die Standard Playlist des Retailers',0,0,NULL),(406,NULL,'2020-12-11 08:34:11','2020-12-11 08:34:50','service_more','S&M - Griesbacher - Digital Signage Shelf',NULL,0,0,7),(407,NULL,'2020-12-11 08:34:25','2020-12-11 08:35:06','service_more','S&M - Herbert Moser - Shelf Header',NULL,0,0,7),(408,NULL,'2020-12-11 08:34:33','2020-12-11 08:34:55','service_more','S&M - Griesbacher - Shelf Header',NULL,0,0,7),(409,NULL,'2020-12-11 08:34:42','2020-12-11 08:35:02','service_more','S&M - Herbert Moser - Digital Signage Shelf',NULL,0,0,7),(410,139,'2021-02-12 12:11:11','2021-02-12 12:11:11','service_more','Aster - PLAYLIST-DEFAULT-NAME','Die Standard Playlist des Retailers',0,0,NULL),(411,NULL,'2021-02-12 12:12:55','2021-02-12 12:12:55','service_more','S&M - Aster - Digital Signage Shelf',NULL,0,0,7),(412,NULL,'2021-02-12 12:13:07','2021-02-12 12:13:07','service_more','S&M - Aster - Shelf Header',NULL,0,0,7),(413,NULL,'2021-03-03 09:07:07','2021-03-03 09:07:07','service_more','Test JT Idle',NULL,0,0,7),(414,NULL,'2021-03-03 09:07:19','2021-03-03 09:07:19','service_more','Test JT Header',NULL,0,0,7),(415,140,'2021-03-03 09:08:15','2021-03-03 09:08:15','service_more','Test JT - PLAYLIST-DEFAULT-NAME','Die Standard Playlist des Retailers',0,0,NULL),(416,141,'2021-03-10 12:24:22','2021-03-10 12:24:22','service_more','Wohnideen Hueter eU - PLAYLIST-DEFAULT-NAME','Die Standard Playlist des Retailers',0,0,NULL),(417,NULL,'2021-03-10 12:26:08','2021-03-10 12:26:54','service_more','S&M - Hueter - Digital Signage Shelf',NULL,0,0,7),(418,NULL,'2021-03-10 12:26:13','2021-03-10 12:27:39','service_more','S&M - Hueter - Shelf Header',NULL,0,0,7),(419,142,'2021-03-17 13:42:20','2021-03-17 13:42:20','service_more','Impex - PLAYLIST-DEFAULT-NAME','Die Standard Playlist des Retailers',0,0,NULL),(420,NULL,'2021-03-17 13:44:06','2021-03-17 13:44:06','service_more','S&M - Impex - Digital Signage Shelf',NULL,0,0,7),(421,NULL,'2021-03-17 13:44:18','2021-03-17 13:44:18','service_more','S&M - Impex - Shelf Header',NULL,0,0,7),(422,143,'2021-05-04 08:27:07','2021-05-04 08:27:07','service_more','Egger Raumdesign - PLAYLIST-DEFAULT-NAME','Die Standard Playlist des Retailers',0,0,NULL),(423,NULL,'2021-05-04 08:28:33','2021-05-04 08:28:33','service_more','S&M - Egger Raumdesign - Digital Signage Shelf',NULL,0,0,7),(424,NULL,'2021-05-04 08:28:45','2021-05-04 08:28:45','service_more','S&M - Egger Raumdesign - Shelf Header',NULL,0,0,7),(426,145,'2021-05-04 08:32:45','2021-05-04 08:32:45','service_more','Schwab Walcher - PLAYLIST-DEFAULT-NAME','Die Standard Playlist des Retailers',0,0,NULL),(427,NULL,'2021-05-04 08:34:58','2021-05-04 08:34:58','service_more','S&M - Schwab Walcher - Digital Signage Shelf',NULL,0,0,7),(428,NULL,'2021-05-04 08:35:12','2021-05-04 08:35:12','service_more','S&M - Schwab Walcher - Shelf Header',NULL,0,0,7),(429,NULL,'2021-07-21 13:01:27','2021-07-21 13:01:27','service_more','S&M - Möbelhaus Karner - Digital Signage Shelf',NULL,0,0,7),(430,NULL,'2021-07-21 13:01:37','2021-07-21 13:01:37','service_more','S&M - Möbelhaus Karner - Shelf Header',NULL,0,0,7),(431,146,'2021-07-21 13:07:40','2021-07-21 13:07:40','service_more','Möbelhaus Karner - PLAYLIST-DEFAULT-NAME','Die Standard Playlist des Retailers',0,0,NULL),(432,147,'2021-10-25 11:07:00','2021-10-25 11:07:00','service_more','Winkler Raumausstattung GmbH - PLAYLIST-DEFAULT-NAME','Die Standard Playlist des Retailers',0,0,NULL),(433,NULL,'2021-10-25 11:07:43','2021-10-25 11:08:02','service_more','S&M - Winkler Raumausstattung - Digital Signage Shelf',NULL,0,0,7),(434,NULL,'2021-10-25 11:07:52','2021-10-25 11:08:09','service_more','S&M - Winkler Raumausstattung - Shelf Header',NULL,0,0,7),(435,NULL,'2022-04-27 09:57:51','2022-04-27 09:58:42','service_more','S&M - Laforma - Digital Signage Shelf',NULL,0,0,7),(436,NULL,'2022-04-27 09:57:55','2022-04-27 09:58:54','service_more','S&M - Laforma - Shelf Header',NULL,0,0,7),(437,148,'2022-04-27 10:01:51','2022-04-27 10:01:51','service_more','S&M - Laforma - Werinos - PLAYLIST-DEFAULT-NAME','Die Standard Playlist des Retailers',0,0,NULL),(438,149,'2022-05-17 10:49:26','2022-05-17 10:49:26','service_more','Zieger Ges.m.b.H. Wohntraum - PLAYLIST-DEFAULT-NAME','Die Standard Playlist des Retailers',0,0,NULL),(439,NULL,'2022-05-17 10:50:20','2022-05-17 10:50:45','service_more','S&M - Zieger - Digital Signage Shelf',NULL,0,0,7),(440,NULL,'2022-05-17 10:50:29','2022-05-17 10:50:49','service_more','S&M - Zieger - Shelf Header',NULL,0,0,7),(441,150,'2022-05-27 09:04:27','2022-05-27 09:04:27','service_more','S-Wohndesign GmbH Schneiderbauer - PLAYLIST-DEFAULT-NAME','Die Standard Playlist des Retailers',0,0,NULL),(442,NULL,'2022-05-27 09:05:07','2022-05-27 09:05:34','service_more','S&M - S-Wohndesign GmbH Schneiderbauer - Digital Signage Shelf',NULL,0,0,7),(443,NULL,'2022-05-27 09:05:14','2022-05-27 09:05:38','service_more','S&M - S-Wohndesign GmbH Schneiderbauer - Shelf Header',NULL,0,0,7),(444,151,'2022-06-23 11:40:27','2022-06-23 11:40:27','service_more','egger EINRICHTEN GmbH - PLAYLIST-DEFAULT-NAME','Die Standard Playlist des Retailers',0,0,NULL),(445,NULL,'2022-06-23 11:42:41','2022-06-23 11:43:09','service_more','S&M - egger EINRICHTEN - Digital Signage Shelf',NULL,0,0,7),(446,NULL,'2022-06-23 11:42:51','2022-06-23 11:43:09','service_more','S&M - egger EINRICHTEN - Shelf Header',NULL,0,0,7),(447,152,'2022-06-23 14:40:28','2022-06-23 14:40:28','service_more','Aigner Wohnkonzepte - PLAYLIST-DEFAULT-NAME','Die Standard Playlist des Retailers',0,0,NULL),(448,NULL,'2022-06-23 14:41:42','2022-06-23 14:41:57','service_more','S&M - Aigner Wohnkonzepte - Digital Signage Shelf',NULL,0,0,7),(449,NULL,'2022-06-23 14:41:50','2022-06-23 14:42:00','service_more','S&M - Aigner Wohnkonzepte - Shelf Header',NULL,0,0,7),(450,153,'2022-09-13 16:51:30','2022-09-13 16:51:30','service_more','S&M - Tikal GmbH & Co KG - PLAYLIST-DEFAULT-NAME','Die Standard Playlist des Retailers',0,0,NULL),(451,NULL,'2022-09-13 16:53:37','2022-09-13 16:54:02','service_more','S&M - Tikal - Digital Signage Shelf',NULL,0,0,7),(452,NULL,'2022-09-13 16:53:47','2022-09-13 16:54:06','service_more','S&M - Tikal - Shelf Header',NULL,0,0,7),(453,NULL,'2022-11-30 16:54:51','2022-11-30 16:55:28','service_more','S&M - Möbel Freudling - Shelf Header',NULL,0,0,7),(454,NULL,'2022-11-30 16:54:56','2022-11-30 16:55:32','service_more','S&M - Möbel Freudling - Digital Signage Shelf',NULL,0,0,7),(455,154,'2022-11-30 16:56:45','2022-11-30 16:56:45','service_more','Möbel Freudling - PLAYLIST-DEFAULT-NAME','Die Standard Playlist des Retailers',0,0,NULL),(456,155,'2023-03-09 14:08:55','2023-03-09 14:08:55','service_more','Tischlerei Bauer GmbH - PLAYLIST-DEFAULT-NAME','Die Standard Playlist des Retailers',0,0,NULL),(457,156,'2023-03-09 14:09:05','2023-03-09 14:09:05','service_more','Christian Streller GmbH - PLAYLIST-DEFAULT-NAME','Die Standard Playlist des Retailers',0,0,NULL),(458,NULL,'2023-03-09 14:16:08','2023-03-09 14:16:45','service_more','S&M - Christian Streller - Digital Signage Shelf',NULL,0,0,7),(459,NULL,'2023-03-09 14:16:15','2023-03-09 14:17:06','service_more','S&M - Tischlerei Bauer - Digital Signage Shelf',NULL,0,0,7),(460,NULL,'2023-03-09 14:16:25','2023-03-09 14:16:51','service_more','S&M - Christian Streller - Shelf Header',NULL,0,0,7),(461,NULL,'2023-03-09 14:16:30','2023-03-09 14:17:02','service_more','S&M - Tischlerei Bauer - Shelf Header',NULL,0,0,7),(462,157,'2023-04-26 10:08:59','2023-04-26 10:08:59','service_more','Maislinger GmbH - PLAYLIST-DEFAULT-NAME','Die Standard Playlist des Retailers',0,0,NULL),(463,NULL,'2023-04-26 10:09:38','2023-04-26 10:10:06','service_more','S&M - Maislinger - Digital Signage Shelf',NULL,0,0,7),(464,NULL,'2023-04-26 10:09:47','2023-04-26 10:09:59','service_more','S&M - Maislinger- Shelf Header',NULL,0,0,7),(465,158,'2023-08-14 12:12:55','2023-08-14 12:12:55','service_more','GUPFINGER Einrichtungsstudio GmbH - PLAYLIST-DEFAULT-NAME','Die Standard Playlist des Retailers',0,0,NULL),(466,NULL,'2023-08-14 12:14:30','2023-08-14 12:14:50','service_more','S&M - GUPFINGER - Digital Signage Shelf',NULL,0,0,7),(467,NULL,'2023-08-14 12:14:38','2023-08-14 12:14:47','service_more','S&M - GUPFINGER - Shelf Header',NULL,0,0,7),(468,159,'2023-12-04 08:29:40','2023-12-04 08:29:40','service_more','ZÜTTL - PLAYLIST-DEFAULT-NAME','Die Standard Playlist des Retailers',0,0,NULL),(469,NULL,'2023-12-04 08:31:35','2023-12-04 08:31:49','service_more','S&M - ZÜTTL - Digital Signage Shelf',NULL,0,0,7),(470,NULL,'2023-12-04 08:31:43','2023-12-04 08:31:54','service_more','S&M - ZÜTTL - Shelf Header',NULL,0,0,7),(471,160,'2024-02-28 07:28:50','2024-02-28 07:28:50','service_more','LEO WOHNARCHITEKTUR - PLAYLIST-DEFAULT-NAME','Die Standard Playlist des Retailers',0,0,NULL),(472,NULL,'2024-02-28 07:30:20','2024-02-28 07:30:36','service_more','S&M - LEO WOHNARCHITEKTUR - Digital Signage Shelf',NULL,0,0,7),(473,NULL,'2024-02-28 07:30:27','2024-02-28 07:30:41','service_more','S&M - LEO WOHNARCHITEKTUR - Shelf Header',NULL,0,0,7);

--
-- Table structure for table `ds_playlist_category`
--

CREATE TABLE `ds_playlist_category` (
  `id` int(11) NOT NULL AUTO_INCREMENT,
  `playlist_id` int(10) unsigned NOT NULL,
  `category_id` int(11) NOT NULL,
  `mandate_id` int(10) unsigned DEFAULT NULL,
  PRIMARY KEY (`id`),
  UNIQUE KEY `playlist_category_idx` (`playlist_id`,`category_id`),
  KEY `IDX_E58B01576BBD148` (`playlist_id`),
  KEY `IDX_E58B015712469DE2` (`category_id`),
  KEY `IDX_E58B01576C1129CD` (`mandate_id`),
  CONSTRAINT `FK_E58B015712469DE2` FOREIGN KEY (`category_id`) REFERENCES `ds_category` (`id`) ON DELETE CASCADE,
  CONSTRAINT `FK_E58B01576BBD148` FOREIGN KEY (`playlist_id`) REFERENCES `ds_playlist` (`id`) ON DELETE CASCADE,
  CONSTRAINT `FK_E58B01576C1129CD` FOREIGN KEY (`mandate_id`) REFERENCES `sys_mandate` (`id`)
) ENGINE=InnoDB AUTO_INCREMENT=18 DEFAULT CHARSET=utf8mb3 COLLATE=utf8mb3_unicode_ci;

--
-- Dumping data for table `ds_playlist_category`
--

INSERT INTO `ds_playlist_category` VALUES (11,152,20,NULL),(13,165,23,NULL),(15,161,21,NULL),(17,171,20,NULL);

--
-- Table structure for table `ds_program`
--

CREATE TABLE `ds_program` (
  `id` int(10) unsigned NOT NULL AUTO_INCREMENT,
  `playlist_id` int(10) unsigned DEFAULT NULL,
  `created` datetime NOT NULL,
  `updated` datetime NOT NULL,
  `updatedBy` varchar(255) DEFAULT NULL,
  `name` varchar(255) NOT NULL,
  `description` longtext DEFAULT NULL,
  `dateFrom` date DEFAULT NULL,
  `dateTo` date DEFAULT NULL,
  `mandate_id` int(10) unsigned DEFAULT NULL,
  PRIMARY KEY (`id`),
  KEY `IDX_712F7AFC6BBD148` (`playlist_id`),
  KEY `IDX_712F7AFC6C1129CD` (`mandate_id`),
  CONSTRAINT `FK_712F7AFC6BBD148` FOREIGN KEY (`playlist_id`) REFERENCES `ds_playlist` (`id`) ON DELETE CASCADE,
  CONSTRAINT `FK_712F7AFC6C1129CD` FOREIGN KEY (`mandate_id`) REFERENCES `sys_mandate` (`id`)
) ENGINE=InnoDB AUTO_INCREMENT=371 DEFAULT CHARSET=utf8mb3 COLLATE=utf8mb3_unicode_ci;

--
-- Dumping data for table `ds_program`
--

INSERT INTO `ds_program` VALUES (5,1,'2015-06-24 11:11:53','2015-07-03 14:20:58','dpillinger','Winter 2014','Dies ist die Desciption','2015-09-08','2016-01-04',1),(7,1,'2015-06-29 13:18:46','2015-07-03 14:20:58','dpillinger','Frühling 2016',NULL,'2015-06-17','2015-09-25',1),(43,62,'2016-07-22 08:55:57','2016-09-05 16:20:20','admin','Radatz 2-3',NULL,NULL,NULL,1),(45,63,'2016-07-22 13:29:22','2016-09-05 16:20:14','admin','Radatz 1-3',NULL,NULL,NULL,1),(46,64,'2016-07-22 13:29:43','2016-09-05 16:20:06','admin','Radatz 3-3',NULL,NULL,NULL,1),(48,65,'2016-08-08 10:36:02','2016-09-05 16:19:59','admin','Radatz 2-3',NULL,NULL,NULL,1),(49,66,'2016-08-08 10:36:11','2016-09-05 16:19:51','admin','Radatz 1-3',NULL,NULL,NULL,1),(50,67,'2016-08-11 10:18:00','2016-09-05 16:19:44','admin','Radatz 3-3',NULL,NULL,NULL,1),(51,68,'2016-08-11 10:18:31','2016-08-11 10:18:31','mholzinger','Neues Program',NULL,NULL,NULL,1),(52,69,'2016-08-11 10:18:57','2016-08-11 10:18:57','mholzinger','Neues Program',NULL,NULL,NULL,1),(55,72,'2016-08-12 19:24:13','2017-06-06 09:23:07','admin','neues programm',NULL,NULL,NULL,1),(60,77,'2016-08-24 13:11:43','2016-08-24 13:11:43','admin','Neues Program',NULL,NULL,NULL,1),(61,78,'2016-08-24 16:16:12','2018-03-16 14:58:06','admin','Neues Program',NULL,NULL,NULL,1),(62,79,'2016-08-24 16:16:22','2016-08-24 16:16:22','admin','Neues Program',NULL,NULL,NULL,1),(63,80,'2016-08-24 16:16:53','2016-08-24 16:16:53','admin','Neues Program',NULL,NULL,NULL,1),(64,81,'2016-08-24 16:17:05','2016-08-24 16:17:05','admin','Neues Program',NULL,NULL,NULL,1),(65,82,'2016-08-24 16:17:14','2016-08-24 16:17:14','admin','Neues Program',NULL,NULL,NULL,1),(68,83,'2016-08-25 11:46:35','2016-08-25 11:46:35','admin','Neues Program',NULL,NULL,NULL,1),(69,84,'2016-08-25 11:47:43','2016-08-25 11:47:43','admin','Neues Program',NULL,NULL,NULL,1),(74,88,'2016-09-05 13:48:34','2016-09-05 13:48:34','admin','Neues Program',NULL,NULL,NULL,1),(76,74,'2016-09-05 18:12:56','2016-10-13 16:48:24','admin','neues programm',NULL,NULL,NULL,1),(91,97,'2016-09-22 16:51:02','2016-10-14 13:32:28','adminJT','Neues Program',NULL,'2016-10-14',NULL,NULL),(93,99,'2016-09-27 17:42:29','2016-09-27 17:42:29','adminJT','test',NULL,'2016-09-05','2016-09-29',2),(105,109,'2017-03-29 09:23:40','2017-03-29 09:23:40','admin','Neues Program',NULL,NULL,NULL,NULL),(106,110,'2017-04-11 10:01:09','2017-04-11 10:01:09','admin','Neues Program',NULL,NULL,NULL,NULL),(107,111,'2017-04-11 10:01:16','2017-04-11 10:01:16','admin','Neues Program',NULL,NULL,NULL,NULL),(110,112,'2017-05-04 16:35:48','2017-05-04 16:35:48','admin_ep','Neues Program',NULL,NULL,NULL,NULL),(111,113,'2017-05-08 16:51:13','2017-05-08 16:51:13','admin_ep','Neues Program',NULL,NULL,NULL,NULL),(112,114,'2017-05-11 10:43:56','2017-05-11 10:43:56','admin_jt','Neues Program',NULL,NULL,NULL,NULL),(113,115,'2017-05-11 10:51:53','2017-05-11 10:51:53','admin_jt','Neues Program',NULL,NULL,NULL,NULL),(114,116,'2017-05-11 10:52:01','2017-05-11 10:52:01','admin_jt','Neues Program',NULL,NULL,NULL,NULL),(115,117,'2017-05-11 12:12:28','2017-05-11 12:12:28','admin_jt','Neues Program',NULL,NULL,NULL,NULL),(121,122,'2017-07-19 11:53:11','2017-07-19 11:53:11','admin','Neues Program',NULL,NULL,NULL,NULL),(122,123,'2017-08-09 15:57:05','2017-08-09 15:57:05','admin_ep','Neues Program',NULL,NULL,NULL,NULL),(123,124,'2017-08-09 15:57:14','2017-08-09 15:57:14','admin_ep','Neues Program',NULL,NULL,NULL,NULL),(124,126,'2017-08-16 13:21:11','2017-08-16 13:21:11','admin_ep','Neues Program',NULL,NULL,NULL,NULL),(125,127,'2017-08-18 15:59:11','2017-08-18 15:59:11','admin_jt','Neues Program',NULL,NULL,NULL,NULL),(126,128,'2017-08-28 14:13:31','2017-08-28 14:13:31','admin_ep','Neues Program',NULL,NULL,NULL,NULL),(129,132,'2017-09-11 12:03:51','2017-09-11 12:03:51','post','Neues Program',NULL,NULL,NULL,NULL),(130,133,'2017-09-11 12:04:17','2017-09-11 12:04:17','post','Neues Program',NULL,NULL,NULL,NULL),(133,136,'2018-01-08 12:40:27','2018-01-08 12:40:27','admin_jt','Neues Program',NULL,NULL,NULL,NULL),(134,138,'2018-02-21 13:48:42','2018-02-21 13:48:42','admin','Neues Program',NULL,NULL,NULL,NULL),(143,152,'2018-07-10 10:25:54','2018-07-10 10:25:54','moemax','Neues Program',NULL,NULL,NULL,NULL),(144,153,'2018-07-10 10:26:12','2018-07-10 10:26:12','moemax','Neues Program',NULL,NULL,NULL,NULL),(145,154,'2018-07-10 10:26:23','2018-07-10 10:26:23','moemax','Neues Program',NULL,NULL,NULL,NULL),(148,151,'2018-07-10 10:36:25','2018-07-10 10:36:35','moemax','programm',NULL,NULL,NULL,6),(150,158,'2018-07-10 10:47:07','2018-07-10 10:47:07','moemax','Neues Program',NULL,NULL,NULL,NULL),(151,159,'2018-07-10 10:47:13','2018-07-10 10:47:13','moemax','Neues Program',NULL,NULL,NULL,NULL),(152,160,'2018-07-10 10:47:19','2018-07-10 10:47:19','moemax','Neues Program',NULL,NULL,NULL,NULL),(153,161,'2018-07-10 10:56:32','2018-07-10 10:56:32','moemax','Neues Program',NULL,NULL,NULL,NULL),(155,163,'2018-07-10 10:56:44','2018-07-10 10:56:44','moemax','Neues Program',NULL,NULL,NULL,NULL),(156,164,'2018-07-10 10:56:50','2018-07-10 10:56:50','moemax','Neues Program',NULL,NULL,NULL,NULL),(157,165,'2018-07-10 10:57:08','2018-07-10 10:57:08','moemax','Neues Program',NULL,NULL,NULL,NULL),(159,167,'2018-07-10 10:57:20','2018-07-10 10:57:20','moemax','Neues Program',NULL,NULL,NULL,NULL),(160,168,'2018-07-10 10:57:25','2018-07-10 10:57:25','moemax','Neues Program',NULL,NULL,NULL,NULL),(161,171,'2018-07-11 09:29:43','2018-07-11 09:29:43','moemax','Neues Program',NULL,NULL,NULL,NULL),(162,173,'2018-07-26 12:52:34','2018-07-26 12:52:34','c.haas','Neues Program',NULL,NULL,NULL,NULL),(166,130,'2018-10-10 16:16:40','2018-10-29 11:11:56','post','Neues Program',NULL,NULL,NULL,5),(167,179,'2018-11-22 10:12:23','2018-11-22 10:12:23','service_more','Neues Program',NULL,NULL,NULL,NULL),(168,180,'2018-11-22 10:12:33','2018-11-22 10:12:33','service_more','Neues Program',NULL,NULL,NULL,NULL),(169,181,'2018-12-05 09:27:47','2018-12-05 09:27:47','admin','Neues Program',NULL,NULL,NULL,NULL),(170,182,'2018-12-05 09:28:04','2018-12-05 09:28:04','admin','Neues Program',NULL,NULL,NULL,NULL),(171,183,'2018-12-05 09:28:04','2018-12-05 09:28:04','admin','Neues Program',NULL,NULL,NULL,NULL),(172,184,'2018-12-05 09:28:22','2018-12-05 09:28:22','admin','Neues Program',NULL,NULL,NULL,NULL),(173,185,'2018-12-05 09:29:20','2018-12-05 09:29:20','admin','Neues Program',NULL,NULL,NULL,NULL),(174,186,'2018-12-05 09:29:47','2018-12-05 09:29:47','admin','Neues Program',NULL,NULL,NULL,NULL),(191,204,'2019-03-22 17:25:59','2019-03-22 17:25:59','service_more','Neues Program',NULL,NULL,NULL,NULL),(192,205,'2019-03-26 10:50:22','2019-03-26 10:50:22','admin','Neues Program',NULL,NULL,NULL,NULL),(196,214,'2019-04-25 12:45:53','2019-04-25 12:45:53','service_more','Neues Program',NULL,NULL,NULL,NULL),(197,215,'2019-04-25 12:46:10','2019-04-25 12:46:10','service_more','Neues Program',NULL,NULL,NULL,NULL),(198,216,'2019-04-25 12:46:41','2019-04-25 12:46:41','service_more','Neues Program',NULL,NULL,NULL,NULL),(199,217,'2019-04-25 12:47:29','2019-04-25 12:47:29','service_more','Neues Program',NULL,NULL,NULL,NULL),(200,218,'2019-04-25 12:48:01','2019-04-25 12:48:01','service_more','Neues Program',NULL,NULL,NULL,NULL),(201,219,'2019-04-25 12:48:20','2019-04-25 12:48:20','service_more','Neues Program',NULL,NULL,NULL,NULL),(204,222,'2019-04-30 13:59:40','2019-04-30 13:59:40','c.haas','Neues Program',NULL,NULL,NULL,NULL),(205,223,'2019-05-09 17:39:07','2019-05-09 17:39:07','c.haas','Neues Program',NULL,NULL,NULL,NULL),(206,224,'2019-05-09 17:55:22','2019-05-09 17:55:22','c.haas','Neues Program',NULL,NULL,NULL,NULL),(207,226,'2019-05-20 17:20:16','2019-05-20 17:20:16','service_more','Neues Program',NULL,NULL,NULL,NULL),(208,227,'2019-05-20 17:20:54','2019-05-20 17:20:54','service_more','Neues Program',NULL,NULL,NULL,NULL),(209,229,'2019-05-22 09:25:57','2019-05-22 09:25:57','service_more','Neues Program',NULL,NULL,NULL,NULL),(210,230,'2019-05-22 09:26:14','2019-05-22 09:26:14','service_more','Neues Program',NULL,NULL,NULL,NULL),(211,237,'2019-06-05 12:47:13','2019-06-05 12:47:13','service_more','Neues Program',NULL,NULL,NULL,NULL),(212,238,'2019-06-05 12:47:28','2019-06-05 12:47:28','service_more','Neues Program',NULL,NULL,NULL,NULL),(213,239,'2019-06-05 12:51:36','2019-06-05 12:51:36','service_more','Neues Program',NULL,NULL,NULL,NULL),(214,240,'2019-06-05 12:51:49','2019-06-05 12:51:49','service_more','Neues Program',NULL,NULL,NULL,NULL),(215,241,'2019-06-11 10:52:07','2019-06-11 10:52:07','service_more','Neues Program',NULL,NULL,NULL,NULL),(216,242,'2019-06-11 10:52:28','2019-06-11 10:52:28','service_more','Neues Program',NULL,NULL,NULL,NULL),(217,243,'2019-06-11 10:57:46','2019-06-11 10:57:46','service_more','Neues Program',NULL,NULL,NULL,NULL),(218,244,'2019-06-11 10:57:57','2019-06-11 10:57:57','service_more','Neues Program',NULL,NULL,NULL,NULL),(219,245,'2019-06-11 11:01:35','2019-06-11 11:01:35','service_more','Neues Program',NULL,NULL,NULL,NULL),(220,246,'2019-06-11 11:01:55','2019-06-11 11:01:55','service_more','Neues Program',NULL,NULL,NULL,NULL),(221,247,'2019-06-11 11:04:56','2019-06-11 11:04:56','service_more','Neues Program',NULL,NULL,NULL,NULL),(222,248,'2019-06-11 11:05:21','2019-06-11 11:05:21','service_more','Neues Program',NULL,NULL,NULL,NULL),(223,250,'2019-06-12 11:24:58','2019-06-12 11:24:58','service_more','Neues Program',NULL,NULL,NULL,NULL),(224,251,'2019-06-12 11:25:29','2019-06-12 11:25:29','service_more','Neues Program',NULL,NULL,NULL,NULL),(225,252,'2019-06-26 17:47:35','2019-06-26 17:47:35','service_more','Neues Program',NULL,NULL,NULL,NULL),(226,254,'2019-08-19 15:53:11','2019-08-19 15:53:11','service_more','Neues Program',NULL,NULL,NULL,NULL),(227,256,'2019-08-22 14:52:52','2019-08-22 14:52:52','service_more','Neues Program',NULL,NULL,NULL,NULL),(228,257,'2019-08-22 14:53:44','2019-08-22 14:53:44','service_more','Neues Program',NULL,NULL,NULL,NULL),(229,261,'2019-08-22 15:07:36','2019-08-22 15:07:36','service_more','Neues Program',NULL,NULL,NULL,NULL),(230,262,'2019-08-22 15:08:55','2019-08-22 15:08:55','service_more','Neues Program',NULL,NULL,NULL,NULL),(231,264,'2019-08-23 11:00:12','2019-08-23 11:00:12','service_more','Neues Program',NULL,NULL,NULL,NULL),(232,265,'2019-08-23 11:01:15','2019-08-23 11:01:15','service_more','Neues Program',NULL,NULL,NULL,NULL),(233,266,'2019-08-23 11:07:04','2019-08-23 11:07:04','service_more','Neues Program',NULL,NULL,NULL,NULL),(234,267,'2019-08-23 11:07:18','2019-08-23 11:07:18','service_more','Neues Program',NULL,NULL,NULL,NULL),(235,269,'2019-08-23 11:20:08','2019-08-23 11:20:08','service_more','Neues Program',NULL,NULL,NULL,NULL),(236,270,'2019-08-23 11:20:31','2019-08-23 11:20:31','service_more','Neues Program',NULL,NULL,NULL,NULL),(237,272,'2019-08-26 10:32:33','2019-08-26 10:32:33','service_more','Neues Program',NULL,NULL,NULL,NULL),(238,273,'2019-08-26 10:32:44','2019-08-26 10:32:44','service_more','Neues Program',NULL,NULL,NULL,NULL),(239,275,'2019-08-26 14:23:35','2019-08-26 14:23:35','service_more','Neues Program',NULL,NULL,NULL,NULL),(240,276,'2019-08-26 14:23:51','2019-08-26 14:23:51','service_more','Neues Program',NULL,NULL,NULL,NULL),(241,278,'2019-08-26 14:38:14','2019-08-26 14:38:14','service_more','Neues Program',NULL,NULL,NULL,NULL),(242,279,'2019-08-26 14:38:23','2019-08-26 14:38:23','service_more','Neues Program',NULL,NULL,NULL,NULL),(243,280,'2019-08-26 14:38:32','2019-08-26 14:38:32','service_more','Neues Program',NULL,NULL,NULL,NULL),(244,282,'2019-08-27 10:17:26','2019-08-27 10:17:26','service_more','Neues Program',NULL,NULL,NULL,NULL),(245,283,'2019-08-27 10:18:05','2019-08-27 10:18:05','service_more','Neues Program',NULL,NULL,NULL,NULL),(246,285,'2019-08-27 10:30:11','2019-08-27 10:30:11','service_more','Neues Program',NULL,NULL,NULL,NULL),(247,286,'2019-08-27 10:30:55','2019-08-27 10:30:55','service_more','Neues Program',NULL,NULL,NULL,NULL),(248,288,'2019-08-27 10:45:43','2019-08-27 10:45:43','service_more','Neues Program',NULL,NULL,NULL,NULL),(249,289,'2019-08-27 10:45:58','2019-08-27 10:45:58','service_more','Neues Program',NULL,NULL,NULL,NULL),(250,292,'2019-08-27 10:54:51','2019-08-27 10:54:51','service_more','Neues Program',NULL,NULL,NULL,NULL),(251,293,'2019-08-27 10:55:03','2019-08-27 10:55:03','service_more','Neues Program',NULL,NULL,NULL,NULL),(260,307,'2019-10-16 11:01:24','2019-10-16 11:01:24','service_more','Neues Program',NULL,NULL,NULL,NULL),(261,308,'2019-10-16 11:02:05','2019-10-16 11:02:05','service_more','Neues Program',NULL,NULL,NULL,NULL),(262,310,'2019-10-16 11:18:52','2019-10-16 11:18:52','service_more','Neues Program',NULL,NULL,NULL,NULL),(263,311,'2019-10-16 11:19:41','2019-10-16 11:19:41','service_more','Neues Program',NULL,NULL,NULL,NULL),(265,315,'2019-10-16 11:35:27','2019-10-16 11:35:27','service_more','Neues Program',NULL,NULL,NULL,NULL),(266,316,'2019-10-16 11:38:39','2019-10-16 11:38:39','service_more','Neues Program',NULL,NULL,NULL,NULL),(267,318,'2019-10-16 11:58:08','2019-10-16 11:58:08','service_more','Neues Program',NULL,NULL,NULL,NULL),(268,319,'2019-10-16 11:58:29','2019-10-16 11:58:29','service_more','Neues Program',NULL,NULL,NULL,NULL),(269,321,'2019-10-16 12:10:57','2019-10-16 12:10:57','service_more','Neues Program',NULL,NULL,NULL,NULL),(270,322,'2019-10-16 12:11:10','2019-10-16 12:11:10','service_more','Neues Program',NULL,NULL,NULL,NULL),(271,324,'2019-10-16 12:19:44','2019-10-16 12:19:44','service_more','Neues Program',NULL,NULL,NULL,NULL),(272,325,'2019-10-16 12:20:17','2019-10-16 12:20:17','service_more','Neues Program',NULL,NULL,NULL,NULL),(273,327,'2019-10-16 12:32:22','2019-10-16 12:32:22','service_more','Neues Program',NULL,NULL,NULL,NULL),(274,328,'2019-10-16 12:32:36','2019-10-16 12:32:36','service_more','Neues Program',NULL,NULL,NULL,NULL),(275,330,'2019-10-16 12:45:14','2019-10-16 12:45:14','service_more','Neues Program',NULL,NULL,NULL,NULL),(276,331,'2019-10-16 12:45:37','2019-10-16 12:45:37','service_more','Neues Program',NULL,NULL,NULL,NULL),(277,333,'2019-10-21 11:37:59','2019-10-21 11:37:59','service_more','Neues Program',NULL,NULL,NULL,NULL),(278,334,'2019-10-21 11:38:08','2019-10-21 11:38:08','service_more','Neues Program',NULL,NULL,NULL,NULL),(279,336,'2019-10-21 11:44:02','2019-10-21 11:44:02','service_more','Neues Program',NULL,NULL,NULL,NULL),(280,337,'2019-10-21 11:44:10','2019-10-21 11:44:10','service_more','Neues Program',NULL,NULL,NULL,NULL),(281,339,'2019-10-21 11:49:36','2019-10-21 11:49:36','service_more','Neues Program',NULL,NULL,NULL,NULL),(282,340,'2019-10-21 11:49:43','2019-10-21 11:49:43','service_more','Neues Program',NULL,NULL,NULL,NULL),(283,342,'2019-10-21 11:53:39','2019-10-21 11:53:39','service_more','Neues Program',NULL,NULL,NULL,NULL),(284,343,'2019-10-21 11:53:51','2019-10-21 11:53:51','service_more','Neues Program',NULL,NULL,NULL,NULL),(285,345,'2019-10-21 15:04:37','2019-10-21 15:04:37','service_more','Neues Program',NULL,NULL,NULL,NULL),(286,346,'2019-10-21 15:04:45','2019-10-21 15:04:45','service_more','Neues Program',NULL,NULL,NULL,NULL),(287,348,'2019-10-21 15:08:53','2019-10-21 15:08:53','service_more','Neues Program',NULL,NULL,NULL,NULL),(288,349,'2019-10-21 15:09:02','2019-10-21 15:09:02','service_more','Neues Program',NULL,NULL,NULL,NULL),(289,351,'2019-10-21 15:13:15','2019-10-21 15:13:15','service_more','Neues Program',NULL,NULL,NULL,NULL),(290,352,'2019-10-21 15:13:22','2019-10-21 15:13:22','service_more','Neues Program',NULL,NULL,NULL,NULL),(291,354,'2019-10-21 15:18:38','2019-10-21 15:18:38','service_more','Neues Program',NULL,NULL,NULL,NULL),(292,355,'2019-10-21 15:18:48','2019-10-21 15:18:48','service_more','Neues Program',NULL,NULL,NULL,NULL),(293,356,'2019-10-29 14:02:50','2019-10-29 14:02:50','service_more','Neues Program',NULL,NULL,NULL,NULL),(294,368,'2020-02-05 14:54:57','2020-02-05 14:54:57','service_more','Neues Program',NULL,NULL,NULL,NULL),(295,369,'2020-02-05 14:55:09','2020-02-05 14:55:09','service_more','Neues Program',NULL,NULL,NULL,NULL),(296,370,'2020-02-05 14:55:40','2020-02-05 14:55:40','service_more','Neues Program',NULL,NULL,NULL,NULL),(297,371,'2020-02-05 14:55:45','2020-02-05 14:55:45','service_more','Neues Program',NULL,NULL,NULL,NULL),(298,372,'2020-02-05 14:55:48','2020-02-05 14:55:48','service_more','Neues Program',NULL,NULL,NULL,NULL),(299,373,'2020-02-05 14:56:00','2020-02-05 14:56:00','service_more','Neues Program',NULL,NULL,NULL,NULL),(300,374,'2020-02-05 14:56:03','2020-02-05 14:56:03','service_more','Neues Program',NULL,NULL,NULL,NULL),(301,375,'2020-02-05 14:56:06','2020-02-05 14:56:06','service_more','Neues Program',NULL,NULL,NULL,NULL),(302,376,'2020-02-05 14:56:09','2020-02-05 14:56:09','service_more','Neues Program',NULL,NULL,NULL,NULL),(303,377,'2020-02-05 14:56:12','2020-02-05 14:56:12','service_more','Neues Program',NULL,NULL,NULL,NULL),(304,378,'2020-02-05 14:56:15','2020-02-05 14:56:15','service_more','Neues Program',NULL,NULL,NULL,NULL),(305,379,'2020-02-05 14:56:23','2020-02-05 14:56:23','service_more','Neues Program',NULL,NULL,NULL,NULL),(306,380,'2020-02-05 14:56:31','2020-02-05 14:56:31','service_more','Neues Program',NULL,NULL,NULL,NULL),(307,381,'2020-02-05 14:56:34','2020-02-05 14:56:34','service_more','Neues Program',NULL,NULL,NULL,NULL),(308,382,'2020-02-05 14:56:37','2020-02-05 14:56:37','service_more','Neues Program',NULL,NULL,NULL,NULL),(309,383,'2020-02-05 14:56:41','2020-02-05 14:56:41','service_more','Neues Program',NULL,NULL,NULL,NULL),(310,384,'2020-02-05 14:56:44','2020-02-05 14:56:44','service_more','Neues Program',NULL,NULL,NULL,NULL),(311,385,'2020-02-05 14:56:47','2020-02-05 14:56:47','service_more','Neues Program',NULL,NULL,NULL,NULL),(312,386,'2020-02-05 14:56:51','2020-02-05 14:56:51','service_more','Neues Program',NULL,NULL,NULL,NULL),(313,387,'2020-02-05 14:56:53','2020-02-05 14:56:53','service_more','Neues Program',NULL,NULL,NULL,NULL),(314,388,'2020-02-05 14:56:57','2020-02-05 14:56:57','service_more','Neues Program',NULL,NULL,NULL,NULL),(315,389,'2020-02-05 14:57:00','2020-02-05 14:57:00','service_more','Neues Program',NULL,NULL,NULL,NULL),(316,390,'2020-03-09 17:33:04','2020-03-09 17:33:04','service_more','Neues Program',NULL,NULL,NULL,NULL),(317,392,'2020-03-18 10:07:27','2020-03-18 10:07:27','service_more','Neues Program',NULL,NULL,NULL,NULL),(318,393,'2020-03-18 10:09:49','2020-03-18 10:09:49','service_more','Neues Program',NULL,NULL,NULL,NULL),(319,396,'2020-04-10 10:39:50','2020-04-10 10:39:50','service_more','Neues Program',NULL,NULL,NULL,NULL),(320,397,'2020-04-10 10:40:10','2020-04-10 10:40:10','service_more','Neues Program',NULL,NULL,NULL,NULL),(321,399,'2020-10-02 10:15:58','2020-10-02 10:15:58','service_more','Neues Program',NULL,NULL,NULL,NULL),(322,400,'2020-10-02 10:16:16','2020-10-02 10:16:16','service_more','Neues Program',NULL,NULL,NULL,NULL),(323,402,'2020-11-04 09:45:49','2020-11-04 09:45:49','service_more','Neues Program',NULL,NULL,NULL,NULL),(324,403,'2020-11-04 09:47:22','2020-11-04 09:47:22','service_more','Neues Program',NULL,NULL,NULL,NULL),(325,406,'2020-12-11 08:34:11','2020-12-11 08:34:11','service_more','Neues Program',NULL,NULL,NULL,NULL),(326,407,'2020-12-11 08:34:25','2020-12-11 08:34:25','service_more','Neues Program',NULL,NULL,NULL,NULL),(327,408,'2020-12-11 08:34:33','2020-12-11 08:34:33','service_more','Neues Program',NULL,NULL,NULL,NULL),(328,409,'2020-12-11 08:34:42','2020-12-11 08:34:42','service_more','Neues Program',NULL,NULL,NULL,NULL),(329,411,'2021-02-12 12:12:55','2021-02-12 12:12:55','service_more','Neues Program',NULL,NULL,NULL,NULL),(330,412,'2021-02-12 12:13:07','2021-02-12 12:13:07','service_more','Neues Program',NULL,NULL,NULL,NULL),(331,413,'2021-03-03 09:07:07','2021-03-03 09:07:07','service_more','Neues Program',NULL,NULL,NULL,NULL),(332,414,'2021-03-03 09:07:19','2021-03-03 09:07:19','service_more','Neues Program',NULL,NULL,NULL,NULL),(333,417,'2021-03-10 12:26:08','2021-03-10 12:26:08','service_more','Neues Program',NULL,NULL,NULL,NULL),(334,418,'2021-03-10 12:26:13','2021-03-10 12:26:13','service_more','Neues Program',NULL,NULL,NULL,NULL),(335,420,'2021-03-17 13:44:06','2021-03-17 13:44:06','service_more','Neues Program',NULL,NULL,NULL,NULL),(336,421,'2021-03-17 13:44:18','2021-03-17 13:44:18','service_more','Neues Program',NULL,NULL,NULL,NULL),(337,423,'2021-05-04 08:28:33','2021-05-04 08:28:33','service_more','Neues Program',NULL,NULL,NULL,NULL),(338,424,'2021-05-04 08:28:45','2021-05-04 08:28:45','service_more','Neues Program',NULL,NULL,NULL,NULL),(339,427,'2021-05-04 08:34:58','2021-05-04 08:34:58','service_more','Neues Program',NULL,NULL,NULL,NULL),(340,428,'2021-05-04 08:35:12','2021-05-04 08:35:12','service_more','Neues Program',NULL,NULL,NULL,NULL),(341,429,'2021-07-21 13:01:27','2021-07-21 13:01:27','service_more','Neues Program',NULL,NULL,NULL,NULL),(342,430,'2021-07-21 13:01:37','2021-07-21 13:01:37','service_more','Neues Program',NULL,NULL,NULL,NULL),(343,433,'2021-10-25 11:07:43','2021-10-25 11:07:43','service_more','Neues Program',NULL,NULL,NULL,NULL),(344,434,'2021-10-25 11:07:52','2021-10-25 11:07:52','service_more','Neues Program',NULL,NULL,NULL,NULL),(345,435,'2022-04-27 09:57:51','2022-04-27 09:57:51','service_more','Neues Program',NULL,NULL,NULL,NULL),(346,436,'2022-04-27 09:57:55','2022-04-27 09:57:55','service_more','Neues Program',NULL,NULL,NULL,NULL),(347,439,'2022-05-17 10:50:20','2022-05-17 10:50:20','service_more','Neues Program',NULL,NULL,NULL,NULL),(348,440,'2022-05-17 10:50:29','2022-05-17 10:50:29','service_more','Neues Program',NULL,NULL,NULL,NULL),(349,442,'2022-05-27 09:05:07','2022-05-27 09:05:07','service_more','Neues Program',NULL,NULL,NULL,NULL),(350,443,'2022-05-27 09:05:14','2022-05-27 09:05:14','service_more','Neues Program',NULL,NULL,NULL,NULL),(351,445,'2022-06-23 11:42:41','2022-06-23 11:42:41','service_more','Neues Program',NULL,NULL,NULL,NULL),(352,446,'2022-06-23 11:42:51','2022-06-23 11:42:51','service_more','Neues Program',NULL,NULL,NULL,NULL),(353,448,'2022-06-23 14:41:42','2022-06-23 14:41:42','service_more','Neues Program',NULL,NULL,NULL,NULL),(354,449,'2022-06-23 14:41:50','2022-06-23 14:41:50','service_more','Neues Program',NULL,NULL,NULL,NULL),(355,451,'2022-09-13 16:53:37','2022-09-13 16:53:37','service_more','Neues Program',NULL,NULL,NULL,NULL),(356,452,'2022-09-13 16:53:47','2022-09-13 16:53:47','service_more','Neues Program',NULL,NULL,NULL,NULL),(357,453,'2022-11-30 16:54:51','2022-11-30 16:54:51','service_more','Neues Program',NULL,NULL,NULL,NULL),(358,454,'2022-11-30 16:54:56','2022-11-30 16:54:56','service_more','Neues Program',NULL,NULL,NULL,NULL),(359,458,'2023-03-09 14:16:08','2023-03-09 14:16:08','service_more','Neues Program',NULL,NULL,NULL,NULL),(360,459,'2023-03-09 14:16:15','2023-03-09 14:16:15','service_more','Neues Program',NULL,NULL,NULL,NULL),(361,460,'2023-03-09 14:16:25','2023-03-09 14:16:25','service_more','Neues Program',NULL,NULL,NULL,NULL),(362,461,'2023-03-09 14:16:30','2023-03-09 14:16:30','service_more','Neues Program',NULL,NULL,NULL,NULL),(363,463,'2023-04-26 10:09:38','2023-04-26 10:09:38','service_more','Neues Program',NULL,NULL,NULL,NULL),(364,464,'2023-04-26 10:09:47','2023-04-26 10:09:47','service_more','Neues Program',NULL,NULL,NULL,NULL),(365,466,'2023-08-14 12:14:30','2023-08-14 12:14:30','service_more','Neues Program',NULL,NULL,NULL,NULL),(366,467,'2023-08-14 12:14:38','2023-08-14 12:14:38','service_more','Neues Program',NULL,NULL,NULL,NULL),(367,469,'2023-12-04 08:31:35','2023-12-04 08:31:35','service_more','Neues Program',NULL,NULL,NULL,NULL),(368,470,'2023-12-04 08:31:43','2023-12-04 08:31:43','service_more','Neues Program',NULL,NULL,NULL,NULL),(369,472,'2024-02-28 07:30:20','2024-02-28 07:30:20','service_more','Neues Program',NULL,NULL,NULL,NULL),(370,473,'2024-02-28 07:30:27','2024-02-28 07:30:27','service_more','Neues Program',NULL,NULL,NULL,NULL);

--
-- Table structure for table `ds_program_spot`
--

CREATE TABLE `ds_program_spot` (
  `id` int(10) unsigned NOT NULL AUTO_INCREMENT,
  `program_id` int(10) unsigned NOT NULL,
  `spot_id` int(10) unsigned NOT NULL,
  `created` datetime NOT NULL,
  `updated` datetime NOT NULL,
  `updatedBy` varchar(255) DEFAULT NULL,
  `name` varchar(255) NOT NULL,
  `duration` int(11) DEFAULT NULL,
  `description` longtext DEFAULT NULL,
  `data` longtext DEFAULT NULL COMMENT '(DC2Type:array)',
  `position` int(11) NOT NULL DEFAULT 0,
  `dateFrom` date DEFAULT NULL,
  `dateTo` date DEFAULT NULL,
  `timeFrom` varchar(255) NOT NULL DEFAULT '00:00',
  `timeTo` varchar(255) NOT NULL DEFAULT '24:00',
  `timeEnabled` tinyint(1) NOT NULL DEFAULT 0,
  `weekdays` longtext DEFAULT NULL COMMENT '(DC2Type:simple_array)',
  `enabled` tinyint(1) NOT NULL,
  `mandate_id` int(10) unsigned DEFAULT NULL,
  PRIMARY KEY (`id`),
  KEY `IDX_6864BEA63EB8070A` (`program_id`),
  KEY `IDX_6864BEA62DF1D37C` (`spot_id`),
  KEY `IDX_6864BEA66C1129CD` (`mandate_id`),
  CONSTRAINT `FK_6864BEA62DF1D37C` FOREIGN KEY (`spot_id`) REFERENCES `ds_spot` (`id`) ON DELETE CASCADE,
  CONSTRAINT `FK_6864BEA63EB8070A` FOREIGN KEY (`program_id`) REFERENCES `ds_program` (`id`) ON DELETE CASCADE,
  CONSTRAINT `FK_6864BEA66C1129CD` FOREIGN KEY (`mandate_id`) REFERENCES `sys_mandate` (`id`)
) ENGINE=InnoDB AUTO_INCREMENT=8363 DEFAULT CHARSET=utf8mb3 COLLATE=utf8mb3_unicode_ci;

--
-- Dumping data for table `ds_program_spot`
--

INSERT INTO `ds_program_spot` VALUES (1966,43,610,'2016-08-18 16:18:34','2018-10-31 13:32:07','admin','Tagesmenü',0,NULL,'a:1:{s:4:\"menu\";a:2:{s:2:\"id\";i:0;s:4:\"name\";s:17:\"KALBST-BONESTEAK \";}}',0,NULL,NULL,'00:00','14:00',1,'0,1,2,3,4,5,6',1,1),(2204,62,802,'2016-08-29 14:51:12','2018-08-29 16:04:14','c.haas','mood_1er_stilleben_wurst_kein_rahmen',60,NULL,'a:1:{s:5:\"image\";s:64:\"{mediaPath}content/media/retailer/1/spot_image_57c42fbc6a6da.jpg\";}',0,'2018-05-01',NULL,'00:00','24:00',1,NULL,1,1),(2214,63,809,'2016-08-29 15:04:25','2016-09-02 11:12:23','admin','rahmen_screens_quer_ohne__Seite_16',60,NULL,'a:1:{s:5:\"image\";s:64:\"{mediaPath}content/media/retailer/1/spot_image_57c432d1151d2.jpg\";}',0,NULL,NULL,'00:00','24:00',0,NULL,1,1),(2218,65,807,'2016-08-29 15:04:47','2016-08-29 15:25:53','admin','rahmen_screens_quer_ohne__Seite_06',60,NULL,'a:1:{s:5:\"image\";s:64:\"{mediaPath}content/media/retailer/1/spot_image_57c432bce1630.jpg\";}',0,NULL,NULL,'00:00','24:00',0,NULL,1,1),(2220,64,811,'2016-08-29 15:14:42','2018-07-26 12:54:53','c.haas','marke_1er_radatz_schmeck_rot',60,NULL,'a:1:{s:5:\"image\";s:64:\"{mediaPath}content/media/retailer/1/spot_image_57c4350579659.jpg\";}',0,NULL,NULL,'00:00','24:00',0,NULL,1,1),(2229,63,816,'2016-08-29 16:02:38','2016-09-02 11:12:26','admin','rahmen_screens_quer_ohne__Seite_13',60,NULL,'a:1:{s:5:\"image\";s:64:\"{mediaPath}content/media/retailer/1/spot_image_57c4373e15903.jpg\";}',1,NULL,NULL,'00:00','24:00',0,NULL,1,1),(2272,74,610,'2016-09-05 13:48:54','2018-10-31 13:32:12','admin','Tagesmenü',0,NULL,'N;',0,NULL,NULL,'00:00','16:00',1,'0,1,2,3,4,5,6',1,1),(2742,60,1444,'2016-11-25 10:21:49','2018-03-06 10:28:17','admin','Fritz_Docekal_Braten',60,NULL,'a:1:{s:5:\"image\";s:64:\"{mediaPath}content/media/retailer/1/spot_image_57fba05ba24fe.jpg\";}',2,NULL,NULL,'00:00','24:00',0,NULL,1,1),(2743,60,804,'2016-11-25 10:21:55','2018-03-06 10:28:17','admin','rahmen_screens_hoch_ohne5',60,NULL,'a:1:{s:5:\"image\";s:64:\"{mediaPath}content/media/retailer/1/spot_image_57c431b3755c8.jpg\";}',0,NULL,NULL,'00:00','24:00',0,NULL,1,1),(2744,60,806,'2016-11-25 10:22:01','2018-03-06 10:28:17','admin','rahmen_screens_hoch_ohne3',60,NULL,'a:1:{s:5:\"image\";s:64:\"{mediaPath}content/media/retailer/1/spot_image_57c431cf287c5.jpg\";}',4,NULL,NULL,'00:00','24:00',0,NULL,1,1),(2876,74,1689,'2017-04-03 15:13:36','2018-10-31 13:32:14','admin','Imbiss 3',0,NULL,'a:25:{s:6:\"offer1\";a:2:{s:2:\"id\";s:5:\"false\";s:4:\"name\";s:12:\"Kein Angebot\";}s:11:\"background1\";s:64:\"{mediaPath}content/media/retailer/1/spot_image_58e2465223e34.jpg\";s:9:\"headline1\";s:0:\"\";s:12:\"subheadline1\";s:0:\"\";s:7:\"footer1\";s:0:\"\";s:6:\"price1\";s:0:\"\";s:6:\"offer2\";a:2:{s:2:\"id\";s:5:\"false\";s:4:\"name\";s:12:\"Kein Angebot\";}s:11:\"background2\";s:64:\"{mediaPath}content/media/retailer/1/spot_image_58e246566f54b.jpg\";s:9:\"headline2\";s:0:\"\";s:12:\"subheadline2\";s:0:\"\";s:7:\"footer2\";s:0:\"\";s:6:\"price2\";s:0:\"\";s:6:\"offer3\";a:2:{s:2:\"id\";s:5:\"false\";s:4:\"name\";s:12:\"Kein Angebot\";}s:11:\"background3\";s:64:\"{mediaPath}content/media/retailer/1/spot_image_58e246576dee8.jpg\";s:9:\"headline3\";s:0:\"\";s:12:\"subheadline3\";s:0:\"\";s:7:\"footer3\";s:0:\"\";s:6:\"price3\";s:0:\"\";s:6:\"layout\";s:7:\"drittel\";s:16:\"offerBackground1\";s:3:\"Rot\";s:5:\"hpos1\";s:5:\"unten\";s:16:\"offerBackground2\";s:3:\"Rot\";s:5:\"hpos2\";s:5:\"unten\";s:16:\"offerBackground3\";s:3:\"Rot\";s:5:\"hpos3\";s:5:\"unten\";}',1,NULL,NULL,'16:00','24:00',1,'0,1,2,3,4,5,6',1,1),(2878,43,1689,'2017-04-03 15:14:46','2018-10-31 13:32:09','admin','Imbiss 3',0,NULL,'a:25:{s:6:\"offer1\";a:2:{s:2:\"id\";s:5:\"false\";s:4:\"name\";s:12:\"Kein Angebot\";}s:11:\"background1\";s:64:\"{mediaPath}content/media/retailer/1/spot_image_58e2465223e34.jpg\";s:9:\"headline1\";s:0:\"\";s:12:\"subheadline1\";s:0:\"\";s:7:\"footer1\";s:0:\"\";s:6:\"price1\";s:0:\"\";s:6:\"offer2\";a:2:{s:2:\"id\";s:5:\"false\";s:4:\"name\";s:12:\"Kein Angebot\";}s:11:\"background2\";s:64:\"{mediaPath}content/media/retailer/1/spot_image_58e246566f54b.jpg\";s:9:\"headline2\";s:0:\"\";s:12:\"subheadline2\";s:0:\"\";s:7:\"footer2\";s:0:\"\";s:6:\"price2\";s:0:\"\";s:6:\"offer3\";a:2:{s:2:\"id\";s:5:\"false\";s:4:\"name\";s:12:\"Kein Angebot\";}s:11:\"background3\";s:64:\"{mediaPath}content/media/retailer/1/spot_image_58e246576dee8.jpg\";s:9:\"headline3\";s:0:\"\";s:12:\"subheadline3\";s:0:\"\";s:7:\"footer3\";s:0:\"\";s:6:\"price3\";s:0:\"\";s:6:\"layout\";s:7:\"drittel\";s:16:\"offerBackground1\";s:3:\"Rot\";s:5:\"hpos1\";s:5:\"unten\";s:16:\"offerBackground2\";s:3:\"Rot\";s:5:\"hpos2\";s:5:\"unten\";s:16:\"offerBackground3\";s:3:\"Rot\";s:5:\"hpos3\";s:5:\"unten\";}',1,NULL,NULL,'14:00','24:00',1,'0,1,2,3,4,5,6',1,1),(3034,60,1712,'2017-04-14 08:25:15','2018-03-06 10:28:17','admin','Handwerk_Familienwand_17',60,NULL,'a:1:{s:5:\"image\";s:64:\"{mediaPath}content/media/retailer/1/spot_image_58f06b199dcab.jpg\";}',3,NULL,NULL,'00:00','24:00',0,NULL,1,1),(3035,60,1714,'2017-04-14 08:25:20','2018-03-06 10:28:17','admin','Handwerk_Familienwand_15',60,NULL,'a:1:{s:5:\"image\";s:64:\"{mediaPath}content/media/retailer/1/spot_image_58f06b1b87c44.jpg\";}',5,NULL,NULL,'00:00','24:00',0,NULL,1,1),(3036,60,1716,'2017-04-14 08:25:26','2018-03-06 10:28:17','admin','Handwerk_Familienwand_13',60,NULL,'a:1:{s:5:\"image\";s:64:\"{mediaPath}content/media/retailer/1/spot_image_58f06b1d90f12.jpg\";}',1,NULL,NULL,'00:00','24:00',0,NULL,1,1),(3046,62,1719,'2017-04-14 08:27:50','2018-08-29 16:04:14','c.haas','Handwerk_Familienwand_10',0,NULL,'a:1:{s:5:\"image\";s:64:\"{mediaPath}content/media/retailer/1/spot_image_58f06bc83026c.jpg\";}',1,'2018-05-01',NULL,'00:00','24:00',1,NULL,1,1),(3047,63,1720,'2017-04-14 08:28:01','2017-04-14 08:28:01','s.moik','Handwerk_Familienwand_9',0,NULL,'a:1:{s:5:\"image\";s:64:\"{mediaPath}content/media/retailer/1/spot_image_58f06bc93a349.jpg\";}',2,NULL,NULL,'00:00','24:00',0,NULL,1,1),(3061,105,1714,'2017-04-19 07:47:31','2017-09-20 09:25:24','s.moik','Handwerk_Familienwand_15',120,NULL,'a:1:{s:5:\"image\";s:64:\"{mediaPath}content/media/retailer/1/spot_image_58f06b1b87c44.jpg\";}',1,NULL,NULL,'00:00','24:00',0,NULL,1,1),(3062,107,1712,'2017-04-19 07:47:50','2018-03-15 10:53:57','admin','Handwerk_Familienwand_17',0,NULL,'a:1:{s:5:\"image\";s:64:\"{mediaPath}content/media/retailer/1/spot_image_58f06b199dcab.jpg\";}',0,NULL,NULL,'00:00','24:00',0,NULL,1,1),(3063,106,1715,'2017-04-19 07:47:57','2017-09-20 09:24:58','s.moik','Handwerk_Familienwand_14',120,NULL,'a:1:{s:5:\"image\";s:64:\"{mediaPath}content/media/retailer/1/spot_image_58f06b1c46d0b.jpg\";}',0,NULL,NULL,'00:00','24:00',0,NULL,1,1),(3232,113,1804,'2017-05-11 15:12:57','2018-02-22 16:46:06','admin_jt','water_bubbles_loop',0,NULL,'a:1:{s:5:\"video\";s:65:\"{mediaPath}content/media/retailer/39/spot_video_5914634d8507d.mp4\";}',0,NULL,NULL,'00:00','24:00',1,NULL,1,4),(3243,112,1810,'2017-05-12 14:40:04','2017-05-12 14:40:06','admin_jt','Raupe_lounge_scaled',0,NULL,'a:1:{s:5:\"video\";s:65:\"{mediaPath}content/media/retailer/39/spot_video_5915ad1c4c1be.mp4\";}',0,NULL,NULL,'00:00','24:00',0,NULL,1,4),(3244,112,1811,'2017-05-12 14:40:46','2017-07-12 13:35:38','admin_jt','underwater_loop-scaled',0,NULL,'a:1:{s:5:\"video\";s:65:\"{mediaPath}content/media/retailer/39/spot_video_5915ad4808b41.mp4\";}',1,NULL,NULL,'00:00','24:00',1,'2',1,4),(3599,121,1891,'2017-07-21 16:06:10','2018-03-31 16:30:06','c.haas','Tagesmenue Hoch',15,NULL,'a:1:{s:4:\"menu\";a:2:{s:2:\"id\";i:0;s:4:\"name\";s:21:\"saftigeHÜHNER-KEULEN\";}}',0,NULL,NULL,'00:00','17:00',1,'1,2,3,4,5,6',1,1),(3756,110,1865,'2017-08-16 14:08:18','2017-08-16 14:08:18','admin_ep','Miele Set',0,NULL,'a:3:{s:9:\"productId\";s:7:\"1089184\";s:5:\"title\";s:44:\"Energie-<span class=\'big\'>Spar</span>-Profi!\";s:15:\"deferredPayment\";b:0;}',0,NULL,NULL,'00:00','24:00',0,NULL,1,3),(3757,110,1864,'2017-08-16 14:08:19','2017-08-16 14:08:19','admin_ep','IPhone',0,NULL,'a:3:{s:9:\"productId\";s:7:\"1056317\";s:5:\"title\";s:46:\"<span class=\'big\'>Smartes</span> statt Saures!\";s:15:\"deferredPayment\";b:1;}',1,NULL,NULL,'00:00','24:00',0,NULL,1,3),(3768,125,1911,'2017-08-18 16:07:14','2017-08-18 16:07:15','admin_jt','_01_markenpromotion_omis',0,NULL,'a:1:{s:5:\"video\";s:65:\"{mediaPath}content/media/retailer/39/spot_video_5996f489bb944.mp4\";}',0,NULL,NULL,'00:00','24:00',0,NULL,1,4),(3769,115,1807,'2017-08-18 16:20:58','2017-08-18 16:21:00','admin_jt','Videos_full_hoch',0,NULL,'a:1:{s:5:\"video\";s:65:\"{mediaPath}content/media/retailer/39/spot_video_591588be25b79.mp4\";}',0,NULL,NULL,'00:00','24:00',0,NULL,1,4),(3793,123,1936,'2017-08-29 17:02:15','2017-09-01 10:14:25','admin_ep','ep_ifa_epson',0,NULL,'a:1:{s:5:\"video\";s:65:\"{mediaPath}content/media/retailer/38/spot_video_59a581c3ececa.mp4\";}',0,NULL,NULL,'00:00','24:00',0,NULL,1,3),(3794,123,1937,'2017-08-29 17:02:16','2017-09-01 10:14:26','admin_ep','ep_ifa_indesit',0,NULL,'a:1:{s:5:\"video\";s:65:\"{mediaPath}content/media/retailer/38/spot_video_59a581d02bc05.mp4\";}',1,NULL,NULL,'00:00','24:00',0,NULL,1,3),(3795,123,1938,'2017-08-29 17:02:19','2017-09-01 10:14:27','admin_ep','ep_ifa_lg55',0,NULL,'a:1:{s:5:\"video\";s:65:\"{mediaPath}content/media/retailer/38/spot_video_59a581dbc6261.mp4\";}',2,NULL,NULL,'00:00','24:00',0,NULL,1,3),(3839,111,1990,'2017-08-31 11:02:08','2017-11-20 12:52:05','admin_ep','Fritz 7580',0,NULL,'N;',1,NULL,NULL,'00:00','24:00',0,NULL,1,3),(3852,126,1993,'2017-08-31 15:59:08','2017-08-31 15:59:08','ep_demo','KitchenAid',0,NULL,'N;',0,NULL,NULL,'00:00','24:00',0,NULL,1,3),(3888,126,2021,'2017-09-02 17:29:48','2017-09-02 17:29:48','ep_demo','Neuer Spot',0,NULL,'N;',0,NULL,NULL,'00:00','24:00',0,NULL,1,3),(3895,111,2028,'2017-09-03 17:05:30','2017-09-03 17:05:30','ep_demo','Miele Waschmaschine',0,NULL,'N;',0,NULL,NULL,'00:00','24:00',0,NULL,1,3),(3904,126,2033,'2017-09-04 14:52:09','2017-09-04 14:52:09','ep_demo','Neuer Spot',0,NULL,'N;',0,NULL,NULL,'00:00','24:00',0,NULL,1,3),(3905,126,2034,'2017-09-04 15:37:37','2017-09-04 15:37:37','ep_demo','Neuer Spot',0,NULL,'N;',0,NULL,NULL,'00:00','24:00',0,NULL,1,3),(3946,129,2076,'2017-09-19 19:54:35','2017-09-19 19:54:35','post','170919_07_aufsteller',0,NULL,'a:1:{s:5:\"video\";s:65:\"{mediaPath}content/media/retailer/45/spot_video_59c159cf3cb9f.mp4\";}',0,NULL,NULL,'00:00','24:00',0,NULL,1,5),(3947,106,1710,'2017-09-20 09:24:19','2017-09-20 09:25:01','s.moik','Handwerk_Familienwand_20',120,NULL,'a:1:{s:5:\"image\";s:64:\"{mediaPath}content/media/retailer/1/spot_image_58f06b176b96f.jpg\";}',1,NULL,NULL,'00:00','24:00',0,NULL,1,1),(3948,105,1716,'2017-09-20 09:24:33','2017-09-20 09:25:24','s.moik','Handwerk_Familienwand_13',120,NULL,'a:1:{s:5:\"image\";s:64:\"{mediaPath}content/media/retailer/1/spot_image_58f06b1d90f12.jpg\";}',2,NULL,NULL,'00:00','24:00',0,NULL,1,1),(3949,105,1713,'2017-09-20 09:25:21','2018-03-05 15:37:27','admin','Handwerk_Familienwand_16',120,NULL,'a:1:{s:5:\"image\";s:64:\"{mediaPath}content/media/retailer/1/spot_image_58f06b1a8bc59.jpg\";}',0,NULL,NULL,'00:00','24:00',0,NULL,1,1),(3950,106,1717,'2017-09-20 09:25:36','2017-09-20 09:25:40','s.moik','Handwerk_Familienwand_12',120,NULL,'a:1:{s:5:\"image\";s:64:\"{mediaPath}content/media/retailer/1/spot_image_58f06b1e5e0b5.jpg\";}',0,NULL,NULL,'00:00','24:00',0,NULL,1,1),(4005,130,2051,'2017-11-24 10:46:25','2017-11-24 10:46:25','post','VR_Video_Post_Hoch',0,NULL,'a:1:{s:5:\"video\";s:65:\"{mediaPath}content/media/retailer/45/spot_video_59b7b9cf35ac8.mp4\";}',0,NULL,NULL,'00:00','24:00',0,NULL,1,5),(4114,121,1715,'2018-01-01 20:06:35','2018-04-18 10:41:55','s.moik','Handwerk_Familienwand_14',15,NULL,'a:1:{s:5:\"image\";s:64:\"{mediaPath}content/media/retailer/1/spot_image_58f06b1c46d0b.jpg\";}',1,NULL,NULL,'14:00','11:00',1,NULL,1,1),(4115,121,1891,'2018-01-01 20:07:03','2018-01-01 20:17:11','c.haas','Tagesmenue Hoch',0,NULL,'a:1:{s:4:\"menu\";a:2:{s:2:\"id\";i:0;s:4:\"name\";s:21:\"saftigeHÜHNER-KEULEN\";}}',2,NULL,NULL,'00:00','17:00',1,'1,2,3,4,5,6',1,1),(4116,121,1716,'2018-01-01 20:07:20','2018-04-18 10:42:13','s.moik','Handwerk_Familienwand_13',15,NULL,'a:1:{s:5:\"image\";s:64:\"{mediaPath}content/media/retailer/1/spot_image_58f06b1d90f12.jpg\";}',3,NULL,NULL,'14:00','11:00',1,NULL,1,1),(4117,121,1712,'2018-01-01 20:16:43','2018-04-18 10:42:22','s.moik','Handwerk_Familienwand_17',15,NULL,'a:1:{s:5:\"image\";s:64:\"{mediaPath}content/media/retailer/1/spot_image_58f06b199dcab.jpg\";}',5,NULL,NULL,'14:00','11:00',1,NULL,1,1),(4118,121,1710,'2018-01-01 20:16:49','2018-04-18 10:42:34','s.moik','Handwerk_Familienwand_20',15,NULL,'a:1:{s:5:\"image\";s:64:\"{mediaPath}content/media/retailer/1/spot_image_58f06b176b96f.jpg\";}',7,NULL,NULL,'14:00','11:00',1,NULL,1,1),(4119,121,1891,'2018-01-01 20:17:04','2018-01-01 20:17:45','c.haas','Tagesmenue Hoch',0,NULL,'a:1:{s:4:\"menu\";a:2:{s:2:\"id\";i:0;s:4:\"name\";s:21:\"saftigeHÜHNER-KEULEN\";}}',4,NULL,NULL,'00:00','17:00',1,'1,2,3,4,5,6',1,1),(4120,121,1891,'2018-01-01 20:17:12','2018-01-01 20:17:57','c.haas','Tagesmenue Hoch',0,NULL,'a:1:{s:4:\"menu\";a:2:{s:2:\"id\";i:0;s:4:\"name\";s:21:\"saftigeHÜHNER-KEULEN\";}}',6,NULL,NULL,'00:00','17:00',1,'1,2,3,4,5,6',1,1),(4132,133,2219,'2018-01-08 14:19:16','2018-01-08 14:19:16','admin_jt','zip-test',0,NULL,'N;',0,NULL,NULL,'00:00','24:00',0,NULL,1,4),(4151,134,1389,'2018-02-21 13:48:53','2019-03-26 14:53:33','admin','Waagen Logo',0,NULL,'a:3:{s:6:\"offer1\";a:2:{s:2:\"id\";s:5:\"false\";s:4:\"name\";s:15:\"Kein Schmankerl\";}s:15:\"offerBackground\";s:3:\"Rot\";s:10:\"background\";a:2:{s:2:\"id\";s:64:\"{mediaPath}content/media/retailer/1/spot_image_57f210e80f36f.jpg\";s:4:\"name\";s:15:\"waagen_logo_rot\";}}',0,NULL,NULL,'00:00','24:00',0,NULL,1,1),(4440,150,2401,'2018-07-10 10:47:38','2018-07-10 10:47:38','moemax','Menü Süß',0,NULL,'a:9:{s:8:\"headline\";s:23:\"Sieht nach Süßen aus!\";s:12:\"productName1\";s:17:\"mömax Eisbecher\";s:19:\"productDescription1\";s:50:\"cremiges Vanilleeis mit Waldbeeren und Schlagobers\";s:13:\"productPrice1\";s:4:\"3,90\";s:12:\"productName2\";s:35:\"Palatschinken-Variation (3 Stück)\";s:19:\"productDescription2\";s:171:\"Palatschinken-Variation (3 Stück)\nflaumige Palatschinken mit Marillen-, Nuss- \nund Topfenfülle, mit Vanilleeis und Schlagobers \n(auch nur mit einer Sorte erhältlich)\";s:13:\"productPrice2\";s:4:\"2,90\";s:13:\"productImage1\";s:65:\"{mediaPath}content/media/retailer/48/spot_image_5b2a0c0fd3921.png\";s:13:\"productImage2\";s:65:\"{mediaPath}content/media/retailer/48/spot_image_5b2a0c169d08d.png\";}',0,NULL,NULL,'00:00','24:00',0,NULL,1,6),(4441,151,2400,'2018-07-10 10:47:40','2018-07-10 10:47:40','moemax','Menü Salat',0,NULL,'a:9:{s:8:\"headline\";s:44:\"Sieht nach frischen und knackigen Salat aus!\";s:12:\"productName1\";s:17:\"Hühnerbrustsalat\";s:19:\"productDescription1\";s:116:\"gegrilltes Hühnerbrustfilet auf garten- \nfrischen Blattsalaten der Saison, \nmit Tomate, Gurke, Paprika und Zwiebel\";s:13:\"productPrice1\";s:4:\"5,90\";s:12:\"productName2\";s:16:\"Salat mal anders\";s:19:\"productDescription2\";s:155:\"Schweinerückensteak, Hühnerfilet, dazu gebratene \nSpeckstreifen und ein Spiegelei, auf Blattsalaten \nder Saison, mit Tomate, Gurke, Paprika und Zwiebel\";s:13:\"productPrice2\";s:4:\"6,90\";s:13:\"productImage1\";s:65:\"{mediaPath}content/media/retailer/48/spot_image_5b2a0c3d66c1f.png\";s:13:\"productImage2\";s:65:\"{mediaPath}content/media/retailer/48/spot_image_5b2a0c8cde523.png\";}',0,NULL,NULL,'00:00','24:00',0,NULL,1,6),(4442,152,2396,'2018-07-10 10:47:44','2018-07-10 10:47:44','moemax','Menü Fleisch 1',0,NULL,'a:9:{s:8:\"headline\";s:30:\"Sieht nach leckerem Essen aus!\";s:12:\"productName1\";s:14:\"Berner Würstl\";s:19:\"productDescription1\";s:50:\"vom Grill, mit Pommes frites,\nZwiebeln und Ketchup\";s:13:\"productPrice1\";s:4:\"5,90\";s:12:\"productName2\";s:18:\"4 Stück Cevapcici\";s:19:\"productDescription2\";s:83:\"würziges, gemischtes Faschiertes vom Grill\nmit Pommes frites, Zwiebeln und Ketchup\";s:13:\"productPrice2\";s:4:\"5,80\";s:13:\"productImage1\";s:65:\"{mediaPath}content/media/retailer/48/spot_image_5b2a0bf9a440c.png\";s:13:\"productImage2\";s:65:\"{mediaPath}content/media/retailer/48/spot_image_5b2a0c00be1c4.png\";}',0,NULL,NULL,'00:00','24:00',0,NULL,1,6),(4468,157,2455,'2018-07-11 09:42:42','2018-07-11 09:42:42','moemax','Relaxliege Bora',0,NULL,'a:1:{s:5:\"video\";s:65:\"{mediaPath}content/media/retailer/52/spot_video_5b45b3c418fc6.mp4\";}',0,NULL,NULL,'00:00','24:00',0,NULL,1,6),(4470,159,2456,'2018-07-11 09:42:50','2018-07-11 09:42:51','moemax','Loungegarnitur Luan',0,NULL,'a:1:{s:5:\"video\";s:65:\"{mediaPath}content/media/retailer/52/spot_video_5b45b3cc57cd8.mp4\";}',0,NULL,NULL,'00:00','24:00',0,NULL,1,6),(4471,160,2456,'2018-07-11 09:42:54','2018-07-11 09:42:55','moemax','Loungegarnitur Luan',0,NULL,'a:1:{s:5:\"video\";s:65:\"{mediaPath}content/media/retailer/52/spot_video_5b45b3cc57cd8.mp4\";}',0,NULL,NULL,'00:00','24:00',0,NULL,1,6),(4476,161,2461,'2018-07-11 10:04:57','2018-07-11 10:04:58','moemax','aktion_3',0,NULL,'a:1:{s:5:\"image\";s:65:\"{mediaPath}content/media/retailer/52/spot_image_5b45b9f3ee61d.jpg\";}',0,NULL,NULL,'00:00','24:00',0,NULL,1,6),(4477,144,2459,'2018-07-11 10:05:06','2018-07-11 10:05:08','moemax','aktion_1',0,NULL,'a:1:{s:5:\"image\";s:65:\"{mediaPath}content/media/retailer/52/spot_image_5b45b9f28b684.jpg\";}',0,NULL,NULL,'00:00','24:00',0,NULL,1,6),(4478,145,2459,'2018-07-11 10:05:11','2018-07-11 10:05:13','moemax','aktion_1',0,NULL,'a:1:{s:5:\"image\";s:65:\"{mediaPath}content/media/retailer/52/spot_image_5b45b9f28b684.jpg\";}',0,NULL,NULL,'00:00','24:00',0,NULL,1,6),(4481,153,2463,'2018-07-11 10:05:53','2018-07-11 10:05:54','moemax','service_1',0,NULL,'a:1:{s:5:\"image\";s:65:\"{mediaPath}content/media/retailer/52/spot_image_5b45ba111c74f.jpg\";}',0,NULL,NULL,'00:00','24:00',0,NULL,1,6),(4483,155,2463,'2018-07-11 10:06:03','2018-07-11 10:06:04','moemax','service_1',0,NULL,'a:1:{s:5:\"image\";s:65:\"{mediaPath}content/media/retailer/52/spot_image_5b45ba111c74f.jpg\";}',0,NULL,NULL,'00:00','24:00',0,NULL,1,6),(4484,156,2463,'2018-07-11 10:06:07','2018-07-11 10:06:08','moemax','service_1',0,NULL,'a:1:{s:5:\"image\";s:65:\"{mediaPath}content/media/retailer/52/spot_image_5b45ba111c74f.jpg\";}',0,NULL,NULL,'00:00','24:00',0,NULL,1,6),(4485,111,2469,'2018-07-25 18:14:02','2018-07-25 18:14:02','ep_demo','Test',0,NULL,'N;',0,NULL,NULL,'00:00','24:00',0,NULL,1,3),(4486,126,2470,'2018-07-25 18:14:02','2018-07-25 18:14:02','ep_demo','Test',0,NULL,'N;',0,NULL,NULL,'00:00','24:00',0,NULL,1,3),(4487,162,353,'2018-07-26 12:56:33','2018-07-26 12:56:33','c.haas','Fleischerei & Wiener Küche',0,NULL,'a:2:{s:5:\"image\";s:64:\"{mediaPath}content/media/retailer/1/spot_image_57922c8519e59.jpg\";s:6:\"border\";s:4:\"nein\";}',0,NULL,NULL,'00:00','24:00',0,NULL,1,1),(4488,162,1728,'2018-07-26 12:57:20','2018-07-26 12:57:20','c.haas','Handwerk_Familienwand_1',0,NULL,'a:1:{s:5:\"image\";s:64:\"{mediaPath}content/media/retailer/1/spot_image_58f06bd2ed499.jpg\";}',1,NULL,NULL,'00:00','24:00',0,NULL,1,1),(4489,65,824,'2018-07-26 12:57:36','2018-07-26 12:57:36','c.haas','screeen_hietzing_ganz_1',0,NULL,'a:1:{s:5:\"image\";s:64:\"{mediaPath}content/media/retailer/1/spot_image_57c4671e62394.jpg\";}',1,NULL,NULL,'00:00','24:00',0,NULL,1,1),(4490,61,1727,'2018-07-26 12:57:51','2018-07-26 14:37:17','c.haas','Handwerk_Familienwand_2',0,NULL,'a:1:{s:5:\"image\";s:64:\"{mediaPath}content/media/retailer/1/spot_image_58f06bd1a81e4.jpg\";}',0,NULL,NULL,'00:00','24:00',0,NULL,1,1),(4555,43,610,'2018-09-10 12:54:50','2018-10-31 13:32:11','admin','Tagesmenü',0,NULL,'N;',2,NULL,NULL,'00:00','14:00',1,'0,1,2,3,4,5,6',1,NULL),(4587,166,2318,'2018-10-10 16:17:44','2018-10-10 16:17:44','post','01_Markananimation_Full',0,NULL,'a:1:{s:5:\"video\";s:65:\"{mediaPath}content/media/retailer/45/spot_video_5b1795bc413fe.mp4\";}',0,NULL,NULL,'00:00','24:00',0,NULL,1,5),(4588,166,2071,'2018-10-10 16:17:46','2018-10-10 16:17:46','post','170919_02_postkartenapp',0,NULL,'a:1:{s:5:\"video\";s:65:\"{mediaPath}content/media/retailer/45/spot_video_59c12e2557223.mp4\";}',1,NULL,NULL,'00:00','24:00',0,NULL,1,5),(4589,166,2320,'2018-10-10 16:17:49','2018-10-10 16:17:49','post','03_MeineMarke_full',0,NULL,'a:1:{s:5:\"video\";s:65:\"{mediaPath}content/media/retailer/45/spot_video_5b17c5b39b87b.mp4\";}',2,NULL,NULL,'00:00','24:00',0,NULL,1,5),(4590,166,2075,'2018-10-10 16:17:51','2018-10-10 16:17:51','post','170919_04_markenneuerscheinungen',0,NULL,'a:1:{s:5:\"video\";s:65:\"{mediaPath}content/media/retailer/45/spot_video_59c148b2a2b72.mp4\";}',3,NULL,NULL,'00:00','24:00',0,NULL,1,5),(4613,126,2515,'2018-11-13 17:55:29','2018-11-13 17:55:29','ep_demo','Neuer Spot',0,NULL,'N;',0,NULL,NULL,'00:00','24:00',0,NULL,1,3),(5296,48,2310,'2018-12-23 13:25:56','2019-10-10 08:09:37','c.haas','Feinkost 4_Kopie',30,NULL,'a:21:{s:6:\"layout\";s:4:\"halb\";s:6:\"offer1\";a:2:{s:2:\"id\";s:5:\"false\";s:4:\"name\";s:12:\"Kein Angebot\";}s:16:\"offerBackground1\";s:3:\"Rot\";s:11:\"background1\";s:64:\"{mediaPath}content/media/retailer/1/spot_image_5a7326f44a143.jpg\";s:9:\"headline1\";s:24:\"KALBSLEBER-\nSTREICHWURST\";s:12:\"subheadline1\";s:5:\"Feine\";s:5:\"hpos1\";s:5:\"unten\";s:7:\"footer1\";s:9:\"100 Gramm\";s:6:\"price1\";s:4:\"2,35\";s:6:\"offer2\";a:2:{s:2:\"id\";s:5:\"false\";s:4:\"name\";s:15:\"Kein Schmankerl\";}s:16:\"offerBackground2\";s:3:\"Rot\";s:11:\"background2\";s:64:\"{mediaPath}content/media/retailer/1/spot_image_5a7327d52e8b4.jpg\";s:5:\"hpos2\";s:5:\"unten\";s:16:\"offerBackground3\";s:3:\"Rot\";s:5:\"hpos3\";s:4:\"oben\";s:6:\"offer3\";a:2:{s:2:\"id\";s:5:\"false\";s:4:\"name\";s:12:\"Kein Angebot\";}s:9:\"headline2\";s:12:\"KALBSPARISER\";s:12:\"subheadline2\";s:7:\"Leichte\";s:7:\"footer2\";s:9:\"100 Gramm\";s:6:\"price2\";s:4:\"1,99\";s:6:\"color1\";s:5:\"black\";}',0,'2019-01-01',NULL,'00:00','24:00',1,NULL,1,1),(5297,48,2244,'2018-12-23 13:26:09','2019-10-10 08:09:37','c.haas','Feinkost 5',30,NULL,'a:21:{s:6:\"layout\";s:4:\"halb\";s:6:\"offer1\";a:2:{s:2:\"id\";s:5:\"false\";s:4:\"name\";s:12:\"Kein Angebot\";}s:16:\"offerBackground1\";s:3:\"Rot\";s:11:\"background1\";s:64:\"{mediaPath}content/media/retailer/1/spot_image_5a7326f5185a5.jpg\";s:9:\"headline1\";s:13:\"FRISCH BELEGT\";s:12:\"subheadline1\";s:15:\"Zum Reinbeißen\";s:5:\"hpos1\";s:5:\"unten\";s:7:\"footer1\";s:93:\"Wir belegen ausschließlich frisch\nnach Ihren Wünschen - \nmit knusprigem Gebäck Ihrer Wahl!\";s:6:\"price1\";s:0:\"\";s:6:\"offer2\";a:2:{s:2:\"id\";s:5:\"false\";s:4:\"name\";s:15:\"Kein Schmankerl\";}s:16:\"offerBackground2\";s:3:\"Rot\";s:11:\"background2\";s:64:\"{mediaPath}content/media/retailer/1/spot_image_5a7326f5ac85d.jpg\";s:5:\"hpos2\";s:5:\"unten\";s:16:\"offerBackground3\";s:3:\"Rot\";s:5:\"hpos3\";s:4:\"oben\";s:6:\"offer3\";a:2:{s:2:\"id\";s:5:\"false\";s:4:\"name\";s:12:\"Kein Angebot\";}s:9:\"headline2\";s:10:\"AUFSTRICHE\";s:12:\"subheadline2\";s:12:\"Hausgemachte\";s:7:\"footer2\";s:93:\"Wählen Sie aus unserem vielseitigen\nAufstrichsortiment von leicht bis \nherzhaft oder pikant!\";s:6:\"price2\";s:0:\"\";s:10:\"offerText1\";s:0:\"\";}',1,'2019-01-01',NULL,'00:00','24:00',1,NULL,1,1),(5300,171,1542,'2018-12-23 15:06:45','2019-10-15 08:28:09','c.haas','Allergenverordnung_klein',10,NULL,'a:1:{s:5:\"image\";s:64:\"{mediaPath}content/media/retailer/1/spot_image_5878947791609.jpg\";}',0,'2019-01-01',NULL,'00:00','24:00',1,NULL,1,1),(5632,192,1389,'2019-03-26 10:50:58','2019-03-26 14:53:34','admin','Waagen Logo',0,NULL,'a:3:{s:6:\"offer1\";a:2:{s:2:\"id\";s:5:\"false\";s:4:\"name\";s:15:\"Kein Schmankerl\";}s:15:\"offerBackground\";s:3:\"Rot\";s:10:\"background\";a:2:{s:2:\"id\";s:64:\"{mediaPath}content/media/retailer/1/spot_image_57f210e80f36f.jpg\";s:4:\"name\";s:15:\"waagen_logo_rot\";}}',0,NULL,NULL,'00:00','24:00',0,NULL,1,1),(5634,134,2274,'2019-03-26 10:51:24','2019-03-26 14:53:30','admin','zwei_hasen_screens_6',0,NULL,'a:1:{s:5:\"image\";s:64:\"{mediaPath}content/media/retailer/1/spot_image_5aaaa299db47c.jpg\";}',2,NULL,NULL,'00:00','24:00',0,NULL,1,1),(5635,134,1466,'2019-03-26 10:51:26','2019-03-26 14:53:30','admin','waage_kaffee_fullscreen',0,NULL,'a:1:{s:5:\"image\";s:64:\"{mediaPath}content/media/retailer/1/spot_image_57ff40349ddd5.jpg\";}',1,NULL,NULL,'00:00','24:00',0,NULL,1,1),(5636,192,2273,'2019-03-26 10:51:35','2019-03-26 14:53:34','admin','zwei_hasen_screens_8',0,NULL,'a:1:{s:5:\"image\";s:64:\"{mediaPath}content/media/retailer/1/spot_image_5aaaa298ee6a0.jpg\";}',2,NULL,NULL,'00:00','24:00',0,NULL,1,1),(5637,192,1465,'2019-03-26 10:52:15','2019-03-26 14:53:34','admin','waage_kaffee_permanent',0,NULL,'a:1:{s:5:\"image\";s:64:\"{mediaPath}content/media/retailer/1/spot_image_57ff402919ecd.jpg\";}',1,NULL,NULL,'00:00','24:00',0,NULL,1,1),(5650,134,2730,'2019-03-26 16:13:17','2019-03-26 16:13:17','admin','waagen JT test',0,NULL,'a:5:{s:11:\"offerHeader\";s:6:\"AKTION\";s:14:\"offerSubHeader\";s:9:\"der Woche\";s:10:\"offerTitle\";s:72:\"<span style=\"font-family:font2\">kesselfrischer</span>\nBein-<br>\nSchinken\";s:11:\"offerFooter\";s:18:\"100 Gram\njetzt nur\";s:10:\"offerPrice\";s:4:\"2,45\";}',3,NULL,NULL,'00:00','24:00',0,NULL,1,1),(5651,192,2730,'2019-03-26 16:13:19','2019-03-26 16:13:19','admin','waagen JT test',0,NULL,'a:5:{s:11:\"offerHeader\";s:6:\"AKTION\";s:14:\"offerSubHeader\";s:9:\"der Woche\";s:10:\"offerTitle\";s:72:\"<span style=\"font-family:font2\">kesselfrischer</span>\nBein-<br>\nSchinken\";s:11:\"offerFooter\";s:18:\"100 Gram\njetzt nur\";s:10:\"offerPrice\";s:4:\"2,45\";}',3,NULL,NULL,'00:00','24:00',0,NULL,1,1),(5687,172,2755,'2019-04-17 16:26:51','2019-08-30 12:36:55','c.haas','Radatz_Lehrlinge_KassenScreens',10,NULL,'a:1:{s:5:\"image\";s:64:\"{mediaPath}content/media/retailer/1/spot_image_5cb7379244044.jpg\";}',1,NULL,NULL,'00:00','24:00',0,NULL,1,1),(5797,114,1814,'2019-04-29 09:11:12','2019-04-29 09:11:13','admin_jt','kraken_loop_hoch_full_Kopie',0,NULL,'a:2:{s:5:\"video\";s:65:\"{mediaPath}content/media/retailer/39/spot_video_5915acedbd6da.mp4\";s:4:\"feed\";s:43:\"http://derstandard.at/?page=rss&ressort=web\";}',0,NULL,NULL,'00:00','24:00',0,NULL,1,4),(5807,50,628,'2019-04-30 13:28:21','2019-05-05 15:26:27','c.haas','Feinkost 1',30,NULL,'a:25:{s:6:\"offer1\";a:2:{s:2:\"id\";s:5:\"false\";s:4:\"name\";s:15:\"Kein Schmankerl\";}s:11:\"background1\";s:64:\"{mediaPath}content/media/retailer/1/spot_image_595a56699a488.jpg\";s:9:\"headline1\";s:9:\"ROASTBEEF\";s:12:\"subheadline1\";s:13:\"Hausgemachtes\";s:7:\"footer1\";s:9:\"100 Gramm\";s:6:\"price1\";s:4:\"4,25\";s:6:\"offer2\";a:2:{s:2:\"id\";s:5:\"false\";s:4:\"name\";s:15:\"Kein Schmankerl\";}s:11:\"background2\";s:64:\"{mediaPath}content/media/retailer/1/spot_image_595a55ebe2fa6.jpg\";s:9:\"headline2\";s:12:\"BEINSCHINKEN\";s:12:\"subheadline2\";s:14:\"Kesselfrischer\";s:7:\"footer2\";s:9:\"100 Gramm\";s:6:\"price2\";s:4:\"2,49\";s:6:\"offer3\";a:2:{s:2:\"id\";s:5:\"false\";s:4:\"name\";s:12:\"Kein Angebot\";}s:11:\"background3\";a:2:{s:2:\"id\";s:64:\"{mediaPath}content/media/retailer/1/spot_image_57bec6ef8b6c3.jpg\";s:4:\"name\";s:23:\"drittel_Bratwursttag3+1\";}s:9:\"headline3\";s:15:\"BRATWURST-\nTAG!\";s:12:\"subheadline3\";s:14:\"Donnerstag ist\";s:7:\"footer3\";s:63:\"Wählen Sie aus\n6 verschiedenen Sorten.\n4 Packungen statt 11,60\";s:6:\"price3\";s:4:\"8,70\";s:6:\"layout\";s:4:\"halb\";s:5:\"hpos1\";s:5:\"unten\";s:16:\"offerBackground2\";s:3:\"Rot\";s:5:\"hpos2\";s:5:\"unten\";s:16:\"offerBackground3\";s:3:\"Rot\";s:5:\"hpos3\";s:5:\"unten\";s:16:\"offerBackground1\";s:3:\"Rot\";}',0,NULL,NULL,'00:00','24:00',0,NULL,1,1),(5816,170,2748,'2019-04-30 16:21:20','2019-05-05 15:12:25','c.haas','Waagen_Aktion',10,NULL,'a:5:{s:11:\"offerHeader\";s:6:\"AKTION\";s:14:\"offerSubHeader\";s:9:\"der Woche\";s:10:\"offerTitle\";s:69:\"<span style=\"font-family:font2\">Spargel</span><br>\nBEIN-<br>\nSCHINKEN\";s:11:\"offerFooter\";s:30:\"100 Gramm\nstatt 2,55 jetzt nur\";s:10:\"offerPrice\";s:4:\"1,98\";}',0,NULL,NULL,'00:00','24:00',0,NULL,1,1),(5817,172,2748,'2019-04-30 16:21:22','2019-05-05 15:12:22','c.haas','Waagen_Aktion',10,NULL,'a:5:{s:11:\"offerHeader\";s:6:\"AKTION\";s:14:\"offerSubHeader\";s:9:\"der Woche\";s:10:\"offerTitle\";s:69:\"<span style=\"font-family:font2\">Spargel</span><br>\nBEIN-<br>\nSCHINKEN\";s:11:\"offerFooter\";s:30:\"100 Gramm\nstatt 2,55 jetzt nur\";s:10:\"offerPrice\";s:4:\"1,98\";}',0,NULL,NULL,'00:00','24:00',0,NULL,1,1),(5856,197,2797,'2019-05-07 09:51:35','2019-05-07 09:51:35','service_more','Gaster Image Spot',0,NULL,'N;',0,NULL,NULL,'00:00','24:00',0,NULL,1,NULL),(5860,198,2798,'2019-05-07 09:53:18','2019-05-07 09:53:18','service_more','Müllner Image Spot',0,NULL,'N;',0,NULL,NULL,'00:00','24:00',0,NULL,1,NULL),(5862,199,2798,'2019-05-07 09:53:22','2019-05-07 09:53:22','service_more','Müllner Image Spot',0,NULL,'N;',0,NULL,NULL,'00:00','24:00',0,NULL,1,NULL),(5880,46,619,'2019-05-08 22:01:31','2019-05-08 22:01:31','c.haas','Imbiss 2',0,NULL,'a:25:{s:6:\"offer1\";a:2:{s:2:\"id\";s:5:\"false\";s:4:\"name\";s:12:\"Kein Angebot\";}s:11:\"background1\";s:64:\"{mediaPath}content/media/retailer/1/spot_image_5cd3347567a60.jpg\";s:9:\"headline1\";s:17:\"GEMÜSE-\nLAIBCHEN\";s:12:\"subheadline1\";s:9:\"Knusprige\";s:7:\"footer1\";s:28:\"per Stück\nSauce Tartare 1,-\";s:6:\"price1\";s:4:\"2,20\";s:6:\"offer2\";a:2:{s:2:\"id\";s:5:\"false\";s:4:\"name\";s:12:\"Kein Angebot\";}s:11:\"background2\";a:2:{s:2:\"id\";s:64:\"{mediaPath}content/media/retailer/1/spot_image_57bec6e702f39.jpg\";s:4:\"name\";s:17:\"drittel_Aufläufe\";}s:9:\"headline2\";s:9:\"AUFLÄUFE\";s:12:\"subheadline2\";s:12:\"Hausgemachte\";s:7:\"footer2\";s:46:\"Lasagne\n\nBlattspinat Lasagne\n\nSchinkenfleckerl\";s:6:\"price2\";s:14:\"4,80\n4,90\n4,00\";s:6:\"offer3\";a:2:{s:2:\"id\";s:5:\"false\";s:4:\"name\";s:12:\"Kein Angebot\";}s:11:\"background3\";a:2:{s:2:\"id\";s:64:\"{mediaPath}content/media/retailer/1/spot_image_57bec71c1f05a.jpg\";s:4:\"name\";s:25:\"drittel_Schweinsschnitzel\";}s:9:\"headline3\";s:19:\"SCHWEINS-\nSCHNITZEL\";s:12:\"subheadline3\";s:16:\"& Erdäpfelsalat\";s:7:\"footer3\";s:11:\"per Portion\";s:6:\"price3\";s:4:\"5,90\";s:6:\"layout\";s:7:\"drittel\";s:16:\"offerBackground1\";s:3:\"Rot\";s:5:\"hpos1\";s:5:\"unten\";s:16:\"offerBackground2\";s:3:\"Rot\";s:5:\"hpos2\";s:5:\"unten\";s:16:\"offerBackground3\";s:3:\"Rot\";s:5:\"hpos3\";s:4:\"oben\";}',0,NULL,NULL,'00:00','24:00',0,NULL,1,1),(5881,45,623,'2019-05-09 08:25:40','2019-09-08 20:09:04','c.haas','Imbiss 1',30,NULL,'a:25:{s:6:\"offer1\";a:2:{s:2:\"id\";s:5:\"false\";s:4:\"name\";s:12:\"Kein Angebot\";}s:11:\"background1\";a:2:{s:2:\"id\";s:64:\"{mediaPath}content/media/retailer/1/spot_image_57bec6fae25df.jpg\";s:4:\"name\";s:18:\"drittel_Grillhendl\";}s:9:\"headline1\";s:10:\"BRAT\nHENDL\";s:12:\"subheadline1\";s:6:\"Halbes\";s:7:\"footer1\";s:10:\"per Stück\";s:6:\"price1\";s:3:\"4,-\";s:6:\"offer2\";a:2:{s:2:\"id\";s:5:\"false\";s:4:\"name\";s:12:\"Kein Angebot\";}s:11:\"background2\";s:64:\"{mediaPath}content/media/retailer/1/spot_image_597ece526d5e6.jpg\";s:9:\"headline2\";s:16:\"HEURIGEN-\nSTELZE\";s:12:\"subheadline2\";s:9:\"Knusprige\";s:7:\"footer2\";s:10:\"Per Stück\";s:6:\"price2\";s:4:\"4,80\";s:6:\"offer3\";a:2:{s:2:\"id\";s:5:\"false\";s:4:\"name\";s:12:\"Kein Angebot\";}s:11:\"background3\";s:64:\"{mediaPath}content/media/retailer/1/spot_image_59677cbe9a60f.jpg\";s:9:\"headline3\";s:15:\"KÜMMEL-\nBRATEN\";s:12:\"subheadline3\";s:10:\"Knuspriger\";s:7:\"footer3\";s:9:\"100 Gramm\";s:6:\"price3\";s:4:\"2,19\";s:6:\"layout\";s:7:\"drittel\";s:16:\"offerBackground1\";s:3:\"Rot\";s:5:\"hpos1\";s:5:\"unten\";s:16:\"offerBackground2\";s:3:\"Rot\";s:5:\"hpos2\";s:5:\"unten\";s:16:\"offerBackground3\";s:3:\"Rot\";s:5:\"hpos3\";s:5:\"unten\";}',0,NULL,NULL,'00:00','24:00',0,NULL,1,1),(5882,74,636,'2019-05-09 17:09:30','2019-05-24 20:38:42','c.haas','Imbiss kein Menü',30,NULL,'a:12:{s:6:\"offer1\";a:2:{s:2:\"id\";s:5:\"false\";s:4:\"name\";s:12:\"Kein Angebot\";}s:11:\"background1\";a:2:{s:2:\"id\";s:64:\"{mediaPath}content/media/retailer/1/spot_image_57c4560266712.jpg\";s:4:\"name\";s:11:\"halb_chefin\";}s:6:\"offer2\";a:2:{s:2:\"id\";s:5:\"false\";s:4:\"name\";s:12:\"Kein Angebot\";}s:11:\"background2\";a:2:{s:2:\"id\";s:64:\"{mediaPath}content/media/retailer/1/spot_image_57c46b3461f28.jpg\";s:4:\"name\";s:18:\"halb_braten_backen\";}s:6:\"offer3\";a:2:{s:2:\"id\";s:5:\"false\";s:4:\"name\";s:12:\"Kein Angebot\";}s:6:\"layout\";s:4:\"halb\";s:16:\"offerBackground1\";s:3:\"Rot\";s:5:\"hpos1\";s:4:\"oben\";s:16:\"offerBackground2\";s:3:\"Rot\";s:5:\"hpos2\";s:4:\"oben\";s:16:\"offerBackground3\";s:3:\"Rot\";s:5:\"hpos3\";s:4:\"oben\";}',2,NULL,NULL,'17:00','24:00',1,'0,1,2,3,4,5,6',1,1),(5883,205,2812,'2019-05-09 17:39:22','2019-05-10 10:20:49','c.haas','Imbiss Frühstück',30,NULL,'a:25:{s:6:\"offer1\";a:2:{s:2:\"id\";s:5:\"false\";s:4:\"name\";s:12:\"Kein Angebot\";}s:11:\"background1\";s:64:\"{mediaPath}content/media/retailer/1/spot_image_5cd32ff158c99.jpg\";s:9:\"headline1\";s:10:\"HAM & EGGS\";s:12:\"subheadline1\";s:18:\"mit Freiland Eiern\";s:7:\"footer1\";s:19:\"& Gebäck nach Wahl\";s:6:\"price1\";s:4:\"4,20\";s:6:\"offer2\";a:2:{s:2:\"id\";s:5:\"false\";s:4:\"name\";s:12:\"Kein Angebot\";}s:11:\"background2\";s:64:\"{mediaPath}content/media/retailer/1/spot_image_5cd440969063c.jpg\";s:9:\"headline2\";s:0:\"\";s:12:\"subheadline2\";s:0:\"\";s:7:\"footer2\";s:0:\"\";s:6:\"price2\";s:0:\"\";s:6:\"offer3\";a:2:{s:2:\"id\";s:5:\"false\";s:4:\"name\";s:12:\"Kein Angebot\";}s:11:\"background3\";s:64:\"{mediaPath}content/media/retailer/1/spot_image_5cd4494e474f2.jpg\";s:9:\"headline3\";s:20:\"BEINSCHINKEN-\nSEMMEL\";s:12:\"subheadline3\";s:7:\"Saftige\";s:7:\"footer3\";s:6:\"Stück\";s:6:\"price3\";s:4:\"2,50\";s:6:\"layout\";s:7:\"drittel\";s:16:\"offerBackground1\";s:3:\"Rot\";s:5:\"hpos1\";s:4:\"oben\";s:16:\"offerBackground2\";s:3:\"Rot\";s:5:\"hpos2\";s:5:\"unten\";s:16:\"offerBackground3\";s:3:\"Rot\";s:5:\"hpos3\";s:5:\"unten\";}',0,NULL,NULL,'00:00','10:00',1,'1,2,3,4,5,6',1,1),(5884,206,2810,'2019-05-09 17:55:32','2019-05-09 17:55:43','c.haas','Imbiss Bier',30,NULL,'a:25:{s:6:\"offer1\";a:2:{s:2:\"id\";s:5:\"false\";s:4:\"name\";s:12:\"Kein Angebot\";}s:11:\"background1\";s:64:\"{mediaPath}content/media/retailer/1/spot_image_597ece526d5e6.jpg\";s:9:\"headline1\";s:16:\"HEURIGEN-\nSTELZE\";s:12:\"subheadline1\";s:9:\"Knusprige\";s:7:\"footer1\";s:24:\"Stück\nPortion Kren 0,70\";s:6:\"price1\";s:4:\"4,80\";s:6:\"offer2\";a:2:{s:2:\"id\";s:5:\"false\";s:4:\"name\";s:12:\"Kein Angebot\";}s:11:\"background2\";s:64:\"{mediaPath}content/media/retailer/1/spot_image_5cd44070d8393.jpg\";s:9:\"headline2\";s:11:\"LEBER-\nKÄS\";s:12:\"subheadline2\";s:7:\"Heißer\";s:7:\"footer2\";s:30:\"100 Gramm\nPortion Gurkerl 0,30\";s:6:\"price2\";s:4:\"1,69\";s:6:\"offer3\";a:2:{s:2:\"id\";s:5:\"false\";s:4:\"name\";s:12:\"Kein Angebot\";}s:11:\"background3\";s:64:\"{mediaPath}content/media/retailer/1/spot_image_5cd4442888ff9.jpg\";s:9:\"headline3\";s:14:\"RINDS-\nGULASCH\";s:12:\"subheadline3\";s:6:\"Wiener\";s:7:\"footer3\";s:18:\"Portion mit Semmel\";s:6:\"price3\";s:4:\"5,50\";s:6:\"layout\";s:7:\"drittel\";s:16:\"offerBackground1\";s:3:\"Rot\";s:5:\"hpos1\";s:5:\"unten\";s:16:\"offerBackground2\";s:3:\"Rot\";s:5:\"hpos2\";s:5:\"unten\";s:16:\"offerBackground3\";s:3:\"Rot\";s:5:\"hpos3\";s:5:\"unten\";}',0,NULL,NULL,'00:00','24:00',0,NULL,1,1),(5885,206,2811,'2019-05-09 17:55:34','2019-05-09 17:55:40','c.haas','Imbiss Wein',30,NULL,'a:25:{s:6:\"offer1\";a:2:{s:2:\"id\";s:5:\"false\";s:4:\"name\";s:12:\"Kein Angebot\";}s:11:\"background1\";s:64:\"{mediaPath}content/media/retailer/1/spot_image_597f384fdb7b0.jpg\";s:9:\"headline1\";s:11:\"FRANKFURTER\";s:12:\"subheadline1\";s:6:\"Heiße\";s:7:\"footer1\";s:23:\"mit Semmel, Senf & Kren\";s:6:\"price1\";s:4:\"3,20\";s:6:\"offer2\";a:2:{s:2:\"id\";s:5:\"false\";s:4:\"name\";s:12:\"Kein Angebot\";}s:11:\"background2\";s:64:\"{mediaPath}content/media/retailer/1/spot_image_5cd44079caf62.jpg\";s:9:\"headline2\";s:0:\"\";s:12:\"subheadline2\";s:0:\"\";s:7:\"footer2\";s:0:\"\";s:6:\"price2\";s:0:\"\";s:6:\"offer3\";a:2:{s:2:\"id\";s:5:\"false\";s:4:\"name\";s:12:\"Kein Angebot\";}s:11:\"background3\";s:64:\"{mediaPath}content/media/retailer/1/spot_image_5b8fec654256b.jpg\";s:9:\"headline3\";s:17:\"BACKHENDL-\nTELLER\";s:12:\"subheadline3\";s:6:\"Wiener\";s:7:\"footer3\";s:7:\"Portion\";s:6:\"price3\";s:4:\"5,90\";s:6:\"layout\";s:7:\"drittel\";s:16:\"offerBackground1\";s:3:\"Rot\";s:5:\"hpos1\";s:5:\"unten\";s:16:\"offerBackground2\";s:3:\"Rot\";s:5:\"hpos2\";s:5:\"unten\";s:16:\"offerBackground3\";s:3:\"Rot\";s:5:\"hpos3\";s:5:\"unten\";}',1,NULL,NULL,'00:00','24:00',0,NULL,1,1),(5899,204,1689,'2019-05-14 08:55:54','2019-09-08 20:09:42','c.haas','Imbiss 3',30,NULL,'a:25:{s:6:\"offer1\";a:2:{s:2:\"id\";s:5:\"false\";s:4:\"name\";s:12:\"Kein Angebot\";}s:11:\"background1\";s:64:\"{mediaPath}content/media/retailer/1/spot_image_597f0a9809ac7.jpg\";s:9:\"headline1\";s:17:\"SCHNITZEL-\nSEMMEL\";s:12:\"subheadline1\";s:7:\"Frische\";s:7:\"footer1\";s:37:\"vom Schwein\n\nvom steirischen Junghuhn\";s:6:\"price1\";s:9:\"3,00\n3,20\";s:6:\"offer2\";a:2:{s:2:\"id\";s:5:\"false\";s:4:\"name\";s:12:\"Kein Angebot\";}s:11:\"background2\";s:64:\"{mediaPath}content/media/retailer/1/spot_image_5b8fec64e71b9.jpg\";s:9:\"headline2\";s:11:\"LEBER-\nKÄS\";s:12:\"subheadline2\";s:12:\"Ofenfrischer\";s:7:\"footer2\";s:30:\"100 Gramm\nPortion Gurkerl 0,30\";s:6:\"price2\";s:4:\"1,69\";s:6:\"offer3\";a:2:{s:2:\"id\";s:5:\"false\";s:4:\"name\";s:12:\"Kein Angebot\";}s:11:\"background3\";s:64:\"{mediaPath}content/media/retailer/1/spot_image_597f0a9c61a38.jpg\";s:9:\"headline3\";s:21:\"FLEISCHLABERL-\nSEMMEL\";s:12:\"subheadline3\";s:11:\"Gschmackige\";s:7:\"footer3\";s:10:\"per Stück\";s:6:\"price3\";s:4:\"2,70\";s:6:\"layout\";s:7:\"drittel\";s:16:\"offerBackground1\";s:3:\"Rot\";s:5:\"hpos1\";s:5:\"unten\";s:16:\"offerBackground2\";s:3:\"Rot\";s:5:\"hpos2\";s:5:\"unten\";s:16:\"offerBackground3\";s:3:\"Rot\";s:5:\"hpos3\";s:5:\"unten\";}',0,NULL,NULL,'00:00','24:00',0,NULL,1,1),(5940,209,2829,'2019-05-24 12:37:08','2019-05-24 12:37:08','service_more','Idle Mode',0,NULL,'N;',0,NULL,NULL,'00:00','24:00',0,NULL,1,NULL),(5943,74,610,'2019-05-27 16:13:30','2019-05-27 16:26:50','admin','Tagesmenü',0,NULL,'N;',3,NULL,NULL,'00:00','16:00',1,NULL,1,NULL),(5971,55,1891,'2019-05-29 14:53:01','2019-05-29 14:53:08','admin','Tagesmenue Hoch',0,NULL,'a:1:{s:4:\"menu\";a:2:{s:2:\"id\";i:0;s:4:\"name\";s:21:\"saftigeHÜHNER-KEULEN\";}}',0,NULL,NULL,'00:00','24:00',0,NULL,1,1),(5975,210,2868,'2019-06-05 13:04:57','2019-06-05 13:04:57','service_more','1558622736.mp4',0,NULL,'N;',0,NULL,NULL,'00:00','24:00',0,NULL,1,NULL),(6004,222,2895,'2019-06-21 12:51:49','2021-03-25 09:36:55','service_more','Spot 1',0,NULL,'N;',1,NULL,NULL,'00:00','24:00',0,NULL,1,NULL),(6012,213,2905,'2019-07-01 12:38:46','2019-07-01 12:38:46','service_more','Idle Mode Spot',0,NULL,'N;',0,NULL,NULL,'00:00','24:00',0,NULL,1,NULL),(6108,207,2892,'2019-07-17 14:39:11','2023-04-11 13:54:39','service_more','Spot 1',0,NULL,'N;',1,NULL,NULL,'00:00','24:00',0,NULL,1,NULL),(6117,208,2892,'2019-07-19 10:34:31','2019-07-19 10:34:31','service_more','Spot 1',0,NULL,'N;',0,NULL,NULL,'00:00','24:00',0,NULL,1,NULL),(6151,196,3004,'2019-07-25 12:16:06','2020-09-04 10:38:45','service_more','8736603dcc917d544a7cacf4f2609861.mp4',0,NULL,'N;',0,NULL,NULL,'00:00','24:00',0,NULL,1,NULL),(6160,226,2988,'2019-08-19 15:56:17','2019-08-19 15:56:17','service_more','Signage_Header',0,NULL,'N;',0,NULL,NULL,'00:00','24:00',0,NULL,1,NULL),(6172,236,3021,'2019-08-27 09:16:28','2019-08-27 09:16:28','service_more','Imagespot Wimmer',0,NULL,'N;',0,NULL,NULL,'00:00','24:00',0,NULL,1,NULL),(6173,238,3022,'2019-08-27 10:05:50','2019-08-27 10:05:50','service_more','Imagespot Widy',0,NULL,'N;',0,NULL,NULL,'00:00','24:00',0,NULL,1,NULL),(6174,240,3023,'2019-08-27 10:15:45','2019-08-27 10:15:45','service_more','Imagespot Steffl',0,NULL,'N;',0,NULL,NULL,'00:00','24:00',0,NULL,1,NULL),(6175,243,3024,'2019-08-27 11:36:34','2019-08-27 11:36:34','service_more','Wohndesign Maierhofer Imagespot',0,NULL,'N;',0,NULL,NULL,'00:00','24:00',0,NULL,1,NULL),(6176,200,3026,'2019-08-27 12:04:17','2019-08-27 12:04:17','service_more','Imagespot Möbel Maier',0,NULL,'N;',0,NULL,NULL,'00:00','24:00',0,NULL,1,NULL),(6177,232,3027,'2019-08-27 12:08:09','2019-08-27 12:08:09','service_more','Imagespot Wohnraum Eder',0,NULL,'N;',0,NULL,NULL,'00:00','24:00',0,NULL,1,NULL),(6178,230,3025,'2019-08-27 12:10:21','2019-08-27 12:10:21','service_more','Imagespot K&B',0,NULL,'N;',0,NULL,NULL,'00:00','24:00',0,NULL,1,NULL),(6179,245,3028,'2019-08-27 12:19:23','2019-08-27 12:19:23','service_more','Georg Mayerhofer Imagespot',0,NULL,'N;',0,NULL,NULL,'00:00','24:00',0,NULL,1,NULL),(6180,247,3031,'2019-08-27 13:27:36','2019-08-27 13:27:36','service_more','Imagespot Winter',0,NULL,'N;',0,NULL,NULL,'00:00','24:00',0,NULL,1,NULL),(6181,249,3032,'2019-08-27 13:57:08','2019-08-27 13:57:08','service_more','Imagespot Glanz',0,NULL,'N;',0,NULL,NULL,'00:00','24:00',0,NULL,1,NULL),(6188,170,1511,'2019-08-30 12:38:07','2019-08-30 12:38:07','c.haas','Weihnachtswaage_14',0,NULL,'a:1:{s:5:\"image\";s:64:\"{mediaPath}content/media/retailer/1/spot_image_584ff403252e7.jpg\";}',1,NULL,NULL,'00:00','24:00',0,NULL,1,1),(6191,69,2653,'2019-08-30 12:57:05','2019-08-30 12:57:05','c.haas','Rostbraten',30,NULL,'a:14:{s:6:\"layout\";s:4:\"halb\";s:6:\"offer1\";a:2:{s:2:\"id\";s:5:\"false\";s:4:\"name\";s:15:\"Kein Schmankerl\";}s:11:\"background1\";s:64:\"{mediaPath}content/media/retailer/1/spot_image_5c6a7e705556e.jpg\";s:6:\"offer2\";a:2:{s:2:\"id\";s:5:\"false\";s:4:\"name\";s:15:\"Kein Schmankerl\";}s:11:\"background2\";s:64:\"{mediaPath}content/media/retailer/1/spot_image_580f166aa1480.jpg\";s:10:\"offerText2\";s:430:\"<FONT SIZE=\"100\">\n<FONT face=\"{font2}\">Genuss Plus\n </FONT><br>\nROST-<br>\nBRATEN\n</FONT>\n\n<TEXTFORMAT LEADING=\"20\"><FONT SIZE=\"45\">\n...............................................................<br>\n</FONT></TEXTFORMAT>\n\n<TEXTFORMAT LEADING=\"5\"><FONT SIZE=\"50\" face=\"{font2}\">\nSaftig durchzogen & aromatisch, besonders geeignet zum Kurzbraten. Mindestens 21 Tage gereift – mit der Radatz Zartheit-Garantie!\n</FONT></TEXTFORMAT>\";s:9:\"headline2\";s:26:\"QUALITÄT DIE\nMAN SCHMECKT\";s:12:\"subheadline2\";s:0:\"\";s:5:\"hpos2\";s:4:\"oben\";s:7:\"footer2\";s:9:\"100 Gramm\";s:6:\"price2\";s:4:\"2,49\";s:12:\"subheadline1\";s:0:\"\";s:9:\"headline1\";s:12:\"ROST-\nBRATEN\";s:6:\"color1\";s:5:\"black\";}',0,NULL,NULL,'00:00','24:00',0,NULL,1,1),(6206,51,2186,'2019-09-04 10:46:28','2019-09-04 10:46:28','c.haas','Fleisch Boa_Siedfleisch',0,NULL,'a:5:{s:6:\"layout\";s:4:\"halb\";s:11:\"background1\";s:64:\"{mediaPath}content/media/retailer/1/spot_image_57fb988830e49.jpg\";s:11:\"background2\";s:64:\"{mediaPath}content/media/retailer/1/spot_image_57fb9886a0553.jpg\";s:6:\"offer1\";a:2:{s:2:\"id\";s:5:\"false\";s:4:\"name\";s:15:\"Kein Schmankerl\";}s:6:\"offer2\";a:2:{s:2:\"id\";s:5:\"false\";s:4:\"name\";s:15:\"Kein Schmankerl\";}}',0,NULL,NULL,'00:00','24:00',0,NULL,1,1),(6207,51,354,'2019-09-04 10:46:39','2019-09-04 10:46:39','c.haas','Fleischreifung',0,NULL,'a:2:{s:5:\"image\";s:64:\"{mediaPath}content/media/retailer/1/spot_image_58f06da1d19e0.jpg\";s:6:\"border\";s:2:\"ja\";}',1,NULL,NULL,'00:00','24:00',0,NULL,1,1),(6208,68,2104,'2019-09-04 10:47:38','2019-09-08 20:07:56','c.haas','Feinkost 3 Suppentag',0,NULL,'a:20:{s:6:\"layout\";s:4:\"halb\";s:6:\"offer1\";a:2:{s:2:\"id\";s:5:\"false\";s:4:\"name\";s:12:\"Kein Angebot\";}s:16:\"offerBackground1\";s:3:\"Rot\";s:11:\"background1\";s:64:\"{mediaPath}content/media/retailer/1/spot_image_5b8eda13ec5c6.jpg\";s:9:\"headline1\";s:9:\"SUPPENTAG\";s:12:\"subheadline1\";s:10:\"Montag ist\";s:5:\"hpos1\";s:5:\"unten\";s:7:\"footer1\";s:30:\"4 Suppen statt 11,92 jetzt nur\";s:6:\"price1\";s:4:\"8,94\";s:6:\"offer2\";a:2:{s:2:\"id\";s:5:\"false\";s:4:\"name\";s:15:\"Kein Schmankerl\";}s:16:\"offerBackground2\";s:3:\"Rot\";s:11:\"background2\";s:64:\"{mediaPath}content/media/retailer/1/spot_image_5b8eda13ec5c6.jpg\";s:5:\"hpos2\";s:5:\"unten\";s:16:\"offerBackground3\";s:3:\"Rot\";s:5:\"hpos3\";s:4:\"oben\";s:6:\"offer3\";a:2:{s:2:\"id\";s:5:\"false\";s:4:\"name\";s:12:\"Kein Angebot\";}s:9:\"headline2\";s:9:\"SUPPENTAG\";s:12:\"subheadline2\";s:10:\"Montag ist\";s:7:\"footer2\";s:30:\"4 Suppen statt 11,92 jetzt nur\";s:6:\"price2\";s:4:\"8,94\";}',0,NULL,NULL,'00:00','24:00',1,'1',1,1),(6211,241,3024,'2019-09-05 09:50:46','2019-09-05 09:50:46','service_more','Wohndesign Maierhofer Imagespot',0,NULL,'N;',0,NULL,NULL,'00:00','24:00',0,NULL,1,NULL),(6212,242,3024,'2019-09-05 09:50:53','2019-09-05 09:50:53','service_more','Wohndesign Maierhofer Imagespot',0,NULL,'N;',0,NULL,NULL,'00:00','24:00',0,NULL,1,NULL),(6283,52,2490,'2019-09-29 20:18:14','2019-09-29 20:18:14','c.haas','Herbst_Damhirsch',0,NULL,'a:22:{s:6:\"offer1\";a:2:{s:2:\"id\";s:5:\"false\";s:4:\"name\";s:12:\"Kein Angebot\";}s:11:\"background1\";s:64:\"{mediaPath}content/media/retailer/1/spot_image_5ba4d81344791.jpg\";s:9:\"headline1\";s:0:\"\";s:12:\"subheadline1\";s:0:\"\";s:6:\"offer2\";a:2:{s:2:\"id\";s:5:\"false\";s:4:\"name\";s:15:\"Kein Schmankerl\";}s:11:\"background2\";s:64:\"{mediaPath}content/media/retailer/1/spot_image_580f166aa1480.jpg\";s:9:\"headline2\";s:12:\"WILDE\nZEITEN\";s:12:\"subheadline2\";s:0:\"\";s:6:\"offer3\";a:2:{s:2:\"id\";s:5:\"false\";s:4:\"name\";s:12:\"Kein Angebot\";}s:11:\"background3\";s:64:\"{mediaPath}content/media/retailer/1/spot_image_57fb98a162818.jpg\";s:9:\"headline3\";s:0:\"\";s:12:\"subheadline3\";s:0:\"\";s:5:\"hpos1\";s:5:\"unten\";s:6:\"layout\";s:4:\"halb\";s:16:\"offerBackground1\";s:3:\"Rot\";s:16:\"offerBackground2\";s:3:\"Rot\";s:5:\"hpos2\";s:5:\"unten\";s:16:\"offerBackground3\";s:3:\"Rot\";s:5:\"hpos3\";s:5:\"unten\";s:10:\"offerText2\";s:353:\"<FONT SIZE=\"80\">\n<FONT face=\"{font2}\"></FONT>\nDAM-<br>\nHIRSCH<br>\nBRATEN\n</FONT>\n\n<TEXTFORMAT LEADING=\"20\"><FONT SIZE=\"45\">\n...............................................................<br>\n</FONT></TEXTFORMAT>\n\n<TEXTFORMAT LEADING=\"5\"><FONT SIZE=\"45\" face=\"{font2}\">\nBesonders zart - hervorragend <br>als feines Bratenstück.<br>\n</FONT></TEXTFORMAT>\";s:7:\"footer2\";s:9:\"100 Gramm\";s:6:\"price2\";s:4:\"3,49\";}',0,NULL,NULL,'00:00','24:00',0,NULL,1,1),(6284,52,2493,'2019-09-29 20:18:20','2019-09-29 20:18:20','c.haas','Herbst_Damhirsch2',0,NULL,'a:22:{s:6:\"offer1\";a:2:{s:2:\"id\";s:5:\"false\";s:4:\"name\";s:12:\"Kein Angebot\";}s:11:\"background1\";s:64:\"{mediaPath}content/media/retailer/1/spot_image_5ba4d81ae1585.jpg\";s:9:\"headline1\";s:0:\"\";s:12:\"subheadline1\";s:0:\"\";s:6:\"offer2\";a:2:{s:2:\"id\";s:5:\"false\";s:4:\"name\";s:15:\"Kein Schmankerl\";}s:11:\"background2\";s:64:\"{mediaPath}content/media/retailer/1/spot_image_580f166aa1480.jpg\";s:9:\"headline2\";s:12:\"WILDE\nZEITEN\";s:12:\"subheadline2\";s:0:\"\";s:6:\"offer3\";a:2:{s:2:\"id\";s:5:\"false\";s:4:\"name\";s:12:\"Kein Angebot\";}s:11:\"background3\";s:64:\"{mediaPath}content/media/retailer/1/spot_image_57fb98a162818.jpg\";s:9:\"headline3\";s:0:\"\";s:12:\"subheadline3\";s:0:\"\";s:5:\"hpos1\";s:5:\"unten\";s:6:\"layout\";s:4:\"halb\";s:16:\"offerBackground1\";s:3:\"Rot\";s:16:\"offerBackground2\";s:3:\"Rot\";s:5:\"hpos2\";s:5:\"unten\";s:16:\"offerBackground3\";s:3:\"Rot\";s:5:\"hpos3\";s:5:\"unten\";s:10:\"offerText2\";s:357:\"<FONT SIZE=\"80\">\n<FONT face=\"{font2}\"></FONT>\nDAM-<br>\nHIRSCH<br>\nMEDAILLON\n</FONT>\n\n<TEXTFORMAT LEADING=\"20\"><FONT SIZE=\"45\">\n...............................................................<br>\n</FONT></TEXTFORMAT>\n\n<TEXTFORMAT LEADING=\"5\"><FONT SIZE=\"45\" face=\"{font2}\">\nBesonders zart & mager - <br>die erste Wahl zum Kurzbraten.<br>\n</FONT></TEXTFORMAT>\";s:7:\"footer2\";s:9:\"100 Gramm\";s:6:\"price2\";s:4:\"3,69\";}',1,NULL,NULL,'00:00','24:00',0,NULL,1,1),(6285,169,3071,'2019-10-02 17:09:37','2019-10-15 08:25:54','c.haas','Blut- Leberwurst3',0,NULL,'a:1:{s:5:\"image\";s:64:\"{mediaPath}content/media/retailer/1/spot_image_5d94bd51def1f.jpg\";}',0,NULL,NULL,'00:00','24:00',0,NULL,1,1),(6286,172,3071,'2019-10-02 17:10:12','2019-10-15 08:25:23','c.haas','Blut- Leberwurst3',0,NULL,'a:1:{s:5:\"image\";s:64:\"{mediaPath}content/media/retailer/1/spot_image_5d94bd51def1f.jpg\";}',2,NULL,NULL,'00:00','24:00',0,NULL,1,1),(6287,174,3071,'2019-10-02 17:11:10','2019-10-15 08:26:08','c.haas','Blut- Leberwurst3',0,NULL,'a:1:{s:5:\"image\";s:64:\"{mediaPath}content/media/retailer/1/spot_image_5d94bd51def1f.jpg\";}',0,NULL,NULL,'00:00','24:00',0,NULL,1,1),(6288,171,2904,'2019-10-02 17:12:01','2019-10-15 08:26:56','c.haas','Waagen_LK der Saison',0,NULL,'a:5:{s:11:\"offerHeader\";s:10:\"LEBERKÄSE\";s:14:\"offerSubHeader\";s:9:\"der Woche\";s:10:\"offerTitle\";s:134:\"<span style=\"font-family:font2\">\nScharfer Franz</span><br>\nLEBERKÄSE<br>\n<span style=\"font-family:font2\">mit Chili & Käse</span><br>\";s:11:\"offerFooter\";s:9:\"100 Gramm\";s:10:\"offerPrice\";s:4:\"1,75\";}',1,NULL,NULL,'00:00','24:00',0,NULL,1,1),(6289,68,3072,'2019-10-02 17:30:09','2019-10-15 08:24:59','c.haas','Feinkost 3_Blutwurst',0,NULL,'a:21:{s:6:\"layout\";s:4:\"halb\";s:6:\"offer1\";a:2:{s:2:\"id\";s:5:\"false\";s:4:\"name\";s:12:\"Kein Angebot\";}s:16:\"offerBackground1\";s:3:\"Rot\";s:11:\"background1\";s:64:\"{mediaPath}content/media/retailer/1/spot_image_5d94bd0ee00f8.jpg\";s:9:\"headline1\";s:16:\"BAUERN\nBLUTWURST\";s:12:\"subheadline1\";s:12:\"Hausgemachte\";s:5:\"hpos1\";s:5:\"unten\";s:7:\"footer1\";s:9:\"100 Gramm\";s:6:\"price1\";s:4:\"0,89\";s:6:\"offer2\";a:2:{s:2:\"id\";s:5:\"false\";s:4:\"name\";s:15:\"Kein Schmankerl\";}s:16:\"offerBackground2\";s:3:\"Rot\";s:11:\"background2\";s:64:\"{mediaPath}content/media/retailer/1/spot_image_5d94bd4d51568.jpg\";s:5:\"hpos2\";s:5:\"unten\";s:16:\"offerBackground3\";s:3:\"Rot\";s:5:\"hpos3\";s:4:\"oben\";s:6:\"offer3\";a:2:{s:2:\"id\";s:5:\"false\";s:4:\"name\";s:12:\"Kein Angebot\";}s:9:\"headline2\";s:19:\"BLUNZN &\nLEBERWURST\";s:12:\"subheadline2\";s:0:\"\";s:7:\"footer2\";s:17:\"150 Gramm Packung\";s:6:\"price2\";s:4:\"2,20\";s:6:\"color1\";s:5:\"black\";}',1,NULL,NULL,'00:00','24:00',0,NULL,1,1),(6290,49,3072,'2019-10-02 17:30:14','2019-10-02 17:30:14','c.haas','Feinkost 3_Blutwurst',0,NULL,'a:21:{s:6:\"layout\";s:4:\"halb\";s:6:\"offer1\";a:2:{s:2:\"id\";s:5:\"false\";s:4:\"name\";s:12:\"Kein Angebot\";}s:16:\"offerBackground1\";s:3:\"Rot\";s:11:\"background1\";s:64:\"{mediaPath}content/media/retailer/1/spot_image_5d94bd0ee00f8.jpg\";s:9:\"headline1\";s:16:\"BAUERN\nBLUTWURST\";s:12:\"subheadline1\";s:12:\"Hausgemachte\";s:5:\"hpos1\";s:5:\"unten\";s:7:\"footer1\";s:9:\"100 Gramm\";s:6:\"price1\";s:4:\"0,89\";s:6:\"offer2\";a:2:{s:2:\"id\";s:5:\"false\";s:4:\"name\";s:15:\"Kein Schmankerl\";}s:16:\"offerBackground2\";s:3:\"Rot\";s:11:\"background2\";s:64:\"{mediaPath}content/media/retailer/1/spot_image_5d94bd4d51568.jpg\";s:5:\"hpos2\";s:5:\"unten\";s:16:\"offerBackground3\";s:3:\"Rot\";s:5:\"hpos3\";s:4:\"oben\";s:6:\"offer3\";a:2:{s:2:\"id\";s:5:\"false\";s:4:\"name\";s:12:\"Kein Angebot\";}s:9:\"headline2\";s:19:\"BLUNZN &\nLEBERWURST\";s:12:\"subheadline2\";s:0:\"\";s:7:\"footer2\";s:17:\"150 Gramm Packung\";s:6:\"price2\";s:4:\"2,20\";s:6:\"color1\";s:5:\"black\";}',0,NULL,NULL,'00:00','24:00',0,NULL,1,1),(6291,251,3073,'2019-10-07 10:11:46','2019-10-07 10:11:46','service_more','Image Spot',0,NULL,'N;',0,NULL,NULL,'00:00','24:00',0,NULL,1,NULL),(6297,76,3078,'2019-10-10 11:52:03','2019-10-10 11:52:04','admin','Lehrlinge201719_small',0,NULL,'a:1:{s:5:\"video\";s:64:\"{mediaPath}content/media/retailer/1/spot_video_5d9eff31c2ca6.mp4\";}',0,NULL,NULL,'00:00','24:00',0,NULL,1,1),(6300,173,1389,'2019-10-15 08:28:09','2019-10-15 08:28:09','c.haas','Waagen Logo',0,NULL,'a:3:{s:6:\"offer1\";a:2:{s:2:\"id\";s:5:\"false\";s:4:\"name\";s:15:\"Kein Schmankerl\";}s:15:\"offerBackground\";s:3:\"Rot\";s:10:\"background\";a:2:{s:2:\"id\";s:64:\"{mediaPath}content/media/retailer/1/spot_image_57f210e80f36f.jpg\";s:4:\"name\";s:15:\"waagen_logo_rot\";}}',0,NULL,NULL,'00:00','24:00',0,NULL,1,NULL),(6309,224,3079,'2019-10-17 13:36:04','2019-10-17 13:36:04','service_more','Service and More',0,NULL,'N;',0,NULL,NULL,'00:00','24:00',0,NULL,1,NULL),(6318,218,3016,'2019-10-18 11:57:13','2019-10-18 11:57:13','service_more','Aufschnaiter Image Spot',0,NULL,'N;',0,NULL,NULL,'00:00','24:00',0,NULL,1,NULL),(6355,272,3087,'2019-10-23 10:30:23','2019-10-23 10:30:23','service_more','Imagespot Oberrauter',0,NULL,'N;',0,NULL,NULL,'00:00','24:00',0,NULL,1,NULL),(6358,276,3089,'2019-10-23 11:36:39','2019-10-23 11:36:39','service_more','Imagespot Groiss',0,NULL,'N;',0,NULL,NULL,'00:00','24:00',0,NULL,1,NULL),(6362,284,3092,'2019-10-23 15:02:30','2019-10-23 15:02:30','service_more','Imagespot Hannerer',0,NULL,'N;',0,NULL,NULL,'00:00','24:00',0,NULL,1,NULL),(6363,290,3094,'2019-10-23 15:48:26','2019-10-23 15:48:26','service_more','Imagespot Assl',0,NULL,'N;',0,NULL,NULL,'00:00','24:00',0,NULL,1,NULL),(6364,288,3095,'2019-10-24 08:57:41','2019-10-24 08:57:41','service_more','Imagespot Landrichtinger',0,NULL,'N;',0,NULL,NULL,'00:00','24:00',0,NULL,1,NULL),(6366,260,3083,'2019-10-24 11:00:31','2019-10-24 11:00:31','service_more','Imagespot Zimmermann',0,NULL,'N;',0,NULL,NULL,'00:00','24:00',0,NULL,1,NULL),(6368,281,3091,'2019-10-29 09:38:52','2019-10-29 09:38:52','service_more','Imagespot Spätauf ',0,NULL,'N;',0,NULL,NULL,'00:00','24:00',0,NULL,1,NULL),(6391,282,3091,'2019-11-05 11:48:43','2019-11-05 11:48:43','service_more','Imagespot Spätauf ',0,NULL,'N;',0,NULL,NULL,'00:00','24:00',0,NULL,1,NULL),(6525,286,3093,'2019-11-07 17:25:44','2019-11-11 08:44:48','service_more','Imagespot Ablinger',0,NULL,'N;',2,NULL,NULL,'00:00','24:00',0,NULL,1,NULL),(6577,286,3763,'2019-11-08 16:47:46','2019-11-11 08:44:48','service_more','Neuer Spot',0,NULL,'N;',3,NULL,NULL,'00:00','24:00',0,NULL,1,NULL),(6578,286,3764,'2019-11-08 16:47:46','2019-11-11 08:44:48','service_more','Neuer Spot',0,NULL,'N;',4,NULL,NULL,'00:00','24:00',0,NULL,1,NULL),(6579,286,3765,'2019-11-08 16:47:46','2019-11-11 08:44:48','service_more','Neuer Spot',0,NULL,'N;',5,NULL,NULL,'00:00','24:00',0,NULL,1,NULL),(6580,286,3766,'2019-11-08 17:00:43','2019-11-11 08:44:50','service_more','Neuer Spot',0,NULL,'N;',0,NULL,NULL,'00:00','24:00',0,NULL,1,NULL),(6581,286,3767,'2019-11-11 08:44:26','2019-11-11 08:44:50','service_more','Neuer Spot',0,NULL,'N;',1,NULL,NULL,'00:00','24:00',0,NULL,1,NULL),(6583,286,3768,'2019-11-12 16:28:40','2020-12-21 21:53:35','service_more','Neuer Spot',0,NULL,'N;',6,NULL,NULL,'00:00','24:00',0,NULL,1,NULL),(6594,261,3083,'2019-11-28 10:00:49','2019-11-28 10:00:49','service_more','Imagespot Zimmermann',0,NULL,'N;',0,NULL,NULL,'00:00','24:00',0,NULL,1,NULL),(6596,278,3770,'2019-12-02 11:13:37','2019-12-02 11:13:37','service_more','Imagespot Laimer',0,NULL,'N;',0,NULL,NULL,'00:00','24:00',0,NULL,1,NULL),(6619,270,3781,'2019-12-16 17:04:34','2019-12-16 17:04:34','service_more','Ausstellung 1',0,NULL,'N;',0,NULL,NULL,'00:00','24:00',0,NULL,1,NULL),(6620,269,3781,'2019-12-16 17:04:56','2019-12-16 17:04:56','service_more','Ausstellung 1',0,NULL,'N;',0,NULL,NULL,'00:00','24:00',0,NULL,1,NULL),(6641,310,3806,'2020-02-13 08:38:51','2020-02-13 08:38:51','service_more','Imagespot Berger Markus',0,NULL,'N;',0,NULL,NULL,'00:00','24:00',0,NULL,1,NULL),(6642,295,3807,'2020-02-13 08:43:07','2020-02-13 08:43:07','service_more','Imagespot dasmöbelhaus Huber',0,NULL,'N;',0,NULL,NULL,'00:00','24:00',0,NULL,1,NULL),(6643,307,3808,'2020-02-13 08:46:11','2020-02-13 08:46:11','service_more','Imagespot Drack',0,NULL,'N;',0,NULL,NULL,'00:00','24:00',0,NULL,1,NULL),(6644,314,3809,'2020-02-13 08:52:38','2020-02-13 08:52:38','service_more','Imagespot Brunner',0,NULL,'N;',0,NULL,NULL,'00:00','24:00',0,NULL,1,NULL),(6645,311,3810,'2020-02-13 08:55:58','2020-02-13 08:55:58','service_more','Imagespot Fetz',0,NULL,'N;',0,NULL,NULL,'00:00','24:00',0,NULL,1,NULL),(6646,306,3811,'2020-02-13 08:59:03','2020-02-13 08:59:03','service_more','Imagespot Ilg',0,NULL,'N;',0,NULL,NULL,'00:00','24:00',0,NULL,1,NULL),(6649,308,3818,'2020-02-13 12:12:31','2020-02-13 12:12:31','service_more','Imagespot Schild',0,NULL,'N;',0,NULL,NULL,'00:00','24:00',0,NULL,1,NULL),(6650,309,3819,'2020-02-13 13:22:27','2020-02-13 13:22:27','service_more','Imagespot Schmidt',0,NULL,'N;',0,NULL,NULL,'00:00','24:00',0,NULL,1,NULL),(6657,316,3809,'2020-03-10 12:36:15','2020-03-10 12:36:15','service_more','Imagespot Brunner',0,NULL,'N;',0,NULL,NULL,'00:00','24:00',0,NULL,1,NULL),(6658,304,3809,'2020-03-10 12:36:17','2020-03-10 12:36:17','service_more','Imagespot Brunner',0,NULL,'N;',0,NULL,NULL,'00:00','24:00',0,NULL,1,NULL),(6661,320,3825,'2020-04-16 08:48:15','2020-04-16 08:48:15','service_more','Image Spot Trixl',0,NULL,'N;',0,NULL,NULL,'00:00','24:00',0,NULL,1,NULL),(6696,312,3812,'2020-05-15 13:42:22','2020-05-15 13:42:22','service_more','Imagespot stranzl',0,NULL,'N;',0,NULL,NULL,'00:00','24:00',0,NULL,1,NULL),(6697,312,3852,'2020-05-15 13:45:59','2020-05-15 13:45:59','service_more','c3ccfbfbe067c08413561ae8d3a0f413.mp4',0,NULL,'N;',1,NULL,NULL,'00:00','24:00',0,NULL,1,NULL),(6941,197,3004,'2020-09-04 10:36:01','2020-09-04 10:36:01','service_more','LEHA Twinrollo',0,NULL,'N;',1,NULL,NULL,'00:00','24:00',0,NULL,1,NULL),(6994,207,3914,'2020-09-22 14:23:32','2023-04-11 13:54:39','service_more','8acda07a0dfea80deff9b35d6a36c93d.mp4',0,NULL,'N;',2,NULL,NULL,'00:00','24:00',0,NULL,1,NULL),(7003,280,3917,'2020-09-23 14:37:06','2020-09-23 14:56:36','service_more','Neuer Spot',0,NULL,'N;',0,NULL,NULL,'00:00','24:00',0,NULL,1,NULL),(7005,222,3920,'2020-09-24 10:59:17','2021-03-25 09:36:55','service_more','29cae0b12c966e0441384a5ae62f65ef.mp4',0,NULL,'N;',2,NULL,NULL,'00:00','24:00',0,NULL,1,NULL),(7029,321,3924,'2020-10-05 13:18:41','2020-10-05 13:18:41','service_more','Imagespot Kirchschlager',0,NULL,'N;',0,NULL,NULL,'00:00','24:00',0,NULL,1,NULL),(7030,322,3924,'2020-10-05 13:19:43','2020-10-05 13:19:43','service_more','Imagespot Kirchschlager',0,NULL,'N;',0,NULL,NULL,'00:00','24:00',0,NULL,1,NULL),(7032,311,3925,'2020-10-07 11:34:15','2020-10-07 11:34:15','service_more','28a1eb8c5a3d2ac784cfb28fa10c07d6.mp4',0,NULL,'N;',1,NULL,NULL,'00:00','24:00',0,NULL,1,NULL),(7034,313,3817,'2020-10-12 11:46:06','2020-10-12 11:46:06','service_more','Imagespot PrixRak',0,NULL,'N;',0,NULL,NULL,'00:00','24:00',0,NULL,1,NULL),(7060,217,3932,'2020-10-28 10:49:09','2020-10-28 10:49:09','service_more','Neue Welten',0,NULL,'N;',0,NULL,NULL,'00:00','24:00',0,NULL,1,NULL),(7062,324,3933,'2020-11-04 10:04:13','2020-11-04 10:04:13','service_more','8f0d74f29b967006a1dfb94ebe4840c3.mp4',0,NULL,'N;',0,NULL,NULL,'00:00','24:00',0,NULL,1,NULL),(7063,323,3933,'2020-11-04 11:45:57','2020-11-04 11:45:57','service_more','8f0d74f29b967006a1dfb94ebe4840c3.mp4',0,NULL,'N;',0,NULL,NULL,'00:00','24:00',0,NULL,1,NULL),(7066,327,3936,'2020-12-14 13:41:43','2020-12-14 13:41:43','service_more','Imagespot Griesbacher',0,NULL,'N;',0,NULL,NULL,'00:00','24:00',0,NULL,1,NULL),(7377,329,3955,'2021-02-16 14:34:56','2021-02-16 14:34:56','service_more','Imagespot Aster',0,NULL,'N;',0,NULL,NULL,'00:00','24:00',0,NULL,1,NULL),(7378,330,3955,'2021-02-16 14:35:04','2021-02-16 14:35:04','service_more','Imagespot Aster',0,NULL,'N;',0,NULL,NULL,'00:00','24:00',0,NULL,1,NULL),(7450,282,3959,'2021-03-03 11:15:00','2021-03-03 11:15:00','service_more','Neuer Spot',0,NULL,'N;',1,NULL,NULL,'00:00','24:00',0,NULL,1,NULL),(7451,282,3960,'2021-03-03 11:15:00','2021-03-03 11:15:00','service_more','Neuer Spot',0,NULL,'N;',2,NULL,NULL,'00:00','24:00',0,NULL,1,NULL),(7452,282,3961,'2021-03-03 11:15:00','2021-03-03 11:15:00','service_more','Neuer Spot',0,NULL,'N;',3,NULL,NULL,'00:00','24:00',0,NULL,1,NULL),(7453,282,3962,'2021-03-03 11:15:00','2021-03-03 11:15:00','service_more','Neuer Spot',0,NULL,'N;',4,NULL,NULL,'00:00','24:00',0,NULL,1,NULL),(7454,282,3963,'2021-03-03 11:15:00','2021-03-03 11:15:00','service_more','Neuer Spot',0,NULL,'N;',5,NULL,NULL,'00:00','24:00',0,NULL,1,NULL),(7461,282,3965,'2021-03-03 11:51:41','2021-03-03 11:51:41','service_more','1c126e05a32664f644951b655a3d4b04.mp4',0,NULL,'N;',6,NULL,NULL,'00:00','24:00',0,NULL,1,NULL),(7462,282,3966,'2021-03-03 11:51:41','2021-03-03 11:51:41','service_more','cbc0b6ad59814d9c2cb761ad13f8ed50.mp4',0,NULL,'N;',7,NULL,NULL,'00:00','24:00',0,NULL,1,NULL),(7463,282,3967,'2021-03-03 11:51:41','2021-03-03 11:51:41','service_more','b11811f396585e7f6b7b39a3dbbba58f.mp4',0,NULL,'N;',8,NULL,NULL,'00:00','24:00',0,NULL,1,NULL),(7471,334,3969,'2021-03-10 16:31:38','2021-03-10 16:31:38','service_more','Imagespot Hueter',0,NULL,'N;',0,NULL,NULL,'00:00','24:00',0,NULL,1,NULL),(7474,332,3970,'2021-03-18 11:43:43','2021-03-18 11:43:43','service_more','ed1c5ef900b4bd88c121adf78d3d2d83.jpg',0,NULL,'N;',0,NULL,NULL,'00:00','24:00',0,NULL,1,NULL),(7476,222,3973,'2021-03-25 09:31:05','2021-03-25 09:31:05','service_more','735a041456bbd51acf55b0865a259f54.mp4',30,NULL,'a:1:{s:5:\"video\";s:82:\"https://eva50.serviceandmore.at/bl/data/files/735a041456bbd51acf55b0865a259f54.mp4\";}',0,NULL,NULL,'00:00','24:00',0,NULL,1,7),(7495,315,3983,'2021-04-08 08:20:41','2021-04-08 08:20:41','service_more','e10bbc766d2e0ebfe6dceea31b75ec1c.mp4',0,NULL,'N;',0,NULL,NULL,'00:00','24:00',0,NULL,1,NULL),(7496,315,3984,'2021-04-08 08:20:41','2023-04-01 12:33:16','service_more','e8070d02a5ea7d554d562049208f3b43.mp4',0,NULL,'N;',2,NULL,NULL,'00:00','24:00',0,NULL,1,NULL),(7497,315,3985,'2021-04-08 08:20:41','2023-04-01 12:33:25','service_more','e3b06605962fe05205630cdb2ca5994f.mp4',0,NULL,'N;',4,NULL,NULL,'00:00','24:00',0,NULL,1,NULL),(7498,315,3986,'2021-04-08 08:20:41','2023-04-01 12:33:25','service_more','f5b8d5808dc530ff79d5ece3dbabeb6d.mp4',0,NULL,'N;',5,NULL,NULL,'00:00','24:00',0,NULL,1,NULL),(7503,336,3987,'2021-04-14 11:34:46','2021-04-14 11:34:46','service_more','45d6fa0a83d95e6c3d89776156fced11.mp4',0,NULL,'N;',0,NULL,NULL,'00:00','24:00',0,NULL,1,NULL),(7504,191,3988,'2021-04-15 13:07:05','2021-04-15 13:07:05','service_more','Image Spot 2',0,NULL,'N;',0,NULL,NULL,'00:00','24:00',0,NULL,1,NULL),(7526,331,3989,'2021-04-21 14:26:11','2021-04-21 14:26:11','service_more','1555341996.jpg',0,NULL,'N;',0,NULL,NULL,'00:00','24:00',0,NULL,1,NULL),(7527,331,3990,'2021-04-21 14:26:11','2021-04-21 14:26:11','service_more','1555341989.jpg',0,NULL,'N;',1,NULL,NULL,'00:00','24:00',0,NULL,1,NULL),(7528,331,3991,'2021-04-21 14:26:11','2021-04-21 14:26:11','service_more','1555342002.jpg',0,NULL,'N;',2,NULL,NULL,'00:00','24:00',0,NULL,1,NULL),(7529,331,3992,'2021-04-21 14:26:11','2021-04-21 14:26:11','service_more','1555342002.jpg',0,NULL,'N;',3,NULL,NULL,'00:00','24:00',0,NULL,1,NULL),(7530,331,3993,'2021-04-21 14:26:11','2021-04-21 14:26:11','service_more','1555342009.jpg',0,NULL,'N;',4,NULL,NULL,'00:00','24:00',0,NULL,1,NULL),(7531,331,3994,'2021-04-21 14:26:11','2021-04-21 14:26:11','service_more','1555342018.jpg',0,NULL,'N;',5,NULL,NULL,'00:00','24:00',0,NULL,1,NULL),(7533,332,3995,'2021-04-21 14:26:17','2021-04-21 14:26:17','service_more','1555342002.jpg',0,NULL,'N;',1,NULL,NULL,'00:00','24:00',0,NULL,1,NULL),(7586,340,4009,'2021-05-05 09:06:28','2021-05-05 09:06:28','service_more','Image Spot',0,NULL,'N;',0,NULL,NULL,'00:00','24:00',0,NULL,1,NULL),(7587,332,3989,'2021-05-05 10:57:28','2021-05-05 10:57:28','service_more','1555341996.jpg',0,NULL,'N;',2,NULL,NULL,'00:00','24:00',0,NULL,1,NULL),(7590,338,4011,'2021-05-06 09:05:35','2021-05-06 09:05:35','service_more','Imagespot Egger',0,NULL,'N;',0,NULL,NULL,'00:00','24:00',0,NULL,1,NULL),(7593,207,4012,'2021-05-17 10:53:23','2023-04-11 13:54:39','service_more','f4ef10a16d4a700b54057d6ecc9c51cc.mp4',0,NULL,'N;',3,NULL,NULL,'00:00','24:00',0,NULL,1,NULL),(7595,286,4013,'2021-06-10 13:40:17','2021-06-10 13:40:17','service_more','117c866c6bc8b8ae0dd3fd45a55204c0.mp4',0,NULL,'N;',7,NULL,NULL,'00:00','24:00',0,NULL,1,NULL),(7607,207,4015,'2021-06-28 13:04:35','2023-04-11 13:54:39','service_more','b8a362c389a2dbf7141d57fe3657f246.mp4',0,NULL,'N;',4,NULL,NULL,'00:00','24:00',0,NULL,1,NULL),(7608,207,4017,'2021-06-28 13:04:35','2023-04-11 13:54:39','service_more','ec58f5aaeb09d0d7b034b5ef84f508ae.mp4',0,NULL,'N;',5,NULL,NULL,'00:00','24:00',0,NULL,1,NULL),(7609,207,4016,'2021-06-28 13:04:35','2023-04-11 13:54:39','service_more','755fd71bd4dd041d1ae353788a3578fd.mp4',0,NULL,'N;',6,NULL,NULL,'00:00','24:00',0,NULL,1,NULL),(7610,207,4018,'2021-06-28 13:04:35','2023-04-11 13:54:39','service_more','ec52740f27a88256fb2dd2502b92e92b.mp4',0,NULL,'N;',7,NULL,NULL,'00:00','24:00',0,NULL,1,NULL),(7638,342,4019,'2021-07-21 14:49:28','2021-07-21 14:49:28','service_more','Team Spot Karner',0,NULL,'N;',0,NULL,NULL,'00:00','24:00',0,NULL,1,NULL),(7639,342,4021,'2021-07-21 14:49:28','2021-07-21 14:49:28','service_more','Team Spot Karner',0,NULL,'N;',2,NULL,NULL,'00:00','24:00',0,NULL,1,NULL),(7645,265,4024,'2021-07-28 08:48:30','2021-07-28 09:07:43','service_more','Startspot',0,NULL,'N;',0,NULL,NULL,'00:00','24:00',0,NULL,1,NULL),(7646,265,4025,'2021-07-28 09:07:50','2021-07-28 09:07:50','service_more','Renderings',0,NULL,'N;',1,NULL,NULL,'00:00','24:00',0,NULL,1,NULL),(7651,307,4029,'2021-08-30 12:11:03','2021-08-30 12:11:03','service_more','3bfd823c5152c6ed0859a118fb75b5dd.mp4',0,NULL,'N;',1,NULL,NULL,'00:00','24:00',0,NULL,1,NULL),(7653,274,4030,'2021-08-30 13:12:24','2022-08-02 09:55:40','service_more','10cc39b4bb244da079f0a9ec2f1e3b2d.mp4',0,NULL,'N;',0,NULL,NULL,'00:00','24:00',0,NULL,1,NULL),(7657,198,4032,'2021-08-30 13:26:10','2021-08-30 13:26:10','service_more','2beb7c70954638d0563b4b2666625355.mp4',0,NULL,'N;',1,NULL,NULL,'00:00','24:00',0,NULL,1,NULL),(7659,312,4033,'2021-08-30 13:26:58','2021-08-30 13:26:58','service_more','60d66b7c5ec52aa8cae3719c94ffda12.mp4',0,NULL,'N;',2,NULL,NULL,'00:00','24:00',0,NULL,1,NULL),(7682,209,4047,'2021-09-03 16:21:12','2021-09-03 16:21:12','service_more','5394cdbc91b5a0b3f040021d1e644c9e.jpg',0,NULL,'N;',1,NULL,NULL,'00:00','24:00',0,NULL,1,NULL),(7694,212,4049,'2021-10-06 14:59:13','2021-10-06 14:59:13','service_more','Bodentrends 2021 neues Logo',0,NULL,'N;',0,NULL,NULL,'00:00','24:00',0,NULL,1,NULL),(7698,211,4051,'2021-10-11 15:25:50','2021-10-11 15:25:50','service_more','14a443ec4b25d20f0572fa7bc81d0ba3.mp4',0,NULL,'N;',0,NULL,NULL,'00:00','24:00',0,NULL,1,NULL),(7733,318,4061,'2022-01-24 13:52:37','2022-01-24 13:52:37','service_more','Neuer Spot',0,NULL,'N;',0,NULL,NULL,'00:00','24:00',0,NULL,1,NULL),(7735,332,3993,'2022-01-31 10:05:33','2022-01-31 10:05:33','service_more','1555342009.jpg',0,NULL,'N;',3,NULL,NULL,'00:00','24:00',0,NULL,1,NULL),(7736,332,3993,'2022-01-31 10:05:33','2022-01-31 10:05:33','service_more','1555342009.jpg',0,NULL,'N;',4,NULL,NULL,'00:00','24:00',0,NULL,1,NULL),(7768,291,4057,'2022-03-28 10:41:33','2022-03-28 10:41:33','service_more','e2fc5d0342a180af206164969974f7c7.mp4',0,NULL,'N;',0,NULL,NULL,'00:00','24:00',0,NULL,1,NULL),(7769,291,4058,'2022-03-28 10:41:33','2022-03-28 10:41:33','service_more','7bd52844a804b49bb914b8168e80692a.mp4',0,NULL,'N;',1,NULL,NULL,'00:00','24:00',0,NULL,1,NULL),(7770,291,4070,'2022-03-28 10:41:33','2022-03-28 10:41:33','service_more','Sonnenseiten 2022',0,NULL,'N;',2,NULL,NULL,'00:00','24:00',0,NULL,1,NULL),(7824,348,4087,'2022-05-18 12:08:43','2022-05-18 12:08:43','service_more','Imagespot Zieger 1',0,NULL,'N;',0,NULL,NULL,'00:00','24:00',0,NULL,1,NULL),(7825,348,4088,'2022-05-18 12:08:43','2022-05-18 12:08:43','service_more','Imagespot Zieger 2',0,NULL,'N;',1,NULL,NULL,'00:00','24:00',0,NULL,1,NULL),(7829,216,4089,'2022-05-25 15:47:29','2022-05-25 15:47:29','service_more','Aichner 2022',0,NULL,'N;',0,NULL,NULL,'00:00','24:00',0,NULL,1,NULL),(7831,346,4090,'2022-06-21 09:53:29','2022-06-21 09:53:29','service_more','b4ab78ce8240e2af03a8001b0af68804.mp4',0,NULL,'N;',0,NULL,NULL,'00:00','24:00',0,NULL,1,NULL),(7839,346,4093,'2022-06-21 11:17:38','2022-06-21 11:17:38','service_more','a8b990ac2c006c13e425084dc45096bc.mp4',0,NULL,'N;',1,NULL,NULL,'00:00','24:00',0,NULL,1,NULL),(7844,354,4096,'2022-06-27 11:43:41','2022-06-27 11:43:41','service_more','Imagespot Aigner',0,NULL,'N;',0,NULL,NULL,'00:00','24:00',0,NULL,1,NULL),(7847,354,4097,'2022-07-12 09:01:04','2022-07-12 09:01:04','service_more','ac0891df184fe318d2325904847dcdc1.mp4',0,NULL,'N;',1,NULL,NULL,'00:00','24:00',0,NULL,1,NULL),(7856,352,4100,'2022-07-20 12:19:20','2022-07-20 12:19:20','service_more','e5aab0486fe76505ef52a3f9fc34f49e.mp4',0,NULL,'N;',0,NULL,NULL,'00:00','24:00',0,NULL,1,NULL),(7861,352,4101,'2022-07-22 16:50:48','2022-10-13 13:39:28','service_more','Neuer Spot',0,NULL,'N;',1,NULL,NULL,'00:00','24:00',0,NULL,1,NULL),(7862,352,4102,'2022-07-22 16:50:48','2022-10-13 13:39:28','service_more','Team 7',0,NULL,'N;',2,NULL,NULL,'00:00','24:00',0,NULL,1,NULL),(7866,352,4106,'2022-07-22 17:02:43','2022-10-13 13:39:28','service_more','6fe4f0ee9118b33e8567247954b1d998.mp4',0,NULL,'N;',3,NULL,NULL,'00:00','24:00',0,NULL,1,NULL),(7868,352,4107,'2022-07-22 17:09:28','2022-10-13 13:39:28','service_more','06a3c4d9f72e405ad0bbece02d54ac98.mp4',0,NULL,'N;',4,NULL,NULL,'00:00','24:00',0,NULL,1,NULL),(7873,274,4060,'2022-08-02 09:57:05','2022-08-02 09:57:05','service_more','Neuer Spot',0,NULL,'N;',1,NULL,NULL,'00:00','24:00',0,NULL,1,NULL),(7876,352,4110,'2022-08-22 17:21:53','2022-10-13 13:39:28','service_more','XAL',0,NULL,'N;',5,NULL,NULL,'00:00','24:00',0,NULL,1,NULL),(7877,352,4111,'2022-08-22 17:21:53','2023-06-01 16:45:39','service_more','XAL2',0,NULL,'N;',7,NULL,NULL,'00:00','24:00',0,NULL,1,NULL),(7882,356,4116,'2022-09-14 14:24:45','2022-09-14 14:24:45','service_more','Imagespot Tikal',0,NULL,'N;',0,NULL,NULL,'00:00','24:00',0,NULL,1,NULL),(7890,268,3085,'2022-09-23 07:59:44','2022-09-23 07:59:44','service_more','Imagespot Möbel Handl',0,NULL,'N;',0,NULL,NULL,'00:00','24:00',0,NULL,1,NULL),(7956,167,3912,'2022-10-18 09:58:18','2022-10-18 09:58:18','service_more','175974cd6d6c09308e343bac37c1e2a4.jpg',0,NULL,'N;',0,NULL,NULL,'00:00','24:00',0,NULL,1,NULL),(8000,222,4147,'2023-01-17 12:54:45','2023-01-17 12:54:45','service_more','9db57af8c3ae9351aca1a37143c6c81b.mp4',0,NULL,'N;',3,NULL,NULL,'00:00','24:00',0,NULL,1,NULL),(8002,234,4148,'2023-01-24 08:41:46','2023-01-24 08:41:46','service_more','77e06fac301094b2d594ed9568928aae.mp4',0,NULL,'N;',0,NULL,NULL,'00:00','24:00',0,NULL,1,NULL),(8003,350,4149,'2023-02-08 09:42:30','2023-02-08 09:42:30','service_more','Neuer Spot',0,NULL,'N;',0,NULL,NULL,'00:00','24:00',0,NULL,1,NULL),(8006,326,4031,'2023-03-01 15:59:59','2023-11-06 07:36:27','service_more','204e2230eb19e30e378f21e3aca9a5e1.mp4',0,NULL,'N;',0,NULL,NULL,'00:00','24:00',0,NULL,1,NULL),(8022,207,4157,'2023-04-11 13:54:39','2023-04-11 13:54:39','service_more','9fb1298807cba8f10c2ef94d637988b8.mp4',0,NULL,'N;',0,NULL,NULL,'00:00','24:00',0,NULL,1,NULL),(8029,364,4160,'2023-05-05 13:34:34','2023-05-05 13:34:34','service_more','Imagespot Maislinger',0,NULL,'N;',0,NULL,NULL,'00:00','24:00',0,NULL,1,NULL),(8032,352,4162,'2023-06-01 16:47:57','2023-06-01 16:47:57','service_more','df00f020dc7ab5271b39380b4b794cad.mp4',0,NULL,'N;',6,NULL,NULL,'00:00','24:00',0,NULL,1,NULL),(8033,352,4163,'2023-06-01 16:47:57','2023-06-01 16:47:57','service_more','Neuer Spot',0,NULL,'N;',8,NULL,NULL,'00:00','24:00',0,NULL,1,NULL),(8034,352,4164,'2023-06-01 16:55:53','2023-06-01 16:55:53','service_more','Neuer Spot',0,NULL,'N;',9,NULL,NULL,'00:00','24:00',0,NULL,1,NULL),(8037,232,4165,'2023-06-12 11:11:22','2023-09-28 16:29:44','service_more','86ac9d275a8a92023d366cd966f0e66f.mp4',0,NULL,'N;',1,NULL,NULL,'00:00','24:00',0,NULL,1,NULL),(8064,364,4172,'2023-06-19 14:44:59','2023-06-19 14:44:59','service_more','fcbd15c1c8cf40b7ae5514e4fe59d631.mp4',0,NULL,'N;',1,NULL,NULL,'00:00','24:00',0,NULL,1,NULL),(8065,364,4173,'2023-06-19 14:44:59','2023-06-19 14:44:59','service_more','41a6d9e6e704502054ee0255366e0ecb.mp4',0,NULL,'N;',2,NULL,NULL,'00:00','24:00',0,NULL,1,NULL),(8067,364,4175,'2023-06-19 14:44:59','2023-06-22 17:54:00','service_more','da9cf7d43eba8e66216392836a839e6f.mp4',0,NULL,'N;',3,NULL,NULL,'00:00','24:00',0,NULL,1,NULL),(8094,207,4180,'2023-06-21 15:20:19','2023-06-21 15:20:19','service_more','fc16d0b233405334c9714bbef04882cc.mp4',0,NULL,'N;',8,NULL,NULL,'00:00','24:00',0,NULL,1,NULL),(8095,207,4176,'2023-06-21 15:20:19','2023-06-21 15:20:19','service_more','d12740294f323b1ffcd82333ce2e309e.mp4',0,NULL,'N;',9,NULL,NULL,'00:00','24:00',0,NULL,1,NULL),(8096,207,4178,'2023-06-21 15:20:19','2023-06-21 15:20:19','service_more','5cff248e91af3164666799e5ba81e441.mp4',0,NULL,'N;',10,NULL,NULL,'00:00','24:00',0,NULL,1,NULL),(8097,207,4177,'2023-06-21 15:20:19','2023-06-21 15:20:19','service_more','3a5d0f0a54ab0e3ffdae7d231ef704e0.mp4',0,NULL,'N;',11,NULL,NULL,'00:00','24:00',0,NULL,1,NULL),(8098,207,4179,'2023-06-21 15:20:19','2023-06-21 15:20:19','service_more','8a5340958dcb90ac9f0349f2739d86eb.mp4',0,NULL,'N;',12,NULL,NULL,'00:00','24:00',0,NULL,1,NULL),(8106,364,4182,'2023-06-22 08:54:58','2023-06-22 17:54:00','service_more','0b5b88ee29415b96b374d4e7cfeb9a88.mp4',0,NULL,'N;',4,NULL,NULL,'00:00','24:00',0,NULL,1,NULL),(8107,364,4183,'2023-06-22 08:54:58','2023-06-22 17:54:00','service_more','52901fb71eefc45cc1aeb16c091a40c7.mp4',0,NULL,'N;',5,NULL,NULL,'00:00','24:00',0,NULL,1,NULL),(8108,364,4184,'2023-06-22 08:54:58','2023-06-22 17:54:00','service_more','4b50e78f27c9a168d8828dfb951e7316.mp4',0,NULL,'N;',6,NULL,NULL,'00:00','24:00',0,NULL,1,NULL),(8112,207,4185,'2023-07-19 09:10:03','2023-07-19 09:10:03','service_more','e34dc64e94ab09bdd5b36bf1e0815937.mp4',0,NULL,'N;',13,NULL,NULL,'00:00','24:00',0,NULL,1,NULL),(8114,214,4186,'2023-07-25 13:16:28','2023-09-28 16:32:48','service_more','2f4244ed9c4e6a932f1101217242886b.mp4',0,NULL,'N;',0,NULL,NULL,'00:00','24:00',0,NULL,1,NULL),(8143,267,4190,'2023-08-30 10:35:53','2023-08-30 10:35:53','service_more','e45e690af57ea18fb9bfd12d9559d80b.mp4',0,NULL,'N;',0,NULL,NULL,'00:00','24:00',0,NULL,1,NULL),(8178,366,4202,'2023-09-28 15:31:54','2023-09-28 15:31:54','service_more','e55bf5f274af02e5af598aa83c326ac0.mp4',0,NULL,'N;',0,NULL,NULL,'00:00','24:00',0,NULL,1,NULL),(8180,366,4203,'2023-09-29 07:31:33','2023-09-29 07:31:33','service_more','43427c474498edf2bd20b942c6d76b15.mp4',0,NULL,'N;',1,NULL,NULL,'00:00','24:00',0,NULL,1,NULL),(8186,361,4204,'2023-10-27 10:04:57','2023-10-27 10:04:57','service_more','Neuer Spot',0,NULL,'N;',0,NULL,NULL,'00:00','24:00',0,NULL,1,NULL),(8188,326,4205,'2023-11-06 08:36:28','2023-11-06 08:36:28','service_more','Neuer Spot',0,NULL,'N;',1,NULL,NULL,'00:00','24:00',0,NULL,1,NULL),(8214,223,4209,'2023-11-30 10:33:19','2023-11-30 10:33:19','service_more','1d254ece543520aa0c2c26c23a787cde.mp4',0,NULL,'N;',0,NULL,NULL,'00:00','24:00',0,NULL,1,NULL),(8215,223,4210,'2023-11-30 10:33:19','2023-11-30 10:33:19','service_more','d0c74cb12812fa6f9057d510879fc5a4.mp4',0,NULL,'N;',1,NULL,NULL,'00:00','24:00',0,NULL,1,NULL),(8216,223,4211,'2023-11-30 10:33:19','2023-11-30 10:33:19','service_more','4c9c723ebe90a96d63e482d99d0a5b01.mp4',0,NULL,'N;',2,NULL,NULL,'00:00','24:00',0,NULL,1,NULL),(8219,368,4213,'2023-12-04 15:12:23','2023-12-04 15:12:23','service_more','Imagespot Züttl 2',0,NULL,'N;',0,NULL,NULL,'00:00','24:00',0,NULL,1,NULL),(8266,338,4216,'2024-01-17 09:26:17','2024-01-17 09:26:17','service_more','Neuer Spot',0,NULL,'N;',1,NULL,NULL,'00:00','24:00',0,NULL,1,NULL),(8267,338,4217,'2024-01-17 10:59:45','2024-01-17 10:59:45','service_more','Neuer Spot',0,NULL,'N;',2,NULL,NULL,'00:00','24:00',0,NULL,1,NULL),(8278,225,4220,'2024-02-01 12:20:41','2024-02-01 12:20:41','service_more','f0ab015fa67565d86d293a984359a4f1.mp4',0,NULL,'N;',0,NULL,NULL,'00:00','24:00',0,NULL,1,NULL),(8280,219,4221,'2024-02-01 12:21:22','2024-02-01 12:21:22','service_more','f0ab015fa67565d86d293a984359a4f1.mp4',0,NULL,'N;',0,NULL,NULL,'00:00','24:00',0,NULL,1,NULL),(8291,311,4222,'2024-02-08 15:36:52','2024-02-08 15:36:52','service_more','d374319cd798c9f20a7ac84c4b94a5b4.mp4',0,NULL,'N;',2,NULL,NULL,'00:00','24:00',0,NULL,1,NULL),(8309,292,4231,'2024-03-07 17:42:13','2024-03-08 10:53:11','service_more','Prospekt 2024 01',0,NULL,'N;',0,NULL,NULL,'00:00','24:00',0,NULL,1,NULL),(8310,292,4232,'2024-03-07 17:42:13','2024-03-08 10:53:11','service_more','Prospekt 2024 02',0,NULL,'N;',1,NULL,NULL,'00:00','24:00',0,NULL,1,NULL),(8311,292,4233,'2024-03-07 17:42:13','2024-03-08 10:53:11','service_more','Prospekt 2024 03',0,NULL,'N;',2,NULL,NULL,'00:00','24:00',0,NULL,1,NULL),(8313,292,4234,'2024-03-08 10:53:11','2024-03-08 10:53:11','service_more','Sonnenseiten Prozent 2024',0,NULL,'N;',3,NULL,NULL,'00:00','24:00',0,NULL,1,NULL),(8315,370,4230,'2024-03-11 17:18:05','2024-03-11 17:18:05','service_more','0831c9f7d7971236ee3bccef891974dc.mp4',0,NULL,'N;',0,NULL,NULL,'00:00','24:00',0,NULL,1,NULL),(8318,227,4235,'2024-03-26 16:03:39','2024-03-26 16:03:39','service_more','ba93b2d47d0b2013cb5784d92dc33790.mp4',0,NULL,'N;',0,NULL,NULL,'00:00','24:00',0,NULL,1,NULL),(8320,344,4228,'2024-04-10 10:57:38','2024-04-10 10:57:38','service_more','Neuer Spot',0,NULL,'N;',0,NULL,NULL,'00:00','24:00',0,NULL,1,NULL),(8334,262,4237,'2024-04-11 13:37:52','2024-04-11 13:37:52','service_more','Neuer Spot',0,NULL,'N;',0,NULL,NULL,'00:00','24:00',0,NULL,1,NULL),(8335,262,4238,'2024-04-11 13:37:52','2024-04-11 13:37:52','service_more','Neuer Spot',0,NULL,'N;',1,NULL,NULL,'00:00','24:00',0,NULL,1,NULL),(8336,263,4237,'2024-04-11 13:37:55','2024-04-11 13:37:55','service_more','Neuer Spot',0,NULL,'N;',0,NULL,NULL,'00:00','24:00',0,NULL,1,NULL),(8338,293,4237,'2024-04-11 13:37:58','2024-04-11 13:37:58','service_more','Neuer Spot',0,NULL,'N;',0,NULL,NULL,'00:00','24:00',0,NULL,1,NULL),(8339,293,4238,'2024-04-11 13:37:58','2024-04-11 13:37:58','service_more','Neuer Spot',0,NULL,'N;',1,NULL,NULL,'00:00','24:00',0,NULL,1,NULL),(8342,263,4238,'2024-04-11 15:13:15','2024-04-11 15:13:15','service_more','Neuer Spot',0,NULL,'N;',1,NULL,NULL,'00:00','24:00',0,NULL,1,NULL),(8345,301,4240,'2024-04-30 16:20:42','2024-05-02 11:42:50','service_more','6d92507828b1c85a9f1820f2ce211dd4.mp4',0,NULL,'N;',0,NULL,NULL,'00:00','24:00',0,NULL,1,NULL),(8347,301,4241,'2024-04-30 16:25:21','2024-05-02 11:42:50','service_more','c41100a41b94eb26f89c032b96a928f2.mp4',0,NULL,'N;',1,NULL,NULL,'00:00','24:00',0,NULL,1,NULL),(8349,301,4242,'2024-05-02 11:44:17','2024-05-02 11:44:17','service_more','4cc744c3a0a38f43a7a725463cb4e5e9.mp4',0,NULL,'N;',2,NULL,NULL,'00:00','24:00',0,NULL,1,NULL),(8351,301,4243,'2024-05-02 11:54:09','2024-05-02 11:54:09','service_more','d374319cd798c9f20a7ac84c4b94a5b4.mp4',0,NULL,'N;',3,NULL,NULL,'00:00','24:00',0,NULL,1,NULL);

--
-- Table structure for table `ds_program_spot_category`
--

CREATE TABLE `ds_program_spot_category` (
  `id` int(11) NOT NULL AUTO_INCREMENT,
  `category_id` int(11) NOT NULL,
  `programSpot_id` int(10) unsigned NOT NULL,
  `mandate_id` int(10) unsigned DEFAULT NULL,
  PRIMARY KEY (`id`),
  UNIQUE KEY `program_spot_category_idx` (`programSpot_id`,`category_id`),
  KEY `IDX_E71086934F3F3339` (`programSpot_id`),
  KEY `IDX_E710869312469DE2` (`category_id`),
  KEY `IDX_E71086936C1129CD` (`mandate_id`),
  CONSTRAINT `FK_E710869312469DE2` FOREIGN KEY (`category_id`) REFERENCES `ds_category` (`id`) ON DELETE CASCADE,
  CONSTRAINT `FK_E71086934F3F3339` FOREIGN KEY (`programSpot_id`) REFERENCES `ds_program_spot` (`id`) ON DELETE CASCADE,
  CONSTRAINT `FK_E71086936C1129CD` FOREIGN KEY (`mandate_id`) REFERENCES `sys_mandate` (`id`)
) ENGINE=InnoDB AUTO_INCREMENT=67 DEFAULT CHARSET=utf8mb3 COLLATE=utf8mb3_unicode_ci;

--
-- Dumping data for table `ds_program_spot_category`
--

INSERT INTO `ds_program_spot_category` VALUES (41,4,3243,NULL),(42,3,3244,NULL),(66,10,4476,NULL);

--
-- Table structure for table `ds_program_spot_screen`
--

CREATE TABLE `ds_program_spot_screen` (
  `id` int(10) unsigned NOT NULL AUTO_INCREMENT,
  `screen_id` int(11) NOT NULL,
  `created` datetime NOT NULL,
  `updated` datetime NOT NULL,
  `updatedBy` varchar(255) DEFAULT NULL,
  `programSpot_id` int(10) unsigned NOT NULL,
  `mandate_id` int(10) unsigned DEFAULT NULL,
  PRIMARY KEY (`id`),
  KEY `IDX_B0E41C834F3F3339` (`programSpot_id`),
  KEY `IDX_B0E41C8341A67722` (`screen_id`),
  KEY `IDX_B0E41C836C1129CD` (`mandate_id`),
  CONSTRAINT `FK_B0E41C8341A67722` FOREIGN KEY (`screen_id`) REFERENCES `ds_screen` (`id`) ON DELETE CASCADE,
  CONSTRAINT `FK_B0E41C834F3F3339` FOREIGN KEY (`programSpot_id`) REFERENCES `ds_program_spot` (`id`) ON DELETE CASCADE,
  CONSTRAINT `FK_B0E41C836C1129CD` FOREIGN KEY (`mandate_id`) REFERENCES `sys_mandate` (`id`)
) ENGINE=InnoDB DEFAULT CHARSET=utf8mb3 COLLATE=utf8mb3_unicode_ci;

--
-- Dumping data for table `ds_program_spot_screen`
--


--
-- Table structure for table `ds_retailer`
--

CREATE TABLE `ds_retailer` (
  `id` int(11) NOT NULL AUTO_INCREMENT,
  `created` datetime NOT NULL,
  `updated` datetime NOT NULL,
  `updatedBy` varchar(255) DEFAULT NULL,
  `identifier` int(11) DEFAULT NULL,
  `name` varchar(255) NOT NULL,
  `mandate_id` int(10) unsigned DEFAULT NULL,
  PRIMARY KEY (`id`),
  KEY `IDX_996705D06C1129CD` (`mandate_id`),
  CONSTRAINT `FK_996705D06C1129CD` FOREIGN KEY (`mandate_id`) REFERENCES `sys_mandate` (`id`)
) ENGINE=InnoDB AUTO_INCREMENT=161 DEFAULT CHARSET=utf8mb3 COLLATE=utf8mb3_unicode_ci;

--
-- Dumping data for table `ds_retailer`
--

INSERT INTO `ds_retailer` VALUES (1,'2015-06-01 10:04:39','2018-12-14 09:01:41','c.haas',19,'93 Radatz Liesing',1),(33,'0000-00-00 00:00:00','2018-03-04 14:43:00','c.haas',12,'63 Radatz Hietzing',1),(36,'2016-09-26 10:30:07','2016-09-29 17:13:21','adminJT',19,'Radatz Test Händler',2),(37,'2017-03-17 16:27:07','2018-03-04 14:43:11','c.haas',1,'24 Radatz Schottengasse',1),(38,'2017-04-21 17:22:13','2017-04-21 17:22:14','admin_ep',1117960,'ElectronicPartner Zentrale',3),(39,'0000-00-00 00:00:00','2017-05-11 10:42:25','admin_jt',1,'Jumptomorrow Office',4),(41,'2017-06-30 09:56:08','2018-03-04 14:43:17','c.haas',5,'29 Radatz Rochusmarkt',1),(42,'2017-06-30 09:56:58','2018-03-04 14:43:23','c.haas',14,'64 Radatz Währinger Straße',1),(43,'2017-08-09 16:01:16','2017-08-09 16:01:16','admin_ep',0,'Jumptomorrow Demo',3),(44,'2017-09-04 10:50:26','2018-03-04 14:42:31','c.haas',8,'60 Radatz Neubaugase',1),(45,'2017-09-11 11:42:00','2017-09-11 11:42:00','post',99,'Post',5),(46,'2018-02-21 10:37:32','2018-02-21 10:37:32','admin',9999,'Jumptomorrow',1),(51,'2018-07-05 16:51:27','2018-07-13 09:19:36','admin',20,'99 Alt Erlaa',1),(52,'2018-07-10 10:18:53','2018-07-10 10:18:53','moemax',1,'AT mömax Ansfelden',6),(53,'2018-07-10 11:08:57','2018-07-10 11:09:03','moemax',2,'AT mömax Graz',6),(54,'2018-07-10 11:09:23','2018-07-10 11:09:23','moemax',3,'AT mömax Vösendorf - SCS',6),(55,'2018-07-25 10:41:09','2018-07-25 10:41:09','admin',17,'28 Donauzentrum',1),(56,'2018-07-31 12:10:05','2018-07-31 12:10:05','admin',9,'67 Radatz Josefstaedterstrasse',1),(57,'2018-08-01 14:18:56','2018-08-01 14:18:56','admin',10,'43 Viktor-Adler-Markt',1),(58,'0000-00-00 00:00:00','2019-03-14 09:35:09','service_more',58,'Testhändler',7),(59,'2017-03-17 16:27:07','2018-03-04 14:43:11','c.haas',2,'Radatz Wipplinger Straße',1),(60,'2017-03-17 16:27:07','2018-03-04 14:43:11','c.haas',3,'Radatz Karmelitermarkt',1),(61,'2017-06-30 09:56:08','2018-03-04 14:43:17','c.haas',6,'Radatz Wiedner Hauptstrasse',1),(62,'2018-08-01 14:18:56','2018-08-01 14:18:56','admin',11,'Radatz Hansson-Zentrum',1),(63,'0000-00-00 00:00:00','2018-03-04 14:43:00','c.haas',13,'Radatz Meiselmarkt',1),(64,'2017-06-30 09:56:58','2018-03-04 14:43:23','c.haas',15,'Radatz Sonnbergmarkt',1),(65,'2017-06-30 09:56:58','2018-03-04 14:43:23','c.haas',16,'Radatz Millenium City',1),(66,'2018-07-25 10:41:09','2018-07-25 10:41:09','admin',18,'Radatz Erlaaer Straße',1),(67,'2018-07-05 16:51:27','2018-07-13 09:19:36','admin',21,'Radatz Schwechat',1),(68,'2018-07-05 16:51:27','2018-07-13 09:19:36','admin',22,'Radatz Mödling',1),(69,'2018-07-05 16:51:27','2019-03-14 16:01:18','admin',23,'98 Radatz Südstadt Maria Enzersdorf',1),(70,'2019-03-07 14:02:58','2019-10-17 13:24:08','service_more',70,'S&M - Testumgebung',7),(71,'0000-00-00 00:00:00','2019-03-14 09:35:22','service_more',71,'Miele',7),(73,'2019-04-24 09:35:05','2019-08-26 14:27:45','service_more',73,'S&M - Möbel Maier',7),(74,'2019-04-24 09:35:29','2019-08-26 14:27:54','service_more',74,'S&M - Gaster',7),(75,'2019-04-24 09:35:40','2019-08-26 14:27:39','service_more',75,'S&M - Farbe & Wohnen Müllner',7),(76,'2019-04-24 11:18:41','2019-04-24 18:05:36','admin',48,'46 Radatz Simmering',1),(77,'2019-05-20 17:06:30','2019-05-20 17:06:41','service_more',77,'S&M - Haider Wohnen',7),(78,'2019-05-22 09:23:15','2019-05-22 09:23:21','service_more',78,'S&M - Wohnquartier',7),(79,'2019-06-05 12:33:49','2019-06-05 12:34:08','service_more',79,'S&M - Möbel Fellner',7),(80,'2019-06-05 12:35:03','2019-06-05 12:35:59','service_more',80,'S&M - Fox Holz',7),(81,'2019-06-05 12:36:08','2019-06-05 12:36:14','service_more',81,'S&M - Aufschnaiter',7),(82,'2019-06-05 12:36:46','2019-06-05 12:36:52','service_more',82,'S&M - Möbelprofi P&K Wohnmanufaktur',7),(83,'2019-06-05 12:37:26','2019-06-05 12:37:31','service_more',83,'S&M - See & Maschik',7),(84,'2019-06-05 12:37:51','2019-06-05 12:37:58','service_more',84,'S&M - Aichner',7),(85,'2019-06-12 11:21:18','2019-10-17 13:34:03','service_more',85,'S&M - Akquisepartner',7),(86,'2019-08-19 11:14:55','2019-08-21 09:32:38','admin',50,'62 Auhof',1),(87,'2019-08-22 14:41:50','2019-08-26 14:28:03','service_more',87,'S&M - Küchen & Wohnstudio Schwaiger',7),(88,'2019-08-22 14:58:27','2019-08-26 14:28:19','service_more',88,'S&M - K&B Unterlerchner',7),(89,'2019-08-22 14:59:10','2019-08-26 14:28:29','service_more',89,'S&M - Wohnraum Eder',7),(90,'2019-08-22 14:59:45','2019-08-22 15:00:38','service_more',90,'S&M - Föger',7),(92,'2019-08-23 11:16:45','2019-08-26 14:28:57','service_more',92,'S&M - Wimmer Wohnen',7),(93,'2019-08-26 10:28:52','2019-08-26 14:29:13','service_more',93,'S&M - Raumgestaltung Widy',7),(94,'2019-08-26 14:19:35','2019-08-26 14:29:21','service_more',94,'S&M - Küchenzentrum Steffl',7),(95,'2019-08-26 14:32:25','2019-08-26 14:32:33','service_more',95,'S&M - Wohndesign Maierhofer',7),(96,'2019-08-27 10:10:23','2019-08-27 10:10:47','service_more',96,'S&M - Georg Mayerhofer',7),(97,'2019-08-27 10:21:16','2019-08-27 10:22:54','service_more',97,'S&M - Winter - die Einrichtung',7),(98,'2019-08-27 10:35:40','2019-08-27 10:35:54','service_more',98,'S&M - Johann Glanz Raumdesigner',7),(99,'2019-08-27 10:49:39','2019-08-27 10:50:33','service_more',99,'S&M - Kreibich Malerwerkstatt',7),(103,'2019-10-16 10:53:30','2019-10-16 10:54:09','service_more',103,'S&M - Möbel Zimmermann',7),(105,'2019-10-16 11:11:56','2019-10-16 11:12:11','service_more',105,'S&M - Burtscher Böden',7),(106,'2019-10-16 11:31:09','2019-10-16 11:32:12','service_more',106,'S&M - Resch Home',7),(108,'2019-10-16 11:56:58','2019-10-16 11:57:35','service_more',108,'S&M - Möbel Handl',7),(109,'2019-10-16 12:08:24','2019-10-16 12:10:41','service_more',109,'S&M - Designstudio Wolfgang Nowak',7),(110,'2019-10-16 12:18:34','2019-10-16 12:19:18','service_more',110,'S&M - Oberrauter',7),(111,'2019-10-16 12:31:01','2019-10-16 12:31:27','service_more',111,'S&M - Anton Meyer Raumausstattung',7),(112,'2019-10-16 12:40:42','2019-10-16 12:41:07','service_more',112,'S&M - Groiss Wohnkultur',7),(113,'2019-10-21 11:35:39','2019-10-21 11:35:49','service_more',113,'S&M - Möbel Laimer',7),(114,'2019-10-21 11:43:19','2019-10-21 11:43:31','service_more',114,'S&M - Mazenreiter',7),(115,'2019-10-21 11:49:02','2019-10-21 11:49:13','service_more',115,'S&M - Spätauf',7),(116,'2019-10-21 11:53:10','2019-10-21 11:53:18','service_more',116,'S&M - Hannerer',7),(117,'2019-10-21 15:03:53','2019-10-21 15:04:01','service_more',117,'S&M - Ablinger',7),(118,'2019-10-21 15:08:18','2019-10-21 15:08:25','service_more',118,'S&M - Landrichtinger',7),(119,'2019-10-21 15:12:45','2019-10-21 15:12:55','service_more',119,'S&M - Assl Möbel',7),(120,'2019-10-21 15:17:50','2019-10-21 15:18:02','service_more',120,'S&M - MF-Böden',7),(121,'2020-02-04 17:25:33','2020-02-04 17:26:28','service_more',121,'S&M - dasmöbelhaus Huber',7),(122,'2020-02-04 17:26:09','2020-02-04 17:26:16','service_more',122,'S&M - Gerhard Ilg Raumgestaltung',7),(123,'2020-02-04 17:26:53','2020-02-04 17:27:00','service_more',123,'S&M - Drack Maler und Bodenleger',7),(124,'2020-02-04 17:27:55','2020-02-04 17:28:03','service_more',124,'S&M - Schild GmbH & Co. KG',7),(125,'2020-02-04 17:30:20','2020-02-04 17:31:00','service_more',125,'S&M - Schmidt Raumausstattung',7),(126,'2020-02-04 17:31:24','2020-02-04 17:31:30','service_more',126,'S&M - Berger Markus Tapezierer und Raumausstatter',7),(127,'2020-02-04 17:31:50','2020-02-04 17:31:59','service_more',127,'S&M - Fetz Karl e.U. Fachgeschäft für Raumausstattung',7),(128,'2020-02-04 17:32:31','2020-02-04 17:32:42','service_more',128,'S&M - Leopold Stranzl GmbH & Co KG Maler-Bodenleger-Raumausstatter',7),(129,'2020-02-04 17:33:04','2020-02-04 17:33:18','service_more',129,'S&M - Prix & Rak GmbH Raumausstattung',7),(130,'2020-02-04 17:33:43','2020-02-04 17:33:52','service_more',130,'S&M - Erich Brunner e.U. Raumausstatter',7),(131,'2020-02-04 17:34:15','2020-02-04 17:34:29','service_more',131,'S&M - MATUTEX',7),(133,'2020-03-18 10:11:02','2020-03-18 10:11:10','service_more',133,'Josef Schmidt Raumausstattung Linz',7),(134,'2020-04-10 10:38:51','2020-04-10 10:39:06','service_more',134,'Trixl',7),(135,'2020-10-02 10:11:00','2020-10-02 10:11:13','service_more',135,'Kirchschlager',7),(136,'2020-11-04 09:44:34','2020-11-04 09:44:43','service_more',136,'mayrhofer küche&wohnen GmbH',7),(137,'2020-12-11 08:29:52','2020-12-11 08:30:02','service_more',137,'Griesbacher',7),(138,'2020-12-11 08:30:27','2020-12-11 08:30:36','service_more',138,'Herbert Moser',7),(139,'2021-02-12 12:11:11','2021-02-12 12:11:20','service_more',139,'Aster',7),(140,'2021-03-03 09:08:15','2021-03-03 09:08:27','service_more',140,'Test JT',7),(141,'2021-03-10 12:24:22','2021-03-10 12:24:39','service_more',141,'Wohnideen Hueter eU',7),(142,'2021-03-17 13:42:20','2021-03-17 13:42:47','service_more',142,'Impex',7),(143,'2021-05-04 08:27:07','2021-05-04 08:27:20','service_more',143,'Egger Raumdesign',7),(145,'2021-05-04 08:32:45','2021-05-04 08:33:48','service_more',145,'Schwab Walcher',7),(146,'2021-07-21 13:07:40','2021-07-21 13:07:52','service_more',146,'Möbelhaus Karner',7),(147,'2021-10-25 11:07:00','2021-10-25 11:07:20','service_more',147,'Winkler Raumausstattung',7),(148,'2022-04-27 10:01:51','2022-04-27 10:02:23','service_more',148,'S&M - Laforma - Werinos',7),(149,'2022-05-17 10:49:26','2022-05-17 10:49:34','service_more',149,'Zieger Ges.m.b.H. Wohntraum',7),(150,'2022-05-27 09:04:27','2022-05-27 09:04:43','service_more',150,'S-Wohndesign GmbH Schneiderbauer',7),(151,'2022-06-23 11:40:27','2022-06-23 11:40:40','service_more',151,'egger EINRICHTEN GmbH',7),(152,'2022-06-23 14:40:28','2022-06-23 14:40:36','service_more',152,'Aigner Wohnkonzepte',7),(153,'2022-09-13 16:51:30','2022-09-13 16:51:59','service_more',153,'Tikal GmbH & Co KG',7),(154,'2022-11-30 16:56:45','2022-11-30 16:56:54','service_more',154,'Möbel Freudling',7),(155,'2023-03-09 14:08:55','2023-03-09 14:09:13','service_more',155,'Tischlerei Bauer GmbH',7),(156,'2023-03-09 14:09:05','2023-03-09 14:09:37','service_more',156,'Christian Streller GmbH',7),(157,'2023-04-26 10:08:59','2023-04-26 10:09:06','service_more',157,'Maislinger GmbH',7),(158,'2023-08-14 12:12:55','2023-08-14 12:13:03','service_more',158,'GUPFINGER Einrichtungsstudio GmbH',7),(159,'2023-12-04 08:29:40','2023-12-04 08:30:29','service_more',159,'ZÜTTL',7),(160,'2024-02-28 07:28:50','2024-02-28 07:29:10','service_more',160,'LEO WOHNARCHITEKTUR',7);

--
-- Table structure for table `ds_retailer_category`
--

CREATE TABLE `ds_retailer_category` (
  `id` int(11) NOT NULL AUTO_INCREMENT,
  `retailer_id` int(11) NOT NULL,
  `category_id` int(11) NOT NULL,
  `mandate_id` int(10) unsigned DEFAULT NULL,
  PRIMARY KEY (`id`),
  UNIQUE KEY `retailer_category_idx` (`retailer_id`,`category_id`),
  KEY `IDX_13261C23F5ED09` (`retailer_id`),
  KEY `IDX_13261C12469DE2` (`category_id`),
  KEY `IDX_13261C6C1129CD` (`mandate_id`),
  CONSTRAINT `FK_13261C12469DE2` FOREIGN KEY (`category_id`) REFERENCES `ds_category` (`id`) ON DELETE CASCADE,
  CONSTRAINT `FK_13261C23F5ED09` FOREIGN KEY (`retailer_id`) REFERENCES `ds_retailer` (`id`) ON DELETE CASCADE,
  CONSTRAINT `FK_13261C6C1129CD` FOREIGN KEY (`mandate_id`) REFERENCES `sys_mandate` (`id`)
) ENGINE=InnoDB AUTO_INCREMENT=48 DEFAULT CHARSET=utf8mb3 COLLATE=utf8mb3_unicode_ci;

--
-- Dumping data for table `ds_retailer_category`
--

INSERT INTO `ds_retailer_category` VALUES (23,39,4,NULL),(24,37,8,NULL),(25,33,8,NULL),(26,33,6,NULL),(27,33,5,NULL),(28,41,8,NULL),(29,41,6,NULL),(30,44,8,NULL),(31,44,6,NULL),(34,46,6,NULL),(35,46,5,NULL),(36,42,24,NULL),(37,42,8,NULL),(38,42,6,NULL),(39,57,8,NULL),(40,56,6,1),(41,37,6,1),(43,55,8,1),(45,51,8,1),(46,56,8,1),(47,76,5,1);

--
-- Table structure for table `ds_screen`
--

CREATE TABLE `ds_screen` (
  `id` int(11) NOT NULL AUTO_INCREMENT,
  `player_id` int(11) NOT NULL,
  `channel_id` int(10) unsigned DEFAULT NULL,
  `created` datetime NOT NULL,
  `updated` datetime NOT NULL,
  `updatedBy` varchar(255) DEFAULT NULL,
  `name` varchar(255) NOT NULL,
  `connection` varchar(255) DEFAULT NULL,
  `timesEnabled` tinyint(1) NOT NULL,
  `todayTimes` longtext DEFAULT NULL COMMENT '(DC2Type:array)',
  `screenSetup_id` int(11) NOT NULL,
  `type` varchar(255) DEFAULT NULL,
  `mandate_id` int(10) unsigned DEFAULT NULL,
  `enabled` tinyint(1) NOT NULL DEFAULT 1,
  `powerOn` tinyint(1) NOT NULL DEFAULT 0,
  PRIMARY KEY (`id`),
  KEY `IDX_7E4A0BB899E6F5DF` (`player_id`),
  KEY `IDX_7E4A0BB8EF88E26B` (`screenSetup_id`),
  KEY `IDX_7E4A0BB872F5A1AA` (`channel_id`),
  KEY `IDX_7E4A0BB86C1129CD` (`mandate_id`),
  CONSTRAINT `FK_7E4A0BB86C1129CD` FOREIGN KEY (`mandate_id`) REFERENCES `sys_mandate` (`id`),
  CONSTRAINT `FK_7E4A0BB872F5A1AA` FOREIGN KEY (`channel_id`) REFERENCES `ds_channel` (`id`) ON DELETE SET NULL,
  CONSTRAINT `FK_7E4A0BB899E6F5DF` FOREIGN KEY (`player_id`) REFERENCES `ds_player` (`id`) ON DELETE CASCADE,
  CONSTRAINT `FK_7E4A0BB8EF88E26B` FOREIGN KEY (`screenSetup_id`) REFERENCES `ds_screen_setup` (`id`)
) ENGINE=InnoDB AUTO_INCREMENT=337 DEFAULT CHARSET=utf8mb3 COLLATE=utf8mb3_unicode_ci;

--
-- Dumping data for table `ds_screen`
--

INSERT INTO `ds_screen` VALUES (8,6,52,'2016-08-11 19:51:53','2017-09-20 05:00:01','admin','Screen Liesing Fleisch',NULL,1,'N;',5,NULL,1,1,1),(9,5,53,'2016-08-11 19:53:38','2017-09-20 18:30:00','admin','Screen Liesing Feinkost',NULL,1,'N;',5,NULL,1,1,0),(10,4,51,'2016-08-11 19:54:49','2017-09-20 11:38:15','admin','Screen Liesing Imbiss',NULL,1,'N;',5,NULL,1,1,0),(11,8,56,'2016-08-19 18:58:05','2017-09-21 07:30:00','admin','Screen Hietzing Imbiss',NULL,1,'N;',5,NULL,1,1,1),(12,9,59,'2016-08-22 11:03:00','2017-09-21 18:33:22','admin','Screen Hietzing Fleisch',NULL,1,'N;',5,NULL,1,1,0),(13,10,57,'2016-08-22 11:04:06','2017-11-30 07:30:00','admin','Screen Hietzing Feinkost 1',NULL,1,'N;',5,NULL,1,1,1),(14,11,60,'2016-08-22 11:04:41','2017-09-21 18:58:17','admin','Screen Hietzing Familienwand groß',NULL,1,'N;',5,NULL,1,1,0),(15,12,61,'2016-08-22 11:05:08','2017-09-21 18:56:47','admin','Screen Hietzing Familienwand klein',NULL,1,'N;',10,NULL,1,1,0),(16,13,58,'2016-08-22 11:28:47','2017-09-21 07:30:03','admin','Screen Hietzing Feinkost 2',NULL,1,'N;',5,NULL,1,1,1),(46,16,71,'2017-03-17 16:24:13','2017-09-25 07:00:01','admin','Screen Schottengasse Imbiss 1',NULL,1,'N;',5,NULL,1,1,1),(47,17,72,'2017-03-21 15:46:23','2017-09-25 19:12:37','admin','Screen Schottengasse Imbiss 2',NULL,1,'N;',5,NULL,1,1,0),(48,18,73,'2017-03-21 15:47:20','2017-09-25 19:18:25','admin','Screen Schottengasse Feinkost',NULL,1,'N;',5,NULL,1,1,0),(49,19,74,'2017-03-21 15:47:41','2017-09-25 19:20:05','admin','Screen Schottengasse Fleisch',NULL,1,'N;',5,NULL,1,1,0),(54,20,75,'2017-03-29 09:20:00','2018-01-02 20:23:18','c.haas','Screen Zentrale',NULL,1,'N;',1,NULL,1,1,0),(56,22,76,'2017-05-04 16:34:56','2017-05-24 15:59:34','admin_ep','LG',NULL,0,'N;',2,NULL,3,1,0),(58,29,78,'2017-05-11 10:49:12','2017-06-09 15:25:25','admin_jt','Screen Empfang',NULL,0,'N;',1,NULL,4,1,0),(59,30,79,'2017-05-11 10:49:38','2017-05-11 14:56:12','admin_jt','Screen WC',NULL,0,'N;',5,NULL,4,1,0),(61,32,NULL,'2017-05-29 14:12:28','2017-05-29 14:12:28','admin_ep','Testscreen2',NULL,0,'N;',1,NULL,3,1,0),(68,34,54,'2017-06-29 10:42:51','2019-05-27 16:00:14','admin','Signage Test',NULL,1,'N;',5,NULL,1,1,1),(69,35,84,'2017-07-19 11:38:39','2017-07-19 11:56:55','admin','Screen Rochusmarkt Imbiss',NULL,1,'N;',5,NULL,1,1,0),(70,36,85,'2017-07-19 11:48:15','2017-07-27 09:06:36','admin','Screen Rochusmarkt Feinkost 1',NULL,1,'N;',5,NULL,1,1,0),(71,37,86,'2017-07-19 11:48:40','2017-07-27 09:06:15','admin','Screen Rochusmarkt Feinkost 2',NULL,1,'N;',5,NULL,1,1,0),(72,38,87,'2017-07-19 11:49:37','2017-07-27 09:06:28','admin','Screen Rochusmarkt Fleisch',NULL,1,'N;',5,NULL,1,1,0),(73,39,88,'2017-07-19 11:50:38','2017-07-19 12:00:45','admin','Screen Rochusmarkt Imbiss Hoch',NULL,1,'N;',1,NULL,1,1,0),(76,45,89,'2017-08-09 15:54:17','2017-08-09 16:10:23','admin_ep','IFA 1 Screen Quer',NULL,0,'N;',5,NULL,3,1,0),(79,41,91,'2017-08-18 14:42:52','2017-08-18 14:52:29','admin','Screen Währingerstraße Fleisch',NULL,1,'N;',5,NULL,1,1,0),(80,42,92,'2017-08-18 15:21:03','2017-08-18 15:28:37','admin','Screen Währingerstraße Feinkost',NULL,1,'N;',5,NULL,1,1,0),(81,46,93,'2017-08-18 15:58:15','2017-08-18 15:59:57','admin_jt','Screen Touch Shelf',NULL,0,'N;',1,NULL,4,1,0),(82,43,94,'2017-08-21 10:15:41','2017-08-22 09:18:02','admin','Screen Währingerstaße Imbiss',NULL,1,'N;',5,NULL,1,1,0),(83,44,95,'2017-08-21 10:49:14','2017-08-22 09:17:05','admin','Screen Währingerstraße Auslage',NULL,1,'N;',5,NULL,1,1,0),(86,47,97,'2017-09-04 15:50:01','2017-09-12 09:42:22','admin','Screen Neubaugasse Imbiss',NULL,1,'N;',5,NULL,1,1,0),(87,48,98,'2017-09-04 16:50:39','2017-09-12 09:42:45','admin','Screen Neubaugasse Feinkost',NULL,1,'N;',5,NULL,1,1,0),(88,49,99,'2017-09-04 16:51:26','2017-09-12 09:43:03','admin','Screen Neubaugasse Fleisch',NULL,1,'N;',5,NULL,1,1,0),(89,50,96,'2017-09-04 16:52:13','2017-09-12 09:43:20','admin','Screen Neubaugasse Auslage',NULL,1,'N;',5,NULL,1,1,0),(90,51,100,'2017-09-04 16:54:01','2017-09-12 09:43:39','admin','Screen Neubaugasse Familienwand innen',NULL,1,'N;',5,NULL,1,1,0),(91,52,101,'2017-09-06 11:12:56','2017-09-12 09:43:55','admin','Screen Neubaugasse Familienwand außen',NULL,1,'N;',5,NULL,1,1,0),(94,55,102,'2017-09-11 12:05:12','2017-09-11 13:32:47','post','Screen Wall',NULL,0,'N;',15,NULL,5,1,0),(95,61,103,'2017-09-11 12:05:35','2017-09-11 12:05:35','post','Screen Aufsteller',NULL,0,'N;',1,NULL,5,1,0),(96,62,104,'2017-09-11 12:06:58','2017-11-29 18:18:08','post','Screen Post 4er',NULL,1,'N;',1,NULL,5,1,0),(98,64,90,'2017-10-09 09:49:42','2017-10-09 09:49:42','admin_ep','Screen Hoch',NULL,0,'N;',1,NULL,3,1,0),(99,66,105,'2018-01-08 12:40:02','2018-01-08 12:40:37','admin_jt','Testscreen',NULL,0,'N;',1,NULL,4,1,0),(116,79,111,'2018-07-05 13:06:00','2018-08-14 11:53:41','admin','Screen Josefstädter Straße Imbiss',NULL,1,'N;',5,NULL,1,1,0),(117,80,112,'2018-07-05 15:13:02','2018-08-14 12:11:34','admin','Screen Josefstädter Straße Feinkost',NULL,1,'N;',5,NULL,1,1,0),(118,81,113,'2018-07-05 15:13:47','2018-08-14 14:49:47','admin','Screen Josefstädter Straße Fleisch 1',NULL,1,'N;',5,NULL,1,1,0),(119,82,114,'2018-07-05 15:14:15','2018-08-14 15:02:54','admin','Screen Josefstädter Straße Fleisch 2',NULL,1,'N;',5,NULL,1,1,0),(120,83,115,'2018-07-05 15:56:45','2018-07-17 10:58:09','admin','Screen Alt Erlaa Fleisch',NULL,1,'N;',5,NULL,1,1,0),(121,84,116,'2018-07-05 15:57:12','2018-07-17 10:59:07','admin','Screen Alt Erlaa Feinkost',NULL,1,'N;',5,NULL,1,1,0),(122,85,117,'2018-07-05 15:57:53','2018-07-17 11:00:53','admin','Screen Alt Erlaa Imbiss',NULL,1,'N;',5,NULL,1,1,0),(123,86,118,'2018-07-10 10:21:20','2018-07-10 10:21:20','moemax','screen kassa',NULL,0,'N;',5,NULL,6,1,0),(124,87,121,'2018-07-10 10:21:47','2018-07-10 10:21:47','moemax','screen eingang',NULL,0,'N;',5,NULL,6,1,0),(125,88,124,'2018-07-10 10:24:24','2018-07-10 10:24:24','moemax','screen restaurant',NULL,0,'N;',5,NULL,6,1,0),(126,89,127,'2018-07-10 11:02:46','2018-07-10 11:02:46','moemax','screen warenausgabe',NULL,0,'N;',5,NULL,6,1,0),(127,90,130,'2018-07-10 11:04:59','2018-07-10 11:04:59','moemax','screen wohnen',NULL,0,'N;',5,NULL,6,1,0),(128,91,128,'2018-07-10 11:05:52','2018-07-10 11:05:52','moemax','screen bad',NULL,0,'N;',5,NULL,6,1,0),(129,92,129,'2018-07-10 11:06:21','2018-07-10 11:06:21','moemax','screen schlafen',NULL,0,'N;',5,NULL,6,1,0),(130,93,131,'2018-07-25 10:41:57','2018-07-25 10:48:41','admin','Screen Donauzentrum Wand',NULL,1,'N;',5,NULL,1,1,0),(131,94,132,'2018-08-01 14:23:01','2018-08-06 10:55:07','admin','Screen Viktor Adlermarkt Fleisch',NULL,1,'N;',5,NULL,1,1,0),(132,95,133,'2018-08-01 14:23:27','2018-08-06 10:56:09','admin','Screen Viktor-Adler-Markt Feinkost',NULL,1,'N;',5,NULL,1,1,0),(133,96,134,'2018-08-01 14:23:52','2018-08-06 10:56:54','admin','Screen Viktor-Adler-Markt Imbiss',NULL,1,'N;',5,NULL,1,1,0),(134,97,135,'2018-08-01 14:24:13','2018-08-06 10:57:34','admin','Screen Viktor-Adler-Markt Imbiss extra',NULL,1,'N;',1,NULL,1,1,0),(135,98,136,'2018-08-01 14:24:48','2018-11-08 13:16:45','admin','Screen Viktor-Adler-Markt Innen Fleisch',NULL,1,'N;',1,NULL,1,1,0),(136,99,137,'2018-08-16 16:50:19','2018-08-16 16:55:07','admin','Screen Josefstädter Straße Auslage',NULL,1,'N;',1,NULL,1,1,0),(138,101,136,'2018-11-05 16:26:40','2018-11-09 10:04:19','admin','Screen Viktor-Adler-Markt Auslage',NULL,1,'N;',1,NULL,1,1,0),(139,102,139,'2018-11-22 10:10:59','2018-11-22 10:10:59','service_more','Screen Signage',NULL,0,'N;',5,NULL,7,1,0),(141,103,138,'2018-11-22 10:12:00','2018-11-22 10:12:00','service_more','screen shelf idle',NULL,0,'N;',1,NULL,7,1,0),(148,67,144,'2018-12-05 10:06:55','2018-12-05 10:06:55','admin','Screen Zentrale Waagen Fleisch Fullscreen',NULL,0,'N;',13,'ImageSequence',1,1,0),(149,67,145,'2018-12-05 10:07:17','2018-12-05 10:07:17','admin','Screen Zentrale Waagen Fleisch Permanent',NULL,0,'N;',14,'ImageSequence',1,1,0),(150,67,140,'2018-12-05 10:07:50','2018-12-05 10:07:50','admin','Screen Zentrale Waagen Imbiss Fullscreen',NULL,0,'N;',13,'ImageSequence',1,1,0),(151,67,141,'2018-12-05 10:08:19','2018-12-05 10:08:19','admin','Screen Zentrale Waagen Imbiss Permanent',NULL,0,'N;',14,'ImageSequence',1,1,0),(152,67,142,'2018-12-05 10:08:49','2018-12-05 10:08:49','admin','Screen Zentrale Waagen Feinkost Fullscreen',NULL,0,'N;',13,'ImageSequence',1,1,0),(153,67,143,'2018-12-05 10:09:12','2018-12-05 10:09:12','admin','Screen Zentrale Waagen Feinkost Permanent',NULL,0,'N;',14,'ImageSequence',1,1,0),(154,100,NULL,'2019-03-15 11:21:58','2019-05-06 16:53:58','c.haas','test ali',NULL,0,'N;',1,NULL,1,1,0),(155,104,147,'2019-03-22 17:27:34','2019-03-22 17:27:34','service_more','screen header shelf',NULL,0,'N;',1,NULL,7,1,0),(156,105,149,'2019-03-29 15:00:05','2019-04-01 10:05:14','admin','Screen Südstadt Fleisch',NULL,1,'N;',5,NULL,1,1,0),(157,106,150,'2019-03-29 15:01:15','2019-04-01 10:07:40','admin','Screen Südstadt Imbiss',NULL,1,'N;',5,NULL,1,1,0),(158,107,151,'2019-03-29 15:03:28','2019-04-01 10:09:56','admin','Screen Südstadt Feinkost',NULL,1,'N;',5,NULL,1,1,0),(159,108,152,'2019-04-19 10:24:43','2019-04-19 10:26:09','admin','Screen Alt Erlaa Auslage',NULL,1,'N;',1,NULL,1,1,0),(163,115,156,'2019-04-24 10:29:05','2019-04-24 11:36:32','admin','Screen Simmering Imbiss links',NULL,1,'N;',5,NULL,1,1,0),(164,116,159,'2019-04-24 10:32:15','2019-04-24 11:37:26','admin','Screen Simmering Feinkost',NULL,1,'N;',5,NULL,1,1,0),(165,118,158,'2019-04-24 10:35:25','2019-04-24 11:37:53','admin','Screen Simmering Fleisch',NULL,1,'N;',5,NULL,1,1,0),(166,119,160,'2019-04-24 10:38:20','2019-04-24 11:40:30','admin','Screen Simmering Eingang links',NULL,1,'N;',1,NULL,1,1,0),(167,121,161,'2019-04-24 10:40:56','2019-04-26 10:13:30','admin','ScreenSimmering Eingang rechts',NULL,1,'N;',5,NULL,1,1,0),(168,122,157,'2019-04-24 10:42:22','2019-04-24 11:42:26','admin','Screen Simmering Imbiss rechts',NULL,1,'N;',5,NULL,1,1,0),(169,123,162,'2019-04-25 12:58:48','2019-04-25 12:58:48','service_more','Screen shelf header Farbe & Wohnen Müllner',NULL,0,'N;',5,NULL,7,1,0),(170,124,168,'2019-04-25 12:59:27','2019-04-25 12:59:27','service_more','Screen shelf signage farbe & wohnen',NULL,0,'N;',1,NULL,7,1,0),(171,128,165,'2019-05-03 13:11:37','2019-05-03 13:12:06','service_more','Screen: S&M Gaster Shelf Header',NULL,0,'N;',1,NULL,7,1,0),(172,129,169,'2019-05-03 13:12:38','2019-05-03 13:12:38','service_more','Screen: S&M Gaster Digital Signage',NULL,0,'N;',5,NULL,7,1,0),(173,130,170,'2019-05-06 09:35:57','2019-05-06 09:35:57','service_more','Screen Möbel Maier - Digital Signage Shelf',NULL,0,'N;',1,NULL,7,1,0),(174,131,167,'2019-05-06 09:46:14','2019-05-06 09:46:14','service_more','Screen - Möbel Maier - Shelf Header',NULL,0,'N;',5,NULL,7,1,0),(175,132,171,'2019-05-20 17:12:12','2019-05-20 17:18:56','service_more','Screen shelf header Haider Wohnen',NULL,0,'N;',5,NULL,7,1,0),(176,133,172,'2019-05-20 17:14:50','2019-05-20 17:19:18','service_more','Screen shelf signage Haider Wohnen',NULL,0,'N;',1,NULL,7,1,0),(177,134,173,'2019-05-22 09:23:56','2019-05-22 09:26:39','service_more','screen shelf header Wohnquartier',NULL,0,'N;',5,NULL,7,1,0),(178,135,174,'2019-05-22 09:24:32','2019-05-22 09:26:53','service_more','screen shelf idle Wohnquartier',NULL,0,'N;',1,NULL,7,1,0),(179,136,176,'2019-06-05 12:41:30','2019-06-05 12:48:11','service_more','Screen shelf header fox holz',NULL,0,'N;',5,NULL,7,1,0),(180,137,175,'2019-06-05 12:41:53','2019-06-05 12:48:36','service_more','screen shelf signage fox holz',NULL,0,'N;',1,NULL,7,1,0),(181,138,177,'2019-06-05 12:44:42','2019-06-05 12:51:09','service_more','Screen Signage Shelf Phillip & Kurt Manufaktur',NULL,0,'N;',1,NULL,7,1,0),(182,139,178,'2019-06-05 12:45:01','2019-06-05 12:51:18','service_more','Screen Shelf  Header Phillip & Kurt Manufaktur',NULL,0,'N;',5,NULL,7,1,0),(183,140,179,'2019-06-11 10:41:26','2019-06-11 10:51:33','service_more','Screen Shelf Header Aichner',NULL,0,'N;',5,NULL,7,1,0),(184,146,180,'2019-06-11 10:42:19','2019-06-11 10:51:51','service_more','Screen Shelf Idle Aichner',NULL,0,'N;',1,NULL,7,1,0),(185,143,182,'2019-06-11 10:43:07','2019-06-11 10:58:24','service_more','Screen Shelf Header Aufschnaiter',NULL,0,'N;',5,NULL,7,1,0),(186,147,181,'2019-06-11 10:44:20','2019-06-11 10:58:36','service_more','Screen Shelf Idle Aufschnaiter',NULL,0,'N;',1,NULL,7,1,0),(187,144,183,'2019-06-11 10:45:52','2019-06-11 11:02:36','service_more','Screen Shelf Header Möbel Fellner',NULL,0,'N;',5,NULL,7,1,0),(188,148,184,'2019-06-11 10:46:32','2019-06-11 11:02:50','service_more','Screen Shelf Idle Fellner',NULL,0,'N;',1,NULL,7,1,0),(189,145,185,'2019-06-11 10:47:24','2019-06-11 11:06:16','service_more','Screen Shelf Header See & Maschik',NULL,0,'N;',5,NULL,7,1,0),(190,149,186,'2019-06-11 10:47:55','2019-06-11 11:06:26','service_more','Screen Shelf Idle See & Maschik',NULL,0,'N;',1,NULL,7,1,0),(191,150,190,'2019-06-12 11:23:10','2019-06-12 11:26:52','service_more','screen shelf header küchegraz.at',NULL,0,'N;',5,NULL,7,1,0),(192,152,187,'2019-06-12 11:23:25','2019-06-12 11:27:05','service_more','scren shelf idle küchegraz.at',NULL,0,'N;',1,NULL,7,1,0),(193,153,191,'2019-06-26 17:46:42','2019-06-26 17:48:03','service_more','S&M Möbel Fellner Signage Screen',NULL,0,'N;',5,NULL,7,1,0),(194,154,194,'2019-08-19 11:15:34','2019-08-19 11:22:13','admin','Screen Auhof Imbiss',NULL,0,'N;',5,NULL,1,1,0),(195,155,196,'2019-08-19 11:15:55','2019-08-19 11:22:29','admin','Screen Auhof Feinkost',NULL,0,'N;',5,NULL,1,1,0),(196,156,195,'2019-08-19 11:16:18','2019-08-19 11:22:43','admin','Screen Auhof Fleisch',NULL,0,'N;',5,NULL,1,1,0),(197,157,193,'2019-08-19 11:16:40','2019-08-19 11:22:57','admin','Screen Auhof Decke Quer',NULL,0,'N;',5,NULL,1,1,0),(200,160,199,'2019-08-22 14:46:55','2019-08-22 14:54:19','service_more','screen shelf header Küchen & Wohnstudio Schwaiger KG',NULL,0,'N;',5,NULL,7,1,0),(201,161,198,'2019-08-22 14:47:55','2019-08-22 14:54:36','service_more','screen shelf idle Küchen & Wohnstudio Schwaiger KG',NULL,0,'N;',1,NULL,7,1,0),(202,162,200,'2019-08-22 15:05:09','2019-08-22 15:11:23','service_more','screen shelf header K&B Unterlerchner GmbH',NULL,0,'N;',5,NULL,7,1,0),(203,163,201,'2019-08-22 15:05:52','2019-08-22 15:11:36','service_more','screen shelf idle K&B Unterlerchner GmbH',NULL,0,'N;',1,NULL,7,1,0),(204,164,203,'2019-08-23 10:54:37','2019-08-23 11:02:06','service_more','screen shelf header Wohnraum Eder GmbH',NULL,0,'N;',5,NULL,7,1,0),(205,165,202,'2019-08-23 10:56:16','2019-08-23 11:02:23','service_more','screen shelf idle Wohnraum Eder GmbH',NULL,0,'N;',1,NULL,7,1,0),(206,166,205,'2019-08-23 11:05:03','2019-08-23 11:07:52','service_more','screen shelf header Föger',NULL,0,'N;',5,NULL,7,1,0),(207,167,204,'2019-08-23 11:05:40','2019-08-23 11:08:03','service_more','screen shelf signage Föger',NULL,0,'N;',1,NULL,7,1,0),(208,168,207,'2019-08-23 11:18:35','2019-08-23 11:21:44','service_more','screen shelf header Wimmer Wohnen GmbH',NULL,0,'N;',5,NULL,7,1,0),(209,169,206,'2019-08-23 11:19:00','2019-08-23 11:21:55','service_more','screen shelf idle Wimmer Wohnen GmbH',NULL,0,'N;',1,NULL,7,1,0),(210,170,208,'2019-08-26 10:30:47','2019-08-26 10:33:45','service_more','Screen Signage Shelf Raumgestaltung Widy GmbH',NULL,0,'N;',1,NULL,7,1,0),(211,171,209,'2019-08-26 10:31:14','2019-08-26 10:33:57','service_more','Screen Shelf Header Raumgestaltung Widy GmbH',NULL,0,'N;',5,NULL,7,1,0),(212,172,211,'2019-08-26 14:21:44','2019-08-26 14:25:33','service_more','screen shelf header Küchenzentrum Steffl GmbH',NULL,0,'N;',5,NULL,7,1,0),(213,173,210,'2019-08-26 14:22:09','2019-08-26 14:25:49','service_more','screen shelf idle Küchenzentrum Steffl GmbH',NULL,0,'N;',1,NULL,7,1,0),(214,174,214,'2019-08-26 14:35:26','2019-08-26 14:39:28','service_more','Screen Shelf Header Wohndesign Maierhofer',NULL,0,'N;',5,NULL,7,1,0),(215,175,212,'2019-08-26 14:35:56','2019-08-26 14:39:44','service_more','Screen Shelf Idle Wohndesign Maierhofer',NULL,0,'N;',1,NULL,7,1,0),(216,176,213,'2019-08-26 14:36:33','2019-08-26 14:39:53','service_more','Screen Signage Wohndesign Maierhofer',NULL,0,'N;',5,NULL,7,1,0),(217,177,216,'2019-08-27 10:14:44','2019-08-27 10:19:12','service_more','screen shelf header Georg Mayerhofer',NULL,0,'N;',5,NULL,7,1,0),(218,178,215,'2019-08-27 10:15:28','2019-08-27 10:19:25','service_more','screen shelf signage Georg Mayerhofer',NULL,0,'N;',1,NULL,7,1,0),(219,179,218,'2019-08-27 10:26:25','2019-08-27 10:32:28','service_more','screen shelf header Winter - die Einrichtung',NULL,0,'N;',5,NULL,7,1,0),(220,180,217,'2019-08-27 10:27:37','2019-08-27 10:33:32','service_more','screen shelf idle Winter - die Einrichtung',NULL,0,'N;',1,NULL,7,1,0),(221,181,220,'2019-08-27 10:38:35','2019-08-27 10:47:57','service_more','screen shelf header Johann Glanz Raumdesigner',NULL,0,'N;',5,NULL,7,1,0),(222,182,219,'2019-08-27 10:39:22','2019-08-27 10:48:09','service_more','screen shelf idle Johann Glanz Raumdesigner',NULL,0,'N;',1,NULL,7,1,0),(223,183,222,'2019-08-27 10:52:21','2019-08-27 10:55:54','service_more','screen shelf header Kreibich Malerwerkstatt',NULL,0,'N;',5,NULL,7,1,0),(224,184,221,'2019-08-27 10:52:52','2019-08-27 10:56:03','service_more','screen shelf idle Kreibich Malerwerkstatt',NULL,0,'N;',1,NULL,7,1,0),(227,187,226,'2019-10-16 10:56:29','2019-10-16 11:03:29','service_more','Screen Shelf Header Möbel Zimmermann',NULL,0,'N;',5,NULL,7,1,0),(228,188,225,'2019-10-16 10:59:04','2019-10-16 11:03:56','service_more','Screen Shelf Idle Möbel Zimmermann',NULL,0,'N;',1,NULL,7,1,0),(229,189,228,'2019-10-16 11:16:06','2019-10-16 11:23:46','service_more','Screen Shelf Header Burtscher Böden',NULL,0,'N;',5,NULL,7,1,0),(230,190,227,'2019-10-16 11:16:39','2019-10-16 11:24:21','service_more','Screen Shelf Idle Burtscher Böden',NULL,0,'N;',1,NULL,7,1,0),(231,191,230,'2019-10-16 11:50:22','2019-10-16 11:50:22','service_more','Screen Shelf Header Resch Home',NULL,0,'N;',5,NULL,7,1,0),(232,192,229,'2019-10-16 11:51:00','2019-10-16 11:51:00','service_more','Screen Shelf Idle Resch Home',NULL,0,'N;',1,NULL,7,1,0),(233,193,232,'2019-10-16 12:06:00','2019-10-16 12:06:00','service_more','Screen Shelf Header Möbel Handl',NULL,0,'N;',5,NULL,7,1,0),(234,194,231,'2019-10-16 12:07:06','2019-10-16 12:07:06','service_more','Screen Shelf Idle Möbel Handl',NULL,0,'N;',1,NULL,7,1,0),(235,195,234,'2019-10-16 12:16:17','2019-10-16 12:16:17','service_more','Screen Shelf Header Designstudio Wolfgang Nowak',NULL,0,'N;',5,NULL,7,1,0),(236,196,233,'2019-10-16 12:17:08','2019-10-16 12:17:08','service_more','Screen Shelf Idle Designstudio Wolfgang Nowak',NULL,0,'N;',1,NULL,7,1,0),(237,197,236,'2019-10-16 12:28:55','2019-10-16 12:28:55','service_more','Screen Shelf Header Oberrauter',NULL,0,'N;',5,NULL,7,1,0),(238,198,235,'2019-10-16 12:29:38','2019-10-16 12:29:38','service_more','Screen Shelf Idle Oberrauter',NULL,0,'N;',1,NULL,7,1,0),(239,199,238,'2019-10-16 12:36:52','2019-10-16 12:36:52','service_more','Screen Shelf Header Anton Meyer Raumausstattung',NULL,0,'N;',5,NULL,7,1,0),(240,200,237,'2019-10-16 12:37:25','2019-10-16 12:37:25','service_more','Screen Shelf Idle Anton Meyer Raumausstattung',NULL,0,'N;',1,NULL,7,1,0),(241,201,240,'2019-10-16 12:49:14','2019-10-16 12:49:14','service_more','Screen Shelf Header Groiss Wohnkultur',NULL,0,'N;',5,NULL,7,1,0),(242,202,239,'2019-10-16 12:49:53','2019-10-16 12:49:53','service_more','Screen Shelf Idle Groiss Wohnkultur',NULL,0,'N;',1,NULL,7,1,0),(243,203,242,'2019-10-21 11:40:48','2019-10-21 11:40:48','service_more','screen shelf header Möbel Laimer',NULL,0,'N;',5,NULL,7,1,0),(244,204,241,'2019-10-21 11:41:22','2019-10-21 11:41:22','service_more','screen shelf idle Möbel Laimer',NULL,0,'N;',1,NULL,7,1,0),(245,205,244,'2019-10-21 11:47:37','2019-10-21 11:47:37','service_more','screen shelf header Mazenreiter',NULL,0,'N;',5,NULL,7,1,0),(246,206,243,'2019-10-21 11:48:02','2019-10-21 11:48:02','service_more','screen shelf idle Mazenreiter',NULL,0,'N;',1,NULL,7,1,0),(247,207,246,'2019-10-21 11:52:01','2019-10-21 11:52:01','service_more','screen shelf header Spätauf',NULL,0,'N;',5,NULL,7,1,0),(248,208,245,'2019-10-21 11:52:28','2019-10-21 11:52:28','service_more','screen shelf idle Spätauf',NULL,0,'N;',1,NULL,7,1,0),(249,209,248,'2019-10-21 11:56:19','2019-10-21 11:56:19','service_more','screen shelf header Hannerer',NULL,0,'N;',5,NULL,7,1,0),(250,210,247,'2019-10-21 11:56:41','2019-10-21 11:56:41','service_more','screen shelf idle Hannerer',NULL,0,'N;',1,NULL,7,1,0),(251,211,250,'2019-10-21 15:07:12','2019-10-21 15:07:12','service_more','screen shelf header Ablinger',NULL,0,'N;',5,NULL,7,1,0),(252,212,249,'2019-10-21 15:07:36','2019-10-21 15:07:36','service_more','screen shelf idle Ablinger',NULL,0,'N;',1,NULL,7,1,0),(253,213,252,'2019-10-21 15:11:27','2019-10-21 15:11:27','service_more','screen shelf header Landrichtinger',NULL,0,'N;',5,NULL,7,1,0),(254,214,251,'2019-10-21 15:11:58','2019-10-21 15:11:58','service_more','screen shelf idle Landrichtinger',NULL,0,'N;',1,NULL,7,1,0),(255,215,254,'2019-10-21 15:15:47','2019-10-21 15:15:47','service_more','screen shelf header Assl Möbel',NULL,0,'N;',5,NULL,7,1,0),(256,216,253,'2019-10-21 15:16:19','2019-10-21 15:16:19','service_more','screen shelf idle Assl Möbel',NULL,0,'N;',1,NULL,7,1,0),(257,217,256,'2019-10-21 15:21:23','2019-10-21 15:21:23','service_more','screen shelf header MF-Böden',NULL,0,'N;',5,NULL,7,1,0),(258,218,255,'2019-10-21 15:21:45','2019-10-21 15:21:45','service_more','screen shelf idle MF-Böden',NULL,0,'N;',1,NULL,7,1,0),(259,219,257,'2019-10-29 14:02:02','2019-10-29 14:03:44','service_more','Screen Signage Burtscher',NULL,0,'N;',5,NULL,7,1,0),(260,220,275,'2020-02-05 15:13:12','2020-02-05 15:13:12','service_more','screen shelf header Berger Markus Tapezierer und Raumausstatter',NULL,0,'N;',5,NULL,7,1,0),(261,221,263,'2020-02-05 15:13:49','2020-02-05 15:13:49','service_more','screen shelf idle Berger Markus Tapezierer und Raumausstatter',NULL,0,'N;',1,NULL,7,1,0),(262,222,270,'2020-02-05 15:14:20','2020-02-05 15:14:20','service_more','screen shelf header dasmöbelhaus Huber',NULL,0,'N;',5,NULL,7,1,0),(263,223,258,'2020-02-05 15:15:13','2020-02-05 15:15:13','service_more','screen shelf idle dasmöbelhaus Huber',NULL,0,'N;',1,NULL,7,1,0),(264,224,272,'2020-02-05 15:15:54','2020-02-05 15:15:54','service_more','screen shelf header Drack Maler und Bodenleger',NULL,0,'N;',5,NULL,7,1,0),(265,225,260,'2020-02-05 15:16:23','2020-02-05 15:16:23','service_more','screen shelf idle Drack Maler und Bodenleger',NULL,0,'N;',1,NULL,7,1,0),(266,226,279,'2020-02-05 15:16:58','2020-02-05 15:16:58','service_more','screen shelf header Erich Brunner e.U. Raumausstatter - Tapezierermeister',NULL,0,'N;',5,NULL,7,1,0),(267,227,267,'2020-02-05 15:17:22','2020-02-05 15:17:22','service_more','screen shelf idle Erich Brunner e.U. Raumausstatter - Tapezierermeister',NULL,0,'N;',1,NULL,7,1,0),(268,228,276,'2020-02-05 15:18:00','2020-02-05 15:18:00','service_more','screen shelf header Fetz Karl e.U. Fachgeschäft für Raumausstattung',NULL,0,'N;',5,NULL,7,1,0),(269,229,264,'2020-02-05 15:18:25','2020-02-05 15:18:25','service_more','screen shelf idle Fetz Karl e.U. Fachgeschäft für Raumausstattung',NULL,0,'N;',1,NULL,7,1,0),(270,230,271,'2020-02-05 15:18:58','2020-02-05 15:18:58','service_more','screen shelf header Gerhard Ilg Raumgestaltung',NULL,0,'N;',5,NULL,7,1,0),(271,231,259,'2020-02-05 15:20:08','2020-02-05 15:20:08','service_more','screen shelf idle Gerhard Ilg Raumgestaltung',NULL,0,'N;',1,NULL,7,1,0),(272,232,277,'2020-02-05 15:20:36','2020-02-05 15:20:36','service_more','screen shelf header Leopold Stranzl GmbH',NULL,0,'N;',5,NULL,7,1,0),(273,233,265,'2020-02-05 15:21:03','2020-02-05 15:21:03','service_more','screen shelf idle Leopold Stranzl GmbH',NULL,0,'N;',1,NULL,7,1,0),(274,234,280,'2020-02-05 15:21:46','2020-02-05 15:21:46','service_more','screen shelf header MATUTEX GmbH',NULL,0,'N;',5,NULL,7,1,0),(275,235,268,'2020-02-05 15:22:09','2020-02-05 15:22:09','service_more','screen shelf idle MATUTEX GmbH',NULL,0,'N;',1,NULL,7,1,0),(276,236,278,'2020-02-05 15:22:40','2020-02-05 15:22:40','service_more','screen shelf header Prix & Rak',NULL,0,'N;',5,NULL,7,1,0),(277,237,266,'2020-02-05 15:23:08','2020-02-05 15:23:08','service_more','screen shelf idle Prix & Rak',NULL,0,'N;',1,NULL,7,1,0),(278,240,273,'2020-02-05 15:25:16','2020-02-05 15:25:16','service_more','screen shelf header Schild GmbH & Co. KG',NULL,0,'N;',5,NULL,7,1,0),(279,241,261,'2020-02-05 15:25:46','2020-02-05 15:25:46','service_more','screen shelf idle Schild GmbH & Co. KG',NULL,0,'N;',1,NULL,7,1,0),(280,238,274,'2020-02-05 15:26:12','2020-02-05 15:26:12','service_more','screen shelf header Schmidt Raumausstattung',NULL,0,'N;',5,NULL,7,1,0),(281,239,262,'2020-02-05 15:26:37','2020-02-05 15:26:37','service_more','screen shelf idle Schmidt Raumausstattung',NULL,0,'N;',1,NULL,7,1,0),(282,242,281,'2020-03-10 12:34:55','2020-03-10 12:34:55','service_more','Screen Brunner DS',NULL,0,'N;',5,NULL,7,1,0),(283,243,283,'2020-03-18 10:05:18','2020-03-18 10:10:24','service_more','screen shelf header Josef Schmidt Raumausstattung Linz',NULL,0,'N;',5,NULL,7,1,0),(284,244,282,'2020-03-18 10:05:42','2020-03-18 10:10:41','service_more','screen  shelf idle Josef Schmidt Raumausstattung Linz',NULL,0,'N;',1,NULL,7,1,0),(285,245,285,'2020-04-10 10:42:29','2020-04-10 10:42:29','service_more','screen shelf header Trixl',NULL,0,'N;',5,NULL,7,1,0),(286,246,284,'2020-04-10 10:42:59','2020-04-10 10:42:59','service_more','screen shelf idle Trixl',NULL,0,'N;',1,NULL,7,1,0),(287,247,287,'2020-10-02 10:19:20','2020-10-02 10:19:20','service_more','screen shelf header Kirchschlager',NULL,0,'N;',5,NULL,7,1,0),(288,248,286,'2020-10-02 10:19:51','2020-10-02 10:19:51','service_more','screen shelf idle Kirchschlager',NULL,0,'N;',1,NULL,7,1,0),(289,249,289,'2020-11-04 09:50:28','2020-11-04 09:50:28','service_more','Screen - mayrhofer küche&wohnen - Shelf Header',NULL,0,'N;',5,NULL,7,1,0),(290,250,288,'2020-11-04 09:52:57','2020-11-04 09:52:57','service_more','Player - mayrhofer küche&wohnen - Digital Signage',NULL,0,'N;',5,NULL,7,1,0),(291,251,292,'2020-12-11 08:37:28','2020-12-11 08:37:28','service_more','Screen Shelf Header Griesbacher',NULL,0,'N;',5,NULL,7,1,0),(292,252,290,'2020-12-11 08:38:03','2020-12-11 08:38:03','service_more','Screen Shelf Idle Griesbacher',NULL,0,'N;',1,NULL,7,1,0),(293,253,293,'2020-12-11 08:39:36','2020-12-11 08:39:36','service_more','Screen Shelf Header Herbert Moser',NULL,0,'N;',5,NULL,7,1,0),(294,254,291,'2020-12-11 08:40:05','2020-12-11 08:40:05','service_more','Screen Shelf Idle Herbert Moser',NULL,0,'N;',1,NULL,7,1,0),(295,255,295,'2021-02-12 12:15:22','2021-02-12 12:15:22','service_more','screen shelf header Aster',NULL,0,'N;',5,NULL,7,1,0),(296,256,294,'2021-02-12 12:15:54','2021-02-12 12:15:54','service_more','screen shelf idle Aster',NULL,0,'N;',1,NULL,7,1,0),(297,257,296,'2021-03-03 09:09:43','2021-03-03 09:09:43','service_more','screen shelf header Test JT',NULL,0,'N;',5,NULL,7,1,0),(298,258,297,'2021-03-03 09:10:07','2021-03-03 09:10:07','service_more','screen shelf Idle Test JT',NULL,0,'N;',1,NULL,7,1,0),(299,259,299,'2021-03-10 12:29:24','2021-03-10 12:29:24','service_more','screen shelf header Wohnideen Hueter eU',NULL,0,'N;',5,NULL,7,1,0),(300,260,298,'2021-03-10 12:29:54','2021-03-10 12:29:54','service_more','screen shelf idle Wohnideen Hueter eU',NULL,0,'N;',1,NULL,7,1,0),(301,261,301,'2021-03-17 13:45:31','2021-03-17 13:45:31','service_more','screen shelf header Impex',NULL,0,'N;',5,NULL,7,1,0),(302,262,300,'2021-03-17 14:03:24','2021-03-17 14:03:24','service_more','screen shelf idle Impex',NULL,0,'N;',1,NULL,7,1,0),(303,263,303,'2021-05-04 08:30:11','2021-05-04 08:30:11','service_more','screen shelf header Egger Raumdesign',NULL,0,'N;',5,NULL,7,1,0),(304,264,302,'2021-05-04 08:30:40','2021-05-04 08:30:40','service_more','screen shelf idle Egger Raumdesign',NULL,0,'N;',1,NULL,7,1,0),(305,265,305,'2021-05-04 08:36:26','2021-05-04 08:36:26','service_more','screen shelf header Schwab Walcher',NULL,0,'N;',5,NULL,7,1,0),(306,266,304,'2021-05-04 08:36:58','2021-05-04 08:36:58','service_more','screen shelf idle Schwab Walcher',NULL,0,'N;',1,NULL,7,1,0),(307,267,307,'2021-07-21 13:07:17','2021-07-21 13:07:17','service_more','screen shelf header Möbelhaus Karner',NULL,0,'N;',5,NULL,7,1,0),(308,268,306,'2021-07-21 13:08:32','2021-07-21 13:08:32','service_more','screen shelf idle Möbelhaus Karner',NULL,0,'N;',1,NULL,7,1,0),(309,269,308,'2021-10-25 11:10:25','2021-10-25 11:10:25','service_more','Screen shelf header Winkler Raumausstattung',NULL,0,'N;',5,NULL,7,1,0),(310,270,309,'2021-10-25 11:11:02','2021-10-25 11:11:02','service_more','Screen shelf idle Winkler Raumausstattung',NULL,0,'N;',1,NULL,7,1,0),(311,271,311,'2022-04-27 10:01:16','2022-04-27 10:01:16','service_more','screen shelf header Laforma',NULL,0,'N;',5,NULL,7,1,0),(312,272,310,'2022-04-27 10:02:59','2022-04-27 10:02:59','service_more','screen shelf idle Laforma',NULL,0,'N;',1,NULL,7,1,0),(313,273,313,'2022-05-17 10:52:34','2022-05-17 10:53:27','service_more','screen shelf header Zieger',NULL,0,'N;',5,NULL,7,1,0),(314,274,312,'2022-05-17 10:53:07','2022-05-17 10:53:07','service_more','screen shelf idle Zieger',NULL,0,'N;',1,NULL,7,1,0),(315,275,315,'2022-05-27 09:09:17','2022-05-27 09:09:17','service_more','screen shelf header S-Wohndesign GmbH Schneiderbauer',NULL,0,'N;',6,NULL,7,1,0),(316,276,314,'2022-05-27 09:09:46','2022-05-27 09:09:46','service_more','screen shelf idle S-Wohndesign GmbH Schneiderbauer',NULL,0,'N;',1,NULL,7,1,0),(317,277,317,'2022-06-23 11:46:08','2022-06-23 11:46:08','service_more','screen shelf header egger EINRICHTEN GmbH',NULL,0,'N;',5,NULL,7,1,0),(318,278,316,'2022-06-23 11:46:52','2022-06-23 11:46:52','service_more','screen shelf idle egger EINRICHTEN GmbH',NULL,0,'N;',1,NULL,7,1,0),(319,279,319,'2022-06-23 14:43:59','2022-06-23 14:43:59','service_more','screen shelf header Aigner Wohnkonzepte',NULL,0,'N;',5,NULL,7,1,0),(320,280,318,'2022-06-23 14:44:28','2022-06-23 14:44:28','service_more','screen shelf idle Aigner Wohnkonzepte',NULL,0,'N;',1,NULL,7,1,0),(321,281,321,'2022-09-13 16:56:10','2022-09-13 16:56:10','service_more','screen shelf header Tikal',NULL,0,'N;',5,NULL,7,1,0),(322,282,320,'2022-09-13 16:56:48','2022-09-13 16:56:48','service_more','screen shelf idle Tikal',NULL,0,'N;',1,NULL,7,1,0),(323,283,323,'2022-11-30 16:58:59','2022-11-30 16:58:59','service_more','screen shelf header Möbel Freudling',NULL,0,'N;',5,NULL,7,1,0),(324,284,322,'2022-11-30 16:59:24','2022-11-30 16:59:24','service_more','screen shelf idle Möbel Freudling',NULL,0,'N;',1,NULL,7,1,0),(325,287,327,'2023-03-09 14:20:02','2023-03-09 14:20:02','service_more','screen shelf header Christian Streller',NULL,0,'N;',5,NULL,7,1,0),(326,288,324,'2023-03-09 14:20:32','2023-03-09 14:20:32','service_more','screen shelf idle Christian Streller',NULL,0,'N;',1,NULL,7,1,0),(327,285,326,'2023-03-09 14:21:15','2023-03-09 14:21:15','service_more','screen shelf header Tischlerei Bauer',NULL,0,'N;',5,NULL,7,1,0),(328,286,325,'2023-03-09 14:21:45','2023-03-09 14:21:45','service_more','screen shelf idle Tischlerei Bauer',NULL,0,'N;',1,NULL,7,1,0),(329,289,330,'2023-04-26 10:12:31','2023-04-26 10:12:31','service_more','screen shelf header Maislinger',NULL,0,'N;',5,NULL,7,1,0),(330,290,329,'2023-04-26 10:13:06','2023-04-26 10:13:06','service_more','screen shelf idle Maislinger',NULL,0,'N;',1,NULL,7,1,0),(331,291,332,'2023-08-14 12:16:29','2023-08-14 12:16:29','service_more','screen shelf header GUPFINGER',NULL,0,'N;',5,NULL,7,1,0),(332,292,331,'2023-08-14 12:17:00','2023-08-14 12:17:00','service_more','screen shelf idle GUPFINGER',NULL,0,'N;',1,NULL,7,1,0),(333,293,334,'2023-12-04 08:33:32','2023-12-04 08:33:32','service_more','Screen shelf header ZÜTTL',NULL,0,'N;',5,NULL,7,1,0),(334,294,333,'2023-12-04 08:34:01','2023-12-04 08:34:01','service_more','screen shelf idle ZÜTTL',NULL,0,'N;',1,NULL,7,1,0),(335,295,336,'2024-02-28 07:33:36','2024-02-28 07:33:36','service_more','scren shelf header LEO WOHNARCHITEKTUR',NULL,0,'N;',5,NULL,7,1,0),(336,296,335,'2024-02-28 07:34:05','2024-02-28 07:34:05','service_more','screen shelf idle LEO WOHNARCHITEKTUR',NULL,0,'N;',1,NULL,7,1,0);

--
-- Table structure for table `ds_screen_setup`
--

CREATE TABLE `ds_screen_setup` (
  `id` int(11) NOT NULL AUTO_INCREMENT,
  `created` datetime NOT NULL,
  `updated` datetime NOT NULL,
  `updatedBy` varchar(255) DEFAULT NULL,
  `name` varchar(255) NOT NULL,
  `rect` longtext DEFAULT NULL COMMENT '(DC2Type:array)',
  `orientation` varchar(255) NOT NULL DEFAULT 'undefined',
  `mandate_id` int(10) unsigned DEFAULT NULL,
  PRIMARY KEY (`id`),
  UNIQUE KEY `UNIQ_84AAE7A65E237E06` (`name`),
  KEY `IDX_84AAE7A66C1129CD` (`mandate_id`),
  CONSTRAINT `FK_84AAE7A66C1129CD` FOREIGN KEY (`mandate_id`) REFERENCES `sys_mandate` (`id`)
) ENGINE=InnoDB AUTO_INCREMENT=16 DEFAULT CHARSET=utf8mb3 COLLATE=utf8mb3_unicode_ci;

--
-- Dumping data for table `ds_screen_setup`
--

INSERT INTO `ds_screen_setup` VALUES (1,'2015-06-01 16:38:42','2015-07-22 10:45:42','admin','Hochformat 9:16 (1080x1920) | TopLeft','a:4:{s:1:\"x\";i:0;s:1:\"y\";i:0;s:5:\"width\";i:1080;s:6:\"height\";i:1920;}','portrait',NULL),(2,'2015-06-01 16:38:42','2015-07-22 10:46:35','admin','Hochformat 9:16 (1080x1920) | TopRight','a:4:{s:1:\"x\";i:1080;s:1:\"y\";i:0;s:5:\"width\";i:1080;s:6:\"height\";i:1920;}','portrait',NULL),(3,'2015-07-22 10:40:08','2015-07-22 10:46:56','admin','Hochformat 9:16 (1080x1920) | BottomLeft','a:4:{s:1:\"x\";i:0;s:1:\"y\";i:1920;s:5:\"width\";i:1080;s:6:\"height\";i:1920;}','portrait',NULL),(4,'2015-07-22 10:41:32','2015-07-22 10:47:08','admin','Hochformat 9:16 (1080x1920) | BottomRight','a:4:{s:1:\"x\";i:1080;s:1:\"y\";i:1920;s:5:\"width\";i:1080;s:6:\"height\";i:1920;}','portrait',NULL),(5,'2015-07-22 10:43:07','2015-07-22 10:43:07','admin','Querformat 16:9 (1920x1080) | TopLeft','a:4:{s:1:\"x\";i:0;s:1:\"y\";i:0;s:5:\"width\";i:1920;s:6:\"height\";i:1080;}','landscape',NULL),(6,'2015-07-22 10:43:54','2015-07-22 10:43:54','admin','Querformat 16:9 (1920x1080) | TopRight','a:4:{s:1:\"x\";i:1920;s:1:\"y\";i:0;s:5:\"width\";i:1920;s:6:\"height\";i:1080;}','landscape',NULL),(7,'2015-07-22 10:44:10','2015-07-22 10:44:10','admin','Querformat 16:9 (1920x1080) | BottomLeft','a:4:{s:1:\"x\";i:0;s:1:\"y\";i:1080;s:5:\"width\";i:1920;s:6:\"height\";i:1080;}','landscape',NULL),(8,'2015-07-22 10:44:22','2015-07-22 10:44:22','admin','Querformat 16:9 (1920x1080) | BottomRight','a:4:{s:1:\"x\";i:1920;s:1:\"y\";i:1080;s:5:\"width\";i:1920;s:6:\"height\";i:1080;}','landscape',NULL),(9,'2015-07-22 10:43:07','2015-07-22 10:43:07','admin','Querformat 16:10 (1280x800) | TopLeft','a:4:{s:1:\"x\";i:0;s:1:\"y\";i:0;s:5:\"width\";i:1280;s:6:\"height\";i:800;}','landscape',NULL),(10,'2015-07-22 10:43:07','2015-07-22 10:43:07','admin','Querformat 16:9 (1280x720) | TopLeft','a:4:{s:1:\"x\";i:0;s:1:\"y\";i:0;s:5:\"width\";i:1280;s:6:\"height\";i:720;}','landscape',NULL),(13,'2016-09-26 14:42:41','2016-09-26 15:00:34','admin','Waage Fullscreen (800x600)','a:4:{s:1:\"x\";i:0;s:1:\"y\";i:0;s:5:\"width\";i:800;s:6:\"height\";i:600;}','landscape',1),(14,'2016-09-26 14:43:15','2016-09-26 14:59:21','admin','Waage Permanent (800x462)','a:4:{s:1:\"x\";i:0;s:1:\"y\";i:0;s:5:\"width\";i:800;s:6:\"height\";i:462;}','landscape',1),(15,'2015-07-22 10:43:07','2015-07-22 10:43:07','admin','6er-Wall 16:9 (3840x3240) | TopLeft','a:4:{s:1:\"x\";i:0;s:1:\"y\";i:0;s:5:\"width\";i:3840;s:6:\"height\";i:3240;}','landscape',NULL);

--
-- Table structure for table `ds_screen_time`
--

CREATE TABLE `ds_screen_time` (
  `id` int(11) NOT NULL AUTO_INCREMENT,
  `screen_id` int(11) NOT NULL,
  `created` datetime NOT NULL,
  `updated` datetime NOT NULL,
  `updatedBy` varchar(255) DEFAULT NULL,
  `priority` int(11) NOT NULL,
  `fullTime` tinyint(1) NOT NULL,
  `onTimes` longtext DEFAULT NULL COMMENT '(DC2Type:array)',
  `weekDays` longtext DEFAULT NULL COMMENT '(DC2Type:simple_array)',
  `date` date DEFAULT NULL,
  `repeatYearly` tinyint(1) NOT NULL,
  `mandate_id` int(10) unsigned DEFAULT NULL,
  PRIMARY KEY (`id`),
  KEY `IDX_9B670E441A67722` (`screen_id`),
  KEY `IDX_9B670E46C1129CD` (`mandate_id`),
  CONSTRAINT `FK_9B670E441A67722` FOREIGN KEY (`screen_id`) REFERENCES `ds_screen` (`id`) ON DELETE CASCADE,
  CONSTRAINT `FK_9B670E46C1129CD` FOREIGN KEY (`mandate_id`) REFERENCES `sys_mandate` (`id`)
) ENGINE=InnoDB AUTO_INCREMENT=169 DEFAULT CHARSET=utf8mb3 COLLATE=utf8mb3_unicode_ci;

--
-- Dumping data for table `ds_screen_time`
--

INSERT INTO `ds_screen_time` VALUES (2,10,'2016-09-07 12:31:24','2017-01-13 20:53:16','admin',0,0,'a:1:{i:0;a:2:{i:0;s:5:\"05:00\";i:1;s:5:\"19:00\";}}','1,2,3,4,5',NULL,1,1),(3,11,'2016-09-07 17:24:35','2019-05-23 20:55:25','c.haas',0,0,'a:1:{i:0;a:2:{i:0;s:5:\"07:30\";i:1;s:5:\"24:00\";}}','1,2,3,4,5',NULL,1,1),(17,10,'2016-09-20 11:09:58','2016-09-20 11:09:58','admin',0,0,'a:1:{i:0;a:2:{i:0;s:5:\"06:00\";i:1;s:5:\"13:30\";}}','0,6',NULL,1,1),(19,9,'2016-09-20 11:10:44','2016-09-20 11:10:44','admin',0,0,'a:1:{i:0;a:2:{i:0;s:5:\"05:00\";i:1;s:5:\"19:00\";}}','1,2,3,4,5',NULL,1,1),(20,9,'2016-09-20 11:10:44','2016-09-20 11:11:13','admin',0,0,'a:1:{i:0;a:2:{i:0;s:5:\"06:00\";i:1;s:5:\"13:30\";}}','0,6',NULL,1,1),(22,8,'2016-09-20 11:11:34','2016-09-20 11:11:34','admin',0,0,'a:1:{i:0;a:2:{i:0;s:5:\"05:00\";i:1;s:5:\"19:00\";}}','1,2,3,4,5',NULL,1,1),(23,8,'2016-09-20 11:11:34','2016-09-20 11:11:59','admin',0,0,'a:1:{i:0;a:2:{i:0;s:5:\"06:00\";i:1;s:5:\"13:30\";}}','0,6',NULL,1,1),(24,11,'2016-09-20 11:13:30','2016-09-20 11:13:30','admin',0,0,'a:1:{i:0;a:2:{i:0;s:5:\"07:30\";i:1;s:5:\"14:00\";}}','6',NULL,1,1),(26,12,'2016-09-20 11:14:13','2019-05-23 20:52:17','c.haas',0,0,'a:1:{i:0;a:2:{i:0;s:5:\"07:30\";i:1;s:4:\"0:00\";}}','1,2,3,4,5,6',NULL,1,1),(27,12,'2016-09-20 11:14:13','2018-12-05 19:01:27','c.haas',0,0,'a:1:{i:0;a:2:{i:0;s:5:\"07:30\";i:1;s:5:\"14:00\";}}','6',NULL,0,1),(29,13,'2016-09-20 11:15:31','2019-05-23 20:52:46','c.haas',0,0,'a:1:{i:0;a:2:{i:0;s:5:\"07:30\";i:1;s:4:\"0:00\";}}','1,2,3,4,5,6',NULL,1,1),(32,14,'2016-09-20 11:16:26','2018-12-05 19:02:44','c.haas',0,0,'a:1:{i:0;a:2:{i:0;s:5:\"07:30\";i:1;s:5:\"20:00\";}}','1,2,3,4,5,6',NULL,1,1),(35,15,'2016-09-20 11:17:23','2018-10-02 19:51:41','c.haas',0,0,'a:1:{i:0;a:2:{i:0;s:5:\"07:30\";i:1;s:5:\"22:00\";}}','1,2,3,4,5',NULL,1,1),(36,15,'2016-09-20 11:17:23','2016-09-20 11:17:33','admin',0,0,'a:1:{i:0;a:2:{i:0;s:5:\"07:30\";i:1;s:5:\"14:00\";}}','6',NULL,1,1),(38,16,'2016-09-20 11:18:13','2019-05-23 20:55:36','c.haas',0,0,'a:1:{i:0;a:2:{i:0;s:5:\"07:30\";i:1;s:5:\"24:00\";}}','1,2,3,4,5,6',NULL,1,1),(44,46,'2017-03-22 14:03:17','2018-12-05 18:58:27','c.haas',0,0,'a:1:{i:0;a:2:{i:0;s:5:\"07:00\";i:1;s:5:\"19:30\";}}','1,2,3,4,5,6',NULL,1,NULL),(45,46,'2017-03-22 14:03:51','2017-03-22 14:03:51','admin',0,0,'a:1:{i:0;a:2:{i:0;s:5:\"08:30\";i:1;s:5:\"14:30\";}}','6',NULL,1,NULL),(46,47,'2017-03-22 14:05:34','2018-12-05 18:59:30','c.haas',0,0,'a:1:{i:0;a:2:{i:0;s:5:\"07:00\";i:1;s:5:\"19:30\";}}','1,2,3,4,5,6',NULL,1,NULL),(47,47,'2017-03-22 14:05:34','2017-03-22 14:05:46','admin',0,0,'a:1:{i:0;a:2:{i:0;s:5:\"08:30\";i:1;s:5:\"14:30\";}}','6',NULL,1,NULL),(49,48,'2017-03-22 14:06:41','2018-12-05 18:59:49','c.haas',0,0,'a:1:{i:0;a:2:{i:0;s:5:\"07:00\";i:1;s:5:\"19:30\";}}','1,2,3,4,5,6',NULL,1,NULL),(50,48,'2017-03-22 14:07:03','2017-03-22 14:07:03','admin',0,0,'a:1:{i:0;a:2:{i:0;s:5:\"08:30\";i:1;s:5:\"14:30\";}}','6',NULL,1,NULL),(52,49,'2017-03-22 14:07:27','2018-12-05 19:00:04','c.haas',0,0,'a:1:{i:0;a:2:{i:0;s:5:\"07:00\";i:1;s:5:\"19:30\";}}','1,2,3,4,5,6',NULL,1,NULL),(53,49,'2017-03-22 14:07:44','2017-03-22 14:07:44','admin',0,0,'a:1:{i:0;a:2:{i:0;s:5:\"08:30\";i:1;s:5:\"14:30\";}}','6',NULL,1,NULL),(58,58,'2017-06-09 12:52:10','2017-06-09 15:25:18','admin_jt',0,0,'a:0:{}','0,1,2,3,4,5,6',NULL,1,NULL),(62,68,'2017-07-11 09:06:15','2019-04-10 18:50:46','admin',0,0,'a:1:{i:0;a:2:{i:0;s:4:\"8:00\";i:1;s:5:\"21:00\";}}','1,2,3,4,5',NULL,1,NULL),(64,69,'2017-07-19 11:56:55','2017-07-19 11:56:55','admin',0,0,'a:1:{i:0;a:2:{i:0;s:5:\"06:00\";i:1;s:5:\"19:00\";}}','1,2,3,4,5,6',NULL,1,NULL),(67,70,'2017-07-19 11:58:04','2017-07-19 11:58:04','admin',0,0,'a:1:{i:0;a:2:{i:0;s:5:\"06:00\";i:1;s:5:\"19:00\";}}','1,2,3,4,5',NULL,1,NULL),(68,70,'2017-07-19 11:58:26','2017-07-19 11:58:26','admin',0,0,'a:1:{i:0;a:2:{i:0;s:5:\"06:00\";i:1;s:5:\"13:00\";}}','6',NULL,1,NULL),(70,71,'2017-07-19 11:59:17','2017-07-19 11:59:17','admin',0,0,'a:1:{i:0;a:2:{i:0;s:5:\"06:00\";i:1;s:5:\"19:00\";}}','1,2,3,4,5',NULL,1,NULL),(71,71,'2017-07-19 11:59:35','2017-07-19 11:59:35','admin',0,0,'a:1:{i:0;a:2:{i:0;s:5:\"06:00\";i:1;s:5:\"13:00\";}}','6',NULL,1,NULL),(72,72,'2017-07-19 12:00:09','2017-07-19 12:00:09','admin',0,0,'a:1:{i:0;a:2:{i:0;s:5:\"06:00\";i:1;s:5:\"19:00\";}}','1,2,3,4,5',NULL,1,NULL),(73,72,'2017-07-19 12:00:22','2017-07-19 12:00:22','admin',0,0,'a:1:{i:0;a:2:{i:0;s:5:\"06:00\";i:1;s:5:\"13:00\";}}','6',NULL,1,NULL),(75,73,'2017-07-19 12:00:45','2018-01-02 20:22:15','c.haas',0,0,'a:1:{i:0;a:2:{i:0;s:5:\"05:00\";i:1;s:5:\"21:00\";}}','0,1,2,3,4,5,6',NULL,1,NULL),(78,79,'2017-08-18 14:52:29','2018-12-05 19:04:22','c.haas',0,0,'a:1:{i:0;a:2:{i:0;s:5:\"07:30\";i:1;s:5:\"19:30\";}}','1,2,3,4,5,6',NULL,1,NULL),(80,80,'2017-08-18 15:28:37','2018-12-05 19:04:40','c.haas',0,0,'a:1:{i:0;a:2:{i:0;s:5:\"07:30\";i:1;s:5:\"19:30\";}}','1,2,3,4,5,6',NULL,1,NULL),(83,83,'2017-08-22 09:17:05','2017-08-22 09:17:05','admin',0,0,'a:1:{i:0;a:2:{i:0;s:5:\"07:30\";i:1;s:5:\"19:30\";}}','1,2,3,4,5',NULL,1,NULL),(85,82,'2017-08-22 09:18:02','2018-12-05 19:01:04','c.haas',0,0,'a:1:{i:0;a:2:{i:0;s:5:\"07:30\";i:1;s:5:\"19:30\";}}','1,2,3,4,5,6',NULL,1,NULL),(88,86,'2017-09-12 09:42:22','2017-09-12 09:42:22','admin',0,0,'a:1:{i:0;a:2:{i:0;s:5:\"07:00\";i:1;s:5:\"19:00\";}}','1,2,3,4,5,6',NULL,1,NULL),(90,87,'2017-09-12 09:42:45','2017-09-12 09:42:45','admin',0,0,'a:1:{i:0;a:2:{i:0;s:5:\"07:00\";i:1;s:5:\"19:00\";}}','1,2,3,4,5,6',NULL,1,NULL),(92,88,'2017-09-12 09:43:03','2017-09-12 09:43:03','admin',0,0,'a:1:{i:0;a:2:{i:0;s:5:\"07:00\";i:1;s:5:\"19:00\";}}','1,2,3,4,5,6',NULL,1,NULL),(94,89,'2017-09-12 09:43:20','2018-01-02 20:21:00','c.haas',0,0,'a:1:{i:0;a:2:{i:0;s:5:\"06:00\";i:1;s:5:\"22:00\";}}','0,1,2,3,4,5,6',NULL,1,NULL),(96,90,'2017-09-12 09:43:39','2017-09-12 09:43:39','admin',0,0,'a:1:{i:0;a:2:{i:0;s:5:\"07:00\";i:1;s:5:\"19:00\";}}','1,2,3,4,5,6',NULL,1,NULL),(98,91,'2017-09-12 09:43:55','2017-09-12 09:43:55','admin',0,0,'a:1:{i:0;a:2:{i:0;s:5:\"07:00\";i:1;s:5:\"19:00\";}}','1,2,3,4,5,6',NULL,1,NULL),(100,96,'2017-11-17 18:01:52','2017-11-28 18:04:05','post',0,0,'a:1:{i:0;a:2:{i:0;s:5:\"06:00\";i:1;s:5:\"22:00\";}}','0,1,2,3,4,5,6',NULL,1,NULL),(102,54,'2018-01-02 20:23:18','2018-01-02 20:23:18','c.haas',0,0,'a:1:{i:0;a:2:{i:0;s:5:\"07:00\";i:1;s:5:\"18:00\";}}','1,2,3,4,5',NULL,1,NULL),(103,54,'2018-01-02 20:23:18','2018-01-02 20:23:18','c.haas',0,0,'N;',NULL,NULL,1,NULL),(105,120,'2018-07-17 10:47:56','2018-12-05 19:07:55','c.haas',0,0,'a:1:{i:0;a:2:{i:0;s:5:\"07:00\";i:1;s:5:\"19:00\";}}','1,2,3,4,5,6',NULL,1,1),(108,121,'2018-07-17 10:59:07','2018-12-05 19:08:25','c.haas',0,0,'a:1:{i:0;a:2:{i:0;s:5:\"07:00\";i:1;s:5:\"19:00\";}}','1,2,3,4,5,6',NULL,1,NULL),(111,122,'2018-07-17 11:00:53','2018-12-05 19:08:56','c.haas',0,0,'a:1:{i:0;a:2:{i:0;s:5:\"07:00\";i:1;s:5:\"19:00\";}}','1,2,3,4,5,6',NULL,1,NULL),(114,130,'2018-07-25 10:48:41','2018-07-25 10:48:41','admin',0,0,'a:1:{i:0;a:2:{i:0;s:5:\"08:30\";i:1;s:5:\"20:30\";}}','1,2,3,4,5',NULL,1,NULL),(115,130,'2018-07-25 10:49:19','2018-07-25 10:49:19','admin',0,0,'a:1:{i:0;a:2:{i:0;s:5:\"08:30\";i:1;s:5:\"18:30\";}}','6',NULL,1,NULL),(117,131,'2018-08-06 10:55:07','2018-08-06 10:55:07','admin',0,0,'a:1:{i:0;a:2:{i:0;s:5:\"06:30\";i:1;s:5:\"18:30\";}}','1,2,3,4,5',NULL,1,NULL),(118,131,'2018-08-06 10:55:44','2018-08-06 10:55:44','admin',0,0,'a:1:{i:0;a:2:{i:0;s:5:\"06:30\";i:1;s:5:\"13:00\";}}','6',NULL,1,NULL),(120,132,'2018-08-06 10:56:09','2018-08-06 10:56:09','admin',0,0,'a:1:{i:0;a:2:{i:0;s:5:\"06:30\";i:1;s:5:\"18:30\";}}','1,2,3,4,5',NULL,1,NULL),(121,132,'2018-08-06 10:56:29','2018-08-06 10:56:29','admin',0,0,'a:1:{i:0;a:2:{i:0;s:5:\"06:30\";i:1;s:5:\"13:00\";}}','6',NULL,1,NULL),(123,133,'2018-08-06 10:56:54','2018-08-06 10:56:54','admin',0,0,'a:1:{i:0;a:2:{i:0;s:5:\"06:30\";i:1;s:5:\"18:30\";}}','1,2,3,4,5',NULL,1,NULL),(124,133,'2018-08-06 10:57:12','2018-08-06 10:57:12','admin',0,0,'a:1:{i:0;a:2:{i:0;s:5:\"06:30\";i:1;s:5:\"13:00\";}}','6',NULL,1,NULL),(126,134,'2018-08-06 10:57:34','2018-08-06 10:57:34','admin',0,0,'a:1:{i:0;a:2:{i:0;s:5:\"06:30\";i:1;s:5:\"18:30\";}}','1,2,3,4,5',NULL,1,NULL),(127,134,'2018-08-06 10:58:15','2018-08-06 10:58:15','admin',0,0,'a:1:{i:0;a:2:{i:0;s:5:\"06:30\";i:1;s:5:\"13:00\";}}','6',NULL,1,NULL),(129,135,'2018-08-06 10:58:34','2018-08-06 10:58:34','admin',0,0,'a:1:{i:0;a:2:{i:0;s:5:\"06:30\";i:1;s:5:\"18:30\";}}','1,2,3,4,5',NULL,1,NULL),(130,135,'2018-08-06 10:58:50','2018-08-06 10:58:50','admin',0,0,'a:1:{i:0;a:2:{i:0;s:5:\"06:30\";i:1;s:5:\"13:00\";}}','6',NULL,1,NULL),(132,116,'2018-08-14 11:53:41','2018-12-05 19:05:44','c.haas',0,0,'a:1:{i:0;a:2:{i:0;s:5:\"07:00\";i:1;s:5:\"19:00\";}}','1,2,3,4,5,6',NULL,1,NULL),(134,117,'2018-08-14 12:11:34','2018-12-05 19:06:07','c.haas',0,0,'a:1:{i:0;a:2:{i:0;s:5:\"07:00\";i:1;s:5:\"19:00\";}}','1,2,3,4,5,6',NULL,1,NULL),(137,118,'2018-08-14 14:49:47','2018-12-05 19:06:21','c.haas',0,0,'a:1:{i:0;a:2:{i:0;s:5:\"07:00\";i:1;s:5:\"19:00\";}}','1,2,3,4,5,6',NULL,1,NULL),(140,119,'2018-08-14 15:02:54','2018-12-05 19:06:43','c.haas',0,0,'a:1:{i:0;a:2:{i:0;s:5:\"07:00\";i:1;s:5:\"19:00\";}}','1,2,3,4,5,6',NULL,1,NULL),(143,136,'2018-08-16 16:55:07','2018-12-05 19:07:29','c.haas',0,0,'a:1:{i:0;a:2:{i:0;s:5:\"07:00\";i:1;s:5:\"19:00\";}}','1,2,3,4,5,6',NULL,1,NULL),(145,138,'2018-11-09 10:02:38','2018-11-09 10:04:19','admin',0,0,'a:1:{i:0;a:2:{i:0;s:5:\"06:30\";i:1;s:5:\"18:30\";}}','1,2,3,4,5',NULL,1,1),(146,138,'2018-11-09 10:04:59','2018-11-09 10:04:59','admin',0,0,'a:1:{i:0;a:2:{i:0;s:5:\"06:30\";i:1;s:5:\"13:00\";}}','6',NULL,1,NULL),(148,156,'2019-04-01 10:05:14','2019-04-01 10:05:14','admin',0,0,'a:1:{i:0;a:2:{i:0;s:5:\"07:30\";i:1;s:5:\"18:30\";}}','1,2,3,4,5',NULL,1,NULL),(149,156,'2019-04-01 10:06:03','2019-04-01 10:06:03','admin',0,0,'a:1:{i:0;a:2:{i:0;s:5:\"07:30\";i:1;s:5:\"13:30\";}}','6',NULL,1,NULL),(152,157,'2019-04-01 10:07:50','2019-04-01 10:07:50','admin',0,0,'a:1:{i:0;a:2:{i:0;s:5:\"07:30\";i:1;s:5:\"18:30\";}}','1,2,3,4,5',NULL,1,NULL),(153,157,'2019-04-01 10:09:08','2019-04-01 10:09:08','admin',0,0,'a:1:{i:0;a:2:{i:0;s:5:\"07:30\";i:1;s:5:\"13:30\";}}','6',NULL,1,NULL),(154,158,'2019-04-01 10:09:56','2019-04-01 10:09:56','admin',0,0,'a:1:{i:0;a:2:{i:0;s:5:\"07:30\";i:1;s:5:\"18:30\";}}','1,2,3,4,5',NULL,1,NULL),(155,158,'2019-04-01 10:12:11','2019-04-01 10:12:11','admin',0,0,'a:1:{i:0;a:2:{i:0;s:5:\"07:30\";i:1;s:5:\"13:30\";}}','6',NULL,1,NULL),(157,159,'2019-04-19 10:25:32','2019-04-19 10:25:32','admin',0,0,'a:1:{i:0;a:2:{i:0;s:5:\"07:00\";i:1;s:5:\"19:00\";}}','1,2,3,4,5,6',NULL,1,NULL),(158,163,'2019-04-24 11:36:32','2019-04-24 11:36:32','admin',0,0,'a:1:{i:0;a:2:{i:0;s:5:\"07:00\";i:1;s:5:\"20:30\";}}','1,2,3,4,5,6',NULL,1,NULL),(160,164,'2019-04-24 11:37:26','2019-04-24 11:37:26','admin',0,0,'a:1:{i:0;a:2:{i:0;s:5:\"07:00\";i:1;s:5:\"20:30\";}}','1,2,3,4,5,6',NULL,1,NULL),(162,165,'2019-04-24 11:37:53','2019-04-24 11:37:53','admin',0,0,'a:1:{i:0;a:2:{i:0;s:5:\"07:00\";i:1;s:5:\"20:30\";}}','1,2,3,4,5,6',NULL,1,NULL),(164,166,'2019-04-24 11:40:30','2019-04-24 11:40:30','admin',0,0,'a:1:{i:0;a:2:{i:0;s:5:\"07:00\";i:1;s:5:\"20:30\";}}','1,2,3,4,5,6',NULL,1,NULL),(165,167,'2019-04-24 11:41:35','2019-04-24 11:41:35','admin',0,0,'a:1:{i:0;a:2:{i:0;s:5:\"07:00\";i:1;s:5:\"20:30\";}}','1,2,3,4,5,6',NULL,1,NULL),(166,167,'2019-04-24 11:41:36','2019-04-24 11:41:36','admin',0,0,'N;',NULL,NULL,1,1),(168,168,'2019-04-24 11:42:26','2019-04-24 11:42:26','admin',0,0,'a:1:{i:0;a:2:{i:0;s:5:\"07:00\";i:1;s:5:\"20:30\";}}','1,2,3,4,5,6',NULL,1,NULL);

--
-- Table structure for table `ds_spot`
--

CREATE TABLE `ds_spot` (
  `id` int(10) unsigned NOT NULL AUTO_INCREMENT,
  `retailer_id` int(11) DEFAULT NULL,
  `created` datetime NOT NULL,
  `updated` datetime NOT NULL,
  `updatedBy` varchar(255) DEFAULT NULL,
  `name` varchar(255) NOT NULL,
  `thumb` varchar(255) DEFAULT NULL,
  `data` longtext DEFAULT NULL COMMENT '(DC2Type:array)',
  `description` longtext DEFAULT NULL,
  `duration` int(11) DEFAULT NULL,
  `public` tinyint(1) NOT NULL DEFAULT 0,
  `changeable` tinyint(1) NOT NULL DEFAULT 0,
  `spotTemplate_id` int(10) unsigned NOT NULL,
  `folder_id` int(10) unsigned DEFAULT NULL,
  `mandate_id` int(10) unsigned DEFAULT NULL,
  PRIMARY KEY (`id`),
  KEY `IDX_4D163592CC938414` (`spotTemplate_id`),
  KEY `IDX_4D16359223F5ED09` (`retailer_id`),
  KEY `IDX_4D163592162CB942` (`folder_id`),
  KEY `IDX_4D1635926C1129CD` (`mandate_id`),
  CONSTRAINT `ds_spot_ibfk_1` FOREIGN KEY (`folder_id`) REFERENCES `ds_folder` (`id`) ON DELETE SET NULL,
  CONSTRAINT `ds_spot_ibfk_2` FOREIGN KEY (`retailer_id`) REFERENCES `ds_retailer` (`id`) ON DELETE CASCADE,
  CONSTRAINT `ds_spot_ibfk_3` FOREIGN KEY (`mandate_id`) REFERENCES `sys_mandate` (`id`),
  CONSTRAINT `ds_spot_ibfk_4` FOREIGN KEY (`spotTemplate_id`) REFERENCES `ds_spot_template` (`id`)
) ENGINE=InnoDB AUTO_INCREMENT=4245 DEFAULT CHARSET=utf8mb3 COLLATE=utf8mb3_unicode_ci;

--
-- Dumping data for table `ds_spot`
--

INSERT INTO `ds_spot` VALUES (349,1,'2016-07-22 14:24:05','2018-03-06 17:09:11','c.haas','Radatz Logo','349.jpg','a:1:{s:5:\"image\";s:64:\"{mediaPath}content/media/retailer/1/spot_image_57922c84972cc.jpg\";}',NULL,0,0,0,4,114,1),(353,1,'2016-07-22 14:24:05','2018-03-06 17:09:15','c.haas','Fleischerei & Wiener Küche','353.jpg','a:2:{s:5:\"image\";s:64:\"{mediaPath}content/media/retailer/1/spot_image_57922c8519e59.jpg\";s:6:\"border\";s:4:\"nein\";}',NULL,0,0,0,4,114,1),(354,1,'2016-07-22 14:24:05','2018-03-06 15:44:27','c.haas','Fleischreifung','354.jpg','a:2:{s:5:\"image\";s:64:\"{mediaPath}content/media/retailer/1/spot_image_58f06da1d19e0.jpg\";s:6:\"border\";s:2:\"ja\";}',NULL,0,0,0,4,165,1),(610,NULL,'2016-08-18 11:28:29','2018-03-06 15:43:04','c.haas','Tagesmenue','610.jpg','a:1:{s:4:\"menu\";a:2:{s:2:\"id\";i:0;s:4:\"name\";s:17:\"KALBST-BONESTEAK \";}}',NULL,0,0,0,13,151,1),(619,NULL,'2016-08-19 11:46:55','2019-05-08 22:01:10','c.haas','Imbiss 2','thumb_1_619.jpg','a:25:{s:6:\"offer1\";a:2:{s:2:\"id\";s:5:\"false\";s:4:\"name\";s:12:\"Kein Angebot\";}s:11:\"background1\";s:64:\"{mediaPath}content/media/retailer/1/spot_image_5cd3347567a60.jpg\";s:9:\"headline1\";s:17:\"GEMÜSE-\nLAIBCHEN\";s:12:\"subheadline1\";s:9:\"Knusprige\";s:7:\"footer1\";s:28:\"per Stück\nSauce Tartare 1,-\";s:6:\"price1\";s:4:\"2,20\";s:6:\"offer2\";a:2:{s:2:\"id\";s:5:\"false\";s:4:\"name\";s:12:\"Kein Angebot\";}s:11:\"background2\";a:2:{s:2:\"id\";s:64:\"{mediaPath}content/media/retailer/1/spot_image_57bec6e702f39.jpg\";s:4:\"name\";s:17:\"drittel_Aufläufe\";}s:9:\"headline2\";s:9:\"AUFLÄUFE\";s:12:\"subheadline2\";s:12:\"Hausgemachte\";s:7:\"footer2\";s:46:\"Lasagne\n\nBlattspinat Lasagne\n\nSchinkenfleckerl\";s:6:\"price2\";s:14:\"4,80\n4,90\n4,00\";s:6:\"offer3\";a:2:{s:2:\"id\";s:5:\"false\";s:4:\"name\";s:12:\"Kein Angebot\";}s:11:\"background3\";a:2:{s:2:\"id\";s:64:\"{mediaPath}content/media/retailer/1/spot_image_57bec71c1f05a.jpg\";s:4:\"name\";s:25:\"drittel_Schweinsschnitzel\";}s:9:\"headline3\";s:19:\"SCHWEINS-\nSCHNITZEL\";s:12:\"subheadline3\";s:16:\"& Erdäpfelsalat\";s:7:\"footer3\";s:11:\"per Portion\";s:6:\"price3\";s:4:\"5,90\";s:6:\"layout\";s:7:\"drittel\";s:16:\"offerBackground1\";s:3:\"Rot\";s:5:\"hpos1\";s:5:\"unten\";s:16:\"offerBackground2\";s:3:\"Rot\";s:5:\"hpos2\";s:5:\"unten\";s:16:\"offerBackground3\";s:3:\"Rot\";s:5:\"hpos3\";s:4:\"oben\";}',NULL,0,0,0,14,151,1),(623,NULL,'2016-08-19 11:52:12','2019-06-16 11:14:06','c.haas','Imbiss 1','thumb_1_623.jpg','a:25:{s:6:\"offer1\";a:2:{s:2:\"id\";s:5:\"false\";s:4:\"name\";s:12:\"Kein Angebot\";}s:11:\"background1\";a:2:{s:2:\"id\";s:64:\"{mediaPath}content/media/retailer/1/spot_image_57bec6fae25df.jpg\";s:4:\"name\";s:18:\"drittel_Grillhendl\";}s:9:\"headline1\";s:10:\"BRAT\nHENDL\";s:12:\"subheadline1\";s:6:\"Halbes\";s:7:\"footer1\";s:10:\"per Stück\";s:6:\"price1\";s:3:\"4,-\";s:6:\"offer2\";a:2:{s:2:\"id\";s:5:\"false\";s:4:\"name\";s:12:\"Kein Angebot\";}s:11:\"background2\";s:64:\"{mediaPath}content/media/retailer/1/spot_image_597ece526d5e6.jpg\";s:9:\"headline2\";s:16:\"HEURIGEN-\nSTELZE\";s:12:\"subheadline2\";s:9:\"Knusprige\";s:7:\"footer2\";s:10:\"per Stück\";s:6:\"price2\";s:4:\"4,80\";s:6:\"offer3\";a:2:{s:2:\"id\";s:5:\"false\";s:4:\"name\";s:12:\"Kein Angebot\";}s:11:\"background3\";s:64:\"{mediaPath}content/media/retailer/1/spot_image_59677cbe9a60f.jpg\";s:9:\"headline3\";s:15:\"KÜMMEL-\nBRATEN\";s:12:\"subheadline3\";s:10:\"Knuspriger\";s:7:\"footer3\";s:9:\"100 Gramm\";s:6:\"price3\";s:4:\"2,25\";s:6:\"layout\";s:7:\"drittel\";s:16:\"offerBackground1\";s:3:\"Rot\";s:5:\"hpos1\";s:5:\"unten\";s:16:\"offerBackground2\";s:3:\"Rot\";s:5:\"hpos2\";s:5:\"unten\";s:16:\"offerBackground3\";s:3:\"Rot\";s:5:\"hpos3\";s:5:\"unten\";}',NULL,0,0,0,14,151,1),(628,NULL,'2016-08-19 12:03:25','2019-01-09 08:53:47','s.moik','Feinkost 1','thumb_1_628.jpg','a:25:{s:6:\"offer1\";a:2:{s:2:\"id\";s:5:\"false\";s:4:\"name\";s:15:\"Kein Schmankerl\";}s:11:\"background1\";s:64:\"{mediaPath}content/media/retailer/1/spot_image_595a56699a488.jpg\";s:9:\"headline1\";s:9:\"ROASTBEEF\";s:12:\"subheadline1\";s:13:\"Hausgemachtes\";s:7:\"footer1\";s:9:\"100 Gramm\";s:6:\"price1\";s:4:\"4,25\";s:6:\"offer2\";a:2:{s:2:\"id\";s:5:\"false\";s:4:\"name\";s:15:\"Kein Schmankerl\";}s:11:\"background2\";s:64:\"{mediaPath}content/media/retailer/1/spot_image_595a55ebe2fa6.jpg\";s:9:\"headline2\";s:12:\"BEINSCHINKEN\";s:12:\"subheadline2\";s:14:\"Kesselfrischer\";s:7:\"footer2\";s:9:\"100 Gramm\";s:6:\"price2\";s:4:\"2,49\";s:6:\"offer3\";a:2:{s:2:\"id\";s:5:\"false\";s:4:\"name\";s:12:\"Kein Angebot\";}s:11:\"background3\";a:2:{s:2:\"id\";s:64:\"{mediaPath}content/media/retailer/1/spot_image_57bec6ef8b6c3.jpg\";s:4:\"name\";s:23:\"drittel_Bratwursttag3+1\";}s:9:\"headline3\";s:15:\"BRATWURST-\nTAG!\";s:12:\"subheadline3\";s:14:\"Donnerstag ist\";s:7:\"footer3\";s:63:\"Wählen Sie aus\n6 verschiedenen Sorten.\n4 Packungen statt 11,60\";s:6:\"price3\";s:4:\"8,70\";s:6:\"layout\";s:4:\"halb\";s:5:\"hpos1\";s:5:\"unten\";s:16:\"offerBackground2\";s:3:\"Rot\";s:5:\"hpos2\";s:5:\"unten\";s:16:\"offerBackground3\";s:3:\"Rot\";s:5:\"hpos3\";s:5:\"unten\";s:16:\"offerBackground1\";s:3:\"Rot\";}',NULL,0,0,0,14,150,1),(632,NULL,'2016-08-19 12:07:07','2019-05-05 14:15:04','c.haas','Fleisch Grillen 2','thumb_1_632.jpg','a:25:{s:6:\"offer1\";a:2:{s:2:\"id\";s:5:\"false\";s:4:\"name\";s:12:\"Kein Angebot\";}s:11:\"background1\";s:64:\"{mediaPath}content/media/retailer/1/spot_image_5acded73efd00.jpg\";s:9:\"headline1\";s:18:\"SCHWEINS-\nKOTELETT\";s:12:\"subheadline1\";s:0:\"\";s:6:\"offer2\";a:2:{s:2:\"id\";s:5:\"false\";s:4:\"name\";s:12:\"Kein Angebot\";}s:11:\"background2\";s:64:\"{mediaPath}content/media/retailer/1/spot_image_5acded72dfc01.jpg\";s:9:\"headline2\";s:12:\"T-BONE STEAK\";s:12:\"subheadline2\";s:10:\"Irish Beef\";s:6:\"offer3\";a:2:{s:2:\"id\";s:5:\"false\";s:4:\"name\";s:12:\"Kein Angebot\";}s:11:\"background3\";s:64:\"{mediaPath}content/media/retailer/1/spot_image_5acded7476297.jpg\";s:9:\"headline3\";s:9:\"LAMMKRONE\";s:12:\"subheadline3\";s:7:\"Saftige\";s:5:\"hpos1\";s:5:\"unten\";s:6:\"layout\";s:7:\"drittel\";s:16:\"offerBackground1\";s:3:\"Rot\";s:16:\"offerBackground2\";s:3:\"Rot\";s:5:\"hpos2\";s:5:\"unten\";s:16:\"offerBackground3\";s:3:\"Rot\";s:5:\"hpos3\";s:5:\"unten\";s:6:\"price3\";s:4:\"4,64\";s:7:\"footer3\";s:9:\"100 Gramm\";s:6:\"price2\";s:4:\"3,98\";s:6:\"price1\";s:4:\"1,25\";s:7:\"footer1\";s:9:\"100 Gramm\";s:7:\"footer2\";s:9:\"100 Gramm\";}',NULL,120,0,0,14,155,1),(636,NULL,'2016-08-19 14:18:41','2018-03-06 15:43:07','c.haas','Imbiss kein Menü','636.jpg','a:12:{s:6:\"offer1\";a:2:{s:2:\"id\";s:5:\"false\";s:4:\"name\";s:12:\"Kein Angebot\";}s:11:\"background1\";a:2:{s:2:\"id\";s:64:\"{mediaPath}content/media/retailer/1/spot_image_57c4560266712.jpg\";s:4:\"name\";s:11:\"halb_chefin\";}s:6:\"offer2\";a:2:{s:2:\"id\";s:5:\"false\";s:4:\"name\";s:12:\"Kein Angebot\";}s:11:\"background2\";a:2:{s:2:\"id\";s:64:\"{mediaPath}content/media/retailer/1/spot_image_57c46b3461f28.jpg\";s:4:\"name\";s:18:\"halb_braten_backen\";}s:6:\"offer3\";a:2:{s:2:\"id\";s:5:\"false\";s:4:\"name\";s:12:\"Kein Angebot\";}s:6:\"layout\";s:4:\"halb\";s:16:\"offerBackground1\";s:3:\"Rot\";s:5:\"hpos1\";s:4:\"oben\";s:16:\"offerBackground2\";s:3:\"Rot\";s:5:\"hpos2\";s:4:\"oben\";s:16:\"offerBackground3\";s:3:\"Rot\";s:5:\"hpos3\";s:4:\"oben\";}',NULL,0,0,0,14,151,1),(722,1,'2016-08-22 16:40:24','2016-10-11 12:33:16','s.moik','Text_Faschieren_1/2','722.jpg','a:1:{s:5:\"image\";s:64:\"{mediaPath}content/media/retailer/1/spot_image_57bb0ed7de54d.jpg\";}',NULL,0,0,0,4,107,1),(724,1,'2016-08-22 16:42:14','2016-10-11 12:33:49','s.moik','Text_Braten&Backen_1/2','724.jpg','a:1:{s:5:\"image\";s:64:\"{mediaPath}content/media/retailer/1/spot_image_57bb0f46b24da.jpg\";}',NULL,0,0,0,4,107,1),(782,1,'2016-08-26 14:56:17','2019-05-05 13:47:43','c.haas','halb_weisswurst_holz','57c03c710b6f8.png','a:1:{s:5:\"image\";s:64:\"{mediaPath}content/media/retailer/1/spot_image_57c03c710af3a.jpg\";}',NULL,0,0,0,4,163,1),(786,1,'2016-08-26 14:57:42','2018-09-05 16:21:49','c.haas','Weisswurstwochen','thumb_1_786.jpg','a:2:{s:5:\"image\";s:64:\"{mediaPath}content/media/retailer/1/spot_image_57c03cc606671.jpg\";s:6:\"border\";s:4:\"nein\";}',NULL,0,0,0,4,163,1),(787,NULL,'2016-08-26 15:58:25','2018-10-24 20:41:27','c.haas','Fleisch 1','thumb_1_787.jpg','a:13:{s:6:\"layout\";s:4:\"halb\";s:16:\"offerBackground1\";s:3:\"Rot\";s:6:\"offer1\";a:2:{s:2:\"id\";s:5:\"false\";s:4:\"name\";s:15:\"Kein Schmankerl\";}s:6:\"offer2\";a:2:{s:2:\"id\";s:5:\"false\";s:4:\"name\";s:15:\"Kein Schmankerl\";}s:16:\"offerBackground2\";s:3:\"Rot\";s:11:\"background2\";s:64:\"{mediaPath}content/media/retailer/1/spot_image_580f166aa1480.jpg\";s:10:\"offerText1\";s:0:\"\";s:11:\"background1\";s:64:\"{mediaPath}content/media/retailer/1/spot_image_57c46b00d4640.jpg\";s:10:\"offerText2\";s:362:\"<FONT SIZE=\"100\">\n<FONT face=\"{font2}\">Rinder</FONT><br>\nFILET<br>\nSTEAK\n</FONT>\n\n<TEXTFORMAT LEADING=\"20\"><FONT SIZE=\"45\">\n...............................................................<br>\n</FONT></TEXTFORMAT>\n\n<TEXTFORMAT LEADING=\"5\"><FONT SIZE=\"50\" face=\"{font2}\">\nDie feinsten Steaks werden aus dem zarten Lungenbraten geschnitten!<br>\n</FONT></TEXTFORMAT>\";s:9:\"headline2\";s:15:\"BESTE\nQUALITÄT\";s:12:\"subheadline2\";s:0:\"\";s:7:\"footer2\";s:9:\"100 Gramm\";s:6:\"price2\";s:4:\"6,50\";}',NULL,0,0,0,14,165,1),(802,1,'2016-08-29 14:51:08','2016-08-29 14:51:08','admin','mood_1er_stilleben_wurst_kein_rahmen','57c42fbc6aa00.png','a:1:{s:5:\"image\";s:64:\"{mediaPath}content/media/retailer/1/spot_image_57c42fbc6a6da.jpg\";}',NULL,0,0,0,4,114,1),(803,1,'2016-08-29 14:59:19','2016-09-14 12:35:05','admin','rahmen_screens_hoch_ohne4','803.jpg','a:1:{s:5:\"image\";s:64:\"{mediaPath}content/media/retailer/1/spot_image_57c431a700995.jpg\";}',NULL,0,0,0,4,114,1),(804,1,'2016-08-29 14:59:31','2016-09-14 12:35:17','admin','rahmen_screens_hoch_ohne5','804.jpg','a:1:{s:5:\"image\";s:64:\"{mediaPath}content/media/retailer/1/spot_image_57c431b3755c8.jpg\";}',NULL,0,0,0,4,114,1),(805,1,'2016-08-29 14:59:47','2016-09-14 12:35:28','admin','rahmen_screens_hoch_ohne6','805.jpg','a:1:{s:5:\"image\";s:64:\"{mediaPath}content/media/retailer/1/spot_image_57c431c32f04e.jpg\";}',NULL,0,0,0,4,114,1),(806,1,'2016-08-29 14:59:59','2016-09-14 12:35:39','admin','rahmen_screens_hoch_ohne3','806.jpg','a:1:{s:5:\"image\";s:64:\"{mediaPath}content/media/retailer/1/spot_image_57c431cf287c5.jpg\";}',NULL,0,0,0,4,114,1),(807,1,'2016-08-29 15:03:57','2016-08-29 15:03:57','admin','rahmen_screens_quer_ohne__Seite_06','57c432bce1ab2.png','a:1:{s:5:\"image\";s:64:\"{mediaPath}content/media/retailer/1/spot_image_57c432bce1630.jpg\";}',NULL,0,0,0,4,114,1),(809,1,'2016-08-29 15:04:17','2016-08-29 15:04:17','admin','rahmen_screens_quer_ohne__Seite_16','57c432d1153f0.png','a:1:{s:5:\"image\";s:64:\"{mediaPath}content/media/retailer/1/spot_image_57c432d1151d2.jpg\";}',NULL,0,0,0,4,114,1),(810,1,'2016-08-29 15:08:09','2016-08-29 15:08:09','admin','marke_1er_radatz_schmeckt_stilleben_jause','57c433b9826b4.png','a:1:{s:5:\"image\";s:64:\"{mediaPath}content/media/retailer/1/spot_image_57c433b98247f.jpg\";}',NULL,0,0,0,4,114,1),(811,1,'2016-08-29 15:13:41','2016-08-29 15:13:41','admin','marke_1er_radatz_schmeck_rot','57c4350579829.png','a:1:{s:5:\"image\";s:64:\"{mediaPath}content/media/retailer/1/spot_image_57c4350579659.jpg\";}',NULL,0,0,0,4,114,1),(812,1,'2016-08-29 15:13:54','2016-08-29 15:13:54','admin','marke_1er_radatz_schmeckt_huhn','57c43511dcf7a.png','a:1:{s:5:\"image\";s:64:\"{mediaPath}content/media/retailer/1/spot_image_57c43511dcbec.jpg\";}',NULL,0,0,0,4,114,1),(813,1,'2016-08-29 15:14:06','2016-08-29 15:14:06','admin','marke_1er_radatz_schmeckt_wurst','57c4351df34c4.png','a:1:{s:5:\"image\";s:64:\"{mediaPath}content/media/retailer/1/spot_image_57c4351df327c.jpg\";}',NULL,0,0,0,4,114,1),(815,1,'2016-08-29 15:23:01','2016-08-29 15:23:01','admin','rahmen_screens_quer_ohne__Seite_12','57c437354fc16.png','a:1:{s:5:\"image\";s:64:\"{mediaPath}content/media/retailer/1/spot_image_57c437354f9c4.jpg\";}',NULL,0,0,0,4,114,1),(816,1,'2016-08-29 15:23:10','2016-08-29 15:23:10','admin','rahmen_screens_quer_ohne__Seite_13','57c4373e15b6f.png','a:1:{s:5:\"image\";s:64:\"{mediaPath}content/media/retailer/1/spot_image_57c4373e15903.jpg\";}',NULL,0,0,0,4,114,1),(823,1,'2016-08-29 17:34:26','2016-09-14 12:34:05','admin','halb_chefin','823.jpg','a:1:{s:5:\"image\";s:64:\"{mediaPath}content/media/retailer/1/spot_image_57c4560266712.jpg\";}',NULL,0,0,0,4,107,1),(824,1,'2016-08-29 18:47:26','2016-08-29 18:47:26','admin','screeen_hietzing_ganz_1','57c4671e62d61.png','a:1:{s:5:\"image\";s:64:\"{mediaPath}content/media/retailer/1/spot_image_57c4671e62394.jpg\";}',NULL,0,0,0,4,114,1),(825,1,'2016-08-29 18:49:22','2018-03-06 17:09:19','c.haas','Wiener Würstel','825.jpg','a:1:{s:5:\"image\";s:64:\"{mediaPath}content/media/retailer/1/spot_image_57c4679257cf7.jpg\";}',NULL,0,0,0,4,114,1),(827,1,'2016-08-29 19:04:01','2016-09-14 12:33:47','admin','halb_faschieren','827.jpg','a:1:{s:5:\"image\";s:64:\"{mediaPath}content/media/retailer/1/spot_image_57c46b00d4640.jpg\";}',NULL,0,0,0,4,107,1),(829,1,'2016-08-29 19:04:52','2016-09-14 12:34:41','admin','halb_braten_backen','829.jpg','a:1:{s:5:\"image\";s:64:\"{mediaPath}content/media/retailer/1/spot_image_57c46b3461f28.jpg\";}',NULL,0,0,0,4,107,1),(831,NULL,'2016-08-29 22:36:06','2018-03-06 17:09:50','c.haas','imbiss kaffee','831.jpg','a:21:{s:6:\"offer1\";a:2:{s:2:\"id\";s:5:\"false\";s:4:\"name\";s:12:\"Kein Angebot\";}s:6:\"layout\";s:7:\"drittel\";s:16:\"offerBackground1\";s:3:\"Rot\";s:11:\"background1\";a:2:{s:2:\"id\";s:64:\"{mediaPath}content/media/retailer/1/spot_image_57bec6fae25df.jpg\";s:4:\"name\";s:18:\"drittel_Grillhendl\";}s:5:\"hpos1\";s:5:\"unten\";s:9:\"headline1\";s:12:\"GRILL-\nHENDL\";s:12:\"subheadline1\";s:6:\"Halbes\";s:7:\"footer1\";s:10:\"per Stück\";s:6:\"price1\";s:3:\"4,-\";s:16:\"offerBackground2\";s:3:\"Rot\";s:6:\"offer2\";a:2:{s:2:\"id\";s:5:\"false\";s:4:\"name\";s:12:\"Kein Angebot\";}s:11:\"background2\";a:2:{s:2:\"id\";s:64:\"{mediaPath}content/media/retailer/1/spot_image_57bec750e6f7f.jpg\";s:4:\"name\";s:23:\"drittel_GemüseLaibchen\";}s:5:\"hpos2\";s:5:\"unten\";s:9:\"headline2\";s:17:\"GEMÜSE-\nLAIBCHEN\";s:12:\"subheadline2\";s:9:\"Knusprige\";s:7:\"footer2\";s:28:\"per Stück\nSauce Tartare 1,-\";s:6:\"price2\";s:4:\"2,20\";s:6:\"offer3\";a:2:{s:2:\"id\";s:5:\"false\";s:4:\"name\";s:12:\"Kein Angebot\";}s:16:\"offerBackground3\";s:3:\"Rot\";s:11:\"background3\";a:2:{s:2:\"id\";s:64:\"{mediaPath}content/media/retailer/1/spot_image_57c5390989160.jpg\";s:4:\"name\";s:14:\"drittel_kaffee\";}s:5:\"hpos3\";s:5:\"unten\";}',NULL,0,0,0,14,151,1),(836,1,'2016-08-30 09:22:21','2016-08-30 09:22:21','admin','halb_bratwurst_text','57c5342ddc637.png','a:1:{s:5:\"image\";s:64:\"{mediaPath}content/media/retailer/1/spot_image_57c5342ddc3c5.jpg\";}',NULL,0,0,0,4,107,1),(1386,NULL,'2016-09-28 14:08:34','2018-01-01 18:49:42','c.haas','Waagen Schmankerl 1','thumb_1_1386.jpg','a:2:{s:6:\"offer1\";a:2:{s:2:\"id\";i:0;s:4:\"name\";s:21:\"saftigeHÜHNER-KEULEN\";}s:15:\"offerBackground\";s:3:\"Rot\";}',NULL,0,0,0,16,134,1),(1387,NULL,'2016-09-28 14:08:52','2016-09-29 15:58:51','admin','Waagen Schmankerl 2','1387.jpg','a:2:{s:6:\"offer1\";a:2:{s:2:\"id\";i:1;s:4:\"name\";s:23:\"GebratenerBEIN-SCHINKEN\";}s:15:\"offerBackground\";s:3:\"Rot\";}',NULL,0,0,0,16,134,1),(1388,NULL,'2016-09-28 14:09:11','2016-09-29 16:10:40','admin','Waagen Schmankerl 3','1388.jpg','a:2:{s:6:\"offer1\";a:2:{s:2:\"id\";i:2;s:4:\"name\";s:18:\"scharfeDEBRE-ZINER\";}s:15:\"offerBackground\";s:3:\"Rot\";}',NULL,0,0,0,16,134,1),(1389,NULL,'2016-09-28 14:09:56','2016-10-03 10:04:06','admin','Waagen Logo','1389.jpg','a:3:{s:6:\"offer1\";a:2:{s:2:\"id\";s:5:\"false\";s:4:\"name\";s:15:\"Kein Schmankerl\";}s:15:\"offerBackground\";s:3:\"Rot\";s:10:\"background\";a:2:{s:2:\"id\";s:64:\"{mediaPath}content/media/retailer/1/spot_image_57f210e80f36f.jpg\";s:4:\"name\";s:15:\"waagen_logo_rot\";}}',NULL,0,0,0,16,134,1),(1400,1,'2016-09-29 08:53:30','2016-09-29 16:00:16','adminJT','Herbst1','1400.jpg','a:1:{s:5:\"image\";s:64:\"{mediaPath}content/media/retailer/1/spot_image_57ecba69e5f24.jpg\";}',NULL,0,0,0,4,107,1),(1429,1,'2016-10-03 10:03:52','2016-10-03 10:03:52','admin','waagen_logo_rot','57f210e80f4b6.png','a:1:{s:5:\"image\";s:64:\"{mediaPath}content/media/retailer/1/spot_image_57f210e80f36f.jpg\";}',NULL,0,0,0,4,134,1),(1436,1,'2016-10-10 15:32:54','2016-10-10 15:32:54','s.moik','siedfleisch_1:2','57fb9886a805f.png','a:1:{s:5:\"image\";s:64:\"{mediaPath}content/media/retailer/1/spot_image_57fb9886a0553.jpg\";}',NULL,0,0,0,4,107,1),(1437,1,'2016-10-10 15:32:55','2016-10-11 12:36:44','s.moik','Dammhirsch_1/2','1437.jpg','a:1:{s:5:\"image\";s:64:\"{mediaPath}content/media/retailer/1/spot_image_57fb9887a2346.jpg\";}',NULL,0,0,0,4,107,1),(1438,1,'2016-10-10 15:32:56','2016-10-11 12:35:40','s.moik','BOA_Beef_1/2','1438.jpg','a:1:{s:5:\"image\";s:64:\"{mediaPath}content/media/retailer/1/spot_image_57fb988830e49.jpg\";}',NULL,0,0,0,4,107,1),(1443,NULL,'2016-10-10 15:48:17','2018-03-06 17:11:04','c.haas','Herbst 2','1443.jpg','a:19:{s:6:\"offer1\";a:2:{s:2:\"id\";s:5:\"false\";s:4:\"name\";s:12:\"Kein Angebot\";}s:11:\"background1\";s:64:\"{mediaPath}content/media/retailer/1/spot_image_59c0ce28dfa2c.jpg\";s:9:\"headline1\";s:0:\"\";s:12:\"subheadline1\";s:0:\"\";s:6:\"offer2\";a:2:{s:2:\"id\";s:5:\"false\";s:4:\"name\";s:12:\"Kein Angebot\";}s:11:\"background2\";s:64:\"{mediaPath}content/media/retailer/1/spot_image_57fb9886a0553.jpg\";s:9:\"headline2\";s:0:\"\";s:12:\"subheadline2\";s:0:\"\";s:6:\"offer3\";a:2:{s:2:\"id\";s:5:\"false\";s:4:\"name\";s:12:\"Kein Angebot\";}s:11:\"background3\";s:64:\"{mediaPath}content/media/retailer/1/spot_image_57fb98a162818.jpg\";s:9:\"headline3\";s:0:\"\";s:12:\"subheadline3\";s:0:\"\";s:5:\"hpos1\";s:5:\"unten\";s:6:\"layout\";s:4:\"halb\";s:16:\"offerBackground1\";s:3:\"Rot\";s:16:\"offerBackground2\";s:3:\"Rot\";s:5:\"hpos2\";s:4:\"oben\";s:16:\"offerBackground3\";s:3:\"Rot\";s:5:\"hpos3\";s:5:\"unten\";}',NULL,0,0,0,14,165,1),(1444,1,'2016-10-10 16:06:19','2016-10-10 16:06:19','s.moik','Fritz_Docekal_Braten','57fba05ba48eb.png','a:1:{s:5:\"image\";s:64:\"{mediaPath}content/media/retailer/1/spot_image_57fba05ba24fe.jpg\";}',NULL,0,0,0,4,114,1),(1445,1,'2016-10-10 16:06:20','2017-10-23 12:23:40','admin','Franz_Radatz_Fleisch','thumb_1_1445.jpg','a:2:{s:5:\"image\";s:64:\"{mediaPath}content/media/retailer/1/spot_image_57fba05ca7252.jpg\";s:6:\"border\";s:4:\"nein\";}',NULL,0,0,0,4,114,1),(1447,1,'2016-10-11 12:30:57','2016-10-11 12:34:56','s.moik','Thanksgiving_1/2','1447.jpg','a:1:{s:5:\"image\";s:64:\"{mediaPath}content/media/retailer/1/spot_image_57fcbf618c924.jpg\";}',NULL,0,0,0,4,107,1),(1448,1,'2016-10-11 12:30:58','2016-10-11 12:34:37','s.moik','Ganslzeit_1/2','1448.jpg','a:1:{s:5:\"image\";s:64:\"{mediaPath}content/media/retailer/1/spot_image_57fcbf62a872d.jpg\";}',NULL,0,0,0,4,107,1),(1465,1,'2016-10-13 10:04:57','2016-10-13 10:04:57','admin','waage_kaffee_permanent','57ff40291a19b.png','a:1:{s:5:\"image\";s:64:\"{mediaPath}content/media/retailer/1/spot_image_57ff402919ecd.jpg\";}',NULL,0,0,0,4,134,1),(1466,1,'2016-10-13 10:05:08','2016-10-13 10:05:08','admin','waage_kaffee_fullscreen','57ff40349e00d.png','a:1:{s:5:\"image\";s:64:\"{mediaPath}content/media/retailer/1/spot_image_57ff40349ddd5.jpg\";}',NULL,0,0,0,4,134,1),(1477,NULL,'2016-10-20 16:06:19','2018-11-22 17:54:03','c.haas','Martini 1','thumb_1_1477.jpg','a:24:{s:6:\"offer1\";a:2:{s:2:\"id\";s:5:\"false\";s:4:\"name\";s:12:\"Kein Angebot\";}s:11:\"background1\";s:64:\"{mediaPath}content/media/retailer/1/spot_image_5bcce7221770f.jpg\";s:9:\"headline1\";s:11:\"GANSL-\nZEIT\";s:12:\"subheadline1\";s:0:\"\";s:6:\"offer2\";a:2:{s:2:\"id\";s:5:\"false\";s:4:\"name\";s:12:\"Kein Angebot\";}s:11:\"background2\";s:64:\"{mediaPath}content/media/retailer/1/spot_image_580f166aa1480.jpg\";s:9:\"headline2\";s:11:\"GANSL-\nZEIT\";s:12:\"subheadline2\";s:0:\"\";s:6:\"offer3\";a:2:{s:2:\"id\";s:5:\"false\";s:4:\"name\";s:12:\"Kein Angebot\";}s:11:\"background3\";s:64:\"{mediaPath}content/media/retailer/1/spot_image_57fb98a162818.jpg\";s:9:\"headline3\";s:0:\"\";s:12:\"subheadline3\";s:0:\"\";s:5:\"hpos1\";s:5:\"unten\";s:6:\"layout\";s:4:\"halb\";s:16:\"offerBackground1\";s:3:\"Rot\";s:16:\"offerBackground2\";s:3:\"Rot\";s:5:\"hpos2\";s:4:\"oben\";s:16:\"offerBackground3\";s:3:\"Rot\";s:5:\"hpos3\";s:5:\"unten\";s:10:\"offerText2\";s:384:\"<FONT SIZE=\"100\">\n<FONT face=\"{font2}\">Traunviertler</FONT><br>\nWEIDE-<br>\nGANS\n</FONT>\n\n<TEXTFORMAT LEADING=\"20\"><FONT SIZE=\"45\">\n...............................................................<br>\n</FONT></TEXTFORMAT>\n\n<TEXTFORMAT LEADING=\"5\"><FONT SIZE=\"50\" face=\"{font2}\">\nFreilandhaltung & Fütterung mit hofeigenem Getreide garantieren absoluten Genuss!<br>\n</FONT></TEXTFORMAT>\";s:6:\"price2\";s:5:\"15,90\";s:7:\"footer2\";s:9:\"Kilogramm\";s:6:\"color1\";s:0:\"\";s:7:\"footer1\";s:0:\"\";}',NULL,0,0,0,14,166,1),(1482,1,'2016-10-25 10:23:06','2016-10-25 10:23:06','admin','Hintergrund Schiefer','580f166a4a190.png','a:1:{s:5:\"image\";s:64:\"{mediaPath}content/media/retailer/1/spot_image_580f166a49f6a.jpg\";}',NULL,0,0,0,4,107,1),(1483,1,'2016-10-25 10:23:06','2016-10-25 10:23:06','admin','Hintergrund Rot','580f166aa1568.png','a:1:{s:5:\"image\";s:64:\"{mediaPath}content/media/retailer/1/spot_image_580f166aa1480.jpg\";}',NULL,0,0,0,4,107,1),(1486,1,'2016-11-18 11:37:48','2019-05-28 12:46:16','c.haas','wursttisch_3','582ed9fca317b.png','a:1:{s:5:\"image\";s:64:\"{mediaPath}content/media/retailer/1/spot_image_582ed9fca2bf8.jpg\";}',NULL,0,0,0,4,114,1),(1487,1,'2016-11-18 11:38:14','2018-03-06 17:11:15','c.haas','Weihnachten','1487.jpg','a:1:{s:5:\"image\";s:64:\"{mediaPath}content/media/retailer/1/spot_image_582ed9fca2bf8.jpg\";}',NULL,0,0,0,4,168,1),(1488,1,'2016-11-18 11:41:15','2016-11-18 11:41:15','s.moik','Weihnachten_Topf_halb','582edacb2d7dd.png','a:1:{s:5:\"image\";s:64:\"{mediaPath}content/media/retailer/1/spot_image_582edacb2d2da.jpg\";}',NULL,0,0,0,4,107,1),(1490,1,'2016-11-18 11:42:06','2016-11-18 11:42:06','s.moik','Weihnachten_Topf_Familienwand','582edafdeb996.png','a:1:{s:5:\"image\";s:64:\"{mediaPath}content/media/retailer/1/spot_image_582edafdeb0eb.jpg\";}',NULL,0,0,0,4,114,1),(1495,NULL,'2016-11-22 15:53:58','2018-03-06 17:11:30','c.haas','Weihnachten_Fleisch1_Halb','1495.jpg','a:25:{s:6:\"offer1\";a:2:{s:2:\"id\";s:5:\"false\";s:4:\"name\";s:12:\"Kein Angebot\";}s:11:\"background1\";s:64:\"{mediaPath}content/media/retailer/1/spot_image_58345d44c983b.jpg\";s:9:\"headline1\";s:0:\"\";s:12:\"subheadline1\";s:0:\"\";s:7:\"footer1\";s:0:\"\";s:6:\"price1\";s:0:\"\";s:6:\"offer2\";a:2:{s:2:\"id\";s:5:\"false\";s:4:\"name\";s:12:\"Kein Angebot\";}s:11:\"background2\";s:64:\"{mediaPath}content/media/retailer/1/spot_image_58345d45435f6.jpg\";s:9:\"headline2\";s:0:\"\";s:12:\"subheadline2\";s:0:\"\";s:7:\"footer2\";s:0:\"\";s:6:\"price2\";s:0:\"\";s:6:\"offer3\";a:2:{s:2:\"id\";s:5:\"false\";s:4:\"name\";s:12:\"Kein Angebot\";}s:11:\"background3\";a:2:{s:2:\"id\";s:64:\"{mediaPath}content/media/retailer/1/spot_image_57bec749a08fe.jpg\";s:4:\"name\";s:23:\"drittel_BackhendlTeller\";}s:9:\"headline3\";s:17:\"BACKHENDL-\nTELLER\";s:12:\"subheadline3\";s:6:\"Wiener\";s:7:\"footer3\";s:11:\"per Portion\";s:6:\"price3\";s:4:\"5,90\";s:6:\"layout\";s:4:\"halb\";s:16:\"offerBackground1\";s:3:\"Rot\";s:5:\"hpos1\";s:5:\"unten\";s:16:\"offerBackground2\";s:3:\"Rot\";s:5:\"hpos2\";s:5:\"unten\";s:16:\"offerBackground3\";s:3:\"Rot\";s:5:\"hpos3\";s:5:\"unten\";}',NULL,0,0,0,14,168,1),(1496,1,'2016-11-22 15:59:16','2016-11-22 15:59:16','s.moik','Spanferkelbeinschinken_Halb','58345d44c9fb2.png','a:1:{s:5:\"image\";s:64:\"{mediaPath}content/media/retailer/1/spot_image_58345d44c983b.jpg\";}',NULL,0,0,0,4,107,1),(1497,1,'2016-11-22 15:59:17','2016-11-22 15:59:17','s.moik','Schinktenteilsames_Halb','58345d4543a98.png','a:1:{s:5:\"image\";s:64:\"{mediaPath}content/media/retailer/1/spot_image_58345d45435f6.jpg\";}',NULL,0,0,0,4,107,1),(1500,1,'2016-11-22 16:09:26','2016-11-22 16:09:26','s.moik','Weihnachtsgans_Halb','58345fa621783.png','a:1:{s:5:\"image\";s:64:\"{mediaPath}content/media/retailer/1/spot_image_58345fa621039.jpg\";}',NULL,0,0,0,4,107,1),(1503,1,'2016-11-23 11:14:44','2016-11-23 11:14:44','s.moik','Weihnachten_rot_halb_oben','58356c145be8f.png','a:1:{s:5:\"image\";s:64:\"{mediaPath}content/media/retailer/1/spot_image_58356c145b8fd.jpg\";}',NULL,0,0,0,4,107,1),(1511,1,'2016-12-13 14:13:39','2016-12-13 14:13:39','s.moik','Weihnachtswaage_14','584ff4032f374.png','a:1:{s:5:\"image\";s:64:\"{mediaPath}content/media/retailer/1/spot_image_584ff403252e7.jpg\";}',NULL,0,0,0,4,134,1),(1513,1,'2016-12-13 14:13:40','2016-12-22 16:29:48','s.moik','Weihnachten1_klein','1513.jpg','a:1:{s:5:\"image\";s:64:\"{mediaPath}content/media/retailer/1/spot_image_584ff40465d23.jpg\";}',NULL,0,0,0,4,134,1),(1515,1,'2016-12-13 14:13:41','2016-12-22 16:30:51','s.moik','Weihnachten2_klein','1515.jpg','a:1:{s:5:\"image\";s:64:\"{mediaPath}content/media/retailer/1/spot_image_584ff4056407e.jpg\";}',NULL,0,0,0,4,134,1),(1516,1,'2016-12-13 14:13:41','2016-12-22 16:31:12','s.moik','Weihnachten2_groß','1516.jpg','a:1:{s:5:\"image\";s:64:\"{mediaPath}content/media/retailer/1/spot_image_584ff405bc15a.jpg\";}',NULL,0,0,0,4,134,1),(1517,1,'2016-12-13 14:13:42','2016-12-22 16:31:36','s.moik','Weihnachten3_klein','1517.jpg','a:1:{s:5:\"image\";s:64:\"{mediaPath}content/media/retailer/1/spot_image_584ff4064d03c.jpg\";}',NULL,0,0,0,4,134,1),(1518,1,'2016-12-13 14:13:43','2016-12-22 16:32:52','s.moik','Weihnachten3_groß','1518.jpg','a:1:{s:5:\"image\";s:64:\"{mediaPath}content/media/retailer/1/spot_image_584ff406e0fc0.jpg\";}',NULL,0,0,0,4,134,1),(1519,1,'2016-12-13 14:13:43','2016-12-22 16:33:15','s.moik','Weihnachten4_klein','584ff407a6d8e.png','a:1:{s:5:\"image\";s:64:\"{mediaPath}content/media/retailer/1/spot_image_584ff407a685a.jpg\";}',NULL,0,0,0,4,134,1),(1520,1,'2016-12-13 14:13:44','2016-12-22 16:33:34','s.moik','Weihnachten4_groß','584ff4083e9f6.png','a:1:{s:5:\"image\";s:64:\"{mediaPath}content/media/retailer/1/spot_image_584ff4083e5ce.jpg\";}',NULL,0,0,0,4,134,1),(1521,1,'2016-12-22 16:40:35','2019-05-28 12:45:57','c.haas','Szegediner_Krautfleisch','thumb_1_1521.jpg','a:2:{s:5:\"image\";s:64:\"{mediaPath}content/media/retailer/1/spot_image_585bf3f352473.jpg\";s:6:\"border\";s:2:\"ja\";}',NULL,0,0,0,4,146,1),(1522,1,'2016-12-22 16:40:36','2019-05-28 12:46:00','c.haas','Rindsgulasch','thumb_1_1522.jpg','a:2:{s:5:\"image\";s:64:\"{mediaPath}content/media/retailer/1/spot_image_585bf3f4a7822.jpg\";s:6:\"border\";s:2:\"ja\";}',NULL,0,0,0,4,146,1),(1523,1,'2016-12-22 16:40:38','2019-05-28 12:46:02','c.haas','Kalbsgulasch','thumb_1_1523.jpg','a:2:{s:5:\"image\";s:64:\"{mediaPath}content/media/retailer/1/spot_image_585bf3f5de95d.jpg\";s:6:\"border\";s:2:\"ja\";}',NULL,0,0,0,4,146,1),(1524,1,'2016-12-22 16:40:39','2019-05-28 12:46:03','c.haas','Erdaepfelgulasch','585bf3f72692c.png','a:1:{s:5:\"image\";s:64:\"{mediaPath}content/media/retailer/1/spot_image_585bf3f725ca3.jpg\";}',NULL,0,0,0,4,146,1),(1525,1,'2016-12-22 16:46:08','2016-12-22 16:46:08','s.moik','Szegediner_Krautfleisch_1:2','585bf54061240.png','a:1:{s:5:\"image\";s:64:\"{mediaPath}content/media/retailer/1/spot_image_585bf54060c70.jpg\";}',NULL,0,0,0,4,107,1),(1526,1,'2016-12-22 16:46:09','2016-12-22 16:46:09','s.moik','Rindsgulasch_1:2','585bf540e8a1d.png','a:1:{s:5:\"image\";s:64:\"{mediaPath}content/media/retailer/1/spot_image_585bf540e493d.jpg\";}',NULL,0,0,0,4,107,1),(1527,1,'2016-12-22 16:46:09','2016-12-22 16:46:09','s.moik','Kalbsgulasch_1:2','585bf54185b58.png','a:1:{s:5:\"image\";s:64:\"{mediaPath}content/media/retailer/1/spot_image_585bf5418560b.jpg\";}',NULL,0,0,0,4,107,1),(1528,1,'2016-12-22 16:46:10','2016-12-22 16:46:10','s.moik','Erdaepfelgulasch_1:2','585bf5421963b.png','a:1:{s:5:\"image\";s:64:\"{mediaPath}content/media/retailer/1/spot_image_585bf5421901c.jpg\";}',NULL,0,0,0,4,107,1),(1533,1,'2016-12-22 16:46:50','2016-12-22 16:46:50','s.moik','Szegediner_Krautfleisch_klein','585bf56a6f21d.png','a:1:{s:5:\"image\";s:64:\"{mediaPath}content/media/retailer/1/spot_image_585bf56a6ef46.jpg\";}',NULL,0,0,0,4,134,1),(1534,1,'2016-12-22 16:46:50','2016-12-22 16:46:50','s.moik','Szegediner_Krautfleisch_groß','585bf56add302.png','a:1:{s:5:\"image\";s:64:\"{mediaPath}content/media/retailer/1/spot_image_585bf56adcfc6.jpg\";}',NULL,0,0,0,4,134,1),(1535,1,'2016-12-22 16:46:51','2016-12-22 16:46:51','s.moik','Rindsgulasch_klein','585bf56b40bd6.png','a:1:{s:5:\"image\";s:64:\"{mediaPath}content/media/retailer/1/spot_image_585bf56b408bd.jpg\";}',NULL,0,0,0,4,134,1),(1536,1,'2016-12-22 16:46:51','2016-12-22 16:46:51','s.moik','Rindsgulasch_groß','585bf56bc20b7.png','a:1:{s:5:\"image\";s:64:\"{mediaPath}content/media/retailer/1/spot_image_585bf56bc1d12.jpg\";}',NULL,0,0,0,4,134,1),(1537,1,'2016-12-22 16:46:52','2016-12-22 16:46:52','s.moik','Kalbsgulasch_klein','585bf56c3ed61.png','a:1:{s:5:\"image\";s:64:\"{mediaPath}content/media/retailer/1/spot_image_585bf56c3e9d7.jpg\";}',NULL,0,0,0,4,134,1),(1538,1,'2016-12-22 16:46:52','2016-12-22 16:46:52','s.moik','Kalbsgulasch_groß','585bf56cc9d00.png','a:1:{s:5:\"image\";s:64:\"{mediaPath}content/media/retailer/1/spot_image_585bf56cc9a00.jpg\";}',NULL,0,0,0,4,134,1),(1539,1,'2016-12-22 16:46:53','2016-12-22 16:46:53','s.moik','Erdaepfelgulasch_klein','585bf56d34a0f.png','a:1:{s:5:\"image\";s:64:\"{mediaPath}content/media/retailer/1/spot_image_585bf56d346ed.jpg\";}',NULL,0,0,0,4,134,1),(1540,1,'2016-12-22 16:46:53','2016-12-22 16:46:53','s.moik','Erdaepfelgulasch_groß','585bf56da1894.png','a:1:{s:5:\"image\";s:64:\"{mediaPath}content/media/retailer/1/spot_image_585bf56da143f.jpg\";}',NULL,0,0,0,4,134,1),(1542,1,'2017-01-13 09:48:55','2017-01-13 09:48:55','s.moik','Allergenverordnung_klein','587894779192a.png','a:1:{s:5:\"image\";s:64:\"{mediaPath}content/media/retailer/1/spot_image_5878947791609.jpg\";}',NULL,0,0,0,4,134,1),(1543,1,'2017-01-13 09:48:56','2017-01-13 09:48:56','s.moik','Allergenverordnung_groß','58789478532c8.png','a:1:{s:5:\"image\";s:64:\"{mediaPath}content/media/retailer/1/spot_image_5878947852ee9.jpg\";}',NULL,0,0,0,4,134,1),(1553,1,'2017-01-27 11:09:45','2017-01-27 11:09:45','s.moik','Sacher_Würstel_Tag_1:2','588b1c69362ce.png','a:1:{s:5:\"image\";s:64:\"{mediaPath}content/media/retailer/1/spot_image_588b1c693512c.jpg\";}',NULL,0,0,0,4,107,1),(1555,1,'2017-01-27 11:10:18','2017-01-27 11:10:18','s.moik','Sacher_Würstel_Tag_klein','588b1c8a0f7a4.png','a:1:{s:5:\"image\";s:64:\"{mediaPath}content/media/retailer/1/spot_image_588b1c8a0ef78.jpg\";}',NULL,0,0,0,4,134,1),(1556,1,'2017-01-27 11:10:19','2017-01-27 11:10:19','s.moik','Sacher_Würstel_Tag_groß','588b1c8b74c61.png','a:1:{s:5:\"image\";s:64:\"{mediaPath}content/media/retailer/1/spot_image_588b1c8b74241.jpg\";}',NULL,0,0,0,4,134,1),(1573,NULL,'2017-01-30 12:19:02','2018-03-06 15:41:24','c.haas','Heringsschmaus_2017','thumb_1_1573.jpg','a:27:{s:6:\"offer1\";a:2:{s:2:\"id\";s:5:\"false\";s:4:\"name\";s:12:\"Kein Angebot\";}s:11:\"background1\";s:64:\"{mediaPath}content/media/retailer/1/spot_image_5a5f0c4d29166.jpg\";s:9:\"headline1\";s:22:\"HERINGS-\nSCHMAUSS 2017\";s:12:\"subheadline1\";s:0:\"\";s:7:\"footer1\";s:9:\"100 Gramm\";s:6:\"price1\";s:4:\"2,19\";s:6:\"offer2\";a:2:{s:2:\"id\";s:5:\"false\";s:4:\"name\";s:15:\"Kein Schmankerl\";}s:11:\"background2\";s:64:\"{mediaPath}content/media/retailer/1/spot_image_587dd76e76667.jpg\";s:9:\"headline2\";s:22:\"HERINGS-\nSCHMAUSS 2017\";s:12:\"subheadline2\";s:0:\"\";s:7:\"footer2\";s:0:\"\";s:6:\"price2\";s:0:\"\";s:6:\"offer3\";a:2:{s:2:\"id\";s:5:\"false\";s:4:\"name\";s:12:\"Kein Angebot\";}s:11:\"background3\";s:64:\"{mediaPath}content/media/retailer/1/spot_image_5a5f0c4d29166.jpg\";s:9:\"headline3\";s:22:\"HERINGS-\nSCHMAUSS 2017\";s:12:\"subheadline3\";s:0:\"\";s:7:\"footer3\";s:9:\"100 Gramm\";s:6:\"price3\";s:4:\"2,19\";s:6:\"layout\";s:7:\"drittel\";s:16:\"offerBackground1\";s:3:\"Rot\";s:5:\"hpos1\";s:5:\"unten\";s:16:\"offerBackground2\";s:3:\"Rot\";s:5:\"hpos2\";s:5:\"unten\";s:16:\"offerBackground3\";s:3:\"Rot\";s:5:\"hpos3\";s:5:\"unten\";s:10:\"offerText1\";s:366:\"<FONT SIZE=\"80\">\n<FONT face=\"{font2}\">Göteborger</FONT><br>\nHERINGS-<br>\nTOPF<br>\n\n<TEXTFORMAT LEADING=\"20\"><FONT SIZE=\"45\">\n.......................................<br>\n</FONT></TEXTFORMAT>\n\n<TEXTFORMAT LEADING=\"5\"><FONT SIZE=\"45\" face=\"{font2}\">\nBismarckhering mit<br>\nZwiebeln, Gewürzgurken<br>\n& grünem Pfeffer in<br>\nMayonnaise-Sauce.<br>\n</FONT></TEXTFORMAT>\";s:10:\"offerText3\";s:386:\"<FONT SIZE=\"80\">\nHERINGS-<br>\nFILET<br>\n<FONT face=\"{font2}\">Obers-Apfel</FONT><br>\n\n<TEXTFORMAT LEADING=\"20\"><FONT SIZE=\"45\">\n.......................................<br>\n</FONT></TEXTFORMAT>\n\n<TEXTFORMAT LEADING=\"5\"><FONT SIZE=\"45\" face=\"{font2}\">\nFein marinierte Herings-<br>\nHappen in einer milden<br>\nJoghurt-Obers-Sauce<br>\nmit frischen Äpfeln & Zwiebeln.<br>\n</FONT></TEXTFORMAT>\";}',NULL,0,0,0,14,143,1),(1574,NULL,'2017-02-01 16:25:30','2018-09-04 21:22:54','c.haas','Feinkost Angebote 1_WURSTTAG','1574.jpg','a:25:{s:6:\"offer1\";a:2:{s:2:\"id\";s:5:\"false\";s:4:\"name\";s:12:\"Kein Angebot\";}s:11:\"background1\";s:64:\"{mediaPath}content/media/retailer/1/spot_image_588b1c693512c.jpg\";s:9:\"headline1\";s:0:\"\";s:12:\"subheadline1\";s:0:\"\";s:7:\"footer1\";s:0:\"\";s:6:\"price1\";s:0:\"\";s:6:\"offer2\";a:2:{s:2:\"id\";i:2;s:4:\"name\";s:18:\"PikanteEXTRA-WURST\";}s:11:\"background2\";s:64:\"{mediaPath}content/media/retailer/1/spot_image_57bb0ead2f69c.jpg\";s:9:\"headline2\";s:0:\"\";s:12:\"subheadline2\";s:0:\"\";s:7:\"footer2\";s:0:\"\";s:6:\"price2\";s:0:\"\";s:6:\"offer3\";a:2:{s:2:\"id\";s:5:\"false\";s:4:\"name\";s:12:\"Kein Angebot\";}s:11:\"background3\";a:2:{s:2:\"id\";s:64:\"{mediaPath}content/media/retailer/1/spot_image_57bec6ef8b6c3.jpg\";s:4:\"name\";s:23:\"drittel_Bratwursttag3+1\";}s:9:\"headline3\";s:15:\"BRATWURST-\nTAG!\";s:12:\"subheadline3\";s:14:\"Donnerstag ist\";s:7:\"footer3\";s:63:\"Wählen Sie aus\n6 verschiedenen Sorten.\n4 Packungen statt 11,60\";s:6:\"price3\";s:4:\"8,70\";s:6:\"layout\";s:4:\"halb\";s:5:\"hpos1\";s:5:\"unten\";s:16:\"offerBackground2\";s:3:\"Rot\";s:5:\"hpos2\";s:4:\"oben\";s:16:\"offerBackground3\";s:3:\"Rot\";s:5:\"hpos3\";s:5:\"unten\";s:16:\"offerBackground1\";s:3:\"Rot\";}',NULL,0,0,0,14,150,1),(1575,1,'2017-02-09 15:58:07','2017-02-09 15:58:46','s.moik','Butterschnitzel_Waage_klein','1575.jpg','a:1:{s:5:\"image\";s:64:\"{mediaPath}content/media/retailer/1/spot_image_589c837fa075f.jpg\";}',NULL,0,0,0,4,146,1),(1576,1,'2017-02-09 15:58:08','2017-02-09 15:58:30','s.moik','Butterschnitzel_Waage_groß','1576.jpg','a:1:{s:5:\"image\";s:64:\"{mediaPath}content/media/retailer/1/spot_image_589c83803a924.jpg\";}',NULL,0,0,0,4,146,1),(1577,1,'2017-02-09 15:58:09','2017-02-09 16:05:34','s.moik','Butterschnitzel_1:3','1577.jpg','a:1:{s:5:\"image\";s:64:\"{mediaPath}content/media/retailer/1/spot_image_589c8380e0445.jpg\";}',NULL,0,0,0,4,146,1),(1578,1,'2017-02-09 15:58:09','2017-02-09 15:58:09','s.moik','Butterschnitzel_1:2','589c83818f775.png','a:1:{s:5:\"image\";s:64:\"{mediaPath}content/media/retailer/1/spot_image_589c83818f248.jpg\";}',NULL,0,0,0,4,146,1),(1579,1,'2017-02-09 15:58:10','2017-02-09 15:58:10','s.moik','Butterschnitzel_1','589c8382aef8f.png','a:1:{s:5:\"image\";s:64:\"{mediaPath}content/media/retailer/1/spot_image_589c8382ae67b.jpg\";}',NULL,0,0,0,4,146,1),(1580,1,'2017-02-09 16:02:56','2017-02-09 16:02:56','s.moik','Stephaniebraten_Waage_klein','589c84a0a283e.png','a:1:{s:5:\"image\";s:64:\"{mediaPath}content/media/retailer/1/spot_image_589c84a0a24aa.jpg\";}',NULL,0,0,0,4,146,1),(1581,1,'2017-02-09 16:02:57','2017-02-09 16:02:57','s.moik','Stephaniebraten_Waage_groß','589c84a12c581.png','a:1:{s:5:\"image\";s:64:\"{mediaPath}content/media/retailer/1/spot_image_589c84a12c166.jpg\";}',NULL,0,0,0,4,146,1),(1583,1,'2017-02-09 16:02:58','2017-02-09 16:02:58','s.moik','Stephaniebraten_1:2','589c84a29e494.png','a:1:{s:5:\"image\";s:64:\"{mediaPath}content/media/retailer/1/spot_image_589c84a29de67.jpg\";}',NULL,0,0,0,4,146,1),(1584,1,'2017-02-09 16:03:00','2017-02-09 16:03:00','s.moik','Stephaniebraten_1','589c84a3c6802.png','a:1:{s:5:\"image\";s:64:\"{mediaPath}content/media/retailer/1/spot_image_589c84a3c5efb.jpg\";}',NULL,0,0,0,4,146,1),(1585,1,'2017-02-09 16:03:00','2017-02-09 16:03:00','s.moik','FaschierteLaibchen_Waage_klein','589c84a464335.png','a:1:{s:5:\"image\";s:64:\"{mediaPath}content/media/retailer/1/spot_image_589c84a463faf.jpg\";}',NULL,0,0,0,4,146,1),(1586,1,'2017-02-09 16:03:00','2017-02-09 16:03:00','s.moik','FaschierteLaibchen_Waage_groß','589c84a4c8452.png','a:1:{s:5:\"image\";s:64:\"{mediaPath}content/media/retailer/1/spot_image_589c84a4c8069.jpg\";}',NULL,0,0,0,4,146,1),(1588,1,'2017-02-09 16:03:02','2017-02-09 16:03:02','s.moik','FaschierteLaibchen_1:2','589c84a625b58.png','a:1:{s:5:\"image\";s:64:\"{mediaPath}content/media/retailer/1/spot_image_589c84a625368.jpg\";}',NULL,0,0,0,4,146,1),(1589,1,'2017-02-09 16:03:03','2017-02-09 16:03:03','s.moik','FaschierteLaibchen_1','589c84a6ef6fa.png','a:1:{s:5:\"image\";s:64:\"{mediaPath}content/media/retailer/1/spot_image_589c84a6eed8d.jpg\";}',NULL,0,0,0,4,146,1),(1590,1,'2017-02-09 16:03:03','2017-02-09 16:03:03','s.moik','ChiliConCarne_Waage_klein','589c84a79a3ba.png','a:1:{s:5:\"image\";s:64:\"{mediaPath}content/media/retailer/1/spot_image_589c84a79a004.jpg\";}',NULL,0,0,0,4,146,1),(1591,1,'2017-02-09 16:03:04','2017-02-09 16:03:04','s.moik','ChiliConCarne_Waage_groß','589c84a822819.png','a:1:{s:5:\"image\";s:64:\"{mediaPath}content/media/retailer/1/spot_image_589c84a8223ed.jpg\";}',NULL,0,0,0,4,146,1),(1593,1,'2017-02-09 16:03:05','2017-02-09 16:03:05','s.moik','ChiliConCarne_1:2','589c84a955c8f.png','a:1:{s:5:\"image\";s:64:\"{mediaPath}content/media/retailer/1/spot_image_589c84a95562f.jpg\";}',NULL,0,0,0,4,146,1),(1594,1,'2017-02-09 16:03:06','2017-02-09 16:03:06','s.moik','ChiliConCarne_1','589c84aa5acf7.png','a:1:{s:5:\"image\";s:64:\"{mediaPath}content/media/retailer/1/spot_image_589c84aa5a344.jpg\";}',NULL,0,0,0,4,146,1),(1600,1,'2017-02-09 16:12:21','2017-02-09 16:12:21','s.moik','Hintergrund_Blau_Waage_klein','589c86d567f67.png','a:1:{s:5:\"image\";s:64:\"{mediaPath}content/media/retailer/1/spot_image_589c86d567d5a.jpg\";}',NULL,0,0,0,4,143,1),(1601,1,'2017-02-09 16:12:21','2017-02-09 16:12:21','s.moik','Hintergrund_Blau_Waage_groß','589c86d5c7d71.png','a:1:{s:5:\"image\";s:64:\"{mediaPath}content/media/retailer/1/spot_image_589c86d5c7b09.jpg\";}',NULL,0,0,0,4,143,1),(1602,1,'2017-02-09 16:12:22','2017-02-09 16:12:22','s.moik','Hintergrund_Blau_1:3','589c86d666b68.png','a:1:{s:5:\"image\";s:64:\"{mediaPath}content/media/retailer/1/spot_image_589c86d6668a9.jpg\";}',NULL,0,0,0,4,143,1),(1603,1,'2017-02-09 16:12:23','2017-02-09 16:12:23','s.moik','Hintergrund_Blau_1:2','589c86d70121e.png','a:1:{s:5:\"image\";s:64:\"{mediaPath}content/media/retailer/1/spot_image_589c86d700ea5.jpg\";}',NULL,0,0,0,4,143,1),(1604,1,'2017-02-09 16:12:24','2017-02-09 16:12:24','s.moik','Hintergrund_Blau_1','589c86d8207a4.png','a:1:{s:5:\"image\";s:64:\"{mediaPath}content/media/retailer/1/spot_image_589c86d820211.jpg\";}',NULL,0,0,0,4,143,1),(1605,1,'2017-02-22 15:39:42','2017-02-22 15:39:42','s.moik','Schinkenfleckerln_ueberbacken_Waage_klein','58ada2ae04654.png','a:1:{s:5:\"image\";s:64:\"{mediaPath}content/media/retailer/1/spot_image_58ada2addac8d.jpg\";}',NULL,0,0,0,4,146,1),(1606,1,'2017-02-22 15:39:43','2017-02-22 15:39:43','s.moik','Schinkenfleckerln_ueberbacken_Waage_groß','58ada2af70713.png','a:1:{s:5:\"image\";s:64:\"{mediaPath}content/media/retailer/1/spot_image_58ada2af6bb94.jpg\";}',NULL,0,0,0,4,146,1),(1608,1,'2017-02-22 15:39:44','2017-02-22 15:39:44','s.moik','Schinkenfleckerln_ueberbacken_1:2','58ada2b092cf0.png','a:1:{s:5:\"image\";s:64:\"{mediaPath}content/media/retailer/1/spot_image_58ada2b092599.jpg\";}',NULL,0,0,0,4,146,1),(1609,1,'2017-02-22 15:39:45','2017-02-22 15:39:45','s.moik','Kaninchenkeule_Senf_Waage_klein','58ada2b12f0ac.png','a:1:{s:5:\"image\";s:64:\"{mediaPath}content/media/retailer/1/spot_image_58ada2b12b4d2.jpg\";}',NULL,0,0,0,4,146,1),(1610,1,'2017-02-22 15:39:46','2017-02-22 15:39:46','s.moik','Kaninchenkeule_Senf_Waage_groß','58ada2b1e2c4d.png','a:1:{s:5:\"image\";s:64:\"{mediaPath}content/media/retailer/1/spot_image_58ada2b1e2795.jpg\";}',NULL,0,0,0,4,146,1),(1612,1,'2017-02-22 15:39:49','2017-02-22 15:39:49','s.moik','Kaninchenkeule_Senf_1:2','58ada2b53a4d8.png','a:1:{s:5:\"image\";s:64:\"{mediaPath}content/media/retailer/1/spot_image_58ada2b539c65.jpg\";}',NULL,0,0,0,4,146,1),(1613,1,'2017-02-22 15:39:49','2017-02-22 15:39:49','s.moik','Hendlgeschnetzeltes_Waage_klein','58ada2b5d1d34.png','a:1:{s:5:\"image\";s:64:\"{mediaPath}content/media/retailer/1/spot_image_58ada2b5d19f3.jpg\";}',NULL,0,0,0,4,146,1),(1614,1,'2017-02-22 15:39:50','2017-02-22 15:39:50','s.moik','Hendlgeschnetzeltes_Waage_groß','58ada2b643fc7.png','a:1:{s:5:\"image\";s:64:\"{mediaPath}content/media/retailer/1/spot_image_58ada2b643c2a.jpg\";}',NULL,0,0,0,4,146,1),(1616,1,'2017-02-22 15:39:51','2017-02-22 15:39:51','s.moik','Hendlgeschnetzeltes_1:2','58ada2b726bf6.png','a:1:{s:5:\"image\";s:64:\"{mediaPath}content/media/retailer/1/spot_image_58ada2b726705.jpg\";}',NULL,0,0,0,4,146,1),(1617,1,'2017-02-22 15:39:51','2017-02-22 15:39:51','s.moik','Cordon_Bleu_Waage_klein','58ada2b7cdc87.png','a:1:{s:5:\"image\";s:64:\"{mediaPath}content/media/retailer/1/spot_image_58ada2b7cd926.jpg\";}',NULL,0,0,0,4,146,1),(1618,1,'2017-02-22 15:39:52','2017-02-22 15:39:52','s.moik','Cordon_Bleu_Waage_groß','58ada2b83a079.png','a:1:{s:5:\"image\";s:64:\"{mediaPath}content/media/retailer/1/spot_image_58ada2b832ae7.jpg\";}',NULL,0,0,0,4,146,1),(1620,1,'2017-02-22 15:39:53','2017-02-22 15:39:53','s.moik','Cordon_Bleu_1:2','58ada2b97d329.png','a:1:{s:5:\"image\";s:64:\"{mediaPath}content/media/retailer/1/spot_image_58ada2b97cd0c.jpg\";}',NULL,0,0,0,4,146,1),(1621,1,'2017-03-01 16:24:17','2017-03-01 16:24:17','s.moik','Lammkeule_mariniert_Waage_klein','58b6e7a1c3e8f.png','a:1:{s:5:\"image\";s:64:\"{mediaPath}content/media/retailer/1/spot_image_58b6e7a1bf97f.jpg\";}',NULL,0,0,0,4,146,1),(1622,1,'2017-03-01 16:24:18','2017-03-01 16:24:18','s.moik','Lammkeule_mariniert_Waage_groß','58b6e7a28dafd.png','a:1:{s:5:\"image\";s:64:\"{mediaPath}content/media/retailer/1/spot_image_58b6e7a28924c.jpg\";}',NULL,0,0,0,4,146,1),(1624,1,'2017-03-01 16:24:19','2017-03-01 16:24:19','s.moik','Lammkeule_mariniert_1:2','58b6e7a38fb50.png','a:1:{s:5:\"image\";s:64:\"{mediaPath}content/media/retailer/1/spot_image_58b6e7a38f651.jpg\";}',NULL,0,0,0,4,146,1),(1629,1,'2017-03-02 12:18:08','2017-03-02 12:18:08','s.moik','Grün_1:2','58b7ff70cd453.png','a:1:{s:5:\"image\";s:64:\"{mediaPath}content/media/retailer/1/spot_image_58b7ff70cd27b.jpg\";}',NULL,0,0,0,4,148,1),(1630,1,'2017-03-02 12:18:10','2017-03-02 12:18:10','s.moik','Bärlauch','58b7ff7231b8a.png','a:1:{s:5:\"image\";s:64:\"{mediaPath}content/media/retailer/1/spot_image_58b7ff723121d.jpg\";}',NULL,0,0,0,4,148,1),(1631,1,'2017-03-02 12:18:10','2017-03-02 12:18:10','s.moik','Bärlauch_Waage_klein','58b7ff72d6687.png','a:1:{s:5:\"image\";s:64:\"{mediaPath}content/media/retailer/1/spot_image_58b7ff72d62f9.jpg\";}',NULL,0,0,0,4,148,1),(1632,1,'2017-03-02 12:18:11','2017-03-02 12:18:11','s.moik','Bärlauch_Waage_groß','58b7ff738df81.png','a:1:{s:5:\"image\";s:64:\"{mediaPath}content/media/retailer/1/spot_image_58b7ff738db5e.jpg\";}',NULL,0,0,0,4,148,1),(1634,1,'2017-03-02 12:18:13','2017-03-02 12:18:13','s.moik','Bärlauch_1:2','58b7ff751a84d.png','a:1:{s:5:\"image\";s:64:\"{mediaPath}content/media/retailer/1/spot_image_58b7ff751a1b3.jpg\";}',NULL,0,0,0,4,148,1),(1637,NULL,'2017-03-14 13:33:40','2019-03-07 14:53:08','c.haas','Bärlauch_Kalbsbratwürstel','thumb_1_1637.jpg','a:26:{s:6:\"offer1\";a:2:{s:2:\"id\";s:5:\"false\";s:4:\"name\";s:12:\"Kein Angebot\";}s:11:\"background1\";s:64:\"{mediaPath}content/media/retailer/1/spot_image_58b7ff751a1b3.jpg\";s:9:\"headline1\";s:0:\"\";s:12:\"subheadline1\";s:0:\"\";s:7:\"footer1\";s:0:\"\";s:6:\"price1\";s:0:\"\";s:6:\"offer2\";a:2:{s:2:\"id\";s:5:\"false\";s:4:\"name\";s:15:\"Kein Schmankerl\";}s:11:\"background2\";s:64:\"{mediaPath}content/media/retailer/1/spot_image_58b7ff70cd27b.jpg\";s:9:\"headline2\";s:15:\"ALLES\nBÄRLAUCH\";s:12:\"subheadline2\";s:0:\"\";s:7:\"footer2\";s:13:\"220 g Packung\";s:6:\"price2\";s:4:\"3,20\";s:6:\"offer3\";a:2:{s:2:\"id\";s:5:\"false\";s:4:\"name\";s:12:\"Kein Angebot\";}s:11:\"background3\";a:2:{s:2:\"id\";s:64:\"{mediaPath}content/media/retailer/1/spot_image_57bec6ef8b6c3.jpg\";s:4:\"name\";s:23:\"drittel_Bratwursttag3+1\";}s:9:\"headline3\";s:15:\"BRATWURST-\nTAG!\";s:12:\"subheadline3\";s:14:\"Donnerstag ist\";s:7:\"footer3\";s:63:\"Wählen Sie aus\n6 verschiedenen Sorten.\n4 Packungen statt 11,60\";s:6:\"price3\";s:4:\"8,70\";s:6:\"layout\";s:4:\"halb\";s:5:\"hpos1\";s:5:\"unten\";s:16:\"offerBackground2\";s:3:\"Rot\";s:5:\"hpos2\";s:4:\"oben\";s:16:\"offerBackground3\";s:3:\"Rot\";s:5:\"hpos3\";s:5:\"unten\";s:16:\"offerBackground1\";s:3:\"Rot\";s:10:\"offerText2\";s:417:\"<FONT SIZE=\"100\">\nKALBSBRAT-<br>\nWÜRSTEL<br>\n<FONT face=\"{font2}\">mit Bärlauch</FONT><br>\n\n<TEXTFORMAT LEADING=\"20\"><FONT SIZE=\"45\">\n...........................................................................<br>\n</FONT></TEXTFORMAT>\n\n<TEXTFORMAT LEADING=\"5\"><FONT SIZE=\"45\" face=\"{font2}\">\nUnsere feinen Kalbsbratwürstel <br>\nmit Bärlauch & unserer ganz <br>speziellen Würzung veredelt!<br>\n</FONT></TEXTFORMAT>\";}',NULL,30,0,0,14,148,1),(1655,NULL,'2017-03-29 10:50:05','2018-03-06 15:41:44','c.haas','Ostern_Fleisch_2_2017','1655.jpg','a:28:{s:6:\"offer1\";a:2:{s:2:\"id\";s:5:\"false\";s:4:\"name\";s:12:\"Kein Angebot\";}s:11:\"background1\";s:64:\"{mediaPath}content/media/retailer/1/spot_image_58db6fec3552a.jpg\";s:9:\"headline1\";s:0:\"\";s:12:\"subheadline1\";s:0:\"\";s:7:\"footer1\";s:0:\"\";s:6:\"price1\";s:0:\"\";s:6:\"offer2\";a:2:{s:2:\"id\";s:5:\"false\";s:4:\"name\";s:15:\"Kein Schmankerl\";}s:11:\"background2\";s:64:\"{mediaPath}content/media/retailer/1/spot_image_58db6fee632e8.jpg\";s:9:\"headline2\";s:0:\"\";s:12:\"subheadline2\";s:0:\"\";s:7:\"footer2\";s:0:\"\";s:6:\"price2\";s:0:\"\";s:6:\"offer3\";a:2:{s:2:\"id\";s:5:\"false\";s:4:\"name\";s:12:\"Kein Angebot\";}s:11:\"background3\";s:64:\"{mediaPath}content/media/retailer/1/spot_image_58db6fea13f24.jpg\";s:9:\"headline3\";s:0:\"\";s:12:\"subheadline3\";s:0:\"\";s:7:\"footer3\";s:0:\"\";s:6:\"price3\";s:0:\"\";s:6:\"layout\";s:7:\"drittel\";s:5:\"hpos1\";s:5:\"unten\";s:16:\"offerBackground2\";s:3:\"Rot\";s:5:\"hpos2\";s:4:\"oben\";s:16:\"offerBackground3\";s:3:\"Rot\";s:5:\"hpos3\";s:5:\"unten\";s:16:\"offerBackground1\";s:3:\"Rot\";s:10:\"offerText2\";s:0:\"\";s:10:\"offerText3\";s:0:\"\";s:10:\"offerText1\";s:0:\"\";}',NULL,0,0,0,14,149,1),(1656,NULL,'2017-03-29 10:54:19','2018-03-06 17:12:52','c.haas','Ostern_Fleisch_3_2017','1656.jpg','a:28:{s:6:\"offer1\";a:2:{s:2:\"id\";s:5:\"false\";s:4:\"name\";s:12:\"Kein Angebot\";}s:11:\"background1\";s:64:\"{mediaPath}content/media/retailer/1/spot_image_58db6ff038a13.jpg\";s:9:\"headline1\";s:13:\"FROHE\nOSTERN:\";s:12:\"subheadline1\";s:0:\"\";s:7:\"footer1\";s:9:\"100 Gramm\";s:6:\"price1\";s:4:\"3,49\";s:6:\"offer2\";a:2:{s:2:\"id\";s:5:\"false\";s:4:\"name\";s:15:\"Kein Schmankerl\";}s:11:\"background2\";s:64:\"{mediaPath}content/media/retailer/1/spot_image_58db6ff038a13.jpg\";s:9:\"headline2\";s:13:\"FROHE\nOSTERN:\";s:12:\"subheadline2\";s:0:\"\";s:7:\"footer2\";s:0:\"\";s:6:\"price2\";s:0:\"\";s:6:\"offer3\";a:2:{s:2:\"id\";s:5:\"false\";s:4:\"name\";s:12:\"Kein Angebot\";}s:11:\"background3\";s:64:\"{mediaPath}content/media/retailer/1/spot_image_58db6ff038a13.jpg\";s:9:\"headline3\";s:13:\"FROHE\nOSTERN:\";s:12:\"subheadline3\";s:0:\"\";s:7:\"footer3\";s:13:\"260 g Packung\";s:6:\"price3\";s:4:\"3,60\";s:6:\"layout\";s:7:\"drittel\";s:5:\"hpos1\";s:5:\"unten\";s:16:\"offerBackground2\";s:3:\"Rot\";s:5:\"hpos2\";s:4:\"oben\";s:16:\"offerBackground3\";s:3:\"Rot\";s:5:\"hpos3\";s:5:\"unten\";s:16:\"offerBackground1\";s:3:\"Rot\";s:10:\"offerText2\";s:451:\"<FONT face=\"{font2}\">Heuer wieder:<br><br></FONT>\n<FONT SIZE=\"70\">OSTER-KITZ<br></FONT>\n<FONT SIZE=\"50\"><br></FONT>\n<FONT SIZE=\"70\">MILCHLAMM<br></FONT>\n<FONT SIZE=\"50\"><br></FONT>\n<FONT SIZE=\"70\">KANINCHEN</FONT>\n\n\n<TEXTFORMAT LEADING=\"20\"><FONT SIZE=\"45\">\n.......................................<br>\n</FONT></TEXTFORMAT>\n\n<FONT face=\"{font2}\">Wir freuen<br></FONT>\n<FONT face=\"{font2}\">uns auf Ihre<br></FONT>\n<FONT face=\"{font2}\">Bestellung!</FONT>\";s:10:\"offerText3\";s:389:\"<FONT face=\"{font2}\">konfierte</FONT><br>\n<FONT SIZE=\"70\">\nKANINCHEN-<br>\nKEULEN<br>\n\n\n<TEXTFORMAT LEADING=\"20\"><FONT SIZE=\"45\">\n.......................................<br>\n</FONT></TEXTFORMAT>\n\n<TEXTFORMAT LEADING=\"5\"><FONT SIZE=\"45\" face=\"{font2}\">\nWir haben unsere<br>\nfeinsten Bratwürstel<br>\nsaisonal mit Bärlauch<br>\n& unserer speziellen<br>\nWürzung veredelt!\n</FONT></TEXTFORMAT>\";s:10:\"offerText1\";s:369:\"<FONT face=\"{font2}\">konfierte</FONT><br>\n<FONT SIZE=\"75\">LAMM-<br>\nSTELZEN<br>\n\n<TEXTFORMAT LEADING=\"20\"><FONT SIZE=\"45\">\n.......................................<br>\n</FONT></TEXTFORMAT>\n\n<TEXTFORMAT LEADING=\"5\"><FONT SIZE=\"45\" face=\"{font2}\">\nUnsere Lammstelzen<br>\nsind 20 Stunden<br>\nsanft gegart &.<br>\nin 30 Minuten<br>\nfertig zubereitet!<br>\n</FONT></TEXTFORMAT>\";}',NULL,0,0,0,14,149,1),(1659,NULL,'2017-03-30 09:46:42','2018-03-06 17:12:54','c.haas','Ostern_Feinkost_2017','1659.jpg','a:28:{s:6:\"offer1\";a:2:{s:2:\"id\";s:5:\"false\";s:4:\"name\";s:12:\"Kein Angebot\";}s:11:\"background1\";s:64:\"{mediaPath}content/media/retailer/1/spot_image_58db6ff038a13.jpg\";s:9:\"headline1\";s:13:\"FROHE\nOSTERN:\";s:12:\"subheadline1\";s:0:\"\";s:7:\"footer1\";s:6:\"Stück\";s:6:\"price1\";s:5:\"19,80\";s:6:\"offer2\";a:2:{s:2:\"id\";s:5:\"false\";s:4:\"name\";s:15:\"Kein Schmankerl\";}s:11:\"background2\";s:64:\"{mediaPath}content/media/retailer/1/spot_image_58db6fee632e8.jpg\";s:9:\"headline2\";s:0:\"\";s:12:\"subheadline2\";s:0:\"\";s:7:\"footer2\";s:0:\"\";s:6:\"price2\";s:0:\"\";s:6:\"offer3\";a:2:{s:2:\"id\";s:5:\"false\";s:4:\"name\";s:12:\"Kein Angebot\";}s:11:\"background3\";s:64:\"{mediaPath}content/media/retailer/1/spot_image_58db6ff038a13.jpg\";s:9:\"headline3\";s:13:\"FROHE\nOSTERN:\";s:12:\"subheadline3\";s:0:\"\";s:7:\"footer3\";s:34:\"100 g im Ganzen\n\n100 g geschnitten\";s:6:\"price3\";s:9:\"1,59\n2,09\";s:6:\"layout\";s:7:\"drittel\";s:5:\"hpos1\";s:5:\"unten\";s:16:\"offerBackground2\";s:3:\"Rot\";s:5:\"hpos2\";s:4:\"oben\";s:16:\"offerBackground3\";s:3:\"Rot\";s:5:\"hpos3\";s:5:\"unten\";s:16:\"offerBackground1\";s:3:\"Rot\";s:10:\"offerText2\";s:0:\"\";s:10:\"offerText3\";s:359:\"<FONT face=\"{font2}\">delikates</FONT><br>\n<FONT SIZE=\"70\">\nOSTER-<br>\nFRIKANDEAU<br>\n\n\n<TEXTFORMAT LEADING=\"20\"><FONT SIZE=\"45\">\n.......................................<br>\n</FONT></TEXTFORMAT>\n\n<TEXTFORMAT LEADING=\"5\"><FONT SIZE=\"45\" face=\"{font2}\">\nZarte Unterschale<br>\ngepökelt, gegart &<br>\nsanft über Buchen-<br>\nholz geräuchert!\n</FONT></TEXTFORMAT>\";s:10:\"offerText1\";s:391:\"<FONT face=\"{font2}\">Kaplan</FONT><br>\n<FONT SIZE=\"75\">OSTER-<br>\nREINDLING<br>\n\n<TEXTFORMAT LEADING=\"20\"><FONT SIZE=\"45\">\n.......................................<br>\n</FONT></TEXTFORMAT>\n\n<TEXTFORMAT LEADING=\"5\"><FONT SIZE=\"45\" face=\"{font2}\">\nSüße Ostergrüße aus<br>\ndem Burgenland:<br>\nSaftiger Germteig<br>\nreichlich mit Rosinen,<br>\nZimt & Zucker gefüllt!<br>\n\n</FONT></TEXTFORMAT>\";}',NULL,0,0,0,14,149,1),(1689,NULL,'2017-04-03 15:09:39','2019-06-16 11:12:47','c.haas','Imbiss 3','thumb_1_1689.jpg','a:25:{s:6:\"offer1\";a:2:{s:2:\"id\";s:5:\"false\";s:4:\"name\";s:12:\"Kein Angebot\";}s:11:\"background1\";s:64:\"{mediaPath}content/media/retailer/1/spot_image_597f0a9809ac7.jpg\";s:9:\"headline1\";s:17:\"SCHNITZEL-\nSEMMEL\";s:12:\"subheadline1\";s:7:\"Frische\";s:7:\"footer1\";s:37:\"vom Schwein\n\nvom steirischen Junghuhn\";s:6:\"price1\";s:9:\"3,00\n3,20\";s:6:\"offer2\";a:2:{s:2:\"id\";s:5:\"false\";s:4:\"name\";s:12:\"Kein Angebot\";}s:11:\"background2\";s:64:\"{mediaPath}content/media/retailer/1/spot_image_5b8fec64e71b9.jpg\";s:9:\"headline2\";s:11:\"LEBER-\nKÄS\";s:12:\"subheadline2\";s:12:\"Ofenfrischer\";s:7:\"footer2\";s:44:\"100 Gramm Klassisch\n\n100 Gramm Pikant, Käse\";s:6:\"price2\";s:9:\"1,69\n1,75\";s:6:\"offer3\";a:2:{s:2:\"id\";s:5:\"false\";s:4:\"name\";s:12:\"Kein Angebot\";}s:11:\"background3\";s:64:\"{mediaPath}content/media/retailer/1/spot_image_597f0a9c61a38.jpg\";s:9:\"headline3\";s:21:\"FLEISCHLABERL-\nSEMMEL\";s:12:\"subheadline3\";s:11:\"Gschmackige\";s:7:\"footer3\";s:10:\"per Stück\";s:6:\"price3\";s:4:\"2,70\";s:6:\"layout\";s:7:\"drittel\";s:16:\"offerBackground1\";s:3:\"Rot\";s:5:\"hpos1\";s:5:\"unten\";s:16:\"offerBackground2\";s:3:\"Rot\";s:5:\"hpos2\";s:5:\"unten\";s:16:\"offerBackground3\";s:3:\"Rot\";s:5:\"hpos3\";s:5:\"unten\";}',NULL,0,0,0,14,151,1),(1710,1,'2017-04-14 08:24:23','2017-04-14 08:24:23','s.moik','Handwerk_Familienwand_20','58f06b176c317.png','a:1:{s:5:\"image\";s:64:\"{mediaPath}content/media/retailer/1/spot_image_58f06b176b96f.jpg\";}',NULL,0,0,0,4,114,1),(1711,1,'2017-04-14 08:24:24','2017-04-14 08:24:24','s.moik','Handwerk_Familienwand_19','58f06b18a4941.png','a:1:{s:5:\"image\";s:64:\"{mediaPath}content/media/retailer/1/spot_image_58f06b18a3ee1.jpg\";}',NULL,0,0,0,4,114,1),(1712,1,'2017-04-14 08:24:25','2017-04-14 08:24:25','s.moik','Handwerk_Familienwand_17','58f06b199e562.png','a:1:{s:5:\"image\";s:64:\"{mediaPath}content/media/retailer/1/spot_image_58f06b199dcab.jpg\";}',NULL,0,0,0,4,114,1),(1713,1,'2017-04-14 08:24:26','2017-04-14 08:24:26','s.moik','Handwerk_Familienwand_16','58f06b1a8c544.png','a:1:{s:5:\"image\";s:64:\"{mediaPath}content/media/retailer/1/spot_image_58f06b1a8bc59.jpg\";}',NULL,0,0,0,4,114,1),(1714,1,'2017-04-14 08:24:27','2017-04-14 08:24:27','s.moik','Handwerk_Familienwand_15','58f06b1b885fe.png','a:1:{s:5:\"image\";s:64:\"{mediaPath}content/media/retailer/1/spot_image_58f06b1b87c44.jpg\";}',NULL,0,0,0,4,114,1),(1715,1,'2017-04-14 08:24:28','2017-04-14 08:24:28','s.moik','Handwerk_Familienwand_14','58f06b1c4748a.png','a:1:{s:5:\"image\";s:64:\"{mediaPath}content/media/retailer/1/spot_image_58f06b1c46d0b.jpg\";}',NULL,0,0,0,4,114,1),(1716,1,'2017-04-14 08:24:29','2017-04-14 08:24:29','s.moik','Handwerk_Familienwand_13','58f06b1d9185f.png','a:1:{s:5:\"image\";s:64:\"{mediaPath}content/media/retailer/1/spot_image_58f06b1d90f12.jpg\";}',NULL,0,0,0,4,114,1),(1717,1,'2017-04-14 08:24:30','2017-04-14 08:24:30','s.moik','Handwerk_Familienwand_12','58f06b1e5e921.png','a:1:{s:5:\"image\";s:64:\"{mediaPath}content/media/retailer/1/spot_image_58f06b1e5e0b5.jpg\";}',NULL,0,0,0,4,114,1),(1718,1,'2017-04-14 08:24:31','2017-04-14 08:24:31','s.moik','Handwerk_Familienwand_11','58f06b1f5f47b.png','a:1:{s:5:\"image\";s:64:\"{mediaPath}content/media/retailer/1/spot_image_58f06b1f5eb4c.jpg\";}',NULL,0,0,0,4,114,1),(1719,1,'2017-04-14 08:27:20','2017-04-14 08:27:20','s.moik','Handwerk_Familienwand_10','58f06bc830de1.png','a:1:{s:5:\"image\";s:64:\"{mediaPath}content/media/retailer/1/spot_image_58f06bc83026c.jpg\";}',NULL,0,0,0,4,114,1),(1720,1,'2017-04-14 08:27:21','2017-04-14 08:27:21','s.moik','Handwerk_Familienwand_9','58f06bc93addc.png','a:1:{s:5:\"image\";s:64:\"{mediaPath}content/media/retailer/1/spot_image_58f06bc93a349.jpg\";}',NULL,0,0,0,4,114,1),(1721,1,'2017-04-14 08:27:22','2017-04-14 08:27:22','s.moik','Handwerk_Familienwand_8','58f06bca6395e.png','a:1:{s:5:\"image\";s:64:\"{mediaPath}content/media/retailer/1/spot_image_58f06bca63132.jpg\";}',NULL,0,0,0,4,114,1),(1722,1,'2017-04-14 08:27:23','2017-04-14 08:27:23','s.moik','Handwerk_Familienwand_7','58f06bcb8fbc3.png','a:1:{s:5:\"image\";s:64:\"{mediaPath}content/media/retailer/1/spot_image_58f06bcb8f326.jpg\";}',NULL,0,0,0,4,114,1),(1723,1,'2017-04-14 08:27:24','2017-04-14 08:27:24','s.moik','Handwerk_Familienwand_6','58f06bcca5e55.png','a:1:{s:5:\"image\";s:64:\"{mediaPath}content/media/retailer/1/spot_image_58f06bcca558d.jpg\";}',NULL,0,0,0,4,114,1),(1724,1,'2017-04-14 08:27:26','2017-04-14 08:27:26','s.moik','Handwerk_Familienwand_5','58f06bcdd075e.png','a:1:{s:5:\"image\";s:64:\"{mediaPath}content/media/retailer/1/spot_image_58f06bcdcac2d.jpg\";}',NULL,0,0,0,4,114,1),(1725,1,'2017-04-14 08:27:27','2017-04-14 08:27:27','s.moik','Handwerk_Familienwand_4','58f06bced724e.png','a:1:{s:5:\"image\";s:64:\"{mediaPath}content/media/retailer/1/spot_image_58f06bced68a0.jpg\";}',NULL,0,0,0,4,114,1),(1726,1,'2017-04-14 08:27:28','2017-04-14 08:27:28','s.moik','Handwerk_Familienwand_3','58f06bd07e76c.png','a:1:{s:5:\"image\";s:64:\"{mediaPath}content/media/retailer/1/spot_image_58f06bd07dee2.jpg\";}',NULL,0,0,0,4,114,1),(1727,1,'2017-04-14 08:27:29','2017-04-14 08:27:29','s.moik','Handwerk_Familienwand_2','58f06bd1a8c38.png','a:1:{s:5:\"image\";s:64:\"{mediaPath}content/media/retailer/1/spot_image_58f06bd1a81e4.jpg\";}',NULL,0,0,0,4,114,1),(1728,1,'2017-04-14 08:27:31','2017-04-14 08:27:31','s.moik','Handwerk_Familienwand_1','58f06bd2edeb5.png','a:1:{s:5:\"image\";s:64:\"{mediaPath}content/media/retailer/1/spot_image_58f06bd2ed499.jpg\";}',NULL,0,0,0,4,114,1),(1729,1,'2017-04-14 08:35:14','2019-05-28 12:46:09','c.haas','Fleischermeister_Reifung','1729.jpg','a:2:{s:5:\"image\";s:64:\"{mediaPath}content/media/retailer/1/spot_image_58f06da1d19e0.jpg\";s:6:\"border\";s:2:\"ja\";}',NULL,0,0,0,4,114,1),(1750,NULL,'2017-04-18 11:49:29','2019-05-28 22:20:53','c.haas','Fleisch Grillen 1','thumb_1_1750.jpg','a:25:{s:6:\"offer1\";a:2:{s:2:\"id\";s:5:\"false\";s:4:\"name\";s:12:\"Kein Angebot\";}s:11:\"background1\";s:64:\"{mediaPath}content/media/retailer/1/spot_image_5acdef4624d21.jpg\";s:9:\"headline1\";s:15:\"TOMAHAWK-\nSTEAK\";s:12:\"subheadline1\";s:0:\"\";s:6:\"offer2\";a:2:{s:2:\"id\";s:5:\"false\";s:4:\"name\";s:12:\"Kein Angebot\";}s:11:\"background2\";s:64:\"{mediaPath}content/media/retailer/1/spot_image_5ced6cc85b63e.jpg\";s:9:\"headline2\";s:13:\"RIB-EYE STEAK\";s:12:\"subheadline2\";s:8:\"Saftiges\";s:6:\"offer3\";a:2:{s:2:\"id\";s:5:\"false\";s:4:\"name\";s:12:\"Kein Angebot\";}s:11:\"background3\";s:64:\"{mediaPath}content/media/retailer/1/spot_image_5acded76257ce.jpg\";s:9:\"headline3\";s:13:\"COTE DE BOEUF\";s:12:\"subheadline3\";s:10:\"Irish Beef\";s:5:\"hpos1\";s:4:\"oben\";s:6:\"layout\";s:7:\"drittel\";s:16:\"offerBackground1\";s:3:\"Rot\";s:16:\"offerBackground2\";s:3:\"Rot\";s:5:\"hpos2\";s:5:\"unten\";s:16:\"offerBackground3\";s:3:\"Rot\";s:5:\"hpos3\";s:5:\"unten\";s:6:\"price1\";s:4:\"2,19\";s:6:\"price2\";s:4:\"2,49\";s:7:\"footer1\";s:9:\"100 Gramm\";s:7:\"footer2\";s:9:\"100 Gramm\";s:7:\"footer3\";s:9:\"100 Gramm\";s:6:\"price3\";s:4:\"3,25\";}',NULL,0,0,0,14,155,1),(1753,1,'2017-04-19 12:06:18','2017-04-19 12:06:18','s.moik','Grillrost_Illu_1:3','58f7369a09162.png','a:1:{s:5:\"image\";s:64:\"{mediaPath}content/media/retailer/1/spot_image_58f7369a08f16.jpg\";}',NULL,0,0,0,4,155,1),(1754,1,'2017-04-19 12:06:18','2017-04-19 12:06:18','s.moik','Grillrost_Illu_1:2','58f7369a8d207.png','a:1:{s:5:\"image\";s:64:\"{mediaPath}content/media/retailer/1/spot_image_58f7369a8cf3a.jpg\";}',NULL,0,0,0,4,155,1),(1755,1,'2017-04-19 12:06:18','2017-04-19 12:06:18','s.moik','Grillrost_1:3','58f7369ad8485.png','a:1:{s:5:\"image\";s:64:\"{mediaPath}content/media/retailer/1/spot_image_58f7369ad8239.jpg\";}',NULL,0,0,0,4,155,1),(1756,1,'2017-04-19 12:06:19','2017-04-19 12:06:19','s.moik','Grillrost_1:2','58f7369b41530.png','a:1:{s:5:\"image\";s:64:\"{mediaPath}content/media/retailer/1/spot_image_58f7369b41233.jpg\";}',NULL,0,0,0,4,155,1),(1760,NULL,'2017-04-19 16:32:47','2019-05-05 14:29:18','c.haas','Grillen Feinkost 1','thumb_1_1760.jpg','a:18:{s:6:\"layout\";s:4:\"halb\";s:16:\"offerBackground1\";s:3:\"Rot\";s:11:\"background1\";s:64:\"{mediaPath}content/media/retailer/1/spot_image_58f7369a8cf3a.jpg\";s:5:\"hpos1\";s:4:\"oben\";s:6:\"offer2\";a:2:{s:2:\"id\";s:5:\"false\";s:4:\"name\";s:12:\"Kein Angebot\";}s:6:\"offer1\";a:2:{s:2:\"id\";s:5:\"false\";s:4:\"name\";s:12:\"Kein Angebot\";}s:16:\"offerBackground2\";s:3:\"Rot\";s:11:\"background2\";s:64:\"{mediaPath}content/media/retailer/1/spot_image_58f7369a8cf3a.jpg\";s:5:\"hpos2\";s:5:\"unten\";s:9:\"headline1\";s:16:\"MEISTER-\nGRILLEN\";s:12:\"subheadline1\";s:0:\"\";s:10:\"offerText1\";s:443:\"<FONT SIZE=\"100\">\n<FONT face=\"{font2}\">Griechische</FONT><br>BRAT-<br>WÜRSTEL\n<TEXTFORMAT LEADING=\"20\"><FONT SIZE=\"45\">\n...............................................................<br>\n</FONT></TEXTFORMAT>\n\n<TEXTFORMAT LEADING=\"5\"><FONT SIZE=\"45\" face=\"{font2}\">\nMediterrane Bratwurst mit Bergkräutern,<br>\nRosmarin, Thymian & einem Schuss<br>\nZitrone gewürzt - ein Aroma, das<br>\nägäische Geschichte erzählt!<br>\n</FONT></TEXTFORMAT>\";s:7:\"footer1\";s:13:\"200 g Packung\";s:6:\"price1\";s:4:\"3,20\";s:9:\"headline2\";s:19:\"MEISTERGRILLEN\n2018\";s:7:\"footer2\";s:13:\"200 g Packung\";s:6:\"price2\";s:4:\"2,98\";s:10:\"offerText2\";s:371:\"<FONT SIZE=\"80\">\n<FONT face=\"{font2}\">Italienische</FONT><BR>\nBRAT-<BR>\nWÜRSTEL\n\n<TEXTFORMAT LEADING=\"20\"><FONT SIZE=\"45\">\n.......................................<br>\n</FONT></TEXTFORMAT>\n\n<TEXTFORMAT LEADING=\"5\"><FONT SIZE=\"45\" face=\"{font2}\">\nSommerliche Bratwurst mit<br>\nsonnengetrockneten Paradeisern<br>\n& italienischen Kräutern gewürzt!<br>\n</FONT></TEXTFORMAT>\";}',NULL,0,0,0,14,155,1),(1763,NULL,'2017-05-04 16:28:10','2017-05-24 09:26:58','ep_demo','Product1',NULL,'a:3:{s:6:\"border\";s:4:\"nein\";s:9:\"productId\";s:7:\"1132992\";s:5:\"title\";s:45:\"<span class=\'big\'>Technik</span> in Bestform!\";}',NULL,0,0,0,24,NULL,3),(1783,NULL,'2017-05-09 08:48:35','2017-05-26 12:52:56','ep_demo','Product3',NULL,'a:2:{s:9:\"productId\";s:7:\"1049418\";s:5:\"title\";s:44:\"<span class=\'big\'>Günstig</span> unterwegs!\";}',NULL,0,0,0,24,NULL,3),(1787,NULL,'2017-05-09 10:25:19','2017-05-22 10:51:51','admin_ep','Product2',NULL,'a:2:{s:9:\"productId\";s:7:\"1113446\";s:5:\"title\";s:44:\"TVs total <span class=\'big\'>günstig!</span>\";}',NULL,0,0,0,24,NULL,3),(1791,NULL,'2017-05-09 11:34:55','2017-05-26 12:24:40','ep_demo','Product4',NULL,'a:2:{s:9:\"productId\";s:7:\"1049418\";s:5:\"title\";s:38:\"<span class=\'big\'>Mega</span>-Knaller!\";}',NULL,0,0,0,24,NULL,3),(1792,NULL,'2017-05-09 11:35:10','2017-08-09 15:01:33','admin_ep','Product5',NULL,'a:2:{s:9:\"productId\";s:7:\"1134900\";s:5:\"title\";s:46:\"Für <span class=\'big\'>Großbild</span>jäger!\";}',NULL,0,0,0,17,NULL,3),(1797,39,'2017-05-11 11:29:37','2017-05-12 11:51:40','admin_jt','Videos_hoch_scaled','1797.jpg','a:1:{s:5:\"video\";s:65:\"{mediaPath}content/media/retailer/39/spot_video_59142efdbd656.mp4\";}',NULL,0,0,0,2,158,4),(1798,39,'2017-05-11 11:58:05','2017-05-12 11:46:13','admin_jt','video_breit_scaled_small','1798.jpg','a:1:{s:5:\"video\";s:65:\"{mediaPath}content/media/retailer/39/spot_video_591435a9de74e.mp4\";}',NULL,0,0,0,2,158,4),(1799,39,'2017-05-11 12:05:09','2017-05-12 11:54:08','admin_jt','water_bubbles_loop_small','5914375436743.png','a:1:{s:5:\"video\";s:65:\"{mediaPath}content/media/retailer/39/spot_video_59143753d92ca.mp4\";}',NULL,0,0,0,2,158,4),(1800,39,'2017-05-11 12:06:54','2017-05-12 11:54:13','admin_jt','Videos_hoch_scaled_pfeile','1800.jpg','a:1:{s:5:\"video\";s:65:\"{mediaPath}content/media/retailer/39/spot_video_591437ba0f1d3.mp4\";}',NULL,0,0,0,2,158,4),(1801,39,'2017-05-11 12:12:18','2017-05-12 11:48:54','admin_jt','Videos_hoch_scaled_gold_1','1801.jpg','a:1:{s:5:\"video\";s:65:\"{mediaPath}content/media/retailer/39/spot_video_591438ffdf492.mp4\";}',NULL,0,0,0,2,158,4),(1802,39,'2017-05-11 12:44:17','2017-05-11 12:44:17','admin_jt','Pink_Bubbles_quer_scaled_1','5914407fb7c38.png','a:1:{s:5:\"video\";s:65:\"{mediaPath}content/media/retailer/39/spot_video_5914407fa8320.mp4\";}',NULL,0,0,0,2,158,4),(1804,39,'2017-05-11 15:12:47','2017-05-11 15:12:47','admin_jt','water_bubbles_loop','5914634e16815.png','a:1:{s:5:\"video\";s:65:\"{mediaPath}content/media/retailer/39/spot_video_5914634d8507d.mp4\";}',NULL,0,0,0,2,158,4),(1805,39,'2017-05-12 08:59:15','2017-05-12 08:59:15','admin_jt','preview_0_100','59155d4061ef4.png','a:1:{s:5:\"video\";s:65:\"{mediaPath}content/media/retailer/39/spot_video_59155d405bd49.mp4\";}',NULL,0,0,0,2,158,4),(1806,39,'2017-05-12 08:59:26','2017-05-12 08:59:26','admin_jt','preview_0_101','59155d4be8a3a.png','a:1:{s:5:\"video\";s:65:\"{mediaPath}content/media/retailer/39/spot_video_59155d4be6b7d.mp4\";}',NULL,0,0,0,2,158,4),(1807,39,'2017-05-12 12:04:50','2017-05-12 12:04:50','admin_jt','Videos_full_hoch','591588be5f155.png','a:1:{s:5:\"video\";s:65:\"{mediaPath}content/media/retailer/39/spot_video_591588be25b79.mp4\";}',NULL,0,0,0,2,158,4),(1808,39,'2017-05-12 14:38:03','2017-05-12 14:38:03','admin_jt','JT_Helix_1','5915aca7cee12.png','a:1:{s:5:\"video\";s:65:\"{mediaPath}content/media/retailer/39/spot_video_5915aca7afbb2.mp4\";}',NULL,0,0,0,2,158,4),(1809,39,'2017-05-12 14:39:14','2017-05-17 13:44:57','admin_jt','kraken_loop_hoch_full','5915acee05665.png','a:2:{s:5:\"video\";s:65:\"{mediaPath}content/media/retailer/39/spot_video_5915acedbd6da.mp4\";s:4:\"feed\";s:43:\"http://derstandard.at/?page=rss&ressort=web\";}',NULL,0,0,0,22,158,4),(1810,39,'2017-05-12 14:39:59','2017-05-12 14:39:59','admin_jt','Raupe_lounge_scaled','5915ad1c561f1.png','a:1:{s:5:\"video\";s:65:\"{mediaPath}content/media/retailer/39/spot_video_5915ad1c4c1be.mp4\";}',NULL,0,0,0,2,158,4),(1811,39,'2017-05-12 14:40:43','2017-05-12 14:40:43','admin_jt','underwater_loop-scaled','5915ad4813605.png','a:1:{s:5:\"video\";s:65:\"{mediaPath}content/media/retailer/39/spot_video_5915ad4808b41.mp4\";}',NULL,0,0,0,2,158,4),(1812,39,'2017-05-17 09:43:59','2017-05-17 09:43:59','admin_jt','jt-neg','591bff3f7fd3f.png','a:1:{s:5:\"image\";s:65:\"{mediaPath}content/media/retailer/39/spot_image_591bff3f7e124.png\";}',NULL,0,0,0,4,158,4),(1813,39,'2017-05-17 10:15:18','2017-05-17 10:15:18','admin_jt','jt-neg','591c06969aa9c.png','a:1:{s:5:\"image\";s:65:\"{mediaPath}content/media/retailer/39/spot_image_591c06969a9aa.png\";}',NULL,0,0,0,4,160,4),(1814,39,'2017-05-18 13:15:06','2017-05-18 13:17:56','admin_jt','kraken_loop_hoch_full_Kopie','5915acee05665.png','a:2:{s:5:\"video\";s:65:\"{mediaPath}content/media/retailer/39/spot_video_5915acedbd6da.mp4\";s:4:\"feed\";s:43:\"http://derstandard.at/?page=rss&ressort=web\";}',NULL,0,0,0,23,158,4),(1815,39,'2017-05-18 16:22:13','2017-05-18 16:22:13','admin_jt','testclips','591dae11349fa.png','a:1:{s:5:\"video\";s:65:\"{mediaPath}content/media/retailer/39/spot_video_591dae10dad3a.mp4\";}',NULL,0,0,0,2,158,4),(1816,NULL,'2017-05-22 15:06:08','2017-05-26 12:51:36','ep_demo','Product5','1816.jpg','a:2:{s:9:\"productId\";s:7:\"1097091\";s:5:\"title\";s:37:\"<span class=\'big\'>Marken</span>stark!\";}',NULL,0,0,0,24,NULL,3),(1817,38,'2017-05-24 09:19:52','2017-05-24 09:20:18','admin_ep','HH_AEG_AG3214G_05_2017','59253415a7b36.png','a:1:{s:5:\"video\";s:65:\"{mediaPath}content/media/retailer/38/spot_video_592534159c518.mp4\";}',NULL,0,0,0,25,156,3),(1818,38,'2017-05-24 09:25:22','2017-05-24 09:25:43','admin_ep','HH_Liebherr_CBef4805_05_2017','59253560a4b32.png','a:1:{s:5:\"video\";s:65:\"{mediaPath}content/media/retailer/38/spot_video_5925356064e7d.mp4\";}',NULL,0,0,0,25,156,3),(1820,38,'2017-05-24 10:50:48','2017-05-24 10:54:53','admin_ep','HH_AEG_L9FE86495_05_2017','592549664c2df.png','a:1:{s:5:\"video\";s:65:\"{mediaPath}content/media/retailer/38/spot_video_5925496616722.mp4\";}',NULL,0,0,0,25,156,3),(1821,38,'2017-05-24 10:51:31','2017-05-24 10:55:12','admin_ep','HH_Bosch_SMI68MS04E_05_2017','59254990a02c5.png','a:1:{s:5:\"video\";s:65:\"{mediaPath}content/media/retailer/38/spot_video_59254990621da.mp4\";}',NULL,0,0,0,25,156,3),(1822,38,'2017-05-24 10:51:52','2017-05-24 10:55:17','admin_ep','HH_Constructa_CK636EL40_05_2017','592549a6c0df4.png','a:1:{s:5:\"video\";s:65:\"{mediaPath}content/media/retailer/38/spot_video_592549a6b18ca.mp4\";}',NULL,0,0,0,25,156,3),(1823,38,'2017-05-24 10:52:08','2017-05-24 10:55:26','admin_ep','HH_Gorenje_OBRB153R_05_2017','592549b70221a.png','a:1:{s:5:\"video\";s:65:\"{mediaPath}content/media/retailer/38/spot_video_592549b6f0eb0.mp4\";}',NULL,0,0,0,25,156,3),(1824,38,'2017-05-24 10:52:26','2017-05-24 13:48:10','admin_ep','HH_Miele_G6620 SCI_05_2017','592549c879f0b.png','a:1:{s:5:\"video\";s:65:\"{mediaPath}content/media/retailer/38/spot_video_592549c86d8f6.mp4\";}',NULL,0,0,0,25,156,3),(1825,38,'2017-05-24 10:53:13','2017-05-24 10:55:55','admin_ep','HH_Siemens_HE63AB511_EA645GMA1E_05_2017','592549f5e64cc.png','a:1:{s:5:\"video\";s:65:\"{mediaPath}content/media/retailer/38/spot_video_592549f5bdea9.mp4\";}',NULL,0,0,0,25,156,3),(1826,38,'2017-05-24 10:53:34','2017-05-24 10:56:11','admin_ep','HH_Siemens_VSZ3Multi_05_2017','59254a0c3dc71.png','a:1:{s:5:\"video\";s:65:\"{mediaPath}content/media/retailer/38/spot_video_59254a0c3533b.mp4\";}',NULL,0,0,0,25,156,3),(1827,38,'2017-05-24 10:54:00','2017-05-24 10:56:21','admin_ep','HH_Siemens_WM14N2EP_05_2017','59254a26be440.png','a:1:{s:5:\"video\";s:65:\"{mediaPath}content/media/retailer/38/spot_video_59254a26aba89.mp4\";}',NULL,0,0,0,25,156,3),(1828,38,'2017-05-24 10:54:29','2017-05-24 10:56:25','admin_ep','IT_Dell_S2716DG_05_2017','59254a439cb82.png','a:1:{s:5:\"video\";s:65:\"{mediaPath}content/media/retailer/38/spot_video_59254a438d92b.mp4\";}',NULL,0,0,0,25,156,3),(1829,38,'2017-05-24 10:54:46','2017-05-24 10:56:31','admin_ep','TK_Samsung_G930 Galaxy S7_05_2017','59254a545a4e2.png','a:1:{s:5:\"video\";s:65:\"{mediaPath}content/media/retailer/38/spot_video_59254a5452583.mp4\";}',NULL,0,0,0,25,156,3),(1830,39,'2017-05-26 12:12:59','2017-05-26 12:12:59','admin_jt','moodclips_hoch_graded','5927ffa71b5cb.png','a:1:{s:5:\"video\";s:65:\"{mediaPath}content/media/retailer/39/spot_video_5927ffa6c03fa.mp4\";}',NULL,0,0,0,2,158,4),(1833,NULL,'2017-05-29 09:40:09','2017-05-29 09:40:09','ep_demo','ipad mini',NULL,'a:2:{s:9:\"productId\";s:7:\"1090494\";s:5:\"title\";s:45:\"Ein <span class=\'big\'>Fest</span> fürs Auge!\";}',NULL,0,0,0,24,NULL,3),(1837,NULL,'2017-05-29 09:56:22','2017-05-29 17:24:18','ep_demo','iphone',NULL,'a:3:{s:9:\"productId\";s:7:\"1114540\";s:5:\"title\";s:45:\"Ein <span class=\'big\'>Fest</span> fürs Auge!\";s:15:\"deferredPayment\";b:0;}',NULL,0,0,0,24,NULL,3),(1838,NULL,'2017-05-29 12:04:17','2017-08-18 11:16:12','admin_ep','Surface','1838.jpg','a:2:{s:9:\"productId\";s:7:\"1140037\";s:5:\"title\";s:45:\"<span class=\'big\'>Mehrblick </span>inklusive!\";}',NULL,0,0,0,17,NULL,3),(1846,NULL,'2017-05-29 12:49:17','2017-05-29 12:49:17','ep_demo','test2',NULL,'a:2:{s:9:\"productId\";s:7:\"1080116\";s:5:\"title\";s:44:\"Großes <span class=\'big\'>Preis-</span>Kino!\";}',NULL,0,0,0,24,NULL,3),(1847,NULL,'2017-05-29 12:50:41','2017-05-29 12:50:41','ep_demo','test3',NULL,'a:2:{s:9:\"productId\";s:7:\"1080116\";s:5:\"title\";s:44:\"Großes <span class=\'big\'>Preis-</span>Kino!\";}',NULL,0,0,0,24,NULL,3),(1848,NULL,'2017-05-29 15:35:15','2017-05-29 17:24:18','ep_demo','Bosch',NULL,'a:3:{s:9:\"productId\";s:7:\"1109714\";s:5:\"title\";s:39:\"<span class=\'big\'>Smart </span>gespart!\";s:15:\"deferredPayment\";b:0;}',NULL,0,0,0,24,NULL,3),(1849,NULL,'2017-05-29 15:39:12','2017-05-29 15:39:43','ep_demo','Philips TV',NULL,'a:2:{s:9:\"productId\";s:7:\"1083701\";s:5:\"title\";s:39:\"<span class=\'big\'>Smart </span>gespart!\";}',NULL,0,0,0,24,NULL,3),(1851,NULL,'2017-05-29 15:46:15','2017-05-29 15:47:23','ep_demo','Bosch Herd',NULL,'a:1:{s:9:\"productId\";s:7:\"1132649\";}',NULL,0,0,0,24,NULL,3),(1853,NULL,'2017-05-29 15:49:37','2017-05-29 18:07:49','ep_demo','Jura Kaffemaschine',NULL,'a:3:{s:9:\"productId\";s:7:\"1049418\";s:5:\"title\";s:42:\"<span class=\'big\'>Tipptopp</span> gespart!\";s:15:\"deferredPayment\";b:0;}',NULL,0,0,0,24,NULL,3),(1854,NULL,'2017-05-29 18:19:54','2017-05-30 09:15:10','ep_demo','Jura Kaffeemaschine',NULL,'a:3:{s:9:\"productId\";s:7:\"1049418\";s:5:\"title\";s:45:\"<span class=\'big\'>Technik</span> in Bestform!\";s:15:\"deferredPayment\";b:0;}',NULL,0,0,0,24,NULL,3),(1856,NULL,'2017-05-29 18:24:50','2017-08-18 11:11:58','admin_ep','Miele Twin Set','1856.jpg','a:3:{s:9:\"productId\";s:7:\"1089184\";s:5:\"title\";s:39:\"<span class=\'big\'>Mega</span>preiswert!\";s:15:\"deferredPayment\";b:0;}',NULL,0,0,0,17,NULL,3),(1857,NULL,'2017-05-29 18:27:28','2017-05-29 18:27:47','ep_demo','Bosch Waschmaschine',NULL,'a:3:{s:9:\"productId\";s:7:\"1053330\";s:5:\"title\";s:49:\"Waschechte <span class=\'big\'>Preisknaller!</span>\";s:15:\"deferredPayment\";b:1;}',NULL,0,0,0,24,NULL,3),(1858,NULL,'2017-05-29 18:32:19','2017-08-16 14:12:20','admin_ep','Pansonic Telefon',NULL,'a:3:{s:9:\"productId\";s:6:\"816778\";s:5:\"title\";s:45:\"Richtig viel <span class=\'big\'>sparen!</span>\";s:15:\"deferredPayment\";b:0;}',NULL,0,0,0,17,NULL,3),(1859,NULL,'2017-05-29 18:55:34','2017-05-29 18:55:34','ep_demo','iPhone',NULL,'a:2:{s:9:\"productId\";s:7:\"1088075\";s:5:\"title\";s:42:\"<span class=\'big\'>Festtags</span>programm!\";}',NULL,0,0,0,24,NULL,3),(1860,NULL,'2017-05-29 19:02:01','2017-05-29 19:02:29','ep_demo','iPhone',NULL,'a:3:{s:9:\"productId\";s:7:\"1056317\";s:5:\"title\";s:44:\"<span class=\'big\'>Günstig</span> unterwegs!\";s:15:\"deferredPayment\";b:1;}',NULL,0,0,0,24,NULL,3),(1864,NULL,'2017-05-30 10:51:38','2017-08-29 15:30:24','ep_demo','Riva Festival',NULL,'a:3:{s:9:\"productId\";s:7:\"1113623\";s:5:\"title\";s:44:\"TVs total <span class=\'big\'>günstig!</span>\";s:15:\"deferredPayment\";b:1;}',NULL,0,0,0,17,NULL,3),(1865,NULL,'2017-05-30 10:54:21','2017-08-16 14:08:28','admin_ep','Miele Set',NULL,'a:3:{s:9:\"productId\";s:7:\"1089184\";s:5:\"title\";s:44:\"Energie-<span class=\'big\'>Spar</span>-Profi!\";s:15:\"deferredPayment\";b:0;}',NULL,0,0,0,17,NULL,3),(1880,39,'2017-06-01 13:57:02','2017-06-01 13:57:02','admin_jt','stele_showreel_test','59300109083d5.png','a:1:{s:5:\"video\";s:65:\"{mediaPath}content/media/retailer/39/spot_video_59300108c307b.mp4\";}',NULL,0,0,0,2,158,4),(1881,1,'2017-07-03 16:34:20','2017-07-13 15:56:16','s.moik','Beinschinken_1:2','1881.jpg','a:1:{s:5:\"image\";s:64:\"{mediaPath}content/media/retailer/1/spot_image_595a55ebe2fa6.jpg\";}',NULL,0,0,0,4,150,1),(1882,1,'2017-07-03 16:36:25','2017-07-13 15:56:31','s.moik','Roastbeef_1:2','1882.jpg','a:1:{s:5:\"image\";s:64:\"{mediaPath}content/media/retailer/1/spot_image_595a56699a488.jpg\";}',NULL,0,0,0,4,150,1),(1885,1,'2017-07-13 15:58:12','2017-07-13 15:58:12','s.moik','Kalbspariser_1:2','59677c745637f.png','a:1:{s:5:\"image\";s:64:\"{mediaPath}content/media/retailer/1/spot_image_59677c7452052.jpg\";}',NULL,0,0,0,4,150,1),(1887,1,'2017-07-13 15:58:13','2017-07-13 15:58:13','s.moik','Grammeln_1:2','59677c75b92fd.png','a:1:{s:5:\"image\";s:64:\"{mediaPath}content/media/retailer/1/spot_image_59677c75b896c.jpg\";}',NULL,0,0,0,4,150,1),(1888,1,'2017-07-13 15:58:14','2017-07-13 15:58:14','s.moik','Beinschinken_2017_1:3','59677c76a8215.png','a:1:{s:5:\"image\";s:64:\"{mediaPath}content/media/retailer/1/spot_image_59677c76a7bd3.jpg\";}',NULL,0,0,0,4,150,1),(1889,1,'2017-07-13 15:59:26','2017-07-13 15:59:26','s.moik','Kuemmelbraten_1:3','59677cbe9ad79.png','a:1:{s:5:\"image\";s:64:\"{mediaPath}content/media/retailer/1/spot_image_59677cbe9a60f.jpg\";}',NULL,0,0,0,4,151,1),(1891,NULL,'2017-07-21 12:34:13','2018-03-06 15:43:30','c.haas','Tagesmenue Hoch','1891.jpg','a:1:{s:4:\"menu\";a:2:{s:2:\"id\";i:0;s:4:\"name\";s:21:\"saftigeHÜHNER-KEULEN\";}}',NULL,0,0,0,26,151,1),(1892,1,'2017-07-31 08:29:38','2017-07-31 08:29:38','s.moik','Heurigenstelze_1:3','597ece5276900.png','a:1:{s:5:\"image\";s:64:\"{mediaPath}content/media/retailer/1/spot_image_597ece526d5e6.jpg\";}',NULL,0,0,0,4,151,1),(1894,1,'2017-07-31 12:46:47','2017-07-31 12:46:47','s.moik','Schnitzelsemmel&Cola_1:3','597f0a96eebbf.png','a:1:{s:5:\"image\";s:64:\"{mediaPath}content/media/retailer/1/spot_image_597f0a96e4fa2.jpg\";}',NULL,0,0,0,4,151,1),(1896,1,'2017-07-31 12:46:48','2017-07-31 12:46:48','s.moik','Schnitzelsemmel_1:3','597f0a9809e8a.png','a:1:{s:5:\"image\";s:64:\"{mediaPath}content/media/retailer/1/spot_image_597f0a9809ac7.jpg\";}',NULL,0,0,0,4,151,1),(1898,1,'2017-07-31 12:46:49','2017-07-31 12:46:49','s.moik','Schnitzel&Erdaepfelsalat_1:3','597f0a9931317.png','a:1:{s:5:\"image\";s:64:\"{mediaPath}content/media/retailer/1/spot_image_597f0a9930f50.jpg\";}',NULL,0,0,0,4,151,1),(1900,1,'2017-07-31 12:46:50','2017-07-31 12:46:50','s.moik','Leberkaessemmel&Cola_1:3','597f0a9a303c8.png','a:1:{s:5:\"image\";s:64:\"{mediaPath}content/media/retailer/1/spot_image_597f0a9a2ff93.jpg\";}',NULL,0,0,0,4,151,1),(1902,1,'2017-07-31 12:46:51','2017-07-31 12:46:51','s.moik','Fleischlaberlsemmel&Cola_1:3','597f0a9b0de8a.png','a:1:{s:5:\"image\";s:64:\"{mediaPath}content/media/retailer/1/spot_image_597f0a9b0daa2.jpg\";}',NULL,0,0,0,4,151,1),(1904,1,'2017-07-31 12:46:52','2017-07-31 12:46:52','s.moik','Fleischlaberlsemmel_1:3','597f0a9c61e91.png','a:1:{s:5:\"image\";s:64:\"{mediaPath}content/media/retailer/1/spot_image_597f0a9c61a38.jpg\";}',NULL,0,0,0,4,151,1),(1906,1,'2017-07-31 16:01:51','2017-07-31 16:01:51','s.moik','Frankfurter_1:3','597f384fdbbda.png','a:1:{s:5:\"image\";s:64:\"{mediaPath}content/media/retailer/1/spot_image_597f384fdb7b0.jpg\";}',NULL,0,0,0,4,151,1),(1908,1,'2017-07-31 16:01:52','2017-07-31 16:01:52','s.moik','Debreziner_1:3','597f3850c5052.png','a:1:{s:5:\"image\";s:64:\"{mediaPath}content/media/retailer/1/spot_image_597f3850c4c56.jpg\";}',NULL,0,0,0,4,151,1),(1911,39,'2017-08-18 16:07:07','2017-08-18 16:07:07','admin_jt','_01_markenpromotion_omis','5996f489da5b6.png','a:1:{s:5:\"video\";s:65:\"{mediaPath}content/media/retailer/39/spot_video_5996f489bb944.mp4\";}',NULL,0,0,0,2,158,4),(1912,NULL,'2017-08-23 17:20:38','2017-08-23 17:20:38','ep_demo','Neuer Spot',NULL,'a:3:{s:9:\"productId\";s:0:\"\";s:5:\"title\";s:0:\"\";s:15:\"deferredPayment\";b:1;}',NULL,0,0,0,17,NULL,3),(1913,NULL,'2017-08-23 17:21:50','2017-08-23 17:21:50','ep_demo','test2',NULL,'a:3:{s:9:\"productId\";s:0:\"\";s:5:\"title\";s:0:\"\";s:15:\"deferredPayment\";b:0;}',NULL,0,0,0,17,NULL,3),(1926,NULL,'2017-08-28 14:47:52','2017-08-29 15:30:38','ep_demo','Surface Pro',NULL,'a:3:{s:9:\"productId\";s:7:\"1155189\";s:5:\"title\";s:0:\"\";s:15:\"deferredPayment\";b:1;}',NULL,0,0,0,17,NULL,3),(1928,NULL,'2017-08-28 17:35:32','2017-08-30 16:25:13','admin_ep','Fritz 7580',NULL,'a:3:{s:9:\"productId\";s:7:\"1110934\";s:5:\"title\";s:0:\"\";s:15:\"deferredPayment\";b:0;}',NULL,0,0,0,17,NULL,3),(1929,NULL,'2017-08-28 17:35:49','2017-08-30 16:25:07','admin_ep','Sprocket HP',NULL,'a:3:{s:9:\"productId\";s:7:\"1120459\";s:5:\"title\";s:0:\"\";s:15:\"deferredPayment\";b:0;}',NULL,0,0,0,17,NULL,3),(1930,NULL,'2017-08-28 17:36:08','2017-08-30 16:25:18','admin_ep','Liebherr Kühlschrank',NULL,'a:3:{s:9:\"productId\";s:7:\"1074253\";s:5:\"title\";s:0:\"\";s:15:\"deferredPayment\";b:0;}',NULL,0,0,0,17,NULL,3),(1931,NULL,'2017-08-28 17:36:23','2017-08-30 16:52:19','ep_demo','KitchenAid',NULL,'a:3:{s:9:\"productId\";s:7:\"1110763\";s:5:\"title\";s:41:\"<span class=\'big\'>Riesig </span>günstig!\";s:15:\"deferredPayment\";b:1;}',NULL,0,0,0,17,NULL,3),(1932,NULL,'2017-08-28 17:39:10','2017-08-30 12:44:18','admin_ep','Luftreiniger','1932.jpg','a:3:{s:9:\"productId\";s:7:\"1052700\";s:5:\"title\";s:0:\"\";s:15:\"deferredPayment\";b:0;}',NULL,0,0,0,17,NULL,3),(1936,38,'2017-08-29 17:01:26','2017-08-29 17:01:26','admin_ep','ep_ifa_epson','59a581c4017b5.png','a:1:{s:5:\"video\";s:65:\"{mediaPath}content/media/retailer/38/spot_video_59a581c3ececa.mp4\";}',NULL,0,0,0,2,156,3),(1937,38,'2017-08-29 17:01:38','2017-08-29 17:01:38','admin_ep','ep_ifa_indesit','59a581d03234b.png','a:1:{s:5:\"video\";s:65:\"{mediaPath}content/media/retailer/38/spot_video_59a581d02bc05.mp4\";}',NULL,0,0,0,2,156,3),(1938,38,'2017-08-29 17:01:49','2017-08-29 17:01:49','admin_ep','ep_ifa_lg55','59a581dbcf440.png','a:1:{s:5:\"video\";s:65:\"{mediaPath}content/media/retailer/38/spot_video_59a581dbc6261.mp4\";}',NULL,0,0,0,2,156,3),(1940,NULL,'2017-08-30 12:25:21','2017-08-30 12:25:21','admin_ep','Metz Novum',NULL,'a:1:{s:9:\"productId\";s:7:\"1104419\";}',NULL,0,0,0,17,NULL,3),(1941,NULL,'2017-08-30 12:25:32','2017-08-30 12:26:36','admin_ep','Luftreiniger','1941.jpg','a:1:{s:9:\"productId\";s:7:\"1052700\";}',NULL,0,0,0,17,NULL,3),(1947,NULL,'2017-08-30 12:28:11','2017-08-30 12:29:23','admin_ep','Luftreiniger (v)','1947.jpg','a:1:{s:9:\"productId\";s:7:\"1052700\";}',NULL,0,0,0,24,NULL,3),(1960,NULL,'2017-08-30 12:30:32','2017-08-30 12:30:32','admin_ep','Metz Novum (v)',NULL,'a:1:{s:9:\"productId\";s:7:\"1104419\";}',NULL,0,0,0,24,NULL,3),(1961,NULL,'2017-08-30 12:30:48','2017-08-30 12:30:48','admin_ep','Sonos Play (v)',NULL,'a:1:{s:9:\"productId\";s:7:\"1059759\";}',NULL,0,0,0,24,NULL,3),(1962,NULL,'2017-08-30 12:31:01','2017-08-30 12:31:01','admin_ep','Riva Festival (v)',NULL,'a:1:{s:9:\"productId\";s:7:\"1113623\";}',NULL,0,0,0,24,NULL,3),(1963,NULL,'2017-08-30 12:31:13','2017-08-30 12:31:13','admin_ep','Surface pro (v)',NULL,'a:1:{s:9:\"productId\";s:7:\"1155189\";}',NULL,0,0,0,24,NULL,3),(1964,NULL,'2017-08-30 12:31:31','2017-08-30 12:31:31','admin_ep','Fritz 7580 (v)',NULL,'a:1:{s:9:\"productId\";s:7:\"1110934\";}',NULL,0,0,0,24,NULL,3),(1965,NULL,'2017-08-30 12:31:51','2017-08-30 12:31:51','admin_ep','Sprocket HP (v)',NULL,'a:1:{s:9:\"productId\";s:7:\"1120459\";}',NULL,0,0,0,24,NULL,3),(1966,NULL,'2017-08-30 12:32:04','2017-08-30 12:32:04','admin_ep','Liebherr Kühlschrank (v)',NULL,'a:1:{s:9:\"productId\";s:7:\"1074253\";}',NULL,0,0,0,24,NULL,3),(1967,NULL,'2017-08-30 12:32:19','2017-08-30 12:32:19','admin_ep','KitchenAid (v)',NULL,'a:1:{s:9:\"productId\";s:7:\"1110763\";}',NULL,0,0,0,24,NULL,3),(1969,1,'2017-08-30 12:36:17','2017-08-30 12:36:17','s.moik','Weisswurstwochen_Aktion_1:3','59a6952150f7c.png','a:1:{s:5:\"image\";s:64:\"{mediaPath}content/media/retailer/1/spot_image_59a695214fd69.jpg\";}',NULL,0,0,0,4,163,1),(1970,1,'2017-08-30 12:36:18','2017-08-30 12:36:18','s.moik','Weisswurstwochen_Aktion_1:2','59a695221d4d2.png','a:1:{s:5:\"image\";s:64:\"{mediaPath}content/media/retailer/1/spot_image_59a695221ba02.jpg\";}',NULL,0,0,0,4,163,1),(1971,1,'2017-08-30 12:36:20','2017-08-30 12:36:20','s.moik','Weisswurstsenf_1:3','59a69523e670b.png','a:1:{s:5:\"image\";s:64:\"{mediaPath}content/media/retailer/1/spot_image_59a69523e5acf.jpg\";}',NULL,0,0,0,4,163,1),(1972,1,'2017-08-30 12:36:20','2017-08-30 12:36:20','s.moik','Weisswurst_Blau_1:3','59a695247b7cc.png','a:1:{s:5:\"image\";s:64:\"{mediaPath}content/media/retailer/1/spot_image_59a695247b4b4.jpg\";}',NULL,0,0,0,4,163,1),(1973,1,'2017-08-30 12:36:21','2017-08-30 12:36:21','s.moik','Weisswurst_Blau_1:2','59a69524dabf7.png','a:1:{s:5:\"image\";s:64:\"{mediaPath}content/media/retailer/1/spot_image_59a69524da83d.jpg\";}',NULL,0,0,0,4,163,1),(1974,1,'2017-08-30 12:38:55','2018-09-06 10:58:34','admin','Weisswurstwochen_Waage_Permanent','thumb_1_1974.jpg','a:4:{s:5:\"image\";s:64:\"{mediaPath}content/media/retailer/1/spot_image_59a695beeee67.jpg\";s:6:\"border\";s:4:\"nein\";s:6:\"offer1\";a:2:{s:2:\"id\";s:5:\"false\";s:4:\"name\";s:15:\"Kein Schmankerl\";}s:10:\"background\";s:64:\"{mediaPath}content/media/retailer/1/spot_image_59a695c01cb6d.jpg\";}',NULL,0,0,0,4,163,1),(1975,1,'2017-08-30 12:38:55','2018-09-06 11:02:32','admin','Weisswurstwochen_Waage_Full','59a695bf801e6.png','a:2:{s:5:\"image\";s:64:\"{mediaPath}content/media/retailer/1/spot_image_59a695bf7f59e.jpg\";s:6:\"border\";s:4:\"nein\";}',NULL,0,0,0,4,163,1),(1976,1,'2017-08-30 12:38:56','2017-08-30 12:38:56','s.moik','Weisswurstsenf_Waage_Permanent','59a695c022ed4.png','a:1:{s:5:\"image\";s:64:\"{mediaPath}content/media/retailer/1/spot_image_59a695c01cb6d.jpg\";}',NULL,0,0,0,4,163,1),(1977,1,'2017-08-30 12:38:57','2017-08-30 12:38:57','s.moik','Weisswurstsenf_Waage_Full','59a695c0ba19c.png','a:1:{s:5:\"image\";s:64:\"{mediaPath}content/media/retailer/1/spot_image_59a695c0b9459.jpg\";}',NULL,0,0,0,4,163,1),(1978,NULL,'2017-08-30 14:41:34','2017-08-30 14:41:49','admin_ep','Huawei P10 (v)','1978.jpg','a:2:{s:9:\"productId\";s:7:\"1144927\";s:5:\"title\";s:39:\"<span class=\'big\'>Smart </span>gespart!\";}',NULL,0,0,0,24,NULL,3),(1979,NULL,'2017-08-30 14:43:16','2017-08-30 14:43:16','admin_ep','Huawei P10',NULL,'a:2:{s:9:\"productId\";s:7:\"1144927\";s:5:\"title\";s:39:\"<span class=\'big\'>Smart </span>gespart!\";}',NULL,0,0,0,17,NULL,3),(1980,NULL,'2017-08-30 15:10:07','2017-08-30 15:10:07','admin_ep','Metz Novum',NULL,'a:1:{s:9:\"productId\";s:7:\"1104419\";}',NULL,0,0,0,17,NULL,3),(1981,NULL,'2017-08-30 15:43:58','2017-08-30 16:52:47','ep_demo','Huawei P10',NULL,'a:3:{s:9:\"productId\";s:7:\"1144927\";s:5:\"title\";s:0:\"\";s:15:\"deferredPayment\";b:0;}',NULL,0,0,0,24,NULL,3),(1983,NULL,'2017-08-31 10:45:46','2017-08-31 10:45:46','ep_demo','Sonos Play',NULL,'a:3:{s:9:\"productId\";s:7:\"1139265\";s:5:\"title\";s:0:\"\";s:15:\"deferredPayment\";b:0;}',NULL,0,0,0,24,NULL,3),(1984,NULL,'2017-08-31 10:46:48','2017-08-31 10:46:48','ep_demo','Metz',NULL,'a:3:{s:9:\"productId\";s:7:\"1104419\";s:5:\"title\";s:0:\"\";s:15:\"deferredPayment\";b:0;}',NULL,0,0,0,17,NULL,3),(1990,NULL,'2017-08-31 11:02:08','2017-09-03 17:03:33','ep_demo','Fritz 7580',NULL,'a:3:{s:9:\"productId\";s:7:\"1110934\";s:5:\"title\";s:41:\"Wir geben <span class=\'big\'>alles!</span>\";s:15:\"deferredPayment\";b:1;}',NULL,0,0,0,17,NULL,3),(1993,NULL,'2017-08-31 11:05:25','2017-08-31 15:50:15','ep_demo','KitchenAid',NULL,'a:3:{s:9:\"productId\";s:7:\"1110763\";s:5:\"title\";s:41:\"<span class=\'big\'>Riesig </span>günstig!\";s:15:\"deferredPayment\";b:1;}',NULL,0,0,0,24,NULL,3),(2009,NULL,'2017-09-01 09:45:22','2017-09-01 09:45:22','ep_demo','KitchenAid',NULL,'a:4:{s:5:\"title\";s:41:\"<span class=\'big\'>Riesig </span>günstig!\";s:9:\"productId\";s:7:\"1110763\";s:15:\"deferredPayment\";b:1;s:7:\"sibling\";i:1993;}',NULL,0,0,0,24,NULL,3),(2021,NULL,'2017-09-02 17:29:48','2018-07-25 15:03:07','ep_demo','Neuer Spot',NULL,'a:3:{s:9:\"productId\";s:7:\"1151919\";s:5:\"title\";s:45:\"<span class=\'big\'>Schärfer </span>fernsehen!\";s:15:\"deferredPayment\";b:1;}',NULL,0,0,0,24,NULL,3),(2022,NULL,'2017-09-03 09:40:36','2017-09-03 09:41:07','ep_demo','Neuer Spot',NULL,'a:4:{s:5:\"title\";s:43:\"Für <span class=\'big\'>Couch</span>-Surfer!\";s:9:\"productId\";s:7:\"1156173\";s:15:\"deferredPayment\";b:1;s:7:\"sibling\";i:2019;}',NULL,0,0,0,17,NULL,3),(2028,NULL,'2017-09-03 17:05:30','2017-09-03 17:06:46','ep_demo','Miele Waschmaschine',NULL,'a:3:{s:9:\"productId\";s:6:\"404477\";s:5:\"title\";s:45:\"<span class=\'big\'>Technik</span> in Bestform!\";s:15:\"deferredPayment\";b:1;}',NULL,0,0,0,17,NULL,3),(2033,NULL,'2017-09-04 14:52:09','2017-09-04 14:52:09','ep_demo','Neuer Spot',NULL,'a:3:{s:9:\"productId\";s:7:\"1130454\";s:5:\"title\";s:42:\"Hollywood-<span class=\'big\'>Format!</span>\";s:15:\"deferredPayment\";b:1;}',NULL,0,0,0,24,NULL,3),(2034,NULL,'2017-09-04 15:37:36','2017-09-04 15:37:36','ep_demo','Neuer Spot',NULL,'a:3:{s:9:\"productId\";s:7:\"1039653\";s:5:\"title\";s:45:\"Ein <span class=\'big\'>Fest</span> fürs Auge!\";s:15:\"deferredPayment\";b:0;}',NULL,0,0,0,24,NULL,3),(2038,1,'2017-09-11 11:50:31','2017-09-11 11:50:31','s.moik','Kuerbiskern_Schnitzelsemmel_1:3','59b65c66d2434.png','a:1:{s:5:\"image\";s:64:\"{mediaPath}content/media/retailer/1/spot_image_59b65c66cbf8e.jpg\";}',NULL,0,0,0,4,151,1),(2051,45,'2017-09-12 12:41:22','2017-09-12 12:41:22','post','VR_Video_Post_Hoch','59b7b9cfe2dff.png','a:1:{s:5:\"video\";s:65:\"{mediaPath}content/media/retailer/45/spot_video_59b7b9cf35ac8.mp4\";}',NULL,0,0,0,2,164,5),(2065,NULL,'2017-09-14 15:47:16','2018-10-01 10:48:58','c.haas','Feinkost 2','thumb_1_2065.jpg','a:25:{s:6:\"offer1\";a:2:{s:2:\"id\";s:5:\"false\";s:4:\"name\";s:12:\"Kein Angebot\";}s:11:\"background1\";s:64:\"{mediaPath}content/media/retailer/1/spot_image_595a55ebe2fa6.jpg\";s:9:\"headline1\";s:14:\"BEIN-\nSCHINKEN\";s:12:\"subheadline1\";s:14:\"Kesselfrischer\";s:7:\"footer1\";s:9:\"100 Gramm\";s:6:\"price1\";s:4:\"2,49\";s:6:\"offer2\";a:2:{s:2:\"id\";i:2;s:4:\"name\";s:21:\"Wien Gin Beinschinken\";}s:11:\"background2\";s:64:\"{mediaPath}content/media/retailer/1/spot_image_57bb0ead2f69c.jpg\";s:9:\"headline2\";s:0:\"\";s:12:\"subheadline2\";s:0:\"\";s:7:\"footer2\";s:0:\"\";s:6:\"price2\";s:0:\"\";s:6:\"offer3\";a:2:{s:2:\"id\";s:5:\"false\";s:4:\"name\";s:12:\"Kein Angebot\";}s:11:\"background3\";a:2:{s:2:\"id\";s:64:\"{mediaPath}content/media/retailer/1/spot_image_57bec6ef8b6c3.jpg\";s:4:\"name\";s:23:\"drittel_Bratwursttag3+1\";}s:9:\"headline3\";s:15:\"BRATWURST-\nTAG!\";s:12:\"subheadline3\";s:14:\"Donnerstag ist\";s:7:\"footer3\";s:63:\"Wählen Sie aus\n6 verschiedenen Sorten.\n4 Packungen statt 11,60\";s:6:\"price3\";s:4:\"8,70\";s:6:\"layout\";s:4:\"halb\";s:5:\"hpos1\";s:5:\"unten\";s:16:\"offerBackground2\";s:3:\"Rot\";s:5:\"hpos2\";s:4:\"oben\";s:16:\"offerBackground3\";s:3:\"Rot\";s:5:\"hpos3\";s:5:\"unten\";s:16:\"offerBackground1\";s:3:\"Rot\";}',NULL,0,0,0,14,150,1),(2070,1,'2017-09-19 09:58:33','2017-09-19 09:58:33','s.moik','Damhirsch_1:2','59c0ce28e4099.png','a:1:{s:5:\"image\";s:64:\"{mediaPath}content/media/retailer/1/spot_image_59c0ce28dfa2c.jpg\";}',NULL,0,0,0,4,165,1),(2071,45,'2017-09-19 16:48:11','2017-09-19 16:48:11','post','170919_02_postkartenapp','59c12e257cb05.png','a:1:{s:5:\"video\";s:65:\"{mediaPath}content/media/retailer/45/spot_video_59c12e2557223.mp4\";}',NULL,0,0,0,2,164,5),(2073,45,'2017-09-19 17:43:41','2017-09-19 17:43:41','post','170919_03_meinemarke','59c13b29502f9.png','a:1:{s:5:\"video\";s:65:\"{mediaPath}content/media/retailer/45/spot_video_59c13b2939f78.mp4\";}',NULL,0,0,0,2,164,5),(2074,45,'2017-09-19 18:38:14','2017-09-19 18:38:14','post','170919_01_marken','59c147f0c6b76.png','a:1:{s:5:\"video\";s:65:\"{mediaPath}content/media/retailer/45/spot_video_59c147f0b7188.mp4\";}',NULL,0,0,0,2,164,5),(2075,45,'2017-09-19 18:41:28','2017-09-19 18:41:28','post','170919_04_markenneuerscheinungen','59c148b2cb9e3.png','a:1:{s:5:\"video\";s:65:\"{mediaPath}content/media/retailer/45/spot_video_59c148b2a2b72.mp4\";}',NULL,0,0,0,2,164,5),(2076,45,'2017-09-19 19:54:25','2017-09-19 19:54:25','post','170919_07_aufsteller','59c159cf4d364.png','a:1:{s:5:\"video\";s:65:\"{mediaPath}content/media/retailer/45/spot_video_59c159cf3cb9f.mp4\";}',NULL,0,0,0,2,164,5),(2077,45,'2017-09-20 11:51:40','2017-09-20 11:51:40','post','170920_post_vr_linear','59c23a29cecd0.png','a:1:{s:5:\"video\";s:65:\"{mediaPath}content/media/retailer/45/spot_video_59c23a299e471.mp4\";}',NULL,0,0,0,2,164,5),(2078,1,'2017-09-20 16:22:58','2017-09-20 16:22:58','s.moik','Weisswurstwochen_Waage_Permanent','59c279c22ef7a.png','a:1:{s:5:\"image\";s:64:\"{mediaPath}content/media/retailer/1/spot_image_59c279c22bd0a.jpg\";}',NULL,0,0,0,4,134,1),(2079,1,'2017-09-20 16:22:59','2017-09-20 16:22:59','s.moik','Weisswurstwochen_Waage_Full','59c279c33f4ac.png','a:1:{s:5:\"image\";s:64:\"{mediaPath}content/media/retailer/1/spot_image_59c279c33e71b.jpg\";}',NULL,0,0,0,4,134,1),(2080,1,'2017-09-20 16:23:00','2017-09-20 16:23:00','s.moik','Weisswurstsenf_Waage_Permanent','59c279c3cf7a4.png','a:1:{s:5:\"image\";s:64:\"{mediaPath}content/media/retailer/1/spot_image_59c279c3cec68.jpg\";}',NULL,0,0,0,4,134,1),(2081,1,'2017-09-20 16:23:00','2017-09-20 16:23:00','s.moik','Weisswurstsenf_Waage_Full','59c279c487554.png','a:1:{s:5:\"image\";s:64:\"{mediaPath}content/media/retailer/1/spot_image_59c279c4855d1.jpg\";}',NULL,0,0,0,4,134,1),(2083,1,'2017-09-21 10:16:36','2017-09-21 10:16:36','s.moik','Bauernpresswurst_1:2','59c375643d7c8.png','a:1:{s:5:\"image\";s:64:\"{mediaPath}content/media/retailer/1/spot_image_59c375643cac5.jpg\";}',NULL,0,0,0,4,150,1),(2085,1,'2017-09-21 10:19:48','2017-09-21 10:19:48','s.moik','Suppen_1:2','59c37623d9beb.png','a:1:{s:5:\"image\";s:64:\"{mediaPath}content/media/retailer/1/spot_image_59c37623d8f1e.jpg\";}',NULL,0,0,0,4,150,1),(2086,NULL,'2017-09-21 10:21:13','2018-04-03 07:27:27','c.haas','Feinkost 3','2086.jpg','a:20:{s:6:\"layout\";s:4:\"halb\";s:6:\"offer1\";a:2:{s:2:\"id\";s:5:\"false\";s:4:\"name\";s:12:\"Kein Angebot\";}s:16:\"offerBackground1\";s:3:\"Rot\";s:11:\"background1\";s:64:\"{mediaPath}content/media/retailer/1/spot_image_59677c75b896c.jpg\";s:9:\"headline1\";s:8:\"GRAMMELN\";s:12:\"subheadline1\";s:9:\"Knusprige\";s:5:\"hpos1\";s:5:\"unten\";s:7:\"footer1\";s:34:\"100 Gramm Becher\n\n230 Gramm Becher\";s:6:\"price1\";s:9:\"2,48\n5,48\";s:6:\"offer2\";a:2:{s:2:\"id\";s:5:\"false\";s:4:\"name\";s:15:\"Kein Schmankerl\";}s:16:\"offerBackground2\";s:3:\"Rot\";s:11:\"background2\";s:64:\"{mediaPath}content/media/retailer/1/spot_image_59c375643cac5.jpg\";s:5:\"hpos2\";s:5:\"unten\";s:16:\"offerBackground3\";s:3:\"Rot\";s:5:\"hpos3\";s:4:\"oben\";s:6:\"offer3\";a:2:{s:2:\"id\";s:5:\"false\";s:4:\"name\";s:12:\"Kein Angebot\";}s:9:\"headline2\";s:18:\"BAUERN-\nPRESSWURST\";s:12:\"subheadline2\";s:12:\"Hausgemachte\";s:7:\"footer2\";s:9:\"100 Gramm\";s:6:\"price2\";s:4:\"1,52\";}',NULL,0,0,0,14,150,1),(2091,1,'2017-09-29 09:46:13','2017-09-29 09:46:13','s.moik','Ausgsteckt_Kuemmelbraten_Permanent','59cdfa45b75d2.png','a:1:{s:5:\"image\";s:64:\"{mediaPath}content/media/retailer/1/spot_image_59cdfa45b71f9.jpg\";}',NULL,0,0,0,4,134,1),(2092,1,'2017-09-29 09:46:14','2017-09-29 09:46:14','s.moik','Ausgsteckt_Kuemmelbraten_Full','59cdfa461ead7.png','a:1:{s:5:\"image\";s:64:\"{mediaPath}content/media/retailer/1/spot_image_59cdfa461a052.jpg\";}',NULL,0,0,0,4,134,1),(2093,1,'2017-09-29 09:46:15','2017-09-29 09:46:15','s.moik','Ausgsteckt_Grammelschmalz_Permanent','59cdfa4710a5d.png','a:1:{s:5:\"image\";s:64:\"{mediaPath}content/media/retailer/1/spot_image_59cdfa471068f.jpg\";}',NULL,0,0,0,4,134,1),(2094,1,'2017-09-29 09:46:15','2017-09-29 09:46:15','s.moik','Ausgsteckt_Grammelschmalz_Full.','59cdfa479449c.png','a:1:{s:5:\"image\";s:64:\"{mediaPath}content/media/retailer/1/spot_image_59cdfa4793950.jpg\";}',NULL,0,0,0,4,134,1),(2095,1,'2017-09-29 09:46:16','2017-09-29 09:46:16','s.moik','Ausgsteckt_Grammeln_Permanent','59cdfa481165c.png','a:1:{s:5:\"image\";s:64:\"{mediaPath}content/media/retailer/1/spot_image_59cdfa4811313.jpg\";}',NULL,0,0,0,4,134,1),(2096,1,'2017-09-29 09:46:16','2017-09-29 09:46:16','s.moik','Ausgsteckt_Grammeln_Full','59cdfa4880488.png','a:1:{s:5:\"image\";s:64:\"{mediaPath}content/media/retailer/1/spot_image_59cdfa4880066.jpg\";}',NULL,0,0,0,4,134,1),(2103,NULL,'2017-09-29 09:47:22','2018-09-04 21:23:04','c.haas','Ausgsteckt','2103.jpg','a:25:{s:6:\"offer1\";a:2:{s:2:\"id\";s:5:\"false\";s:4:\"name\";s:12:\"Kein Angebot\";}s:11:\"background1\";s:64:\"{mediaPath}content/media/retailer/1/spot_image_59cdfa68243b6.jpg\";s:9:\"headline1\";s:0:\"\";s:12:\"subheadline1\";s:0:\"\";s:6:\"offer2\";a:2:{s:2:\"id\";s:5:\"false\";s:4:\"name\";s:12:\"Kein Angebot\";}s:11:\"background2\";s:64:\"{mediaPath}content/media/retailer/1/spot_image_59cdfa661131e.jpg\";s:9:\"headline2\";s:0:\"\";s:12:\"subheadline2\";s:0:\"\";s:6:\"offer3\";a:2:{s:2:\"id\";s:5:\"false\";s:4:\"name\";s:12:\"Kein Angebot\";}s:11:\"background3\";s:64:\"{mediaPath}content/media/retailer/1/spot_image_59cdfa696427b.jpg\";s:9:\"headline3\";s:0:\"\";s:12:\"subheadline3\";s:0:\"\";s:5:\"hpos1\";s:5:\"unten\";s:6:\"layout\";s:7:\"drittel\";s:16:\"offerBackground1\";s:3:\"Rot\";s:16:\"offerBackground2\";s:3:\"Rot\";s:5:\"hpos2\";s:4:\"oben\";s:16:\"offerBackground3\";s:3:\"Rot\";s:5:\"hpos3\";s:5:\"unten\";s:7:\"footer3\";s:34:\"100 Gramm Becher\n\n230 Gramm Becher\";s:6:\"price3\";s:9:\"2,48\n5,48\";s:7:\"footer2\";s:29:\"100 Gramm\nkalt aufgeschnitten\";s:6:\"price2\";s:4:\"2,09\";s:7:\"footer1\";s:16:\"250 Gramm Becher\";s:6:\"price1\";s:4:\"1,98\";}',NULL,0,0,0,14,166,1),(2104,NULL,'2017-09-29 09:55:40','2018-10-04 15:01:29','c.haas','Feinkost 3 Suppentag','thumb_1_2104.jpg','a:20:{s:6:\"layout\";s:4:\"halb\";s:6:\"offer1\";a:2:{s:2:\"id\";s:5:\"false\";s:4:\"name\";s:12:\"Kein Angebot\";}s:16:\"offerBackground1\";s:3:\"Rot\";s:11:\"background1\";s:64:\"{mediaPath}content/media/retailer/1/spot_image_5b8eda13ec5c6.jpg\";s:9:\"headline1\";s:9:\"SUPPENTAG\";s:12:\"subheadline1\";s:10:\"Montag ist\";s:5:\"hpos1\";s:5:\"unten\";s:7:\"footer1\";s:30:\"4 Suppen statt 11,92 jetzt nur\";s:6:\"price1\";s:4:\"8,94\";s:6:\"offer2\";a:2:{s:2:\"id\";s:5:\"false\";s:4:\"name\";s:15:\"Kein Schmankerl\";}s:16:\"offerBackground2\";s:3:\"Rot\";s:11:\"background2\";s:64:\"{mediaPath}content/media/retailer/1/spot_image_5b8eda13ec5c6.jpg\";s:5:\"hpos2\";s:5:\"unten\";s:16:\"offerBackground3\";s:3:\"Rot\";s:5:\"hpos3\";s:4:\"oben\";s:6:\"offer3\";a:2:{s:2:\"id\";s:5:\"false\";s:4:\"name\";s:12:\"Kein Angebot\";}s:9:\"headline2\";s:9:\"SUPPENTAG\";s:12:\"subheadline2\";s:10:\"Montag ist\";s:7:\"footer2\";s:30:\"4 Suppen statt 11,92 jetzt nur\";s:6:\"price2\";s:4:\"8,94\";}',NULL,0,0,0,14,150,1),(2107,1,'2017-10-05 14:29:34','2017-10-05 14:29:34','s.moik','Kuemmelbraten_Bier','59d625ae32d2b.png','a:1:{s:5:\"image\";s:65:\"{mediaPath}content/media/retailer/1/spot_image_59d625ae328dc.jpeg\";}',NULL,0,0,0,4,151,1),(2109,NULL,'2017-10-20 09:24:29','2018-04-03 07:39:59','c.haas','Martini_Fleisch_1','thumb_1_2109.jpg','a:27:{s:6:\"offer1\";a:2:{s:2:\"id\";s:5:\"false\";s:4:\"name\";s:12:\"Kein Angebot\";}s:11:\"background1\";s:64:\"{mediaPath}content/media/retailer/1/spot_image_59ea12c49432e.jpg\";s:9:\"headline1\";s:11:\"HERBSTZEIT!\";s:12:\"subheadline1\";s:0:\"\";s:6:\"offer2\";a:2:{s:2:\"id\";s:5:\"false\";s:4:\"name\";s:12:\"Kein Angebot\";}s:11:\"background2\";s:64:\"{mediaPath}content/media/retailer/1/spot_image_5a12b87a76e93.jpg\";s:9:\"headline2\";s:0:\"\";s:12:\"subheadline2\";s:0:\"\";s:6:\"offer3\";a:2:{s:2:\"id\";s:5:\"false\";s:4:\"name\";s:12:\"Kein Angebot\";}s:11:\"background3\";s:64:\"{mediaPath}content/media/retailer/1/spot_image_59ea12c49432e.jpg\";s:9:\"headline3\";s:11:\"HERBSTZEIT!\";s:12:\"subheadline3\";s:0:\"\";s:5:\"hpos1\";s:5:\"unten\";s:6:\"layout\";s:7:\"drittel\";s:16:\"offerBackground1\";s:3:\"Rot\";s:16:\"offerBackground2\";s:3:\"Rot\";s:5:\"hpos2\";s:4:\"oben\";s:16:\"offerBackground3\";s:3:\"Rot\";s:5:\"hpos3\";s:5:\"unten\";s:7:\"footer3\";s:9:\"Kilogramm\";s:6:\"price3\";s:5:\"12,90\";s:7:\"footer2\";s:0:\"\";s:6:\"price2\";s:0:\"\";s:7:\"footer1\";s:9:\"Kilogramm\";s:6:\"price1\";s:5:\"65,00\";s:10:\"offerText1\";s:373:\"<FONT SIZE=\"80\">\n<FONT face=\"{font2}\">Rinder</FONT><br>\nFILET-<br>STEAK<br>\n</FONT>\n\n<TEXTFORMAT LEADING=\"20\"><FONT SIZE=\"45\">\n...............................................................<br>\n</FONT></TEXTFORMAT>\n\n<TEXTFORMAT LEADING=\"5\"><FONT SIZE=\"45\" face=\"{font2}\">\nDie feinsten Steaks<br>\nwerden aus dem zarten<br>\nLungenbraten geschnitten!<br>\n</FONT></TEXTFORMAT>\";s:10:\"offerText3\";s:403:\"<FONT SIZE=\"75\">\n<FONT face=\"{font2}\">Saftige</FONT><br>\nTRUTHAHN-<br>OBERKEULE<br>\n</FONT>\n\n<TEXTFORMAT LEADING=\"20\"><FONT SIZE=\"45\">\n...............................................................<br>\n</FONT></TEXTFORMAT>\n\n<TEXTFORMAT LEADING=\"5\"><FONT SIZE=\"45\" face=\"{font2}\">\nSaftigstes Stück vom Truthahn -\neignet sich ausgelöst besonders\nfür<br>einen gerollten Braten.<br>\n</FONT></TEXTFORMAT>\";}',NULL,0,0,0,14,166,1),(2111,1,'2017-10-20 17:14:12','2017-10-20 17:14:12','s.moik','Martini_1:3','59ea12c4a287d.png','a:1:{s:5:\"image\";s:64:\"{mediaPath}content/media/retailer/1/spot_image_59ea12c49432e.jpg\";}',NULL,0,0,0,4,166,1),(2114,NULL,'2017-10-20 17:39:46','2018-04-03 07:39:56','c.haas','Martini_Fleisch_2','2103.jpg','a:27:{s:6:\"offer1\";a:2:{s:2:\"id\";s:5:\"false\";s:4:\"name\";s:12:\"Kein Angebot\";}s:11:\"background1\";s:64:\"{mediaPath}content/media/retailer/1/spot_image_59ea12c49432e.jpg\";s:9:\"headline1\";s:22:\"MARTINI\nIST GANSLZEIT!\";s:12:\"subheadline1\";s:0:\"\";s:6:\"offer2\";a:2:{s:2:\"id\";s:5:\"false\";s:4:\"name\";s:12:\"Kein Angebot\";}s:11:\"background2\";s:64:\"{mediaPath}content/media/retailer/1/spot_image_57fcc0ce483fa.jpg\";s:9:\"headline2\";s:0:\"\";s:12:\"subheadline2\";s:0:\"\";s:6:\"offer3\";a:2:{s:2:\"id\";s:5:\"false\";s:4:\"name\";s:12:\"Kein Angebot\";}s:11:\"background3\";s:64:\"{mediaPath}content/media/retailer/1/spot_image_59ea12c49432e.jpg\";s:9:\"headline3\";s:22:\"MARTINI\nIST GANSLZEIT!\";s:12:\"subheadline3\";s:0:\"\";s:5:\"hpos1\";s:5:\"unten\";s:6:\"layout\";s:7:\"drittel\";s:16:\"offerBackground1\";s:3:\"Rot\";s:16:\"offerBackground2\";s:3:\"Rot\";s:5:\"hpos2\";s:4:\"oben\";s:16:\"offerBackground3\";s:3:\"Rot\";s:5:\"hpos3\";s:5:\"unten\";s:7:\"footer3\";s:6:\"Stück\";s:6:\"price3\";s:5:\"12,90\";s:7:\"footer2\";s:0:\"\";s:6:\"price2\";s:0:\"\";s:7:\"footer1\";s:9:\"Kilogramm\";s:6:\"price1\";s:5:\"15,90\";s:10:\"offerText1\";s:442:\"<FONT SIZE=\"80\">\n<FONT face=\"{font2}\">Traunviertler</FONT><br>\nWEIDE-<br>GANS<br>\n</FONT>\n\n<TEXTFORMAT LEADING=\"20\"><FONT SIZE=\"45\">\n...............................................................<br>\n</FONT></TEXTFORMAT>\n\n<TEXTFORMAT LEADING=\"5\"><FONT SIZE=\"45\" face=\"{font2}\">\nStreng kontrollierte<br>\nFreilandhaltung, Fütterung<br>\nmit hofeigenem Getreide<br>\n& gesundes Wachstum<br>\ngarantieren absoluten Genuss!<br>\n</FONT></TEXTFORMAT>\";s:10:\"offerText3\";s:456:\"<FONT SIZE=\"80\">\n<FONT face=\"{font2}\">Konfiertes</FONT><br>\nGÄNSE-<br>KEULE<br>\n</FONT>\n\n<TEXTFORMAT LEADING=\"20\"><FONT SIZE=\"45\">\n...............................................................<br>\n</FONT></TEXTFORMAT>\n\n<TEXTFORMAT LEADING=\"5\"><FONT SIZE=\"45\" face=\"{font2}\">\n3 Std. vor der Zubereitung<br>\naus der Kühlung nehmen.<br>\nIm Backrohrs bei 120°C<br>\n20 Min. vortemperieren &<br>\ndann bei 220°C<br>\nknusprig braten!<br>\n</FONT></TEXTFORMAT>\";}',NULL,0,0,0,14,166,1),(2115,NULL,'2017-10-20 17:41:38','2018-04-03 07:40:02','c.haas','Martini_Feinkost','thumb_1_2115.jpg','a:28:{s:6:\"offer1\";a:2:{s:2:\"id\";s:5:\"false\";s:4:\"name\";s:12:\"Kein Angebot\";}s:11:\"background1\";s:64:\"{mediaPath}content/media/retailer/1/spot_image_59ea12c49432e.jpg\";s:9:\"headline1\";s:22:\"MARTINI\nIST GANSLZEIT!\";s:12:\"subheadline1\";s:0:\"\";s:6:\"offer2\";a:2:{s:2:\"id\";s:5:\"false\";s:4:\"name\";s:12:\"Kein Angebot\";}s:11:\"background2\";s:64:\"{mediaPath}content/media/retailer/1/spot_image_57fcc0ce483fa.jpg\";s:9:\"headline2\";s:0:\"\";s:12:\"subheadline2\";s:0:\"\";s:6:\"offer3\";a:2:{s:2:\"id\";s:5:\"false\";s:4:\"name\";s:12:\"Kein Angebot\";}s:11:\"background3\";s:64:\"{mediaPath}content/media/retailer/1/spot_image_59ea12c49432e.jpg\";s:9:\"headline3\";s:22:\"MARTINI\nIST GANSLZEIT!\";s:12:\"subheadline3\";s:0:\"\";s:5:\"hpos1\";s:5:\"unten\";s:6:\"layout\";s:7:\"drittel\";s:16:\"offerBackground1\";s:3:\"Rot\";s:16:\"offerBackground2\";s:3:\"Rot\";s:5:\"hpos2\";s:4:\"oben\";s:16:\"offerBackground3\";s:3:\"Rot\";s:5:\"hpos3\";s:5:\"unten\";s:7:\"footer3\";s:9:\"100 Gramm\";s:6:\"price3\";s:3:\"3,-\";s:7:\"footer2\";s:0:\"\";s:6:\"price2\";s:0:\"\";s:7:\"footer1\";s:12:\"300 g Becher\";s:6:\"price1\";s:4:\"3,98\";s:10:\"offerText1\";s:409:\"<FONT SIZE=\"80\">\n<FONT face=\"{font2}\">Hausgemachte</FONT><br>\nGANSL-<br>SUPPE<br>\n</FONT>\n\n<TEXTFORMAT LEADING=\"20\"><FONT SIZE=\"45\">\n...............................................................<br>\n</FONT></TEXTFORMAT>\n\n<TEXTFORMAT LEADING=\"5\"><FONT SIZE=\"45\" face=\"{font2}\">\nUnser Küchenchef bereitet<br>\ndiese kräftige Suppe aus<br>\nsaftigen Gänsekeulen zu.<br>\nGuten Appetit!<br>\n</FONT></TEXTFORMAT>\";s:10:\"offerText3\";s:393:\"<FONT SIZE=\"80\">\n<FONT face=\"{font2}\">Delikates</FONT><br>\nGÄNSE-<br>RILETTE<br>\n</FONT>\n\n<TEXTFORMAT LEADING=\"20\"><FONT SIZE=\"45\">\n...............................................................<br>\n</FONT></TEXTFORMAT>\n\n<TEXTFORMAT LEADING=\"5\"><FONT SIZE=\"45\" face=\"{font2}\">\nDiese französische Delikatesse genießt<br>\nman am Besten auf<br>\nfrischem Joseph-Brot! <br>\n</FONT></TEXTFORMAT>\";s:6:\"color1\";s:0:\"\";}',NULL,0,0,0,14,166,1),(2116,1,'2017-10-25 12:13:53','2017-10-25 12:13:53','s.moik','Sautanz_Waage_Permanent','59f063e19343f.png','a:1:{s:5:\"image\";s:64:\"{mediaPath}content/media/retailer/1/spot_image_59f063e18891f.jpg\";}',NULL,0,0,0,4,134,1),(2117,1,'2017-10-25 12:14:55','2017-10-25 12:14:55','s.moik','Sautanz_Waage_Full','59f0641f56762.png','a:1:{s:5:\"image\";s:64:\"{mediaPath}content/media/retailer/1/spot_image_59f0641f5639a.jpg\";}',NULL,0,0,0,4,134,1),(2119,NULL,'2017-11-07 10:00:56','2018-04-03 07:40:05','c.haas','Martini_Feinkost_Kopie','thumb_1_2119.jpg','a:27:{s:6:\"offer1\";a:2:{s:2:\"id\";s:5:\"false\";s:4:\"name\";s:12:\"Kein Angebot\";}s:11:\"background1\";s:64:\"{mediaPath}content/media/retailer/1/spot_image_59ea12c49432e.jpg\";s:9:\"headline1\";s:22:\"MARTINI\nIST GANSLZEIT!\";s:12:\"subheadline1\";s:0:\"\";s:6:\"offer2\";a:2:{s:2:\"id\";s:5:\"false\";s:4:\"name\";s:12:\"Kein Angebot\";}s:11:\"background2\";s:64:\"{mediaPath}content/media/retailer/1/spot_image_5a01771634abd.jpg\";s:9:\"headline2\";s:0:\"\";s:12:\"subheadline2\";s:0:\"\";s:6:\"offer3\";a:2:{s:2:\"id\";s:5:\"false\";s:4:\"name\";s:12:\"Kein Angebot\";}s:11:\"background3\";s:64:\"{mediaPath}content/media/retailer/1/spot_image_59ea12c49432e.jpg\";s:9:\"headline3\";s:22:\"MARTINI\nIST GANSLZEIT!\";s:12:\"subheadline3\";s:0:\"\";s:5:\"hpos1\";s:5:\"unten\";s:6:\"layout\";s:7:\"drittel\";s:16:\"offerBackground1\";s:3:\"Rot\";s:16:\"offerBackground2\";s:3:\"Rot\";s:5:\"hpos2\";s:4:\"oben\";s:16:\"offerBackground3\";s:3:\"Rot\";s:5:\"hpos3\";s:5:\"unten\";s:7:\"footer3\";s:9:\"100 Gramm\";s:6:\"price3\";s:3:\"3,-\";s:7:\"footer2\";s:0:\"\";s:6:\"price2\";s:0:\"\";s:7:\"footer1\";s:12:\"300 g Becher\";s:6:\"price1\";s:4:\"3,98\";s:10:\"offerText1\";s:409:\"<FONT SIZE=\"80\">\n<FONT face=\"{font2}\">Hausgemachte</FONT><br>\nGANSL-<br>SUPPE<br>\n</FONT>\n\n<TEXTFORMAT LEADING=\"20\"><FONT SIZE=\"45\">\n...............................................................<br>\n</FONT></TEXTFORMAT>\n\n<TEXTFORMAT LEADING=\"5\"><FONT SIZE=\"45\" face=\"{font2}\">\nUnser Küchenchef bereitet<br>\ndiese kräftige Suppe aus<br>\nsaftigen Gänsekeulen zu.<br>\nGuten Appetit!<br>\n</FONT></TEXTFORMAT>\";s:10:\"offerText3\";s:393:\"<FONT SIZE=\"80\">\n<FONT face=\"{font2}\">Delikates</FONT><br>\nGÄNSE-<br>RILETTE<br>\n</FONT>\n\n<TEXTFORMAT LEADING=\"20\"><FONT SIZE=\"45\">\n...............................................................<br>\n</FONT></TEXTFORMAT>\n\n<TEXTFORMAT LEADING=\"5\"><FONT SIZE=\"45\" face=\"{font2}\">\nDiese französische Delikatesse genießt<br>\nman am Besten auf<br>\nfrischem Joseph-Brot! <br>\n</FONT></TEXTFORMAT>\";}',NULL,0,0,0,14,166,1),(2124,NULL,'2017-11-20 12:41:05','2018-08-27 18:14:21','c.haas','Herbst_Feinkost','thumb_1_2124.jpg','a:27:{s:6:\"offer1\";a:2:{s:2:\"id\";s:5:\"false\";s:4:\"name\";s:12:\"Kein Angebot\";}s:11:\"background1\";s:64:\"{mediaPath}content/media/retailer/1/spot_image_59ea12c49432e.jpg\";s:9:\"headline1\";s:11:\"HERBSTZEIT!\";s:12:\"subheadline1\";s:0:\"\";s:6:\"offer2\";a:2:{s:2:\"id\";s:5:\"false\";s:4:\"name\";s:12:\"Kein Angebot\";}s:11:\"background2\";s:64:\"{mediaPath}content/media/retailer/1/spot_image_5a01771634abd.jpg\";s:9:\"headline2\";s:0:\"\";s:12:\"subheadline2\";s:0:\"\";s:6:\"offer3\";a:2:{s:2:\"id\";s:5:\"false\";s:4:\"name\";s:12:\"Kein Angebot\";}s:11:\"background3\";s:64:\"{mediaPath}content/media/retailer/1/spot_image_59ea12c49432e.jpg\";s:9:\"headline3\";s:11:\"HERBSTZEIT!\";s:12:\"subheadline3\";s:0:\"\";s:5:\"hpos1\";s:5:\"unten\";s:6:\"layout\";s:7:\"drittel\";s:16:\"offerBackground1\";s:3:\"Rot\";s:16:\"offerBackground2\";s:3:\"Rot\";s:5:\"hpos2\";s:4:\"oben\";s:16:\"offerBackground3\";s:3:\"Rot\";s:5:\"hpos3\";s:5:\"unten\";s:7:\"footer3\";s:12:\"250 g Stück\";s:6:\"price3\";s:3:\"6,-\";s:7:\"footer2\";s:0:\"\";s:6:\"price2\";s:0:\"\";s:7:\"footer1\";s:10:\"200 g Glas\";s:6:\"price1\";s:4:\"5,80\";s:10:\"offerText1\";s:419:\"<FONT SIZE=\"80\">\n<FONT face=\"{font2}\">Hausgemachte</FONT><br>\nLEBER-<br>PÂTÉ<br>\n</FONT>\n\n<TEXTFORMAT LEADING=\"20\"><FONT SIZE=\"45\">\n...............................................................<br>\n</FONT></TEXTFORMAT>\n\n<TEXTFORMAT LEADING=\"5\"><FONT SIZE=\"45\" face=\"{font2}\">\nReines Schweinefleisch wird mit feinen Gewürzen nach traditioneller Rezeptur zu unserer Winterpâté verarbeitet.<br>\n</FONT></TEXTFORMAT>\";s:10:\"offerText3\";s:426:\"<FONT SIZE=\"80\">\n<FONT face=>WEIN-</FONT><br>\nVIERTLER-<br>SALAMI<br>\n</FONT>\n\n<TEXTFORMAT LEADING=\"20\"><FONT SIZE=\"45\">\n...............................................................<br>\n</FONT></TEXTFORMAT>\n\n<TEXTFORMAT LEADING=\"5\"><FONT SIZE=\"45\" face=\"{font2}\">\nBestes Weinviertler Schweinefleisch, schwarzer Pfeffer, ein Schuss Grüner Veltliner & 8 Wochen Reifezeit: Satstnik ist Salamimeister!<br>\n</FONT></TEXTFORMAT>\";}',NULL,0,0,0,14,166,1),(2127,1,'2017-11-29 10:15:26','2017-11-29 10:15:26','s.moik','Preiselbeerschinken_1:2','5a1e7aac416b9.png','a:1:{s:5:\"image\";s:64:\"{mediaPath}content/media/retailer/1/spot_image_5a1e7aac39613.jpg\";}',NULL,0,0,0,4,168,1),(2128,NULL,'2017-11-29 10:15:35','2018-03-06 17:16:37','c.haas','Weihnachten_Feinkost_1','thumb_1_2128.jpg','a:25:{s:6:\"offer1\";a:2:{s:2:\"id\";s:5:\"false\";s:4:\"name\";s:12:\"Kein Angebot\";}s:11:\"background1\";s:64:\"{mediaPath}content/media/retailer/1/spot_image_5a1e7aac39613.jpg\";s:9:\"headline1\";s:0:\"\";s:12:\"subheadline1\";s:0:\"\";s:6:\"offer2\";a:2:{s:2:\"id\";s:5:\"false\";s:4:\"name\";s:12:\"Kein Angebot\";}s:11:\"background2\";s:64:\"{mediaPath}content/media/retailer/1/spot_image_595a56699a488.jpg\";s:9:\"headline2\";s:0:\"\";s:12:\"subheadline2\";s:0:\"\";s:6:\"offer3\";a:2:{s:2:\"id\";s:5:\"false\";s:4:\"name\";s:12:\"Kein Angebot\";}s:11:\"background3\";s:64:\"{mediaPath}content/media/retailer/1/spot_image_57fb98a162818.jpg\";s:9:\"headline3\";s:0:\"\";s:12:\"subheadline3\";s:0:\"\";s:5:\"hpos1\";s:5:\"unten\";s:6:\"layout\";s:4:\"halb\";s:16:\"offerBackground1\";s:3:\"Rot\";s:16:\"offerBackground2\";s:3:\"Rot\";s:5:\"hpos2\";s:4:\"oben\";s:16:\"offerBackground3\";s:3:\"Rot\";s:5:\"hpos3\";s:5:\"unten\";s:10:\"offerText1\";s:196:\"<FONT SIZE=\"80\">\n<FONT face=\"{font2}\">Preiselbeer</FONT><br>\nBEINSCHINKEN<br>\n</FONT>\n\n<TEXTFORMAT LEADING=\"20\"><FONT SIZE=\"45\">\n...............................................................<br>\";s:7:\"footer1\";s:9:\"100 Gramm\";s:6:\"price1\";s:4:\"2,49\";s:10:\"offerText2\";s:195:\"<FONT SIZE=\"80\">\n<FONT face=\"{font2}\">Hausgemachtes</FONT><br>\nROASTBEEF<br>\n</FONT>\n\n<TEXTFORMAT LEADING=\"20\"><FONT SIZE=\"45\">\n...............................................................<br>\";s:7:\"footer2\";s:9:\"100 Gramm\";s:6:\"price2\";s:4:\"3,98\";}',NULL,0,0,0,27,168,1),(2129,NULL,'2017-11-29 10:23:35','2018-03-06 17:16:38','c.haas','Weihnachten_Feinkost_2','thumb_1_2129.jpg','a:25:{s:6:\"offer1\";a:2:{s:2:\"id\";s:5:\"false\";s:4:\"name\";s:12:\"Kein Angebot\";}s:11:\"background1\";s:64:\"{mediaPath}content/media/retailer/1/spot_image_595a55ebe2fa6.jpg\";s:9:\"headline1\";s:0:\"\";s:12:\"subheadline1\";s:0:\"\";s:6:\"offer2\";a:2:{s:2:\"id\";s:5:\"false\";s:4:\"name\";s:12:\"Kein Angebot\";}s:11:\"background2\";s:64:\"{mediaPath}content/media/retailer/1/spot_image_580f166aa1480.jpg\";s:9:\"headline2\";s:0:\"\";s:12:\"subheadline2\";s:0:\"\";s:6:\"offer3\";a:2:{s:2:\"id\";s:5:\"false\";s:4:\"name\";s:12:\"Kein Angebot\";}s:11:\"background3\";s:64:\"{mediaPath}content/media/retailer/1/spot_image_57fb98a162818.jpg\";s:9:\"headline3\";s:0:\"\";s:12:\"subheadline3\";s:0:\"\";s:5:\"hpos1\";s:5:\"unten\";s:6:\"layout\";s:4:\"halb\";s:16:\"offerBackground1\";s:3:\"Rot\";s:16:\"offerBackground2\";s:3:\"Rot\";s:5:\"hpos2\";s:4:\"oben\";s:16:\"offerBackground3\";s:3:\"Rot\";s:5:\"hpos3\";s:5:\"unten\";s:10:\"offerText1\";s:199:\"<FONT SIZE=\"80\">\n<FONT face=\"{font2}\">Kesselfrischer</FONT><br>\nBEINSCHINKEN<br>\n</FONT>\n\n<TEXTFORMAT LEADING=\"20\"><FONT SIZE=\"45\">\n...............................................................<br>\";s:7:\"footer1\";s:9:\"100 Gramm\";s:6:\"price1\";s:4:\"2,49\";s:10:\"offerText2\";s:405:\"<FONT SIZE=\"80\">\nFESTTAGS-<br>FRIKANDEAU<br>\n</FONT>\n\n<TEXTFORMAT LEADING=\"20\"><FONT SIZE=\"45\">\n...............................................................<br>\n</FONT></TEXTFORMAT>\n\n<TEXTFORMAT LEADING=\"5\"><FONT SIZE=\"45\" face=\"{font2}\">\nJedes Jahr vor Weihnachten werden<br>von unserem Schinkenmeister zarte<br>Unterschalen gepökelt, gegart<br>& über Buchenholz geräuchert<br>\n</FONT></TEXTFORMAT>\";s:7:\"footer2\";s:42:\"100 Gramm im Ganzen\n\n100 Gramm geschnitten\";s:6:\"price2\";s:9:\"1,65\n2,19\";}',NULL,0,0,0,27,168,1),(2130,1,'2017-11-30 09:39:15','2017-11-30 09:39:15','s.moik','Weidegans_Maronifuelle_1:2','5a1fc3b35d834.png','a:1:{s:5:\"image\";s:64:\"{mediaPath}content/media/retailer/1/spot_image_5a1fc3b35279f.jpg\";}',NULL,0,0,0,4,168,1),(2131,NULL,'2017-11-30 09:39:42','2018-03-06 17:16:40','c.haas','Weihnachten_Feinkost_3','thumb_1_2131.jpg','a:25:{s:6:\"offer1\";a:2:{s:2:\"id\";s:5:\"false\";s:4:\"name\";s:12:\"Kein Angebot\";}s:11:\"background1\";s:64:\"{mediaPath}content/media/retailer/1/spot_image_580f166aa1480.jpg\";s:9:\"headline1\";s:0:\"\";s:12:\"subheadline1\";s:0:\"\";s:6:\"offer2\";a:2:{s:2:\"id\";s:5:\"false\";s:4:\"name\";s:12:\"Kein Angebot\";}s:11:\"background2\";s:64:\"{mediaPath}content/media/retailer/1/spot_image_580f166aa1480.jpg\";s:9:\"headline2\";s:0:\"\";s:12:\"subheadline2\";s:0:\"\";s:6:\"offer3\";a:2:{s:2:\"id\";s:5:\"false\";s:4:\"name\";s:12:\"Kein Angebot\";}s:11:\"background3\";s:64:\"{mediaPath}content/media/retailer/1/spot_image_57fb98a162818.jpg\";s:9:\"headline3\";s:0:\"\";s:12:\"subheadline3\";s:0:\"\";s:5:\"hpos1\";s:5:\"unten\";s:6:\"layout\";s:4:\"halb\";s:16:\"offerBackground1\";s:3:\"Rot\";s:16:\"offerBackground2\";s:3:\"Rot\";s:5:\"hpos2\";s:4:\"oben\";s:16:\"offerBackground3\";s:3:\"Rot\";s:5:\"hpos3\";s:5:\"unten\";s:10:\"offerText1\";s:425:\"<FONT SIZE=\"80\">\n<FONT face=\"{font2}\">Hausgemachte</FONT><br>\nLEBERPÂTÉ<br>\n</FONT>\n\n<TEXTFORMAT LEADING=\"20\"><FONT SIZE=\"45\">\n...............................................................<br>\n</FONT></TEXTFORMAT>\n\n<TEXTFORMAT LEADING=\"5\"><FONT SIZE=\"45\" face=\"{font2}\">\nNur reines Schweinefleisch wird<br>mit feinen Gewürzen nach<br>traditionelleRezeptur zu unserer<br>Winterpâté verarbeitet.<br>\n</FONT></TEXTFORMAT>\";s:7:\"footer1\";s:67:\"Leberpâté\n200 Gramm Glas\n\nPâté mit Preiselbeeren\n200 Gramm Glas\";s:6:\"price1\";s:10:\"5,80\n\n5,80\";s:10:\"offerText2\";s:384:\"<FONT SIZE=\"80\">\nKALBS-<br>BRATWÜRSTEL<br>\n</FONT>\n\n<TEXTFORMAT LEADING=\"20\"><FONT SIZE=\"45\">\n...............................................................<br>\n</FONT></TEXTFORMAT>\n\n<TEXTFORMAT LEADING=\"5\"><FONT SIZE=\"45\" face=\"{font2}\">\nUnser feinstes Wurstbrät mit<br>mehr als 50% zartem Kalbfleisch -<br>ein Weihnachtsgruß von<br>unserem Wurstmeister!<br>\n</FONT></TEXTFORMAT>\";s:7:\"footer2\";s:13:\"260 g Packung\";s:6:\"price2\";s:4:\"3,60\";}',NULL,0,0,0,27,168,1),(2132,NULL,'2017-11-30 09:51:43','2018-03-06 17:16:42','c.haas','Weihnachten_Feinkost_4','thumb_1_2132.jpg','a:25:{s:6:\"offer1\";a:2:{s:2:\"id\";s:5:\"false\";s:4:\"name\";s:12:\"Kein Angebot\";}s:11:\"background1\";s:64:\"{mediaPath}content/media/retailer/1/spot_image_580f166aa1480.jpg\";s:9:\"headline1\";s:0:\"\";s:12:\"subheadline1\";s:0:\"\";s:6:\"offer2\";a:2:{s:2:\"id\";s:5:\"false\";s:4:\"name\";s:12:\"Kein Angebot\";}s:11:\"background2\";s:64:\"{mediaPath}content/media/retailer/1/spot_image_580f166aa1480.jpg\";s:9:\"headline2\";s:0:\"\";s:12:\"subheadline2\";s:0:\"\";s:6:\"offer3\";a:2:{s:2:\"id\";s:5:\"false\";s:4:\"name\";s:12:\"Kein Angebot\";}s:11:\"background3\";s:64:\"{mediaPath}content/media/retailer/1/spot_image_57fb98a162818.jpg\";s:9:\"headline3\";s:0:\"\";s:12:\"subheadline3\";s:0:\"\";s:5:\"hpos1\";s:5:\"unten\";s:6:\"layout\";s:4:\"halb\";s:16:\"offerBackground1\";s:3:\"Rot\";s:16:\"offerBackground2\";s:3:\"Rot\";s:5:\"hpos2\";s:4:\"oben\";s:16:\"offerBackground3\";s:3:\"Rot\";s:5:\"hpos3\";s:5:\"unten\";s:10:\"offerText1\";s:460:\"<FONT SIZE=\"80\">\n<FONT face=\"{font2}\">Vorarlberger</FONT><br>\nBERGKÄSE<br>\n</FONT>\n\n<TEXTFORMAT LEADING=\"20\"><FONT SIZE=\"45\">\n...............................................................<br>\n</FONT></TEXTFORMAT>\n\n<TEXTFORMAT LEADING=\"5\"><FONT SIZE=\"45\" face=\"{font2}\">\nDieser naturgereifter Hartkäse aus<br>silofreier Heumilch im Sommer<br>auf der Alpe Untergüntenstall<br>in Vorarlberg gekäst..<br>50% F.i.T. = absolut ca. 30%\n<br>\n</FONT></TEXTFORMAT>\";s:7:\"footer1\";s:9:\"100 Gramm\";s:6:\"price1\";s:4:\"2,29\";s:10:\"offerText2\";s:394:\"<FONT SIZE=\"80\">\nENTENMOUSSE<br><FONT face=\"{font2}\">mit Süßwein<br>\n</FONT>\n\n<TEXTFORMAT LEADING=\"20\"><FONT SIZE=\"45\">\n...............................................................<br>\n</FONT></TEXTFORMAT>\n\n<TEXTFORMAT LEADING=\"5\"><FONT SIZE=\"45\" face=\"{font2}\">\nFeines, delikates Mousse<br>aus zarter Entenleber -<br>mit Muskateller-Süsswein<br>fein abgerundet!\n<br>\n</FONT></TEXTFORMAT>\";s:7:\"footer2\";s:9:\"100 Gramm\";s:6:\"price2\";s:4:\"2,98\";}',NULL,0,0,0,27,168,1),(2133,NULL,'2017-11-30 11:20:41','2018-03-06 17:16:44','c.haas','Weihnachten_Fleisch_1','thumb_1_2133.jpg','a:25:{s:6:\"offer1\";a:2:{s:2:\"id\";s:5:\"false\";s:4:\"name\";s:12:\"Kein Angebot\";}s:11:\"background1\";s:64:\"{mediaPath}content/media/retailer/1/spot_image_5a1fc3b35279f.jpg\";s:9:\"headline1\";s:0:\"\";s:12:\"subheadline1\";s:0:\"\";s:6:\"offer2\";a:2:{s:2:\"id\";s:5:\"false\";s:4:\"name\";s:12:\"Kein Angebot\";}s:11:\"background2\";s:64:\"{mediaPath}content/media/retailer/1/spot_image_580f166aa1480.jpg\";s:9:\"headline2\";s:0:\"\";s:12:\"subheadline2\";s:0:\"\";s:6:\"offer3\";a:2:{s:2:\"id\";s:5:\"false\";s:4:\"name\";s:12:\"Kein Angebot\";}s:11:\"background3\";s:64:\"{mediaPath}content/media/retailer/1/spot_image_57fb98a162818.jpg\";s:9:\"headline3\";s:0:\"\";s:12:\"subheadline3\";s:0:\"\";s:5:\"hpos1\";s:5:\"unten\";s:6:\"layout\";s:4:\"halb\";s:16:\"offerBackground1\";s:3:\"Rot\";s:16:\"offerBackground2\";s:3:\"Rot\";s:5:\"hpos2\";s:4:\"oben\";s:16:\"offerBackground3\";s:3:\"Rot\";s:5:\"hpos3\";s:5:\"unten\";s:10:\"offerText1\";s:195:\"<FONT SIZE=\"80\">\n<FONT face=\"{font2}\">Traunviertler</FONT><br>\nWEIDEGANS<br>\n</FONT>\n\n<TEXTFORMAT LEADING=\"20\"><FONT SIZE=\"45\">\n...............................................................<br>\";s:7:\"footer1\";s:4:\"1 kg\";s:6:\"price1\";s:5:\"15,90\";s:10:\"offerText2\";s:404:\"<FONT SIZE=\"80\">\nRINDS-<br>FILETSTEAK<br>\n</FONT>\n\n<TEXTFORMAT LEADING=\"20\"><FONT SIZE=\"45\">\n...............................................................<br>\n</FONT></TEXTFORMAT>\n\n<TEXTFORMAT LEADING=\"5\"><FONT SIZE=\"45\" face=\"{font2}\">\nDas Steak aus dem Lungenbraten<br>ist das feinste Teilstück vom Rind.<br>Mindestens 21 Tage gereift -<br>mit der Radatz Zartheits-Garantie!<br>\n</FONT></TEXTFORMAT>\";s:7:\"footer2\";s:9:\"100 Gramm\";s:6:\"price2\";s:4:\"6,50\";}',NULL,0,0,0,27,168,1),(2134,NULL,'2017-11-30 11:33:57','2018-03-06 17:16:47','c.haas','Weihnachten_Fleisch_2','thumb_1_2134.jpg','a:25:{s:6:\"offer1\";a:2:{s:2:\"id\";s:5:\"false\";s:4:\"name\";s:12:\"Kein Angebot\";}s:11:\"background1\";s:64:\"{mediaPath}content/media/retailer/1/spot_image_5a1fded677a0a.jpg\";s:9:\"headline1\";s:0:\"\";s:12:\"subheadline1\";s:0:\"\";s:6:\"offer2\";a:2:{s:2:\"id\";s:5:\"false\";s:4:\"name\";s:12:\"Kein Angebot\";}s:11:\"background2\";s:64:\"{mediaPath}content/media/retailer/1/spot_image_580f166aa1480.jpg\";s:9:\"headline2\";s:0:\"\";s:12:\"subheadline2\";s:0:\"\";s:6:\"offer3\";a:2:{s:2:\"id\";s:5:\"false\";s:4:\"name\";s:12:\"Kein Angebot\";}s:11:\"background3\";s:64:\"{mediaPath}content/media/retailer/1/spot_image_57fb98a162818.jpg\";s:9:\"headline3\";s:0:\"\";s:12:\"subheadline3\";s:0:\"\";s:5:\"hpos1\";s:5:\"unten\";s:6:\"layout\";s:4:\"halb\";s:16:\"offerBackground1\";s:3:\"Rot\";s:16:\"offerBackground2\";s:3:\"Rot\";s:5:\"hpos2\";s:4:\"oben\";s:16:\"offerBackground3\";s:3:\"Rot\";s:5:\"hpos3\";s:5:\"unten\";s:10:\"offerText1\";s:189:\"<FONT SIZE=\"80\">\n<FONT face=\"{font2}\">Saftiges</FONT><br>\nOSSOBUCO<br>\n</FONT>\n\n<TEXTFORMAT LEADING=\"20\"><FONT SIZE=\"45\">\n...............................................................<br>\";s:7:\"footer1\";s:9:\"100 Gramm\";s:6:\"price1\";s:4:\"1,98\";s:10:\"offerText2\";s:402:\"<FONT SIZE=\"80\">\nWINTERBRATEN<br><FONT face=\"{font2}\">vom Kalb<br>\n</FONT>\n\n<TEXTFORMAT LEADING=\"20\"><FONT SIZE=\"45\">\n...............................................................<br>\n</FONT></TEXTFORMAT>\n\n<TEXTFORMAT LEADING=\"5\"><FONT SIZE=\"45\" face=\"{font2}\">\nMit getrockneten Apfelscheiben &<br>mit Cognac beträufelten Dörrpflaumen<br>gefüllt & fertig für Sie gerollt.<br>\n</FONT></TEXTFORMAT>\";s:7:\"footer2\";s:53:\"100 Gramm von der Karreerose\n\n100 Gramm vom Kalbshals\";s:6:\"price2\";s:9:\"3,98\n2,89\";}',NULL,0,0,0,27,168,1),(2135,1,'2017-11-30 11:35:02','2017-11-30 11:35:02','s.moik','Osso_Bucco_1:2','5a1fded67acae.png','a:1:{s:5:\"image\";s:64:\"{mediaPath}content/media/retailer/1/spot_image_5a1fded677a0a.jpg\";}',NULL,0,0,0,4,165,1),(2136,NULL,'2017-11-30 12:27:19','2018-03-06 17:16:49','c.haas','Weihnachten_Fleisch_3','thumb_1_2136.jpg','a:25:{s:6:\"offer1\";a:2:{s:2:\"id\";s:5:\"false\";s:4:\"name\";s:12:\"Kein Angebot\";}s:11:\"background1\";s:64:\"{mediaPath}content/media/retailer/1/spot_image_5a1fed0477b38.jpg\";s:9:\"headline1\";s:0:\"\";s:12:\"subheadline1\";s:0:\"\";s:6:\"offer2\";a:2:{s:2:\"id\";s:5:\"false\";s:4:\"name\";s:12:\"Kein Angebot\";}s:11:\"background2\";s:64:\"{mediaPath}content/media/retailer/1/spot_image_580f166aa1480.jpg\";s:9:\"headline2\";s:0:\"\";s:12:\"subheadline2\";s:0:\"\";s:6:\"offer3\";a:2:{s:2:\"id\";s:5:\"false\";s:4:\"name\";s:12:\"Kein Angebot\";}s:11:\"background3\";s:64:\"{mediaPath}content/media/retailer/1/spot_image_57fb98a162818.jpg\";s:9:\"headline3\";s:0:\"\";s:12:\"subheadline3\";s:0:\"\";s:5:\"hpos1\";s:5:\"unten\";s:6:\"layout\";s:4:\"halb\";s:16:\"offerBackground1\";s:3:\"Rot\";s:16:\"offerBackground2\";s:3:\"Rot\";s:5:\"hpos2\";s:4:\"oben\";s:16:\"offerBackground3\";s:3:\"Rot\";s:5:\"hpos3\";s:5:\"unten\";s:10:\"offerText1\";s:195:\"<FONT SIZE=\"80\">\n<FONT face=\"{font2}\">Spanferkel</FONT><br>\nBEINSCHINKEN<br>\n</FONT>\n\n<TEXTFORMAT LEADING=\"20\"><FONT SIZE=\"45\">\n...............................................................<br>\";s:7:\"footer1\";s:9:\"100 Gramm\";s:6:\"price1\";s:4:\"1,85\";s:10:\"offerText2\";s:372:\"<FONT SIZE=\"80\">\nBIO-ENTE &<br>BIO-TRUTHAHN<br>\n</FONT>\n\n<TEXTFORMAT LEADING=\"20\"><FONT SIZE=\"45\">\n...............................................................<br>\n</FONT></TEXTFORMAT>\n\n<TEXTFORMAT LEADING=\"5\"><FONT SIZE=\"45\" face=\"{font2}\">\nUnsere Enten & Truthähne<br>kommen vom Biohof Weber<br>aus Raabs an der Thaya<br>in Niederösterreich<br>\n</FONT></TEXTFORMAT>\";s:7:\"footer2\";s:32:\"Bio-Ente 1 kg\n\nBio-Truthahn 1 kg\";s:6:\"price2\";s:11:\"16,90\n14,90\";}',NULL,0,0,0,27,168,1),(2137,1,'2017-11-30 12:35:32','2017-11-30 12:35:32','s.moik','Spanferkel_Beinschinken_1:2','5a1fed047bf57.png','a:1:{s:5:\"image\";s:64:\"{mediaPath}content/media/retailer/1/spot_image_5a1fed0477b38.jpg\";}',NULL,0,0,0,4,168,1),(2139,NULL,'2017-11-30 13:26:08','2018-12-16 19:31:33','c.haas','Weihnachten_Fleisch_4','thumb_1_2139.jpg','a:25:{s:6:\"offer1\";a:2:{s:2:\"id\";s:5:\"false\";s:4:\"name\";s:12:\"Kein Angebot\";}s:11:\"background1\";s:64:\"{mediaPath}content/media/retailer/1/spot_image_59c0ce28dfa2c.jpg\";s:9:\"headline1\";s:0:\"\";s:12:\"subheadline1\";s:0:\"\";s:6:\"offer2\";a:2:{s:2:\"id\";s:5:\"false\";s:4:\"name\";s:12:\"Kein Angebot\";}s:11:\"background2\";s:64:\"{mediaPath}content/media/retailer/1/spot_image_580f166aa1480.jpg\";s:9:\"headline2\";s:4:\"WILD\";s:12:\"subheadline2\";s:9:\"Festessen\";s:6:\"offer3\";a:2:{s:2:\"id\";s:5:\"false\";s:4:\"name\";s:12:\"Kein Angebot\";}s:11:\"background3\";s:64:\"{mediaPath}content/media/retailer/1/spot_image_57fb98a162818.jpg\";s:9:\"headline3\";s:0:\"\";s:12:\"subheadline3\";s:0:\"\";s:5:\"hpos1\";s:5:\"unten\";s:6:\"layout\";s:4:\"halb\";s:16:\"offerBackground1\";s:3:\"Rot\";s:16:\"offerBackground2\";s:3:\"Rot\";s:5:\"hpos2\";s:5:\"unten\";s:16:\"offerBackground3\";s:3:\"Rot\";s:5:\"hpos3\";s:5:\"unten\";s:10:\"offerText1\";s:0:\"\";s:7:\"footer1\";s:9:\"100 Gramm\";s:6:\"price1\";s:7:\"ab 3,49\";s:10:\"offerText2\";s:345:\"<FONT SIZE=\"100\">\n<FONT face=\"{font2}\">Zartes</FONT><br>\nHIRSCH-<br>\nKALBSFILET\n</FONT>\n\n<TEXTFORMAT LEADING=\"20\"><FONT SIZE=\"45\">\n...............................................................<br>\n</FONT></TEXTFORMAT>\n\n<TEXTFORMAT LEADING=\"5\"><FONT SIZE=\"50\" face=\"{font2}\">\nDas edelste & feinste Stück\nvom Damhirsch.<br>\n</FONT></TEXTFORMAT>\";s:7:\"footer2\";s:9:\"100 Gramm\";s:6:\"price2\";s:4:\"6,50\";}',NULL,0,0,0,14,168,1),(2142,1,'2017-11-30 13:29:10','2017-11-30 13:29:10','s.moik','Damhirsch_Weihnachten_1:2','5a1ff9968b120.png','a:1:{s:5:\"image\";s:64:\"{mediaPath}content/media/retailer/1/spot_image_5a1ff9968a841.jpg\";}',NULL,0,0,0,4,168,1),(2145,1,'2017-11-30 14:02:11','2017-11-30 14:02:11','s.moik','BOA_Weihnachten_1:3','5a200152a975a.png','a:1:{s:5:\"image\";s:65:\"{mediaPath}content/media/retailer/1/spot_image_5a200152a6c34.jpeg\";}',NULL,0,0,0,4,168,1),(2147,1,'2017-11-30 14:05:31','2017-11-30 14:05:31','s.moik','BOA_Weihnachten_1:2','5a20021b7178d.png','a:1:{s:5:\"image\";s:65:\"{mediaPath}content/media/retailer/1/spot_image_5a20021b6e81f.jpeg\";}',NULL,0,0,0,4,168,1),(2159,1,'2017-12-21 16:02:58','2017-12-21 16:02:58','s.moik','Aufstriche_1:2','5a3bcd2234bd7.png','a:1:{s:5:\"image\";s:64:\"{mediaPath}content/media/retailer/1/spot_image_5a3bcd21a0aef.jpg\";}',NULL,0,0,0,4,150,1),(2171,NULL,'2017-12-22 11:31:02','2018-03-06 17:15:21','c.haas','Feinkost_Januar','thumb_1_2171.jpg','a:25:{s:6:\"offer1\";a:2:{s:2:\"id\";s:5:\"false\";s:4:\"name\";s:12:\"Kein Angebot\";}s:11:\"background1\";s:64:\"{mediaPath}content/media/retailer/1/spot_image_5a3cdedb71fff.jpg\";s:9:\"headline1\";s:16:\"HERINGS-\nSCHMAUS\";s:12:\"subheadline1\";s:0:\"\";s:6:\"offer2\";a:2:{s:2:\"id\";s:5:\"false\";s:4:\"name\";s:12:\"Kein Angebot\";}s:11:\"background2\";s:64:\"{mediaPath}content/media/retailer/1/spot_image_588b1b95b755c.jpg\";s:9:\"headline2\";s:16:\"HERINGS-\nSCHMAUS\";s:12:\"subheadline2\";s:0:\"\";s:6:\"offer3\";a:2:{s:2:\"id\";s:5:\"false\";s:4:\"name\";s:12:\"Kein Angebot\";}s:11:\"background3\";s:64:\"{mediaPath}content/media/retailer/1/spot_image_57fb98a162818.jpg\";s:9:\"headline3\";s:0:\"\";s:12:\"subheadline3\";s:0:\"\";s:5:\"hpos1\";s:5:\"unten\";s:6:\"layout\";s:4:\"halb\";s:16:\"offerBackground1\";s:3:\"Rot\";s:16:\"offerBackground2\";s:3:\"Rot\";s:5:\"hpos2\";s:4:\"oben\";s:16:\"offerBackground3\";s:3:\"Rot\";s:5:\"hpos3\";s:5:\"unten\";s:10:\"offerText1\";s:0:\"\";s:7:\"footer1\";s:34:\"Wählen Sie aus unserem Sortiment!\";s:6:\"price1\";s:0:\"\";s:10:\"offerText2\";s:380:\"<FONT SIZE=\"80\">\n<FONT face=\"{font2}\">Göteborger</FONT><br>\nHERINGS-<br>\nTOPF<br>\n\n<TEXTFORMAT LEADING=\"20\"><FONT SIZE=\"45\">\n.............................................................<br>\n</FONT></TEXTFORMAT>\n\n<TEXTFORMAT LEADING=\"5\"><FONT SIZE=\"45\" face=\"{font2}\">\nBismarckhering mit Zwiebeln, <br>Gewürzgurken & grünem Pfeffer in Mayonnaise-Sauce.<br>\n</FONT></TEXTFORMAT>\";s:7:\"footer2\";s:9:\"100 Gramm\";s:6:\"price2\";s:4:\"2,19\";}',NULL,0,0,0,14,150,1),(2173,1,'2017-12-22 13:05:09','2017-12-22 13:05:09','s.moik','Wurstschwein_1:2','5a3cf4f5e0952.png','a:1:{s:5:\"image\";s:64:\"{mediaPath}content/media/retailer/1/spot_image_5a3cf4f5e06b7.jpg\";}',NULL,0,0,0,4,169,1),(2174,1,'2017-12-22 13:05:10','2017-12-22 13:05:10','s.moik','Sulzen_1:2','5a3cf4f657263.png','a:1:{s:5:\"image\";s:64:\"{mediaPath}content/media/retailer/1/spot_image_5a3cf4f656ef3.jpg\";}',NULL,0,0,0,4,169,1),(2175,1,'2017-12-22 13:21:02','2017-12-22 13:21:02','s.moik','Gulaschsuppe_1:2','5a3cf8ae0f626.png','a:1:{s:5:\"image\";s:64:\"{mediaPath}content/media/retailer/1/spot_image_5a3cf8ae0eb4c.jpg\";}',NULL,0,0,0,4,150,1),(2178,NULL,'2017-12-27 10:01:21','2018-12-21 12:38:07','c.haas','Silvester_Feinkost_1','thumb_1_2178.jpg','a:25:{s:6:\"offer1\";a:2:{s:2:\"id\";s:5:\"false\";s:4:\"name\";s:12:\"Kein Angebot\";}s:11:\"background1\";s:64:\"{mediaPath}content/media/retailer/1/spot_image_5a3cf4f5e06b7.jpg\";s:9:\"headline1\";s:20:\"NEUJAHRS\nSCHWEINCHEN\";s:12:\"subheadline1\";s:0:\"\";s:6:\"offer2\";a:2:{s:2:\"id\";s:5:\"false\";s:4:\"name\";s:12:\"Kein Angebot\";}s:11:\"background2\";s:64:\"{mediaPath}content/media/retailer/1/spot_image_5a3cf4f656ef3.jpg\";s:9:\"headline2\";s:14:\"NEUJAHRS\nASPIK\";s:12:\"subheadline2\";s:0:\"\";s:6:\"offer3\";a:2:{s:2:\"id\";s:5:\"false\";s:4:\"name\";s:12:\"Kein Angebot\";}s:11:\"background3\";s:64:\"{mediaPath}content/media/retailer/1/spot_image_57fb98a162818.jpg\";s:9:\"headline3\";s:0:\"\";s:12:\"subheadline3\";s:0:\"\";s:5:\"hpos1\";s:5:\"unten\";s:6:\"layout\";s:4:\"halb\";s:16:\"offerBackground1\";s:3:\"Rot\";s:16:\"offerBackground2\";s:3:\"Rot\";s:5:\"hpos2\";s:4:\"oben\";s:16:\"offerBackground3\";s:3:\"Rot\";s:5:\"hpos3\";s:5:\"unten\";s:10:\"offerText1\";s:0:\"\";s:7:\"footer1\";s:6:\"Stück\";s:6:\"price1\";s:4:\"6,90\";s:10:\"offerText2\";s:0:\"\";s:7:\"footer2\";s:27:\"Aspik Törtchen 300g Becher\";s:6:\"price2\";s:4:\"4,50\";}',NULL,0,0,0,14,169,1),(2181,NULL,'2017-12-27 10:22:22','2018-03-06 17:13:46','c.haas','Silvester_Feinkost_4_NEU','thumb_1_2181.jpg','a:25:{s:6:\"offer1\";a:2:{s:2:\"id\";s:5:\"false\";s:4:\"name\";s:12:\"Kein Angebot\";}s:11:\"background1\";s:64:\"{mediaPath}content/media/retailer/1/spot_image_580f166aa1480.jpg\";s:9:\"headline1\";s:14:\"SILVESTER 2017\";s:12:\"subheadline1\";s:0:\"\";s:6:\"offer2\";a:2:{s:2:\"id\";s:5:\"false\";s:4:\"name\";s:12:\"Kein Angebot\";}s:11:\"background2\";s:64:\"{mediaPath}content/media/retailer/1/spot_image_580f166aa1480.jpg\";s:9:\"headline2\";s:14:\"SILVESTER 2017\";s:12:\"subheadline2\";s:0:\"\";s:6:\"offer3\";a:2:{s:2:\"id\";s:5:\"false\";s:4:\"name\";s:12:\"Kein Angebot\";}s:11:\"background3\";s:64:\"{mediaPath}content/media/retailer/1/spot_image_57fb98a162818.jpg\";s:9:\"headline3\";s:0:\"\";s:12:\"subheadline3\";s:0:\"\";s:5:\"hpos1\";s:5:\"unten\";s:6:\"layout\";s:4:\"halb\";s:16:\"offerBackground1\";s:3:\"Rot\";s:16:\"offerBackground2\";s:3:\"Rot\";s:5:\"hpos2\";s:4:\"oben\";s:16:\"offerBackground3\";s:3:\"Rot\";s:5:\"hpos3\";s:5:\"unten\";s:10:\"offerText1\";s:422:\"<FONT SIZE=\"80\">\n<FONT face=\"{font2}\">Radatz</FONT><br>\nSACHER WÜRSTEL\n</FONT>\n\n<TEXTFORMAT LEADING=\"20\"><FONT SIZE=\"45\">\n...............................................................<br>\n</FONT></TEXTFORMAT>\n\n<TEXTFORMAT LEADING=\"5\"><FONT SIZE=\"45\" face=\"{font2}\">\nSeit über 50 Jahren verwenden wir für<br>diesen Wiener Klassiker die selbe Rezeptur.<br>Und das schmeckt man bei jedem Bissen!<br>\n</FONT></TEXTFORMAT>\";s:7:\"footer1\";s:16:\"Packung á 180 g\";s:6:\"price1\";s:4:\"3,20\";s:10:\"offerText2\";s:427:\"<FONT SIZE=\"80\">\n<FONT face=\"{font2}\">G\'schmackige</FONT><br>\nDEBREZINER\n</FONT>\n\n<TEXTFORMAT LEADING=\"20\"><FONT SIZE=\"45\">\n...............................................................<br>\n</FONT></TEXTFORMAT>\n\n<TEXTFORMAT LEADING=\"5\"><FONT SIZE=\"45\" face=\"{font2}\">\nUnser Wurstmeister verwendet nur ausgesuchtes Schweinefleisch für diese Würsteldelikatesse & würzt kräftig mit pikantem Paprika!<br>\n</FONT></TEXTFORMAT>\";s:7:\"footer2\";s:16:\"Packung á 120 g\";s:6:\"price2\";s:4:\"1,80\";}',NULL,0,0,0,14,169,1),(2184,NULL,'2017-12-27 10:39:36','2018-08-27 18:14:25','c.haas','Silvester_Fleisch_3_NEU','thumb_1_2184.jpg','a:25:{s:6:\"offer1\";a:2:{s:2:\"id\";s:5:\"false\";s:4:\"name\";s:12:\"Kein Angebot\";}s:11:\"background1\";s:64:\"{mediaPath}content/media/retailer/1/spot_image_580f166aa1480.jpg\";s:9:\"headline1\";s:14:\"SILVESTER 2017\";s:12:\"subheadline1\";s:0:\"\";s:6:\"offer2\";a:2:{s:2:\"id\";s:5:\"false\";s:4:\"name\";s:12:\"Kein Angebot\";}s:11:\"background2\";s:64:\"{mediaPath}content/media/retailer/1/spot_image_580f166aa1480.jpg\";s:9:\"headline2\";s:14:\"SILVESTER 2017\";s:12:\"subheadline2\";s:0:\"\";s:6:\"offer3\";a:2:{s:2:\"id\";s:5:\"false\";s:4:\"name\";s:12:\"Kein Angebot\";}s:11:\"background3\";s:64:\"{mediaPath}content/media/retailer/1/spot_image_57fb98a162818.jpg\";s:9:\"headline3\";s:0:\"\";s:12:\"subheadline3\";s:0:\"\";s:5:\"hpos1\";s:5:\"unten\";s:6:\"layout\";s:4:\"halb\";s:16:\"offerBackground1\";s:3:\"Rot\";s:16:\"offerBackground2\";s:3:\"Rot\";s:5:\"hpos2\";s:4:\"oben\";s:16:\"offerBackground3\";s:3:\"Rot\";s:5:\"hpos3\";s:5:\"unten\";s:10:\"offerText1\";s:360:\"<FONT SIZE=\"80\">\nSPANFERKEL-<br>RÜCKEN<br>\n</FONT>\n\n<TEXTFORMAT LEADING=\"20\"><FONT SIZE=\"45\">\n...............................................................<br>\n</FONT></TEXTFORMAT>\n\n<TEXTFORMAT LEADING=\"5\"><FONT SIZE=\"45\" face=\"{font2}\">\nDer zarte Spanferkelrücken<br>eignet sich im Ganzen hervorragend<br>zum Braten oder Schmoren!<br>\n</FONT></TEXTFORMAT>\";s:7:\"footer1\";s:9:\"100 Gramm\";s:6:\"price1\";s:4:\"1,89\";s:10:\"offerText2\";s:376:\"<FONT SIZE=\"80\">\nSPANFERKEL-<br>SCHOPFSTEAK<br>\n</FONT>\n\n<TEXTFORMAT LEADING=\"20\"><FONT SIZE=\"45\">\n...............................................................<br>\n</FONT></TEXTFORMAT>\n\n<TEXTFORMAT LEADING=\"5\"><FONT SIZE=\"45\" face=\"{font2}\">\nDie ganz besonderes zarte & saftige<br>Spanferkel-Delikatesse eignet sich<br>zum Kurzbraten in der Pfanne.<br>\n</FONT></TEXTFORMAT>\";s:7:\"footer2\";s:9:\"100 Gramm\";s:6:\"price2\";s:4:\"1,49\";}',NULL,0,0,0,14,169,1),(2186,NULL,'2018-01-01 19:26:49','2018-03-06 17:15:51','c.haas','Fleisch Boa_Siedfleisch','thumb_1_2186.jpg','a:5:{s:6:\"layout\";s:4:\"halb\";s:11:\"background1\";s:64:\"{mediaPath}content/media/retailer/1/spot_image_57fb988830e49.jpg\";s:11:\"background2\";s:64:\"{mediaPath}content/media/retailer/1/spot_image_57fb9886a0553.jpg\";s:6:\"offer1\";a:2:{s:2:\"id\";s:5:\"false\";s:4:\"name\";s:15:\"Kein Schmankerl\";}s:6:\"offer2\";a:2:{s:2:\"id\";s:5:\"false\";s:4:\"name\";s:15:\"Kein Schmankerl\";}}',NULL,0,0,0,14,165,1),(2187,NULL,'2018-01-01 19:32:50','2018-03-15 17:41:15','c.haas','Erdäpfelgulasch','thumb_1_2187.jpg','a:5:{s:6:\"layout\";s:4:\"halb\";s:6:\"offer1\";a:2:{s:2:\"id\";s:5:\"false\";s:4:\"name\";s:15:\"Kein Schmankerl\";}s:11:\"background1\";s:64:\"{mediaPath}content/media/retailer/1/spot_image_585bf5421901c.jpg\";s:6:\"offer2\";a:2:{s:2:\"id\";i:2;s:4:\"name\";s:24:\"BärlauchSCHINKEN-KRANZL\";}s:16:\"offerBackground2\";s:3:\"Rot\";}',NULL,0,0,0,14,165,1),(2216,NULL,'2018-01-03 14:32:57','2018-03-15 17:40:44','c.haas','Rindsgualsch','thumb_1_2216.jpg','a:5:{s:6:\"layout\";s:4:\"halb\";s:6:\"offer1\";a:2:{s:2:\"id\";s:5:\"false\";s:4:\"name\";s:15:\"Kein Schmankerl\";}s:11:\"background1\";s:64:\"{mediaPath}content/media/retailer/1/spot_image_585bf540e493d.jpg\";s:6:\"offer2\";a:2:{s:2:\"id\";i:3;s:4:\"name\";s:28:\"essfertigesERDÄPFEL-GULASCH\";}s:11:\"background2\";s:64:\"{mediaPath}content/media/retailer/1/spot_image_585bf5421901c.jpg\";}',NULL,0,0,0,14,165,1),(2218,NULL,'2018-01-03 14:37:49','2018-03-15 17:40:51','c.haas','Szegediener Krautfleisch','thumb_1_2218.jpg','a:4:{s:6:\"layout\";s:4:\"halb\";s:6:\"offer1\";a:2:{s:2:\"id\";s:5:\"false\";s:4:\"name\";s:15:\"Kein Schmankerl\";}s:11:\"background1\";s:64:\"{mediaPath}content/media/retailer/1/spot_image_585bf54060c70.jpg\";s:6:\"offer2\";a:2:{s:2:\"id\";i:3;s:4:\"name\";s:28:\"essfertigesERDÄPFEL-GULASCH\";}}',NULL,0,0,0,14,165,1),(2219,NULL,'2018-01-08 14:18:50','2018-01-08 15:01:52','admin_jt','zip-test',NULL,'a:1:{s:3:\"zip\";s:42:\"{mediaPath}content/media/test/testspot.zip\";}',NULL,0,0,0,28,NULL,4),(2220,NULL,'2018-01-09 17:07:08','2019-03-25 08:29:27','s.moik','Fleisch 1_Flaches Huhn','thumb_1_2220.jpg','a:20:{s:6:\"layout\";s:4:\"halb\";s:16:\"offerBackground1\";s:3:\"Rot\";s:6:\"offer1\";a:2:{s:2:\"id\";s:5:\"false\";s:4:\"name\";s:15:\"Kein Schmankerl\";}s:6:\"offer2\";a:2:{s:2:\"id\";i:0;s:4:\"name\";s:17:\"DAM-HIRSCH-BRATEN\";}s:16:\"offerBackground2\";s:3:\"Rot\";s:11:\"background2\";s:64:\"{mediaPath}content/media/retailer/1/spot_image_580f166aa1480.jpg\";s:10:\"offerText1\";s:0:\"\";s:11:\"background1\";s:64:\"{mediaPath}content/media/retailer/1/spot_image_5ba38376added.jpg\";s:5:\"hpos2\";s:5:\"unten\";s:12:\"subheadline2\";s:0:\"\";s:9:\"headline2\";s:20:\"STEIRISCHES\nJUNGHUHN\";s:10:\"offerText2\";s:411:\"<FONT SIZE=\"100\">\n<FONT face=\"{font2}\">marinierte</FONT><br>\nFLÜGERL ODER KEULE<br>\n</FONT>\n\n<TEXTFORMAT LEADING=\"20\"><FONT SIZE=\"45\">\n...............................................................<br>\n</FONT></TEXTFORMAT>\n\n<TEXTFORMAT LEADING=\"5\"><FONT SIZE=\"45\" face=\"{font2}\">\nUnsere steirischen Hendl werden auf bäuerlichen Familienbetrieben gehalten<br>& mit Kukuruz gefüttert.<br>\n</FONT></TEXTFORMAT>\";s:7:\"footer2\";s:71:\"Kilo Flügerl statt 8,50  jetzt nur\n\nKilo Keulen statt 11,50  jetzt nur\";s:6:\"price2\";s:9:\"6,50\n9,50\";s:9:\"headline1\";s:9:\"BRATHENDL\";s:6:\"color1\";s:5:\"black\";s:12:\"subheadline1\";s:8:\"Lust auf\";s:5:\"hpos1\";s:5:\"unten\";s:7:\"footer1\";s:0:\"\";s:6:\"price1\";s:0:\"\";}',NULL,30,0,0,14,165,1),(2221,1,'2018-01-17 09:41:48','2018-01-17 09:41:48','s.moik','Roter_Heringssalat_1:2','5a5f0c4c705da.png','a:1:{s:5:\"image\";s:64:\"{mediaPath}content/media/retailer/1/spot_image_5a5f0c4c69372.jpg\";}',NULL,0,0,0,4,143,1),(2222,1,'2018-01-17 09:41:49','2018-01-17 09:41:49','s.moik','Hintergrung_Heringsschmaus_hblau_1:3','5a5f0c4d2ab45.png','a:1:{s:5:\"image\";s:64:\"{mediaPath}content/media/retailer/1/spot_image_5a5f0c4d29166.jpg\";}',NULL,0,0,0,4,143,1),(2223,1,'2018-01-17 09:41:49','2018-01-17 09:41:49','s.moik','Hintergrung_Heringsschmaus_hblau_1:2','5a5f0c4d7b7ef.png','a:1:{s:5:\"image\";s:64:\"{mediaPath}content/media/retailer/1/spot_image_5a5f0c4d7b39f.jpg\";}',NULL,0,0,0,4,143,1),(2224,1,'2018-01-17 09:41:49','2018-01-17 09:41:49','s.moik','Hintergrung_Heringsschmaus_dblau_1:3','5a5f0c4dd8e2f.png','a:1:{s:5:\"image\";s:64:\"{mediaPath}content/media/retailer/1/spot_image_5a5f0c4dd86fe.jpg\";}',NULL,0,0,0,4,143,1),(2225,1,'2018-01-17 09:41:50','2018-01-17 09:41:50','s.moik','Hintergrung_Heringsschmaus_dblau_1:2','5a5f0c4e36632.png','a:1:{s:5:\"image\";s:64:\"{mediaPath}content/media/retailer/1/spot_image_5a5f0c4e31c9e.jpg\";}',NULL,0,0,0,4,143,1),(2226,1,'2018-01-17 09:41:50','2018-01-17 09:41:50','s.moik','Goeteborger_Heringstopf_1:2','5a5f0c4e8635c.png','a:1:{s:5:\"image\";s:64:\"{mediaPath}content/media/retailer/1/spot_image_5a5f0c4e83a6a.jpg\";}',NULL,0,0,0,4,143,1),(2229,NULL,'2018-01-17 09:49:02','2018-03-06 17:14:52','c.haas','Feinkost_Heringsschmaus_2','thumb_1_2229.jpg','a:25:{s:6:\"offer1\";a:2:{s:2:\"id\";s:5:\"false\";s:4:\"name\";s:12:\"Kein Angebot\";}s:11:\"background1\";s:64:\"{mediaPath}content/media/retailer/1/spot_image_5a5f0c4c69372.jpg\";s:9:\"headline1\";s:18:\"ROTER\nHERINGSSALAT\";s:12:\"subheadline1\";s:0:\"\";s:6:\"offer2\";a:2:{s:2:\"id\";s:5:\"false\";s:4:\"name\";s:12:\"Kein Angebot\";}s:11:\"background2\";s:64:\"{mediaPath}content/media/retailer/1/spot_image_5a5f0c4e83a6a.jpg\";s:9:\"headline2\";s:23:\"GÖTEBORGER\nHERINGSTOPF\";s:12:\"subheadline2\";s:0:\"\";s:6:\"offer3\";a:2:{s:2:\"id\";s:5:\"false\";s:4:\"name\";s:12:\"Kein Angebot\";}s:11:\"background3\";s:64:\"{mediaPath}content/media/retailer/1/spot_image_57fb98a162818.jpg\";s:9:\"headline3\";s:0:\"\";s:12:\"subheadline3\";s:0:\"\";s:5:\"hpos1\";s:5:\"unten\";s:6:\"layout\";s:4:\"halb\";s:16:\"offerBackground1\";s:3:\"Rot\";s:16:\"offerBackground2\";s:3:\"Rot\";s:5:\"hpos2\";s:4:\"oben\";s:16:\"offerBackground3\";s:3:\"Rot\";s:5:\"hpos3\";s:5:\"unten\";s:10:\"offerText1\";s:0:\"\";s:7:\"footer1\";s:9:\"100 Gramm\";s:6:\"price1\";s:4:\"2,19\";s:10:\"offerText2\";s:0:\"\";s:7:\"footer2\";s:9:\"100 Gramm\";s:6:\"price2\";s:4:\"2,19\";}',NULL,0,0,0,14,143,1),(2230,1,'2018-01-17 16:24:53','2018-01-17 16:24:53','s.moik','Heringsschmaus_Waage_Permanent','5a5f6ac55e0dc.png','a:1:{s:5:\"image\";s:64:\"{mediaPath}content/media/retailer/1/spot_image_5a5f6ac55dcd1.jpg\";}',NULL,0,0,0,4,134,1),(2231,1,'2018-01-17 16:24:53','2018-01-17 16:24:53','s.moik','Heringsschmaus_Waage_Full','5a5f6ac5c5bcf.png','a:1:{s:5:\"image\";s:64:\"{mediaPath}content/media/retailer/1/spot_image_5a5f6ac5c56fd.jpg\";}',NULL,0,0,0,4,134,1),(2232,1,'2018-01-17 16:25:49','2018-01-17 16:25:49','s.moik','Heringsschmaus_1:3','5a5f6afd213e7.png','a:1:{s:5:\"image\";s:64:\"{mediaPath}content/media/retailer/1/spot_image_5a5f6afd1d8ef.jpg\";}',NULL,0,0,0,4,143,1),(2233,1,'2018-01-17 16:25:49','2018-01-17 16:25:49','s.moik','Heringsschmaus_1:2','5a5f6afd96347.png','a:1:{s:5:\"image\";s:64:\"{mediaPath}content/media/retailer/1/spot_image_5a5f6afd949dd.jpg\";}',NULL,0,0,0,4,143,1),(2234,1,'2018-01-17 16:25:50','2019-02-18 09:41:46','c.haas','Heringsschmaus_1','thumb_1_2234.jpg','a:2:{s:5:\"image\";s:64:\"{mediaPath}content/media/retailer/1/spot_image_5a5f6afe3552f.jpg\";s:6:\"border\";s:2:\"ja\";}',NULL,0,0,0,4,143,1),(2235,1,'2018-01-17 16:25:58','2018-03-06 17:14:49','c.haas','Heringsschmaus','thumb_1_2235.jpg','a:1:{s:5:\"image\";s:64:\"{mediaPath}content/media/retailer/1/spot_image_5a5f6afe3552f.jpg\";}',NULL,0,0,0,4,143,1),(2236,1,'2018-02-01 15:40:52','2018-02-01 15:40:52','c.haas','Streichwurst_2017_halb','5a7326f44edf3.png','a:1:{s:5:\"image\";s:64:\"{mediaPath}content/media/retailer/1/spot_image_5a7326f44a143.jpg\";}',NULL,0,0,0,4,107,1),(2237,1,'2018-02-01 15:40:52','2018-02-01 15:40:52','c.haas','Hintergrund_Streichwurst_2017_halb','5a7326f4c53bb.png','a:1:{s:5:\"image\";s:64:\"{mediaPath}content/media/retailer/1/spot_image_5a7326f4c3246.jpg\";}',NULL,0,0,0,4,107,1),(2238,1,'2018-02-01 15:40:53','2018-02-01 15:40:53','c.haas','Beinschinkensemmel_2017_halb','5a7326f551662.png','a:1:{s:5:\"image\";s:64:\"{mediaPath}content/media/retailer/1/spot_image_5a7326f5185a5.jpg\";}',NULL,0,0,0,4,107,1),(2239,1,'2018-02-01 15:40:53','2018-02-01 15:40:53','c.haas','Aufstriche_2017_halb','5a7326f5afde4.png','a:1:{s:5:\"image\";s:64:\"{mediaPath}content/media/retailer/1/spot_image_5a7326f5ac85d.jpg\";}',NULL,0,0,0,4,107,1),(2240,1,'2018-02-01 15:44:37','2018-02-01 15:44:37','c.haas','Kalbspariser_1:2','5a7327d52fa30.png','a:1:{s:5:\"image\";s:64:\"{mediaPath}content/media/retailer/1/spot_image_5a7327d52e8b4.jpg\";}',NULL,0,0,0,4,107,1),(2241,1,'2018-02-01 15:45:07','2018-02-01 15:45:07','c.haas','aufschnittscreens_8','5a7327f3a3654.png','a:1:{s:5:\"image\";s:64:\"{mediaPath}content/media/retailer/1/spot_image_5a7327f3a1514.jpg\";}',NULL,0,0,0,4,107,1),(2242,1,'2018-02-01 15:57:12','2018-02-01 15:57:12','c.haas','Aufschnittbrot_2017_halb','5a732ac828b10.png','a:1:{s:5:\"image\";s:64:\"{mediaPath}content/media/retailer/1/spot_image_5a732ac828873.jpg\";}',NULL,0,0,0,4,107,1),(2243,NULL,'2018-02-01 16:01:34','2018-09-03 13:09:44','c.haas','Feinkost 4','thumb_1_2243.jpg','a:22:{s:6:\"layout\";s:4:\"halb\";s:6:\"offer1\";a:2:{s:2:\"id\";s:5:\"false\";s:4:\"name\";s:12:\"Kein Angebot\";}s:16:\"offerBackground1\";s:3:\"Rot\";s:11:\"background1\";s:64:\"{mediaPath}content/media/retailer/1/spot_image_5a7326f44a143.jpg\";s:9:\"headline1\";s:24:\"KALBSLEBER-\nSTREICHWURST\";s:12:\"subheadline1\";s:5:\"Feine\";s:5:\"hpos1\";s:5:\"unten\";s:7:\"footer1\";s:9:\"100 Gramm\";s:6:\"price1\";s:4:\"2,35\";s:6:\"offer2\";a:2:{s:2:\"id\";s:5:\"false\";s:4:\"name\";s:15:\"Kein Schmankerl\";}s:16:\"offerBackground2\";s:3:\"Rot\";s:11:\"background2\";s:64:\"{mediaPath}content/media/retailer/1/spot_image_5a7327d52e8b4.jpg\";s:5:\"hpos2\";s:5:\"unten\";s:16:\"offerBackground3\";s:3:\"Rot\";s:5:\"hpos3\";s:4:\"oben\";s:6:\"offer3\";a:2:{s:2:\"id\";s:5:\"false\";s:4:\"name\";s:12:\"Kein Angebot\";}s:9:\"headline2\";s:12:\"KALBSPARISER\";s:12:\"subheadline2\";s:7:\"Leichte\";s:7:\"footer2\";s:9:\"100 Gramm\";s:6:\"price2\";s:4:\"1,99\";s:6:\"color1\";s:5:\"black\";s:10:\"offerText2\";s:0:\"\";}',NULL,0,0,0,14,150,1),(2244,NULL,'2018-02-01 16:19:32','2018-03-06 17:16:04','c.haas','Feinkost 5','thumb_1_2244.jpg','a:21:{s:6:\"layout\";s:4:\"halb\";s:6:\"offer1\";a:2:{s:2:\"id\";s:5:\"false\";s:4:\"name\";s:12:\"Kein Angebot\";}s:16:\"offerBackground1\";s:3:\"Rot\";s:11:\"background1\";s:64:\"{mediaPath}content/media/retailer/1/spot_image_5a7326f5185a5.jpg\";s:9:\"headline1\";s:13:\"FRISCH BELEGT\";s:12:\"subheadline1\";s:15:\"Zum Reinbeißen\";s:5:\"hpos1\";s:5:\"unten\";s:7:\"footer1\";s:93:\"Wir belegen ausschließlich frisch\nnach Ihren Wünschen - \nmit knusprigem Gebäck Ihrer Wahl!\";s:6:\"price1\";s:0:\"\";s:6:\"offer2\";a:2:{s:2:\"id\";s:5:\"false\";s:4:\"name\";s:15:\"Kein Schmankerl\";}s:16:\"offerBackground2\";s:3:\"Rot\";s:11:\"background2\";s:64:\"{mediaPath}content/media/retailer/1/spot_image_5a7326f5ac85d.jpg\";s:5:\"hpos2\";s:5:\"unten\";s:16:\"offerBackground3\";s:3:\"Rot\";s:5:\"hpos3\";s:4:\"oben\";s:6:\"offer3\";a:2:{s:2:\"id\";s:5:\"false\";s:4:\"name\";s:12:\"Kein Angebot\";}s:9:\"headline2\";s:10:\"AUFSTRICHE\";s:12:\"subheadline2\";s:12:\"Hausgemachte\";s:7:\"footer2\";s:93:\"Wählen Sie aus unserem vielseitigen\nAufstrichsortiment von leicht bis \nherzhaft oder pikant!\";s:6:\"price2\";s:0:\"\";s:10:\"offerText1\";s:0:\"\";}',NULL,0,0,0,14,150,1),(2252,1,'2018-02-02 11:57:58','2018-02-02 11:57:58','c.haas','Joseph_Walnuss_halb','5a7444364c6c1.png','a:1:{s:5:\"image\";s:64:\"{mediaPath}content/media/retailer/1/spot_image_5a7444364bb09.jpg\";}',NULL,0,0,0,4,150,1),(2253,1,'2018-02-02 11:57:58','2018-02-02 11:57:58','c.haas','Joseph_Urlaib_halb','5a744436c58cd.png','a:1:{s:5:\"image\";s:64:\"{mediaPath}content/media/retailer/1/spot_image_5a744436c53bc.jpg\";}',NULL,0,0,0,4,150,1),(2254,1,'2018-02-02 11:57:59','2018-02-02 11:57:59','c.haas','Joseph_LaMarianne_halb','5a744437304cb.png','a:1:{s:5:\"image\";s:64:\"{mediaPath}content/media/retailer/1/spot_image_5a74443730009.jpg\";}',NULL,0,0,0,4,150,1),(2255,1,'2018-02-02 11:58:00','2018-02-02 11:58:00','c.haas','Joseph_LaBianca_halb','5a744437e4761.png','a:1:{s:5:\"image\";s:64:\"{mediaPath}content/media/retailer/1/spot_image_5a744437cb994.jpg\";}',NULL,0,0,0,4,150,1),(2256,NULL,'2018-02-02 12:00:19','2018-03-06 17:16:06','c.haas','Joseph Brot','thumb_1_2256.jpg','a:5:{s:6:\"layout\";s:4:\"halb\";s:6:\"offer1\";a:2:{s:2:\"id\";s:5:\"false\";s:4:\"name\";s:15:\"Kein Schmankerl\";}s:11:\"background1\";s:64:\"{mediaPath}content/media/retailer/1/spot_image_5a7444364bb09.jpg\";s:6:\"offer2\";a:2:{s:2:\"id\";s:5:\"false\";s:4:\"name\";s:15:\"Kein Schmankerl\";}s:11:\"background2\";s:64:\"{mediaPath}content/media/retailer/1/spot_image_5a744437cb994.jpg\";}',NULL,0,0,0,14,150,1),(2258,NULL,'2018-02-05 13:19:11','2018-03-06 17:14:56','c.haas','Heringsschmaus','thumb_1_2258.jpg','a:2:{s:5:\"image\";s:64:\"{mediaPath}content/media/retailer/1/spot_image_5a5f6afe3552f.jpg\";s:6:\"border\";s:2:\"ja\";}',NULL,0,0,0,4,143,1),(2260,1,'2018-03-06 12:32:51','2018-03-06 12:32:51','c.haas','Schinken im Brotteig retushiert','5a9e7c62dcae6.png','a:1:{s:5:\"image\";s:64:\"{mediaPath}content/media/retailer/1/spot_image_5a9e7c62d192d.jpg\";}',NULL,0,0,0,4,149,1),(2261,1,'2018-03-06 12:32:52','2018-03-06 12:32:52','c.haas','Osterkrainer_halb','5a9e7c6436ad9.png','a:1:{s:5:\"image\";s:64:\"{mediaPath}content/media/retailer/1/spot_image_5a9e7c6433c11.jpg\";}',NULL,0,0,0,4,149,1),(2262,1,'2018-03-06 12:32:52','2018-03-06 12:32:52','c.haas','Osterdeko121777','5a9e7c648e11c.png','a:1:{s:5:\"image\";s:64:\"{mediaPath}content/media/retailer/1/spot_image_5a9e7c648ddc4.jpg\";}',NULL,0,0,0,4,149,1),(2263,1,'2018-03-06 12:32:53','2018-03-06 12:32:53','c.haas','Osterdeko121764','5a9e7c64e767b.png','a:1:{s:5:\"image\";s:64:\"{mediaPath}content/media/retailer/1/spot_image_5a9e7c64e7264.jpg\";}',NULL,0,0,0,4,149,1),(2264,1,'2018-03-06 12:32:53','2018-03-06 12:32:53','c.haas','Osterdeko121758','5a9e7c654adda.png','a:1:{s:5:\"image\";s:64:\"{mediaPath}content/media/retailer/1/spot_image_5a9e7c654aa89.jpg\";}',NULL,0,0,0,4,149,1),(2265,1,'2018-03-06 12:32:53','2018-03-06 12:32:53','c.haas','Osterdeko1_halb','5a9e7c65a1cf6.png','a:1:{s:5:\"image\";s:64:\"{mediaPath}content/media/retailer/1/spot_image_5a9e7c65a19dd.jpg\";}',NULL,0,0,0,4,149,1),(2266,1,'2018-03-06 12:32:54','2018-03-06 12:32:54','c.haas','Hasenwurst121800','5a9e7c66518d4.png','a:1:{s:5:\"image\";s:64:\"{mediaPath}content/media/retailer/1/spot_image_5a9e7c6651591.jpg\";}',NULL,0,0,0,4,149,1),(2267,1,'2018-03-06 12:33:12','2018-03-06 12:33:12','c.haas','Schinkenbraten_1_3','5a9e7c780c6cc.png','a:1:{s:5:\"image\";s:64:\"{mediaPath}content/media/retailer/1/spot_image_5a9e7c7809455.jpg\";}',NULL,0,0,0,4,151,1),(2273,1,'2018-03-15 17:43:05','2018-03-15 17:43:05','c.haas','zwei_hasen_screens_8','5aaaa29901444.png','a:1:{s:5:\"image\";s:64:\"{mediaPath}content/media/retailer/1/spot_image_5aaaa298ee6a0.jpg\";}',NULL,0,0,0,4,134,1),(2274,1,'2018-03-15 17:43:06','2018-03-15 17:43:06','c.haas','zwei_hasen_screens_6','5aaaa299ddb1c.png','a:1:{s:5:\"image\";s:64:\"{mediaPath}content/media/retailer/1/spot_image_5aaaa299db47c.jpg\";}',NULL,0,0,0,4,134,1),(2275,NULL,'2018-03-15 17:47:15','2018-03-15 17:50:04','c.haas','Imbiss Angbot Leberkäse - Schinkenbraten','thumb_1_2275.jpg','a:25:{s:6:\"offer1\";a:2:{s:2:\"id\";s:5:\"false\";s:4:\"name\";s:12:\"Kein Angebot\";}s:11:\"background1\";s:64:\"{mediaPath}content/media/retailer/1/spot_image_5a9e7c7809455.jpg\";s:9:\"headline1\";s:14:\"SCHINKENBRATEN\";s:12:\"subheadline1\";s:14:\"Heißer Wiener\";s:7:\"footer1\";s:9:\"100 Gramm\";s:6:\"price1\";s:4:\"2,19\";s:6:\"offer2\";a:2:{s:2:\"id\";s:5:\"false\";s:4:\"name\";s:12:\"Kein Angebot\";}s:11:\"background2\";a:2:{s:2:\"id\";s:64:\"{mediaPath}content/media/retailer/1/spot_image_57bec6e702f39.jpg\";s:4:\"name\";s:17:\"drittel_Aufläufe\";}s:9:\"headline2\";s:9:\"AUFLÄUFE\";s:12:\"subheadline2\";s:12:\"Hausgemachte\";s:7:\"footer2\";s:46:\"Lasagne\n\nBlattspinat Lasagne\n\nSchinkenfleckerl\";s:6:\"price2\";s:14:\"4,80\n4,90\n4,00\";s:6:\"offer3\";a:2:{s:2:\"id\";s:5:\"false\";s:4:\"name\";s:12:\"Kein Angebot\";}s:11:\"background3\";a:2:{s:2:\"id\";s:64:\"{mediaPath}content/media/retailer/1/spot_image_57bec71c1f05a.jpg\";s:4:\"name\";s:25:\"drittel_Schweinsschnitzel\";}s:9:\"headline3\";s:19:\"SCHWEINS-\nSCHNITZEL\";s:12:\"subheadline3\";s:16:\"& Erdäpfelsalat\";s:7:\"footer3\";s:11:\"per Portion\";s:6:\"price3\";s:4:\"5,90\";s:6:\"layout\";s:7:\"drittel\";s:16:\"offerBackground1\";s:3:\"Rot\";s:5:\"hpos1\";s:5:\"unten\";s:16:\"offerBackground2\";s:3:\"Rot\";s:5:\"hpos2\";s:5:\"unten\";s:16:\"offerBackground3\";s:3:\"Rot\";s:5:\"hpos3\";s:4:\"oben\";}',NULL,0,0,0,14,151,1),(2276,NULL,'2018-03-15 17:51:49','2019-04-04 13:58:30','c.haas','Ostern_Kaninchen','thumb_1_2276.jpg','a:26:{s:6:\"offer1\";a:2:{s:2:\"id\";s:5:\"false\";s:4:\"name\";s:12:\"Kein Angebot\";}s:11:\"background1\";s:64:\"{mediaPath}content/media/retailer/1/spot_image_5ca5e21e196ab.jpg\";s:9:\"headline1\";s:13:\"KANINCHENZEIT\";s:12:\"subheadline1\";s:13:\"Osterzeit ist\";s:6:\"offer2\";a:2:{s:2:\"id\";s:5:\"false\";s:4:\"name\";s:12:\"Kein Angebot\";}s:11:\"background2\";s:64:\"{mediaPath}content/media/retailer/1/spot_image_5a9e7c64e7264.jpg\";s:9:\"headline2\";s:12:\"FROHE\nOSTERN\";s:12:\"subheadline2\";s:0:\"\";s:6:\"offer3\";a:2:{s:2:\"id\";s:5:\"false\";s:4:\"name\";s:12:\"Kein Angebot\";}s:11:\"background3\";s:64:\"{mediaPath}content/media/retailer/1/spot_image_57fb98a162818.jpg\";s:9:\"headline3\";s:0:\"\";s:12:\"subheadline3\";s:0:\"\";s:5:\"hpos1\";s:5:\"unten\";s:6:\"layout\";s:4:\"halb\";s:16:\"offerBackground1\";s:3:\"Rot\";s:16:\"offerBackground2\";s:3:\"Rot\";s:5:\"hpos2\";s:4:\"oben\";s:16:\"offerBackground3\";s:3:\"Rot\";s:5:\"hpos3\";s:5:\"unten\";s:10:\"offerText1\";s:0:\"\";s:7:\"footer1\";s:0:\"\";s:6:\"price1\";s:0:\"\";s:10:\"offerText2\";s:369:\"<FONT SIZE=\"100\">\n<FONT face=\"{font2}\">Zarte</FONT>\n<br>KANINCHEN-<br>KEULEN<br>\n</FONT>\n\n<TEXTFORMAT LEADING=\"20\"><FONT SIZE=\"45\">\n............................................<br>\n\n<TEXTFORMAT LEADING=\"5\"><FONT SIZE=\"45\" face=\"{font2}\">\nWie wäre es beispielsweise mit Kaninchenkeule in Senfsauce - <br>das Rezept finden Sie auf <br>www.radatz.at<br>Guten Appetit!<br>\";s:7:\"footer2\";s:9:\"100 Gramm\";s:6:\"price2\";s:4:\"3,29\";s:6:\"color2\";s:5:\"black\";}',NULL,0,0,0,14,149,1),(2277,1,'2018-03-17 08:37:52','2018-03-17 08:37:52','c.haas','RAD_Screen_1854x1014px2','5aacc5d039d2b.png','a:1:{s:5:\"image\";s:64:\"{mediaPath}content/media/retailer/1/spot_image_5aacc5d02e3b8.jpg\";}',NULL,0,0,0,4,149,1),(2278,1,'2018-03-17 08:38:00','2018-03-17 08:38:00','c.haas','RAD_Screen_1854x1014px','5aacc5d7ebdba.png','a:1:{s:5:\"image\";s:64:\"{mediaPath}content/media/retailer/1/spot_image_5aacc5d7e9416.jpg\";}',NULL,0,0,0,4,149,1),(2281,NULL,'2018-03-18 17:44:32','2019-04-04 12:31:02','c.haas','Ostern_Lamm','thumb_1_2281.jpg','a:26:{s:6:\"offer1\";a:2:{s:2:\"id\";s:5:\"false\";s:4:\"name\";s:12:\"Kein Angebot\";}s:11:\"background1\";s:64:\"{mediaPath}content/media/retailer/1/spot_image_5ca5dcd0c406d.jpg\";s:9:\"headline1\";s:4:\"LAMM\";s:12:\"subheadline1\";s:13:\"Das Beste vom\";s:6:\"offer2\";a:2:{s:2:\"id\";s:5:\"false\";s:4:\"name\";s:12:\"Kein Angebot\";}s:11:\"background2\";s:64:\"{mediaPath}content/media/retailer/1/spot_image_5a9e7c654aa89.jpg\";s:9:\"headline2\";s:12:\"FROHE\nOSTERN\";s:12:\"subheadline2\";s:0:\"\";s:6:\"offer3\";a:2:{s:2:\"id\";s:5:\"false\";s:4:\"name\";s:12:\"Kein Angebot\";}s:11:\"background3\";s:64:\"{mediaPath}content/media/retailer/1/spot_image_57fb98a162818.jpg\";s:9:\"headline3\";s:0:\"\";s:12:\"subheadline3\";s:0:\"\";s:5:\"hpos1\";s:5:\"unten\";s:6:\"layout\";s:4:\"halb\";s:16:\"offerBackground1\";s:3:\"Rot\";s:16:\"offerBackground2\";s:3:\"Rot\";s:5:\"hpos2\";s:4:\"oben\";s:16:\"offerBackground3\";s:3:\"Rot\";s:5:\"hpos3\";s:5:\"unten\";s:10:\"offerText1\";s:0:\"\";s:7:\"footer1\";s:0:\"\";s:6:\"price1\";s:0:\"\";s:10:\"offerText2\";s:335:\"<FONT SIZE=\"80\">\n<FONT face=\"{font2}\">Sous Vide</FONT>\n<br>LAMM-<br>STELZEN<br>\n</FONT>\n\n<TEXTFORMAT LEADING=\"20\"><FONT SIZE=\"45\">\n.................................................<br>\n\n<TEXTFORMAT LEADING=\"5\"><FONT SIZE=\"45\" face=\"{font2}\">\nUnsere Lammstelzen sind<br>20 Stunden sanft gegart & <br>in 30 Minuten fertig zubereitet!<br>\";s:7:\"footer2\";s:9:\"100 Gramm\";s:6:\"price2\";s:4:\"2,45\";s:6:\"color2\";s:5:\"black\";}',NULL,0,0,0,14,149,1),(2282,NULL,'2018-03-18 17:53:59','2019-04-04 14:10:55','c.haas','Ostern_Teilsames_Spanferkel','thumb_1_2282.jpg','a:15:{s:6:\"layout\";s:4:\"halb\";s:6:\"offer1\";a:2:{s:2:\"id\";s:5:\"false\";s:4:\"name\";s:15:\"Kein Schmankerl\";}s:11:\"background1\";s:64:\"{mediaPath}content/media/retailer/1/spot_image_5aae9bc21c37f.jpg\";s:6:\"offer2\";a:2:{s:2:\"id\";s:5:\"false\";s:4:\"name\";s:15:\"Kein Schmankerl\";}s:11:\"background2\";s:64:\"{mediaPath}content/media/retailer/1/spot_image_5ca5e21db0768.jpg\";s:9:\"headline1\";s:10:\"SPANFERKEL\";s:12:\"subheadline1\";s:12:\"Beinschinken\";s:5:\"hpos1\";s:4:\"oben\";s:5:\"hpos2\";s:5:\"unten\";s:9:\"headline2\";s:8:\"SCHINKEN\";s:12:\"subheadline2\";s:13:\"Das Beste vom\";s:7:\"footer2\";s:67:\"Selchroller mit Schwarte 100 Gramm\n\nOsterschinken im Netz 100 Gramm\";s:6:\"price2\";s:9:\"0,98\n1,69\";s:7:\"footer1\";s:9:\"100 Gramm\";s:6:\"price1\";s:4:\"1,85\";}',NULL,0,0,0,14,149,1),(2284,1,'2018-03-18 18:02:58','2018-03-18 18:02:58','c.haas','SpanferkelBeinschinken19352','5aae9bc223e1f.png','a:1:{s:5:\"image\";s:64:\"{mediaPath}content/media/retailer/1/spot_image_5aae9bc21c37f.jpg\";}',NULL,0,0,0,4,149,1),(2285,1,'2018-03-18 18:03:11','2018-03-18 18:03:11','c.haas','Teilsames19312','5aae9bcedea5d.png','a:1:{s:5:\"image\";s:64:\"{mediaPath}content/media/retailer/1/spot_image_5aae9bce40d47.jpg\";}',NULL,0,0,0,4,149,1),(2286,NULL,'2018-03-18 18:11:37','2018-03-18 19:54:48','c.haas','Ostern_Bärlauch','thumb_1_2286.jpg','a:27:{s:6:\"offer1\";a:2:{s:2:\"id\";s:5:\"false\";s:4:\"name\";s:12:\"Kein Angebot\";}s:11:\"background1\";s:64:\"{mediaPath}content/media/retailer/1/spot_image_5a9e7c648ddc4.jpg\";s:9:\"headline1\";s:4:\"LAMM\";s:12:\"subheadline1\";s:13:\"Das Beste vom\";s:6:\"offer2\";a:2:{s:2:\"id\";s:5:\"false\";s:4:\"name\";s:12:\"Kein Angebot\";}s:11:\"background2\";s:64:\"{mediaPath}content/media/retailer/1/spot_image_5a9e7c65a19dd.jpg\";s:9:\"headline2\";s:12:\"FROHE\nOSTERN\";s:12:\"subheadline2\";s:0:\"\";s:6:\"offer3\";a:2:{s:2:\"id\";s:5:\"false\";s:4:\"name\";s:12:\"Kein Angebot\";}s:11:\"background3\";s:64:\"{mediaPath}content/media/retailer/1/spot_image_57fb98a162818.jpg\";s:9:\"headline3\";s:0:\"\";s:12:\"subheadline3\";s:0:\"\";s:5:\"hpos1\";s:5:\"unten\";s:6:\"layout\";s:4:\"halb\";s:16:\"offerBackground1\";s:3:\"Rot\";s:16:\"offerBackground2\";s:3:\"Rot\";s:5:\"hpos2\";s:4:\"oben\";s:16:\"offerBackground3\";s:3:\"Rot\";s:5:\"hpos3\";s:5:\"unten\";s:10:\"offerText1\";s:344:\"<FONT SIZE=\"80\">\nLAMM-<br>RÜCKEN<br>\n<FONT face=\"{font2}\">mit Bärlauch\n</FONT>\n\n<TEXTFORMAT LEADING=\"20\"><FONT SIZE=\"45\">\n...........................................<br>\n\n<TEXTFORMAT LEADING=\"5\"><FONT SIZE=\"45\" face=\"{font2}\">\nZarter Lammrücken fertig <br>für Sie ausgelöst, mit frischem <br>Bärlauch gefüllt &<br>bratfertig gerollt.<br>\";s:7:\"footer1\";s:9:\"100 Gramm\";s:6:\"price1\";s:4:\"3,49\";s:10:\"offerText2\";s:371:\"<FONT SIZE=\"80\">\nKALBSBRAT-<br>WÜRSTEL<br>\n<FONT face=\"{font2}\">mit Bärlauch\n</FONT>\n\n<TEXTFORMAT LEADING=\"20\"><FONT SIZE=\"45\">\n.......................................................................<br>\n\n<TEXTFORMAT LEADING=\"5\"><FONT SIZE=\"45\" face=\"{font2}\">\nWir haben unsere feinsten Bratwürstel saisonal mit Bärlauch & unserer<br>speziellen Würzung veredelt!<br>\";s:7:\"footer2\";s:19:\"Stück à 130 Gramm\";s:6:\"price2\";s:4:\"1,80\";s:6:\"color2\";s:5:\"black\";s:6:\"color1\";s:5:\"black\";}',NULL,0,0,0,14,149,1),(2287,1,'2018-03-18 18:27:20','2018-03-18 18:27:20','c.haas','zwei_hasen_screens_2','5aaea17839f72.png','a:1:{s:5:\"image\";s:64:\"{mediaPath}content/media/retailer/1/spot_image_5aaea178394c4.jpg\";}',NULL,0,0,0,4,149,1),(2288,NULL,'2018-03-18 18:31:34','2019-04-04 12:39:38','c.haas','Ostern_Feinkost1','thumb_1_2288.jpg','a:27:{s:6:\"offer1\";a:2:{s:2:\"id\";s:5:\"false\";s:4:\"name\";s:12:\"Kein Angebot\";}s:11:\"background1\";s:64:\"{mediaPath}content/media/retailer/1/spot_image_5aaeac34b2925.jpg\";s:9:\"headline1\";s:15:\"OSTER-\nSCHINKEN\";s:12:\"subheadline1\";s:11:\"im Brotteig\";s:6:\"offer2\";a:2:{s:2:\"id\";s:5:\"false\";s:4:\"name\";s:12:\"Kein Angebot\";}s:11:\"background2\";s:64:\"{mediaPath}content/media/retailer/1/spot_image_5a9e7c64e7264.jpg\";s:9:\"headline2\";s:12:\"FROHE\nOSTERN\";s:12:\"subheadline2\";s:0:\"\";s:6:\"offer3\";a:2:{s:2:\"id\";s:5:\"false\";s:4:\"name\";s:12:\"Kein Angebot\";}s:11:\"background3\";s:64:\"{mediaPath}content/media/retailer/1/spot_image_57fb98a162818.jpg\";s:9:\"headline3\";s:0:\"\";s:12:\"subheadline3\";s:0:\"\";s:5:\"hpos1\";s:4:\"oben\";s:6:\"layout\";s:4:\"halb\";s:16:\"offerBackground1\";s:3:\"Rot\";s:16:\"offerBackground2\";s:3:\"Rot\";s:5:\"hpos2\";s:4:\"oben\";s:16:\"offerBackground3\";s:3:\"Rot\";s:5:\"hpos3\";s:5:\"unten\";s:10:\"offerText1\";s:0:\"\";s:7:\"footer1\";s:10:\"per Stück\";s:6:\"price1\";s:5:\"22,50\";s:10:\"offerText2\";s:326:\"<FONT SIZE=\"80\">\n<FONT face=\"{font2}\">Delikates</FONT>\n<br>OSTER-<br>FRIKANDEAU<br>\n</FONT>\n\n<TEXTFORMAT LEADING=\"20\"><FONT SIZE=\"45\">\n............................................<br>\n\n<TEXTFORMAT LEADING=\"5\"><FONT SIZE=\"45\" face=\"{font2}\">\nZarte Unterschale gepökelt, <br>gegart & sanft über <br>Buchenholz geräuchert!<br>\";s:7:\"footer2\";s:46:\"100 Gramm im Ganzen\n\n100 Gramm  aufgeschnitten\";s:6:\"price2\";s:9:\"1,69\n2,25\";s:6:\"color2\";s:5:\"black\";s:6:\"color1\";s:5:\"black\";}',NULL,0,0,0,14,149,1),(2289,NULL,'2018-03-18 18:40:20','2018-03-18 18:43:21','c.haas','Ostern_Hase_Krainer','thumb_1_2289.jpg','a:18:{s:6:\"layout\";s:4:\"halb\";s:6:\"offer1\";a:2:{s:2:\"id\";s:5:\"false\";s:4:\"name\";s:15:\"Kein Schmankerl\";}s:11:\"background1\";s:64:\"{mediaPath}content/media/retailer/1/spot_image_5a9e7c6651591.jpg\";s:6:\"offer2\";a:2:{s:2:\"id\";s:5:\"false\";s:4:\"name\";s:15:\"Kein Schmankerl\";}s:11:\"background2\";s:64:\"{mediaPath}content/media/retailer/1/spot_image_5a9e7c6433c11.jpg\";s:9:\"headline1\";s:10:\"OSTERHASEN\";s:12:\"subheadline1\";s:5:\"Wurst\";s:5:\"hpos1\";s:5:\"unten\";s:5:\"hpos2\";s:5:\"unten\";s:9:\"headline2\";s:12:\"OSTERKRAINER\";s:12:\"subheadline2\";s:6:\"Radatz\";s:7:\"footer2\";s:10:\"per Stück\";s:6:\"price2\";s:4:\"1,40\";s:7:\"footer1\";s:10:\"per Stück\";s:6:\"price1\";s:4:\"6,90\";s:10:\"offerText1\";s:0:\"\";s:6:\"color1\";s:5:\"black\";s:6:\"color2\";s:5:\"black\";}',NULL,0,0,0,14,149,1),(2290,NULL,'2018-03-18 18:44:20','2018-03-18 18:51:03','c.haas','Ostern_Bärlauch_Feinkost','thumb_1_2290.jpg','a:27:{s:6:\"offer1\";a:2:{s:2:\"id\";s:5:\"false\";s:4:\"name\";s:12:\"Kein Angebot\";}s:11:\"background1\";s:64:\"{mediaPath}content/media/retailer/1/spot_image_5a9e7c648ddc4.jpg\";s:9:\"headline1\";s:12:\"FROHE\nOSTERN\";s:12:\"subheadline1\";s:0:\"\";s:6:\"offer2\";a:2:{s:2:\"id\";s:5:\"false\";s:4:\"name\";s:12:\"Kein Angebot\";}s:11:\"background2\";s:64:\"{mediaPath}content/media/retailer/1/spot_image_5a9e7c65a19dd.jpg\";s:9:\"headline2\";s:12:\"FROHE\nOSTERN\";s:12:\"subheadline2\";s:0:\"\";s:6:\"offer3\";a:2:{s:2:\"id\";s:5:\"false\";s:4:\"name\";s:12:\"Kein Angebot\";}s:11:\"background3\";s:64:\"{mediaPath}content/media/retailer/1/spot_image_57fb98a162818.jpg\";s:9:\"headline3\";s:0:\"\";s:12:\"subheadline3\";s:0:\"\";s:5:\"hpos1\";s:5:\"unten\";s:6:\"layout\";s:4:\"halb\";s:16:\"offerBackground1\";s:3:\"Rot\";s:16:\"offerBackground2\";s:3:\"Rot\";s:5:\"hpos2\";s:4:\"oben\";s:16:\"offerBackground3\";s:3:\"Rot\";s:5:\"hpos3\";s:5:\"unten\";s:10:\"offerText1\";s:336:\"<FONT SIZE=\"80\">\n<FONT face=\"{font2}\">Bärlauch<br>\n</FONT>BEIN-<br>SCHINKEN\n</FONT>\n\n<TEXTFORMAT LEADING=\"20\"><FONT SIZE=\"45\">\n...........................................<br>\n\n<TEXTFORMAT LEADING=\"5\"><FONT SIZE=\"45\" face=\"{font2}\">\nGanzer Schweinsschlögl mit <br>Bärlauch gespickt & <br>behutsam über Buchenholz <br>geräuchert!<br>\";s:7:\"footer1\";s:9:\"100 Gramm\";s:6:\"price1\";s:4:\"2,49\";s:10:\"offerText2\";s:335:\"<FONT SIZE=\"80\">\nBÄRLAUCH-<br>BRIE<br>\n<FONT face=\"{font2}\">aus Österreich\n</FONT>\n\n<TEXTFORMAT LEADING=\"20\"><FONT SIZE=\"45\">\n.......................................................................<br>\n\n<TEXTFORMAT LEADING=\"5\"><FONT SIZE=\"45\" face=\"{font2}\">\nRahmiger Brie wie eine Torte mit<br>würziger Bärlauchcreme gefüllt!<br>\";s:7:\"footer2\";s:9:\"100 Gramm\";s:6:\"price2\";s:4:\"2,15\";s:6:\"color2\";s:5:\"black\";s:6:\"color1\";s:5:\"black\";}',NULL,0,0,0,14,149,1),(2292,1,'2018-03-18 19:13:08','2018-03-18 19:13:08','c.haas','Schinken im Brotteig','5aaeac34b3b33.png','a:1:{s:5:\"image\";s:64:\"{mediaPath}content/media/retailer/1/spot_image_5aaeac34b2925.jpg\";}',NULL,0,0,0,4,149,1),(2293,1,'2018-03-19 08:43:13','2018-03-19 08:43:13','c.haas','osterschinken_waagenscreens2','5aaf6a1182beb.png','a:1:{s:5:\"image\";s:64:\"{mediaPath}content/media/retailer/1/spot_image_5aaf6a1174d76.jpg\";}',NULL,0,0,0,4,149,1),(2294,1,'2018-03-19 08:43:14','2018-03-19 08:43:14','c.haas','osterschinken_waagenscreens','5aaf6a1255d28.png','a:1:{s:5:\"image\";s:64:\"{mediaPath}content/media/retailer/1/spot_image_5aaf6a12519bf.jpg\";}',NULL,0,0,0,4,149,1),(2296,NULL,'2018-04-11 12:44:47','2019-05-05 14:18:53','c.haas','Fleisch Grillen 3','thumb_1_2296.jpg','a:25:{s:6:\"offer1\";a:2:{s:2:\"id\";s:5:\"false\";s:4:\"name\";s:12:\"Kein Angebot\";}s:11:\"background1\";s:64:\"{mediaPath}content/media/retailer/1/spot_image_5acdf1ef165b7.jpg\";s:9:\"headline1\";s:10:\"SPARE RIBS\";s:12:\"subheadline1\";s:9:\"Sous Vide\";s:6:\"offer2\";a:2:{s:2:\"id\";s:5:\"false\";s:4:\"name\";s:12:\"Kein Angebot\";}s:11:\"background2\";s:64:\"{mediaPath}content/media/retailer/1/spot_image_5acded75a4ccc.jpg\";s:9:\"headline2\";s:11:\"FILET-STEAK\";s:12:\"subheadline2\";s:11:\"Genuss Plus\";s:6:\"offer3\";a:2:{s:2:\"id\";s:5:\"false\";s:4:\"name\";s:12:\"Kein Angebot\";}s:11:\"background3\";s:64:\"{mediaPath}content/media/retailer/1/spot_image_5acded76b0bfc.jpg\";s:9:\"headline3\";s:15:\"HÜHNERFLÜGERL\";s:12:\"subheadline3\";s:10:\"Marinierte\";s:5:\"hpos1\";s:5:\"unten\";s:6:\"layout\";s:7:\"drittel\";s:16:\"offerBackground1\";s:3:\"Rot\";s:16:\"offerBackground2\";s:3:\"Rot\";s:5:\"hpos2\";s:5:\"unten\";s:16:\"offerBackground3\";s:3:\"Rot\";s:5:\"hpos3\";s:5:\"unten\";s:6:\"price3\";s:4:\"0,85\";s:7:\"footer3\";s:9:\"100 Gramm\";s:6:\"price2\";s:4:\"6,50\";s:6:\"price1\";s:4:\"1,29\";s:7:\"footer1\";s:9:\"100 Gramm\";s:7:\"footer2\";s:9:\"100 Gramm\";}',NULL,120,0,0,14,155,1),(2297,1,'2018-04-11 13:11:47','2018-04-11 13:11:47','s.moik','T_Bone_1:3','5acded72e056d.png','a:1:{s:5:\"image\";s:64:\"{mediaPath}content/media/retailer/1/spot_image_5acded72dfc01.jpg\";}',NULL,0,0,0,4,155,1),(2299,1,'2018-04-11 13:11:48','2018-04-11 13:11:48','s.moik','SchweinsKotlett_1:3','5acded73f0923.png','a:1:{s:5:\"image\";s:64:\"{mediaPath}content/media/retailer/1/spot_image_5acded73efd00.jpg\";}',NULL,0,0,0,4,155,1),(2300,1,'2018-04-11 13:11:48','2018-04-11 13:11:48','s.moik','LammKotelett_1:3','5acded7476d5e.png','a:1:{s:5:\"image\";s:64:\"{mediaPath}content/media/retailer/1/spot_image_5acded7476297.jpg\";}',NULL,0,0,0,4,155,1),(2301,1,'2018-04-11 13:11:49','2018-04-11 13:11:49','s.moik','KalbsSpareRibs_1:3','5acded752c5e0.png','a:1:{s:5:\"image\";s:64:\"{mediaPath}content/media/retailer/1/spot_image_5acded752bb42.jpg\";}',NULL,0,0,0,4,155,1),(2302,1,'2018-04-11 13:11:49','2018-04-11 13:11:49','s.moik','Filetsteak_1:3','5acded75a8be9.png','a:1:{s:5:\"image\";s:64:\"{mediaPath}content/media/retailer/1/spot_image_5acded75a4ccc.jpg\";}',NULL,0,0,0,4,155,1),(2303,1,'2018-04-11 13:11:50','2018-04-11 13:11:50','s.moik','CoteBoeuf_1:3','5acded762769a.png','a:1:{s:5:\"image\";s:64:\"{mediaPath}content/media/retailer/1/spot_image_5acded76257ce.jpg\";}',NULL,0,0,0,4,155,1),(2304,1,'2018-04-11 13:11:50','2018-04-11 13:11:50','s.moik','Chickenwings_1:3','5acded76b15b7.png','a:1:{s:5:\"image\";s:64:\"{mediaPath}content/media/retailer/1/spot_image_5acded76b0bfc.jpg\";}',NULL,0,0,0,4,155,1),(2305,1,'2018-04-11 13:19:34','2018-04-11 13:19:34','s.moik','Tomahawk_1:3','5acdef4625868.png','a:1:{s:5:\"image\";s:64:\"{mediaPath}content/media/retailer/1/spot_image_5acdef4624d21.jpg\";}',NULL,0,0,0,4,155,1),(2307,1,'2018-04-11 13:30:55','2018-04-11 13:30:55','s.moik','Spareribs_1:3','5acdf1ef18d59.png','a:1:{s:5:\"image\";s:64:\"{mediaPath}content/media/retailer/1/spot_image_5acdf1ef165b7.jpg\";}',NULL,0,0,0,4,155,1),(2308,NULL,'2018-04-11 13:38:33','2018-04-11 14:02:03','s.moik','Grillen Feinkost 2','thumb_1_2308.jpg','a:18:{s:6:\"layout\";s:4:\"halb\";s:16:\"offerBackground1\";s:3:\"Rot\";s:11:\"background1\";s:64:\"{mediaPath}content/media/retailer/1/spot_image_58f7369a8cf3a.jpg\";s:5:\"hpos1\";s:4:\"oben\";s:6:\"offer2\";a:2:{s:2:\"id\";s:5:\"false\";s:4:\"name\";s:12:\"Kein Angebot\";}s:6:\"offer1\";a:2:{s:2:\"id\";s:5:\"false\";s:4:\"name\";s:12:\"Kein Angebot\";}s:16:\"offerBackground2\";s:3:\"Rot\";s:11:\"background2\";s:64:\"{mediaPath}content/media/retailer/1/spot_image_58f7369a8cf3a.jpg\";s:5:\"hpos2\";s:5:\"unten\";s:9:\"headline1\";s:19:\"MEISTERGRILLEN\n2018\";s:12:\"subheadline1\";s:0:\"\";s:10:\"offerText1\";s:405:\"<FONT SIZE=\"80\">\n<FONT face=\"{font2}\">Zarte</FONT><br>KALBSBRAT-<br>WÜRSTEL\n<TEXTFORMAT LEADING=\"20\"><FONT SIZE=\"45\">\n.......................................<br>\n</FONT></TEXTFORMAT>\n\n<TEXTFORMAT LEADING=\"5\"><FONT SIZE=\"45\" face=\"{font2}\">\nExtrasaftige, extrafeine Bratwurst<br>\nmit mehr als 50% Kalbfleisch -<br>\nverfeinert mit weißem Pfeffer<br>\n& abgerundet mit Muskatblüte.<br>\n</FONT></TEXTFORMAT>\";s:7:\"footer1\";s:9:\"100 Gramm\";s:6:\"price1\";s:4:\"1,38\";s:9:\"headline2\";s:19:\"MEISTERGRILLEN\n2018\";s:7:\"footer2\";s:13:\"200 g Packung\";s:6:\"price2\";s:4:\"2,98\";s:10:\"offerText2\";s:376:\"<FONT SIZE=\"80\">\n<FONT face=\"{font2}\">Geflügel</FONT><BR>\nBRAT-<BR>\nWÜRSTEL\n\n<TEXTFORMAT LEADING=\"20\"><FONT SIZE=\"45\">\n.......................................<br>\n</FONT></TEXTFORMAT>\n\n<TEXTFORMAT LEADING=\"5\"><FONT SIZE=\"45\" face=\"{font2}\">\nUnsere neue, leichte Bratwurst<br>aus reinem Hühnerfleisch -<br>abgerundet mit Rosmarin,<br>\nKoriander & Curry!\n</FONT></TEXTFORMAT>\";}',NULL,0,0,0,14,155,1),(2310,NULL,'2018-04-11 13:52:50','2019-01-09 09:03:33','s.moik','Feinkost 4_Kopie','thumb_1_2310.jpg','a:21:{s:6:\"layout\";s:4:\"halb\";s:6:\"offer1\";a:2:{s:2:\"id\";s:5:\"false\";s:4:\"name\";s:12:\"Kein Angebot\";}s:16:\"offerBackground1\";s:3:\"Rot\";s:11:\"background1\";s:64:\"{mediaPath}content/media/retailer/1/spot_image_5a7326f44a143.jpg\";s:9:\"headline1\";s:24:\"KALBSLEBER-\nSTREICHWURST\";s:12:\"subheadline1\";s:5:\"Feine\";s:5:\"hpos1\";s:5:\"unten\";s:7:\"footer1\";s:9:\"100 Gramm\";s:6:\"price1\";s:4:\"2,35\";s:6:\"offer2\";a:2:{s:2:\"id\";s:5:\"false\";s:4:\"name\";s:15:\"Kein Schmankerl\";}s:16:\"offerBackground2\";s:3:\"Rot\";s:11:\"background2\";s:64:\"{mediaPath}content/media/retailer/1/spot_image_5a7327d52e8b4.jpg\";s:5:\"hpos2\";s:5:\"unten\";s:16:\"offerBackground3\";s:3:\"Rot\";s:5:\"hpos3\";s:4:\"oben\";s:6:\"offer3\";a:2:{s:2:\"id\";s:5:\"false\";s:4:\"name\";s:12:\"Kein Angebot\";}s:9:\"headline2\";s:12:\"KALBSPARISER\";s:12:\"subheadline2\";s:7:\"Leichte\";s:7:\"footer2\";s:9:\"100 Gramm\";s:6:\"price2\";s:4:\"2,10\";s:6:\"color1\";s:5:\"black\";}',NULL,0,0,0,14,150,1),(2314,1,'2018-05-24 17:04:42','2019-05-05 13:59:49','c.haas','Screens_Marinieren2','5b06d489bee3b.png','a:1:{s:5:\"image\";s:64:\"{mediaPath}content/media/retailer/1/spot_image_5b06d489b9a1a.jpg\";}',NULL,0,0,0,4,134,1),(2315,1,'2018-05-24 17:04:42','2019-05-05 13:59:45','c.haas','Screens_Marinieren','5b06d48ae0076.png','a:1:{s:5:\"image\";s:64:\"{mediaPath}content/media/retailer/1/spot_image_5b06d48addf4f.jpg\";}',NULL,0,0,0,4,134,1),(2318,45,'2018-06-06 10:05:20','2018-06-06 10:05:20','post','01_Markananimation_Full','5b1795bc525de.png','a:1:{s:5:\"video\";s:65:\"{mediaPath}content/media/retailer/45/spot_video_5b1795bc413fe.mp4\";}',NULL,0,0,0,2,164,5),(2319,45,'2018-06-06 10:06:31','2018-06-06 10:06:31','post','02_PostkartenApp_full','5b17960458455.png','a:1:{s:5:\"video\";s:65:\"{mediaPath}content/media/retailer/45/spot_video_5b1796043d403.mp4\";}',NULL,0,0,0,2,164,5),(2320,45,'2018-06-06 13:30:05','2018-06-06 13:30:05','post','03_MeineMarke_full','5b17c5b3b574c.png','a:1:{s:5:\"video\";s:65:\"{mediaPath}content/media/retailer/45/spot_video_5b17c5b39b87b.mp4\";}',NULL,0,0,0,2,164,5),(2321,45,'2018-06-07 15:56:22','2018-06-07 15:56:22','post','04_Markenneuerscheinungen_full','5b193982b6a36.png','a:1:{s:5:\"video\";s:65:\"{mediaPath}content/media/retailer/45/spot_video_5b1939827e640.mp4\";}',NULL,0,0,0,2,164,5),(2396,NULL,'2018-06-20 12:14:40','2018-07-12 13:24:30','moemax','Menü Fleisch 1','thumb_1_2396.jpg','a:9:{s:8:\"headline\";s:30:\"Sieht nach leckerem Essen aus!\";s:12:\"productName1\";s:14:\"Berner Würstl\";s:19:\"productDescription1\";s:50:\"vom Grill, mit Pommes frites,\nZwiebeln und Ketchup\";s:13:\"productPrice1\";s:4:\"5,90\";s:12:\"productName2\";s:18:\"4 Stück Cevapcici\";s:19:\"productDescription2\";s:83:\"würziges, gemischtes Faschiertes vom Grill\nmit Pommes frites, Zwiebeln und Ketchup\";s:13:\"productPrice2\";s:4:\"5,80\";s:13:\"productImage1\";s:65:\"{mediaPath}content/media/retailer/52/spot_image_5b44d7f834429.png\";s:13:\"productImage2\";s:65:\"{mediaPath}content/media/retailer/52/spot_image_5b44d7ea1c5ee.png\";}',NULL,0,0,0,30,NULL,6),(2400,NULL,'2018-06-21 14:54:05','2018-07-11 09:45:28','moemax','Menü Salat','thumb_1_2400.jpg','a:9:{s:8:\"headline\";s:44:\"Sieht nach frischen und knackigen Salat aus!\";s:12:\"productName1\";s:17:\"Hühnerbrustsalat\";s:19:\"productDescription1\";s:116:\"gegrilltes Hühnerbrustfilet auf garten- \nfrischen Blattsalaten der Saison, \nmit Tomate, Gurke, Paprika und Zwiebel\";s:13:\"productPrice1\";s:4:\"5,90\";s:12:\"productName2\";s:16:\"Salat mal anders\";s:19:\"productDescription2\";s:155:\"Schweinerückensteak, Hühnerfilet, dazu gebratene \nSpeckstreifen und ein Spiegelei, auf Blattsalaten \nder Saison, mit Tomate, Gurke, Paprika und Zwiebel\";s:13:\"productPrice2\";s:4:\"6,90\";s:13:\"productImage1\";s:65:\"{mediaPath}content/media/retailer/52/spot_image_5b44d803b3cd4.png\";s:13:\"productImage2\";s:65:\"{mediaPath}content/media/retailer/52/spot_image_5b44d7f8da45e.png\";}',NULL,0,0,0,30,NULL,6),(2401,NULL,'2018-06-21 15:01:46','2018-07-11 09:46:16','moemax','Menü Süß','thumb_1_2401.jpg','a:9:{s:8:\"headline\";s:23:\"Sieht nach Süßen aus!\";s:12:\"productName1\";s:17:\"mömax Eisbecher\";s:19:\"productDescription1\";s:50:\"cremiges Vanilleeis mit Waldbeeren und Schlagobers\";s:13:\"productPrice1\";s:4:\"3,90\";s:12:\"productName2\";s:35:\"Palatschinken-Variation (3 Stück)\";s:19:\"productDescription2\";s:171:\"Palatschinken-Variation (3 Stück)\nflaumige Palatschinken mit Marillen-, Nuss- \nund Topfenfülle, mit Vanilleeis und Schlagobers \n(auch nur mit einer Sorte erhältlich)\";s:13:\"productPrice2\";s:4:\"2,90\";s:13:\"productImage1\";s:65:\"{mediaPath}content/media/retailer/52/spot_image_5b44d80989b24.png\";s:13:\"productImage2\";s:65:\"{mediaPath}content/media/retailer/52/spot_image_5b44d80a345d7.png\";}',NULL,0,0,0,30,NULL,6),(2405,1,'2018-06-28 13:36:48','2018-06-28 13:36:48','c.haas','2018-06-26_camembert-salami_diverse_formate4','5b34c850468d6.png','a:1:{s:5:\"image\";s:64:\"{mediaPath}content/media/retailer/1/spot_image_5b34c8503c751.jpg\";}',NULL,0,0,0,4,150,1),(2406,1,'2018-06-28 13:42:14','2018-06-28 13:42:14','c.haas','2018-06-26_camembert-salami_diverse_formate12','5b34c99695c85.png','a:1:{s:5:\"image\";s:64:\"{mediaPath}content/media/retailer/1/spot_image_5b34c9969112f.jpg\";}',NULL,0,0,0,4,134,1),(2407,1,'2018-06-28 13:42:15','2018-10-15 08:12:22','c.haas','Camembert_Waage_Permanent','thumb_1_2407.jpg','a:1:{s:5:\"image\";s:64:\"{mediaPath}content/media/retailer/1/spot_image_5b34c9975852f.jpg\";}',NULL,0,0,0,4,134,1),(2410,NULL,'2018-06-29 11:36:14','2018-06-29 13:30:13','xxxlutz','Menu List Test','thumb_1_2410.jpg','a:17:{s:8:\"headline\";s:30:\"Sieht nach leckerem Essen aus!\";s:5:\"name1\";s:18:\"Zucchinicremesuppe\";s:6:\"price1\";s:4:\"2,90\";s:5:\"name2\";s:16:\"Kalbsreisfleisch\";s:9:\"sideDish2\";s:18:\"mit frischem Salat\";s:6:\"price2\";s:4:\"5,90\";s:5:\"name3\";s:12:\"Paprikahendl\";s:9:\"sideDish3\";s:18:\"mit Butterspätzle\";s:6:\"price3\";s:4:\"6,90\";s:5:\"name4\";s:13:\"Wurstfleckerl\";s:9:\"sideDish4\";s:18:\"mit frischem Salat\";s:6:\"price4\";s:4:\"4,90\";s:5:\"name5\";s:18:\"Zucchinicremesuppe\";s:6:\"price5\";s:4:\"2,90\";s:5:\"name6\";s:16:\"Kalbsreisfleisch\";s:9:\"sideDish6\";s:18:\"mit frischem Salat\";s:6:\"price6\";s:4:\"5,90\";}',NULL,30,0,0,32,NULL,6),(2415,52,'2018-07-10 17:59:32','2018-07-10 17:59:32','moemax','bernerwürstel','5b44d7e4b30bc.png','a:1:{s:5:\"image\";s:65:\"{mediaPath}content/media/retailer/52/spot_image_5b44d7e4b2d27.png\";}',NULL,0,0,0,4,186,6),(2416,52,'2018-07-10 17:59:38','2018-07-10 17:59:38','moemax','cevacici','5b44d7ea1c99d.png','a:1:{s:5:\"image\";s:65:\"{mediaPath}content/media/retailer/52/spot_image_5b44d7ea1c5ee.png\";}',NULL,0,0,0,4,186,6),(2417,52,'2018-07-10 17:59:45','2018-07-10 17:59:45','moemax','tortelini-mit-spinat','5b44d7f138a9e.png','a:1:{s:5:\"image\";s:65:\"{mediaPath}content/media/retailer/52/spot_image_5b44d7f13823b.png\";}',NULL,0,0,0,4,186,6),(2418,52,'2018-07-10 17:59:45','2018-07-10 17:59:45','moemax','tomatencremesuppe','5b44d7f1ad5ae.png','a:1:{s:5:\"image\";s:65:\"{mediaPath}content/media/retailer/52/spot_image_5b44d7f1ad3d4.png\";}',NULL,0,0,0,4,186,6),(2419,52,'2018-07-10 17:59:46','2018-07-10 17:59:46','moemax','thunfisch-salat','5b44d7f26aa44.png','a:1:{s:5:\"image\";s:65:\"{mediaPath}content/media/retailer/52/spot_image_5b44d7f26a523.png\";}',NULL,0,0,0,4,186,6),(2420,52,'2018-07-10 17:59:48','2018-07-10 17:59:48','moemax','spinatkäsespätzle','5b44d7f400b69.png','a:1:{s:5:\"image\";s:65:\"{mediaPath}content/media/retailer/52/spot_image_5b44d7f4000ef.png\";}',NULL,0,0,0,4,186,6),(2421,52,'2018-07-10 17:59:50','2018-07-10 17:59:50','moemax','spiess-2pers','5b44d7f5d2eb5.png','a:1:{s:5:\"image\";s:65:\"{mediaPath}content/media/retailer/52/spot_image_5b44d7f5d2243.png\";}',NULL,0,0,0,4,186,6),(2422,52,'2018-07-10 17:59:51','2018-07-10 17:59:51','moemax','spagetti-napoli','5b44d7f761ed6.png','a:1:{s:5:\"image\";s:65:\"{mediaPath}content/media/retailer/52/spot_image_5b44d7f761558.png\";}',NULL,0,0,0,4,186,6),(2423,52,'2018-07-10 17:59:52','2018-07-10 17:59:52','moemax','slaltteller','5b44d7f834949.png','a:1:{s:5:\"image\";s:65:\"{mediaPath}content/media/retailer/52/spot_image_5b44d7f834429.png\";}',NULL,0,0,0,4,186,6),(2424,52,'2018-07-10 17:59:52','2018-07-10 17:59:52','moemax','slalt-mal-anders','5b44d7f8da8e6.png','a:1:{s:5:\"image\";s:65:\"{mediaPath}content/media/retailer/52/spot_image_5b44d7f8da45e.png\";}',NULL,0,0,0,4,186,6),(2425,52,'2018-07-10 17:59:53','2018-07-10 17:59:53','moemax','shrimpsalat','5b44d7f9a5a72.png','a:1:{s:5:\"image\";s:65:\"{mediaPath}content/media/retailer/52/spot_image_5b44d7f9a47b6.png\";}',NULL,0,0,0,4,186,6),(2426,52,'2018-07-10 17:59:54','2018-07-10 17:59:54','moemax','seelachsfilet-gebacken','5b44d7fac97b5.png','a:1:{s:5:\"image\";s:65:\"{mediaPath}content/media/retailer/52/spot_image_5b44d7fac8ec9.png\";}',NULL,0,0,0,4,186,6),(2427,52,'2018-07-10 17:59:56','2018-07-10 17:59:56','moemax','schweinerücken-rustica','5b44d7fc284dc.png','a:1:{s:5:\"image\";s:65:\"{mediaPath}content/media/retailer/52/spot_image_5b44d7fc27b20.png\";}',NULL,0,0,0,4,186,6),(2428,52,'2018-07-10 17:59:57','2018-07-10 17:59:57','moemax','schnitzel','5b44d7fd8d100.png','a:1:{s:5:\"image\";s:65:\"{mediaPath}content/media/retailer/52/spot_image_5b44d7fd8c28b.png\";}',NULL,0,0,0,4,186,6),(2429,52,'2018-07-10 17:59:59','2018-07-10 17:59:59','moemax','piccata-vom-huhn','5b44d7ff729ab.png','a:1:{s:5:\"image\";s:65:\"{mediaPath}content/media/retailer/52/spot_image_5b44d7ff71fbd.png\";}',NULL,0,0,0,4,186,6),(2430,52,'2018-07-10 18:00:00','2018-07-10 18:00:00','moemax','knödel-mit-schwamerlsauce','5b44d80082f25.png','a:1:{s:5:\"image\";s:65:\"{mediaPath}content/media/retailer/52/spot_image_5b44d800827ca.png\";}',NULL,0,0,0,4,186,6),(2431,52,'2018-07-10 18:00:01','2018-07-10 18:00:01','moemax','knoblauchbrot','5b44d8010f8ec.png','a:1:{s:5:\"image\";s:65:\"{mediaPath}content/media/retailer/52/spot_image_5b44d8010f6af.png\";}',NULL,0,0,0,4,186,6),(2432,52,'2018-07-10 18:00:01','2018-07-10 18:00:01','moemax','kids-combo','5b44d801b950a.png','a:1:{s:5:\"image\";s:65:\"{mediaPath}content/media/retailer/52/spot_image_5b44d801b9099.png\";}',NULL,0,0,0,4,186,6),(2433,52,'2018-07-10 18:00:03','2018-07-10 18:00:03','moemax','kaiserschmarn','5b44d802e8f24.png','a:1:{s:5:\"image\";s:65:\"{mediaPath}content/media/retailer/52/spot_image_5b44d802e88c7.png\";}',NULL,0,0,0,4,186,6),(2434,52,'2018-07-10 18:00:03','2018-07-10 18:00:03','moemax','hühnerbrust-salat','5b44d803b4227.png','a:1:{s:5:\"image\";s:65:\"{mediaPath}content/media/retailer/52/spot_image_5b44d803b3cd4.png\";}',NULL,0,0,0,4,186,6),(2435,52,'2018-07-10 18:00:04','2018-07-10 18:00:04','moemax','gulaschsuppe','5b44d80440479.png','a:1:{s:5:\"image\";s:65:\"{mediaPath}content/media/retailer/52/spot_image_5b44d804356ee.png\";}',NULL,0,0,0,4,186,6),(2436,52,'2018-07-10 18:00:07','2018-07-10 18:00:07','moemax','grillteller','5b44d806b2cff.png','a:1:{s:5:\"image\";s:65:\"{mediaPath}content/media/retailer/52/spot_image_5b44d806b096f.png\";}',NULL,0,0,0,4,186,6),(2437,52,'2018-07-10 18:00:08','2018-07-10 18:00:08','moemax','griesnockerlsuppe','5b44d807e7919.png','a:1:{s:5:\"image\";s:65:\"{mediaPath}content/media/retailer/52/spot_image_5b44d807e76e8.png\";}',NULL,0,0,0,4,186,6),(2438,52,'2018-07-10 18:00:08','2018-07-10 18:00:08','moemax','fritattensuppe','5b44d808a3354.png','a:1:{s:5:\"image\";s:65:\"{mediaPath}content/media/retailer/52/spot_image_5b44d808a3143.png\";}',NULL,0,0,0,4,186,6),(2439,52,'2018-07-10 18:00:09','2018-07-10 18:00:09','moemax','eispalatschinken-für-2pers','5b44d8098a254.png','a:1:{s:5:\"image\";s:65:\"{mediaPath}content/media/retailer/52/spot_image_5b44d80989b24.png\";}',NULL,0,0,0,4,186,6),(2440,52,'2018-07-10 18:00:10','2018-07-10 18:00:10','moemax','eispalatschinken','5b44d80a349e4.png','a:1:{s:5:\"image\";s:65:\"{mediaPath}content/media/retailer/52/spot_image_5b44d80a345d7.png\";}',NULL,0,0,0,4,186,6),(2441,52,'2018-07-10 18:00:10','2018-07-10 18:00:10','moemax','eisbecher','5b44d80ad30d3.png','a:1:{s:5:\"image\";s:65:\"{mediaPath}content/media/retailer/52/spot_image_5b44d80ad2ce5.png\";}',NULL,0,0,0,4,186,6),(2442,52,'2018-07-10 18:00:12','2018-07-10 18:00:12','moemax','cordon-bleu','5b44d80c2fde4.png','a:1:{s:5:\"image\";s:65:\"{mediaPath}content/media/retailer/52/spot_image_5b44d80c2f456.png\";}',NULL,0,0,0,4,186,6),(2443,52,'2018-07-10 18:02:08','2018-07-10 18:02:08','moemax','Produkt_8','5b44d87fdcc93.png','a:1:{s:5:\"image\";s:65:\"{mediaPath}content/media/retailer/52/spot_image_5b44d87fdca8c.jpg\";}',NULL,0,0,0,4,188,6),(2444,52,'2018-07-10 18:02:08','2018-07-10 18:02:08','moemax','Produkt_7','5b44d8806b600.png','a:1:{s:5:\"image\";s:65:\"{mediaPath}content/media/retailer/52/spot_image_5b44d8806b455.jpg\";}',NULL,0,0,0,4,188,6),(2445,52,'2018-07-10 18:02:09','2018-07-10 18:02:09','moemax','Produkt_6','5b44d880f0783.png','a:1:{s:5:\"image\";s:65:\"{mediaPath}content/media/retailer/52/spot_image_5b44d880f0554.jpg\";}',NULL,0,0,0,4,188,6),(2446,52,'2018-07-10 18:02:09','2018-07-10 18:02:09','moemax','Produkt_5','5b44d8817b4eb.png','a:1:{s:5:\"image\";s:65:\"{mediaPath}content/media/retailer/52/spot_image_5b44d8817b2fe.jpg\";}',NULL,0,0,0,4,188,6),(2447,52,'2018-07-10 18:02:10','2018-07-10 18:02:10','moemax','Produkt_4','5b44d881f2f98.png','a:1:{s:5:\"image\";s:65:\"{mediaPath}content/media/retailer/52/spot_image_5b44d881f2dd3.jpg\";}',NULL,0,0,0,4,188,6),(2448,52,'2018-07-10 18:02:10','2018-07-10 18:02:10','moemax','Produkt_3','5b44d8827991d.png','a:1:{s:5:\"image\";s:65:\"{mediaPath}content/media/retailer/52/spot_image_5b44d88279777.jpg\";}',NULL,0,0,0,4,188,6),(2449,52,'2018-07-10 18:02:11','2018-07-10 18:02:11','moemax','Produkt_2','5b44d882f1c40.png','a:1:{s:5:\"image\";s:65:\"{mediaPath}content/media/retailer/52/spot_image_5b44d882f1a79.jpg\";}',NULL,0,0,0,4,188,6),(2450,52,'2018-07-10 18:02:11','2018-07-10 18:02:11','moemax','Produkt_1','5b44d8837c741.png','a:1:{s:5:\"image\";s:65:\"{mediaPath}content/media/retailer/52/spot_image_5b44d8837c52e.jpg\";}',NULL,0,0,0,4,188,6),(2454,52,'2018-07-11 09:37:31','2018-07-11 09:37:31','moemax','Strandkorb Anton','5b45b3b900545.png','a:1:{s:5:\"video\";s:65:\"{mediaPath}content/media/retailer/52/spot_video_5b45b3b8f1057.mp4\";}',NULL,0,0,0,2,192,6),(2455,52,'2018-07-11 09:37:40','2018-07-11 09:37:40','moemax','Relaxliege Bora','5b45b3c41d703.png','a:1:{s:5:\"video\";s:65:\"{mediaPath}content/media/retailer/52/spot_video_5b45b3c418fc6.mp4\";}',NULL,0,0,0,2,192,6),(2456,52,'2018-07-11 09:37:49','2018-07-11 09:37:49','moemax','Loungegarnitur Luan','5b45b3cc5c040.png','a:1:{s:5:\"video\";s:65:\"{mediaPath}content/media/retailer/52/spot_video_5b45b3cc57cd8.mp4\";}',NULL,0,0,0,2,192,6),(2457,52,'2018-07-11 09:38:00','2018-07-11 09:38:00','moemax','Gartenset Marietta','5b45b3d716f6f.png','a:1:{s:5:\"video\";s:65:\"{mediaPath}content/media/retailer/52/spot_video_5b45b3d711343.mp4\";}',NULL,0,0,0,2,192,6),(2458,52,'2018-07-11 09:38:11','2018-07-11 09:38:11','moemax','Gartenset Korinna','5b45b3e276fec.png','a:1:{s:5:\"video\";s:65:\"{mediaPath}content/media/retailer/52/spot_video_5b45b3e272784.mp4\";}',NULL,0,0,0,2,192,6),(2459,52,'2018-07-11 10:04:02','2018-07-11 10:04:02','moemax','aktion_1','5b45b9f28b9c9.png','a:1:{s:5:\"image\";s:65:\"{mediaPath}content/media/retailer/52/spot_image_5b45b9f28b684.jpg\";}',NULL,0,0,0,4,190,6),(2460,52,'2018-07-11 10:04:03','2018-07-11 10:04:03','moemax','aktion_2','5b45b9f34d321.png','a:1:{s:5:\"image\";s:65:\"{mediaPath}content/media/retailer/52/spot_image_5b45b9f34cfbd.jpg\";}',NULL,0,0,0,4,190,6),(2461,52,'2018-07-11 10:04:04','2018-07-11 10:04:04','moemax','aktion_3','5b45b9f3ee982.png','a:1:{s:5:\"image\";s:65:\"{mediaPath}content/media/retailer/52/spot_image_5b45b9f3ee61d.jpg\";}',NULL,0,0,0,4,190,6),(2462,52,'2018-07-11 10:04:21','2018-07-11 10:04:21','moemax','promotion_1','5b45ba05c5f44.png','a:1:{s:5:\"image\";s:65:\"{mediaPath}content/media/retailer/52/spot_image_5b45ba05c5bae.jpg\";}',NULL,0,0,0,4,193,6),(2463,52,'2018-07-11 10:04:33','2018-07-11 10:04:33','moemax','service_1','5b45ba111c972.png','a:1:{s:5:\"image\";s:65:\"{mediaPath}content/media/retailer/52/spot_image_5b45ba111c74f.jpg\";}',NULL,0,0,0,4,191,6),(2464,52,'2018-07-11 10:04:34','2018-07-11 10:04:34','moemax','service_2','5b45ba121ba53.png','a:1:{s:5:\"image\";s:65:\"{mediaPath}content/media/retailer/52/spot_image_5b45ba121b700.jpg\";}',NULL,0,0,0,4,191,6),(2465,52,'2018-07-12 09:22:06','2018-07-12 09:22:06','moemax','servierwaagen','5b47019e20430.png','a:1:{s:5:\"image\";s:65:\"{mediaPath}content/media/retailer/52/spot_image_5b47019e1fd13.png\";}',NULL,0,0,0,4,187,6),(2466,52,'2018-07-12 09:22:06','2018-07-12 09:22:06','moemax','sessel','5b47019ed3ddb.png','a:1:{s:5:\"image\";s:65:\"{mediaPath}content/media/retailer/52/spot_image_5b47019ed3b0f.png\";}',NULL,0,0,0,4,187,6),(2467,52,'2018-07-12 09:22:07','2018-07-12 09:22:07','moemax','sessel2','5b47019f60c92.png','a:1:{s:5:\"image\";s:65:\"{mediaPath}content/media/retailer/52/spot_image_5b47019f60990.png\";}',NULL,0,0,0,4,187,6),(2468,NULL,'2018-07-12 09:25:30','2018-07-12 12:25:37','moemax','Produkt Dynamisch','thumb_1_2468.jpg','a:4:{s:8:\"headline\";s:40:\"Vorteils-\nangebot\n\nServierwagen aus Holz\";s:12:\"productImage\";s:65:\"{mediaPath}content/media/retailer/52/spot_image_5b47019e1fd13.png\";s:11:\"productName\";s:5:\"Stuhl\";s:12:\"productPrice\";s:6:\"199€\";}','Servierwagen',0,0,0,31,NULL,6),(2469,NULL,'2018-07-25 18:14:02','2018-07-25 18:14:02','ep_demo','Test',NULL,'a:3:{s:9:\"productId\";s:0:\"\";s:5:\"title\";s:44:\"TVs total <span class=\'big\'>günstig!</span>\";s:15:\"deferredPayment\";b:1;}',NULL,0,0,0,17,NULL,3),(2470,NULL,'2018-07-25 18:14:02','2018-07-25 18:14:02','ep_demo','Test',NULL,'a:3:{s:5:\"title\";s:44:\"TVs total <span class=\'big\'>günstig!</span>\";s:9:\"productId\";s:0:\"\";s:15:\"deferredPayment\";b:1;}',NULL,0,0,0,24,NULL,3),(2471,NULL,'2018-09-04 20:17:46','2018-09-05 16:03:35','c.haas','Weisswurst_Feinkost','thumb_1_2471.jpg','a:13:{s:6:\"layout\";s:4:\"halb\";s:11:\"background1\";s:64:\"{mediaPath}content/media/retailer/1/spot_image_59a695221ba02.jpg\";s:11:\"background2\";s:64:\"{mediaPath}content/media/retailer/1/spot_image_59a69524da83d.jpg\";s:9:\"headline2\";s:0:\"\";s:6:\"offer2\";a:2:{s:2:\"id\";s:5:\"false\";s:4:\"name\";s:15:\"Kein Schmankerl\";}s:6:\"offer1\";a:2:{s:2:\"id\";s:5:\"false\";s:4:\"name\";s:15:\"Kein Schmankerl\";}s:10:\"offerText2\";s:409:\"<FONT SIZE=\"80\">\n<FONT face=\"{font2}\">Original</FONT>\n<br>MÜNCHNER-<br>OBATZTER<br>\n</FONT>\n\n<TEXTFORMAT LEADING=\"20\"><FONT SIZE=\"45\">\n.......................................................................<br>\n</FONT></TEXTFORMAT>\n\n<TEXTFORMAT LEADING=\"5\"><FONT SIZE=\"45\" face=\"{font2}\">\nKein Biergartenbesuch ohne diese <br>Delikatesse aus Brie, Frischkäse,<br> Butter & Paprika.<br>\n\n</FONT></TEXTFORMAT>\";s:7:\"footer2\";s:9:\"100 Gramm\";s:6:\"price2\";s:4:\"1,98\";s:9:\"headline1\";s:10:\"WEISSWURST\";s:12:\"subheadline1\";s:6:\"Wochen\";s:7:\"footer1\";s:20:\"Packung à 150 Gramm\";s:6:\"price1\";s:4:\"2,40\";}',NULL,0,0,0,14,163,1),(2473,1,'2018-09-04 21:12:46','2018-09-04 21:12:46','c.haas','Radatz_Suppen_Waage_full','5b8ed92ea507a.png','a:1:{s:5:\"image\";s:64:\"{mediaPath}content/media/retailer/1/spot_image_5b8ed92ea15de.jpg\";}',NULL,0,0,0,4,134,1),(2475,1,'2018-09-04 21:14:35','2018-09-04 21:14:35','c.haas','Radatz_Suppen_Waage_permanent','5b8ed99bc12d6.png','a:1:{s:5:\"image\";s:64:\"{mediaPath}content/media/retailer/1/spot_image_5b8ed99bc10d3.jpg\";}',NULL,0,0,0,4,134,1),(2476,1,'2018-09-04 21:16:36','2018-09-04 21:16:36','c.haas','Radatz_Suppen_Screens','5b8eda13ec84c.png','a:1:{s:5:\"image\";s:64:\"{mediaPath}content/media/retailer/1/spot_image_5b8eda13ec5c6.jpg\";}',NULL,0,0,0,4,107,1),(2477,NULL,'2018-09-05 15:49:07','2018-09-05 16:03:55','c.haas','Weisswurst_Feinkost2','thumb_1_2477.jpg','a:15:{s:6:\"layout\";s:4:\"halb\";s:11:\"background1\";s:64:\"{mediaPath}content/media/retailer/1/spot_image_59a695221ba02.jpg\";s:11:\"background2\";s:64:\"{mediaPath}content/media/retailer/1/spot_image_5b8fdf73b6445.jpg\";s:9:\"headline2\";s:10:\"WEISSWURST\";s:6:\"offer2\";a:2:{s:2:\"id\";s:5:\"false\";s:4:\"name\";s:15:\"Kein Schmankerl\";}s:6:\"offer1\";a:2:{s:2:\"id\";s:5:\"false\";s:4:\"name\";s:15:\"Kein Schmankerl\";}s:10:\"offerText2\";s:0:\"\";s:7:\"footer2\";s:23:\"Weisswurst Senf je Glas\";s:6:\"price2\";s:4:\"2,20\";s:9:\"headline1\";s:10:\"WEISSWURST\";s:12:\"subheadline1\";s:6:\"Wochen\";s:7:\"footer1\";s:20:\"Packung à 150 Gramm\";s:6:\"price1\";s:4:\"2,40\";s:12:\"subheadline2\";s:6:\"Wochen\";s:5:\"hpos2\";s:4:\"oben\";}',NULL,0,0,0,14,163,1),(2479,1,'2018-09-05 15:51:47','2018-09-05 15:51:47','c.haas','Weisswurstsenf95005_Screen','5b8fdf73b79fe.png','a:1:{s:5:\"image\";s:64:\"{mediaPath}content/media/retailer/1/spot_image_5b8fdf73b6445.jpg\";}',NULL,0,0,0,4,163,1),(2480,1,'2018-09-05 15:51:48','2018-09-05 15:51:48','c.haas','WeisswurstLeberkaese_Screen','5b8fdf742ec4d.png','a:1:{s:5:\"image\";s:64:\"{mediaPath}content/media/retailer/1/spot_image_5b8fdf742c7fa.jpg\";}',NULL,0,0,0,4,163,1),(2481,NULL,'2018-09-05 16:03:27','2018-09-05 16:05:39','c.haas','Weisswurst_Imbiss','thumb_1_2481.jpg','a:15:{s:6:\"layout\";s:4:\"halb\";s:11:\"background1\";s:64:\"{mediaPath}content/media/retailer/1/spot_image_59a695221ba02.jpg\";s:11:\"background2\";s:64:\"{mediaPath}content/media/retailer/1/spot_image_5b8fdf742c7fa.jpg\";s:9:\"headline2\";s:10:\"LEBERKÄSE\";s:6:\"offer2\";a:2:{s:2:\"id\";s:5:\"false\";s:4:\"name\";s:15:\"Kein Schmankerl\";}s:6:\"offer1\";a:2:{s:2:\"id\";s:5:\"false\";s:4:\"name\";s:15:\"Kein Schmankerl\";}s:10:\"offerText2\";s:0:\"\";s:7:\"footer2\";s:9:\"100 Gramm\";s:6:\"price2\";s:4:\"1,75\";s:9:\"headline1\";s:10:\"WEISSWURST\";s:12:\"subheadline1\";s:6:\"Wochen\";s:7:\"footer1\";s:20:\"Packung à 150 Gramm\";s:6:\"price1\";s:4:\"2,40\";s:12:\"subheadline2\";s:10:\"Weisswurst\";s:5:\"hpos2\";s:5:\"unten\";}',NULL,0,0,0,14,163,1),(2482,1,'2018-09-05 16:47:00','2018-09-05 16:47:00','c.haas','Leberkäse_1:2','5b8fec648bc20.png','a:1:{s:5:\"image\";s:64:\"{mediaPath}content/media/retailer/1/spot_image_5b8fec648ba10.jpg\";}',NULL,0,0,0,4,151,1),(2483,1,'2018-09-05 16:47:01','2018-09-05 16:47:01','c.haas','Leberkäse_1:3','5b8fec64e734e.png','a:1:{s:5:\"image\";s:64:\"{mediaPath}content/media/retailer/1/spot_image_5b8fec64e71b9.jpg\";}',NULL,0,0,0,4,151,1),(2484,1,'2018-09-05 16:47:01','2018-09-05 16:47:01','c.haas','WienerBackhendlteller_1:3','5b8fec6543dc8.png','a:1:{s:5:\"image\";s:64:\"{mediaPath}content/media/retailer/1/spot_image_5b8fec654256b.jpg\";}',NULL,0,0,0,4,151,1),(2485,1,'2018-09-05 16:47:01','2018-09-05 16:47:01','c.haas','Kuerbiskernschnitzel_1:3','5b8fec6594d1a.png','a:1:{s:5:\"image\";s:64:\"{mediaPath}content/media/retailer/1/spot_image_5b8fec65949e2.jpg\";}',NULL,0,0,0,4,151,1),(2486,1,'2018-09-05 16:47:02','2018-09-05 16:47:02','c.haas','Kuerbiskernschnitzel_Teller_1:2','5b8fec65eac9a.png','a:1:{s:5:\"image\";s:64:\"{mediaPath}content/media/retailer/1/spot_image_5b8fec65ea977.jpg\";}',NULL,0,0,0,4,151,1),(2487,1,'2018-09-05 16:47:02','2018-09-05 16:47:02','c.haas','Kuerbiskernschnitzel1:2','5b8fec66bba8f.png','a:1:{s:5:\"image\";s:64:\"{mediaPath}content/media/retailer/1/spot_image_5b8fec6686566.jpg\";}',NULL,0,0,0,4,151,1),(2488,NULL,'2018-09-05 16:52:34','2018-09-05 17:03:50','c.haas','Imbiss_Kürbis','thumb_1_2488.jpg','a:12:{s:6:\"layout\";s:4:\"halb\";s:6:\"offer1\";a:2:{s:2:\"id\";s:5:\"false\";s:4:\"name\";s:15:\"Kein Schmankerl\";}s:11:\"background1\";s:64:\"{mediaPath}content/media/retailer/1/spot_image_5b8fec65ea977.jpg\";s:6:\"offer2\";a:2:{s:2:\"id\";s:5:\"false\";s:4:\"name\";s:15:\"Kein Schmankerl\";}s:11:\"background2\";s:64:\"{mediaPath}content/media/retailer/1/spot_image_5b8fec6686566.jpg\";s:9:\"headline2\";s:30:\"KÜRBISKERN-\nSCHNITZEL-\nSEMMEL\";s:6:\"price2\";s:4:\"3,50\";s:7:\"footer2\";s:26:\"vom Huhn\nmit Preiselbeeren\";s:9:\"headline1\";s:22:\"KÜRBISKERN-\nSCHNITZEL\";s:12:\"subheadline1\";s:16:\"& Erdäpfelsalat\";s:6:\"price1\";s:4:\"5,90\";s:7:\"footer1\";s:38:\"vom Schwein\nPortion Preisselbeeren 1,-\";}',NULL,30,0,0,14,151,1),(2489,1,'2018-09-20 13:24:38','2018-09-20 13:24:38','c.haas','FlachesBrathuhn87640.tif.p','5ba38376b1057.png','a:1:{s:5:\"image\";s:64:\"{mediaPath}content/media/retailer/1/spot_image_5ba38376added.jpg\";}',NULL,0,0,0,4,107,1),(2490,NULL,'2018-09-20 18:16:34','2019-10-02 09:18:23','c.haas','Herbst_Damhirsch','thumb_1_2490.jpg','a:22:{s:6:\"offer1\";a:2:{s:2:\"id\";s:5:\"false\";s:4:\"name\";s:12:\"Kein Angebot\";}s:11:\"background1\";s:64:\"{mediaPath}content/media/retailer/1/spot_image_5ba4d81344791.jpg\";s:9:\"headline1\";s:0:\"\";s:12:\"subheadline1\";s:0:\"\";s:6:\"offer2\";a:2:{s:2:\"id\";s:5:\"false\";s:4:\"name\";s:15:\"Kein Schmankerl\";}s:11:\"background2\";s:64:\"{mediaPath}content/media/retailer/1/spot_image_580f166aa1480.jpg\";s:9:\"headline2\";s:12:\"WILDE\nZEITEN\";s:12:\"subheadline2\";s:0:\"\";s:6:\"offer3\";a:2:{s:2:\"id\";s:5:\"false\";s:4:\"name\";s:12:\"Kein Angebot\";}s:11:\"background3\";s:64:\"{mediaPath}content/media/retailer/1/spot_image_57fb98a162818.jpg\";s:9:\"headline3\";s:0:\"\";s:12:\"subheadline3\";s:0:\"\";s:5:\"hpos1\";s:5:\"unten\";s:6:\"layout\";s:4:\"halb\";s:16:\"offerBackground1\";s:3:\"Rot\";s:16:\"offerBackground2\";s:3:\"Rot\";s:5:\"hpos2\";s:5:\"unten\";s:16:\"offerBackground3\";s:3:\"Rot\";s:5:\"hpos3\";s:5:\"unten\";s:10:\"offerText2\";s:354:\"<FONT SIZE=\"100\">\n<FONT face=\"{font2}\"></FONT>\nDAM-<br>\nHIRSCH<br>\nBRATEN\n</FONT>\n\n<TEXTFORMAT LEADING=\"20\"><FONT SIZE=\"45\">\n...............................................................<br>\n</FONT></TEXTFORMAT>\n\n<TEXTFORMAT LEADING=\"5\"><FONT SIZE=\"50\" face=\"{font2}\">\nBesonders zart - hervorragend <br>als feines Bratenstück.<br>\n</FONT></TEXTFORMAT>\";s:7:\"footer2\";s:9:\"100 Gramm\";s:6:\"price2\";s:4:\"3,49\";}',NULL,0,0,0,14,165,1),(2491,1,'2018-09-21 13:37:59','2018-09-21 13:37:59','c.haas','Dammhirsch2_1:2','5ba4d8134f6dd.png','a:1:{s:5:\"image\";s:64:\"{mediaPath}content/media/retailer/1/spot_image_5ba4d81344791.jpg\";}',NULL,0,0,0,4,165,1),(2492,1,'2018-09-21 13:38:07','2018-09-21 13:38:07','c.haas','Dammhirsch_1:2','5ba4d81ae959a.png','a:1:{s:5:\"image\";s:64:\"{mediaPath}content/media/retailer/1/spot_image_5ba4d81ae1585.jpg\";}',NULL,0,0,0,4,165,1),(2493,NULL,'2018-09-21 13:39:34','2019-10-02 09:24:38','c.haas','Herbst_Damhirsch2','thumb_1_2493.jpg','a:22:{s:6:\"offer1\";a:2:{s:2:\"id\";s:5:\"false\";s:4:\"name\";s:12:\"Kein Angebot\";}s:11:\"background1\";s:64:\"{mediaPath}content/media/retailer/1/spot_image_5ba4d81ae1585.jpg\";s:9:\"headline1\";s:0:\"\";s:12:\"subheadline1\";s:0:\"\";s:6:\"offer2\";a:2:{s:2:\"id\";s:5:\"false\";s:4:\"name\";s:15:\"Kein Schmankerl\";}s:11:\"background2\";s:64:\"{mediaPath}content/media/retailer/1/spot_image_580f166aa1480.jpg\";s:9:\"headline2\";s:12:\"WILDE\nZEITEN\";s:12:\"subheadline2\";s:0:\"\";s:6:\"offer3\";a:2:{s:2:\"id\";s:5:\"false\";s:4:\"name\";s:12:\"Kein Angebot\";}s:11:\"background3\";s:64:\"{mediaPath}content/media/retailer/1/spot_image_57fb98a162818.jpg\";s:9:\"headline3\";s:0:\"\";s:12:\"subheadline3\";s:0:\"\";s:5:\"hpos1\";s:5:\"unten\";s:6:\"layout\";s:4:\"halb\";s:16:\"offerBackground1\";s:3:\"Rot\";s:16:\"offerBackground2\";s:3:\"Rot\";s:5:\"hpos2\";s:5:\"unten\";s:16:\"offerBackground3\";s:3:\"Rot\";s:5:\"hpos3\";s:5:\"unten\";s:10:\"offerText2\";s:358:\"<FONT SIZE=\"100\">\n<FONT face=\"{font2}\"></FONT>\nDAM-<br>\nHIRSCH<br>\nMEDAILLON\n</FONT>\n\n<TEXTFORMAT LEADING=\"20\"><FONT SIZE=\"50\">\n...............................................................<br>\n</FONT></TEXTFORMAT>\n\n<TEXTFORMAT LEADING=\"5\"><FONT SIZE=\"45\" face=\"{font2}\">\nBesonders zart & mager - <br>die erste Wahl zum Kurzbraten.<br>\n</FONT></TEXTFORMAT>\";s:7:\"footer2\";s:9:\"100 Gramm\";s:6:\"price2\";s:4:\"3,69\";}',NULL,0,0,0,14,165,1),(2501,1,'2018-10-02 11:28:18','2018-10-02 11:28:18','c.haas','WienGinBratwuerste2402','5bb33a30e0d9e.png','a:1:{s:5:\"image\";s:64:\"{mediaPath}content/media/retailer/1/spot_image_5bb33a30d6db1.jpg\";}',NULL,0,0,0,4,150,1),(2502,1,'2018-10-02 11:28:21','2018-10-02 11:28:21','c.haas','WienGinSchinken0456','5bb33a34e48b5.png','a:1:{s:5:\"image\";s:64:\"{mediaPath}content/media/retailer/1/spot_image_5bb33a34dfcf1.jpg\";}',NULL,0,0,0,4,150,1),(2503,NULL,'2018-10-02 11:30:23','2018-12-05 19:26:45','c.haas','Feinkost_WienGin','thumb_1_2503.jpg','a:5:{s:6:\"layout\";s:4:\"halb\";s:6:\"offer1\";a:2:{s:2:\"id\";s:5:\"false\";s:4:\"name\";s:15:\"Kein Schmankerl\";}s:11:\"background1\";s:64:\"{mediaPath}content/media/retailer/1/spot_image_5bb33a34dfcf1.jpg\";s:6:\"offer2\";a:2:{s:2:\"id\";s:5:\"false\";s:4:\"name\";s:15:\"Kein Schmankerl\";}s:11:\"background2\";s:64:\"{mediaPath}content/media/retailer/1/spot_image_5bb33a30d6db1.jpg\";}',NULL,0,0,0,14,150,1),(2504,NULL,'2018-10-02 11:30:47','2018-10-02 11:35:34','c.haas','Feinkost_WienGin','thumb_1_2504.jpg','a:22:{s:6:\"layout\";s:4:\"halb\";s:6:\"offer1\";a:2:{s:2:\"id\";s:5:\"false\";s:4:\"name\";s:12:\"Kein Angebot\";}s:16:\"offerBackground1\";s:3:\"Rot\";s:11:\"background1\";s:64:\"{mediaPath}content/media/retailer/1/spot_image_5bb33a34dfcf1.jpg\";s:9:\"headline1\";s:14:\"BEIN-\nSCHINKEN\";s:12:\"subheadline1\";s:7:\"WienGin\";s:5:\"hpos1\";s:5:\"unten\";s:7:\"footer1\";s:9:\"100 Gramm\";s:6:\"price1\";s:4:\"2,49\";s:6:\"offer2\";a:2:{s:2:\"id\";s:5:\"false\";s:4:\"name\";s:15:\"Kein Schmankerl\";}s:16:\"offerBackground2\";s:3:\"Rot\";s:11:\"background2\";s:64:\"{mediaPath}content/media/retailer/1/spot_image_5bb33a30d6db1.jpg\";s:5:\"hpos2\";s:5:\"unten\";s:16:\"offerBackground3\";s:3:\"Rot\";s:5:\"hpos3\";s:4:\"oben\";s:6:\"offer3\";a:2:{s:2:\"id\";s:5:\"false\";s:4:\"name\";s:12:\"Kein Angebot\";}s:9:\"headline2\";s:14:\"BRAT-\nWÜRSTEL\";s:12:\"subheadline2\";s:7:\"WienGin\";s:7:\"footer2\";s:17:\"240 Gramm Packung\";s:6:\"price2\";s:4:\"2,98\";s:6:\"color1\";s:0:\"\";s:10:\"offerText2\";s:0:\"\";}',NULL,30,0,0,14,150,1),(2505,45,'2018-10-10 10:12:29','2018-10-10 10:12:29','post','4pfoten_erich','5bbdb469de9fa.png','a:1:{s:5:\"video\";s:65:\"{mediaPath}content/media/retailer/45/spot_video_5bbdb469be36a.mp4\";}',NULL,0,0,0,2,164,5),(2506,1,'2018-10-21 22:32:42','2018-10-21 22:32:42','c.haas','Meistersalami_1.2','5bcce2665fda9.png','a:1:{s:5:\"image\";s:64:\"{mediaPath}content/media/retailer/1/spot_image_5bcce26641c8b.jpg\";}',NULL,0,0,0,4,150,1),(2507,NULL,'2018-10-21 22:33:43','2019-01-18 14:20:14','c.haas','Feinkost_Salamimeister','thumb_1_2507.jpg','a:16:{s:6:\"layout\";s:4:\"halb\";s:6:\"offer1\";a:2:{s:2:\"id\";s:5:\"false\";s:4:\"name\";s:15:\"Kein Schmankerl\";}s:11:\"background1\";s:64:\"{mediaPath}content/media/retailer/1/spot_image_5bcce26641c8b.jpg\";s:6:\"offer2\";a:2:{s:2:\"id\";s:5:\"false\";s:4:\"name\";s:15:\"Kein Schmankerl\";}s:11:\"background2\";s:64:\"{mediaPath}content/media/retailer/1/spot_image_580f166aa1480.jpg\";s:9:\"headline1\";s:10:\"HAUSSALAMI\";s:12:\"subheadline1\";s:8:\"Stastnik\";s:7:\"footer1\";s:9:\"100 Gramm\";s:6:\"price1\";s:4:\"2,29\";s:9:\"headline2\";s:13:\"SALAMIMEISTER\";s:12:\"subheadline2\";s:8:\"Stastnik\";s:7:\"footer2\";s:9:\"100 Gramm\";s:6:\"price2\";s:4:\"2,39\";s:5:\"hpos2\";s:5:\"unten\";s:5:\"hpos1\";s:5:\"unten\";s:10:\"offerText2\";s:409:\"<FONT SIZE=\"100\">\n<FONT face=\"{font2}\">\nWeinviertler-</FONT><br>\nMEISTER-<br>\nSALAMI\n</FONT>\n\n<TEXTFORMAT LEADING=\"20\"><FONT SIZE=\"45\">\n...............................................................<br>\n</FONT></TEXTFORMAT>\n\n<TEXTFORMAT LEADING=\"5\"><FONT SIZE=\"50\" face=\"{font2}\">\nBestes Weinviertler Schweinefleisch, schwarzer Pfeffer, ein Schuss Grüner Veltliner & 8 Wochen Reifezeit.\n</FONT></TEXTFORMAT>\";}',NULL,0,0,0,14,150,1),(2508,NULL,'2018-10-21 22:47:20','2018-10-24 20:43:31','c.haas','Martini 1_Kopie','thumb_1_2508.jpg','a:24:{s:6:\"offer1\";a:2:{s:2:\"id\";s:5:\"false\";s:4:\"name\";s:12:\"Kein Angebot\";}s:11:\"background1\";s:64:\"{mediaPath}content/media/retailer/1/spot_image_5bcce722d13e4.jpg\";s:9:\"headline1\";s:23:\"GÄNSE-KEULE\noder FILET\";s:12:\"subheadline1\";s:9:\"Konfierte\";s:6:\"offer2\";a:2:{s:2:\"id\";s:5:\"false\";s:4:\"name\";s:12:\"Kein Angebot\";}s:11:\"background2\";s:64:\"{mediaPath}content/media/retailer/1/spot_image_580f166aa1480.jpg\";s:9:\"headline2\";s:11:\"GANSL-\nZEIT\";s:12:\"subheadline2\";s:0:\"\";s:6:\"offer3\";a:2:{s:2:\"id\";s:5:\"false\";s:4:\"name\";s:12:\"Kein Angebot\";}s:11:\"background3\";s:64:\"{mediaPath}content/media/retailer/1/spot_image_57fb98a162818.jpg\";s:9:\"headline3\";s:0:\"\";s:12:\"subheadline3\";s:0:\"\";s:5:\"hpos1\";s:5:\"unten\";s:6:\"layout\";s:4:\"halb\";s:16:\"offerBackground1\";s:3:\"Rot\";s:16:\"offerBackground2\";s:3:\"Rot\";s:5:\"hpos2\";s:4:\"oben\";s:16:\"offerBackground3\";s:3:\"Rot\";s:5:\"hpos3\";s:5:\"unten\";s:10:\"offerText2\";s:355:\"<FONT SIZE=\"100\">\n<FONT face=\"{font2}\">Freiland</FONT><br>\nGÄNSE-<br>\nKEULE\n</FONT>\n\n<TEXTFORMAT LEADING=\"20\"><FONT SIZE=\"45\">\n...............................................................<br>\n</FONT></TEXTFORMAT>\n\n<TEXTFORMAT LEADING=\"5\"><FONT SIZE=\"50\" face=\"{font2}\">\nHerzhafte, besonders saftige\n<br>Gänsekeule zum Braten.<br>\n</FONT></TEXTFORMAT>\";s:6:\"price2\";s:4:\"2,79\";s:7:\"footer2\";s:9:\"100 Gramm\";s:7:\"footer1\";s:32:\"per Stück (Packung à 2 Stück)\";s:6:\"price1\";s:5:\"13,50\";}',NULL,0,0,0,14,166,1),(2509,1,'2018-10-21 22:52:50','2018-10-21 22:52:50','c.haas','gefuellteGans64501.tif.p','5bcce7221781a.png','a:1:{s:5:\"image\";s:64:\"{mediaPath}content/media/retailer/1/spot_image_5bcce7221770f.jpg\";}',NULL,0,0,0,4,166,1),(2510,1,'2018-10-21 22:52:50','2018-10-21 22:52:50','c.haas','konfierteGanslkeule64521.tif.p','5bcce722d33a0.png','a:1:{s:5:\"image\";s:64:\"{mediaPath}content/media/retailer/1/spot_image_5bcce722d13e4.jpg\";}',NULL,0,0,0,4,166,1),(2511,1,'2018-10-31 11:51:23','2018-10-31 11:51:23','c.haas','Leberpaté','5bd989279ae4e.png','a:1:{s:5:\"image\";s:64:\"{mediaPath}content/media/retailer/1/spot_image_5bd989278e732.jpg\";}',NULL,0,0,0,4,150,1),(2512,NULL,'2018-10-31 11:51:36','2018-12-16 19:15:46','c.haas','Feinkost_Leberpaté','thumb_1_2512.jpg','a:22:{s:6:\"layout\";s:4:\"halb\";s:6:\"offer1\";a:2:{s:2:\"id\";s:5:\"false\";s:4:\"name\";s:12:\"Kein Angebot\";}s:16:\"offerBackground1\";s:3:\"Rot\";s:11:\"background1\";s:64:\"{mediaPath}content/media/retailer/1/spot_image_5bd989278e732.jpg\";s:9:\"headline1\";s:10:\"LEBERPATÉ\";s:12:\"subheadline1\";s:13:\"Traditionelle\";s:5:\"hpos1\";s:5:\"unten\";s:7:\"footer1\";s:14:\"200 Gramm Glas\";s:6:\"price1\";s:4:\"5,80\";s:6:\"offer2\";a:2:{s:2:\"id\";s:5:\"false\";s:4:\"name\";s:15:\"Kein Schmankerl\";}s:16:\"offerBackground2\";s:3:\"Rot\";s:11:\"background2\";s:64:\"{mediaPath}content/media/retailer/1/spot_image_580f166aa1480.jpg\";s:5:\"hpos2\";s:5:\"unten\";s:16:\"offerBackground3\";s:3:\"Rot\";s:5:\"hpos3\";s:4:\"oben\";s:6:\"offer3\";a:2:{s:2:\"id\";s:5:\"false\";s:4:\"name\";s:12:\"Kein Angebot\";}s:9:\"headline2\";s:8:\"PASTETEN\";s:12:\"subheadline2\";s:5:\"Feine\";s:7:\"footer2\";s:9:\"100 Gramm\";s:6:\"price2\";s:4:\"9,80\";s:6:\"color1\";s:0:\"\";s:10:\"offerText2\";s:373:\"<FONT SIZE=\"100\">\n<FONT face=\"{font2}\">Feine</FONT><br>\nGÄNSELEBER-<br>\nTERRINE\n</FONT>\n\n<TEXTFORMAT LEADING=\"20\"><FONT SIZE=\"45\">\n...............................................................<br>\n</FONT></TEXTFORMAT>\n\n<TEXTFORMAT LEADING=\"5\"><FONT SIZE=\"50\" face=\"{font2}\">\nDiese Delikatesse schmeckt am Besten auf Toastbrot oder Butterbrioche.<br>\n</FONT></TEXTFORMAT>\";}',NULL,30,0,0,14,150,1),(2513,1,'2018-10-31 12:21:55','2018-10-31 12:21:55','c.haas','Leberpaté3','5bd99051988e8.png','a:1:{s:5:\"image\";s:64:\"{mediaPath}content/media/retailer/1/spot_image_5bd9905196c3e.jpg\";}',NULL,0,0,0,4,134,1),(2514,1,'2018-10-31 12:21:59','2018-10-31 12:21:59','c.haas','Leberpaté2','5bd99054400c0.png','a:1:{s:5:\"image\";s:64:\"{mediaPath}content/media/retailer/1/spot_image_5bd990543b22c.jpg\";}',NULL,0,0,0,4,134,1),(2515,NULL,'2018-11-13 17:55:29','2018-11-13 17:55:54','ep_demo','Neuer Spot',NULL,'a:3:{s:9:\"productId\";s:7:\"Samsung\";s:5:\"title\";s:44:\"TVs total <span class=\'big\'>günstig!</span>\";s:15:\"deferredPayment\";b:0;}',NULL,0,0,0,24,NULL,3),(2517,58,'2018-11-22 10:19:45','2018-11-27 12:53:25','service_more','Manzenreiter_SignageSpot','5bf674afb524d.png','a:1:{s:5:\"video\";s:65:\"{mediaPath}content/media/retailer/52/spot_video_5bf674afa42d8.mp4\";}',NULL,0,0,0,2,195,7),(2527,58,'2018-11-22 10:59:30','2018-11-27 12:25:52','service_more','Video Bsp quer','5bf67dff5da81.png','a:1:{s:5:\"video\";s:65:\"{mediaPath}content/media/retailer/52/spot_video_5bf67dff55dee.mp4\";}',NULL,0,0,0,2,195,7),(2528,1,'2018-11-22 17:49:09','2018-11-22 17:49:09','c.haas','Truthahn1469_Screen','5bf6de056a3d7.png','a:1:{s:5:\"image\";s:64:\"{mediaPath}content/media/retailer/1/spot_image_5bf6de055f160.jpg\";}',NULL,0,0,0,4,165,1),(2529,NULL,'2018-11-22 17:49:33','2018-11-22 17:51:59','c.haas','Fleisch_Truthahn','thumb_1_2529.jpg','a:11:{s:6:\"layout\";s:4:\"halb\";s:6:\"offer1\";a:2:{s:2:\"id\";s:5:\"false\";s:4:\"name\";s:15:\"Kein Schmankerl\";}s:11:\"background1\";s:64:\"{mediaPath}content/media/retailer/1/spot_image_5bf6de055f160.jpg\";s:6:\"offer2\";a:2:{s:2:\"id\";s:5:\"false\";s:4:\"name\";s:15:\"Kein Schmankerl\";}s:11:\"background2\";s:64:\"{mediaPath}content/media/retailer/1/spot_image_5bf6de055f160.jpg\";s:9:\"headline2\";s:8:\"TRUTHAHN\";s:12:\"subheadline2\";s:9:\"Festessen\";s:5:\"hpos2\";s:5:\"unten\";s:5:\"hpos1\";s:5:\"unten\";s:9:\"headline1\";s:8:\"TRUTHAHN\";s:12:\"subheadline1\";s:9:\"Festessen\";}',NULL,30,0,0,14,165,1),(2540,1,'2018-11-28 14:45:29','2018-11-28 14:46:59','c.haas','Camembert Salami_voll','thumb_1_2540.jpg','a:1:{s:5:\"image\";s:64:\"{mediaPath}content/media/retailer/1/spot_image_5bfe9bf85a2dd.jpg\";}',NULL,0,0,0,4,134,1),(2541,1,'2018-11-28 14:45:35','2018-11-28 14:47:42','c.haas','Camembert Salami','5bfe9bfb24c10.png','a:1:{s:5:\"image\";s:64:\"{mediaPath}content/media/retailer/1/spot_image_5bfe9bfb23c74.jpg\";}',NULL,0,0,0,4,134,1),(2596,1,'2018-12-05 18:53:07','2018-12-05 18:53:07','c.haas','Preiselbeerschinken114386','5c081081e0d8c.png','a:1:{s:5:\"image\";s:64:\"{mediaPath}content/media/retailer/1/spot_image_5c081081c9f5d.jpg\";}',NULL,0,0,0,4,150,1),(2597,NULL,'2018-12-05 18:53:12','2018-12-16 19:20:42','c.haas','Feinkost_Preiselbeerschinken','thumb_1_2597.jpg','a:22:{s:6:\"layout\";s:4:\"halb\";s:6:\"offer1\";a:2:{s:2:\"id\";s:5:\"false\";s:4:\"name\";s:12:\"Kein Angebot\";}s:16:\"offerBackground1\";s:3:\"Rot\";s:11:\"background1\";s:64:\"{mediaPath}content/media/retailer/1/spot_image_5c081081c9f5d.jpg\";s:9:\"headline1\";s:12:\"BEINSCHINKEN\";s:12:\"subheadline1\";s:11:\"Preiselbeer\";s:5:\"hpos1\";s:5:\"unten\";s:7:\"footer1\";s:9:\"100 Gramm\";s:6:\"price1\";s:4:\"2,49\";s:6:\"offer2\";a:2:{s:2:\"id\";s:5:\"false\";s:4:\"name\";s:15:\"Kein Schmankerl\";}s:16:\"offerBackground2\";s:3:\"Rot\";s:11:\"background2\";s:64:\"{mediaPath}content/media/retailer/1/spot_image_580f166aa1480.jpg\";s:5:\"hpos2\";s:5:\"unten\";s:16:\"offerBackground3\";s:3:\"Rot\";s:5:\"hpos3\";s:4:\"oben\";s:6:\"offer3\";a:2:{s:2:\"id\";s:5:\"false\";s:4:\"name\";s:12:\"Kein Angebot\";}s:9:\"headline2\";s:4:\"TIPP\";s:12:\"subheadline2\";s:10:\"Weihnachts\";s:7:\"footer2\";s:42:\"100 Gramm im Ganzen\n\n100 Gramm geschnitten\";s:6:\"price2\";s:9:\"1,65\n2,19\";s:6:\"color1\";s:0:\"\";s:10:\"offerText2\";s:418:\"<FONT SIZE=\"100\">\n<FONT face=\"{font2}\">Saftiges</FONT><br>\nFESTTAGS-<br>\nFRIKANDEAU\n</FONT>\n\n<TEXTFORMAT LEADING=\"20\"><FONT SIZE=\"45\">\n...............................................................<br>\n</FONT></TEXTFORMAT>\n\n<TEXTFORMAT LEADING=\"5\"><FONT SIZE=\"50\" face=\"{font2}\">\nFür Weihnachten werden von unserem Schinkenmeister zarte Unterschalen gepökelt & über Buchenholz geräuchert.<br>\n</FONT></TEXTFORMAT>\";}',NULL,30,0,0,14,150,1),(2609,1,'2018-12-14 11:24:13','2018-12-14 11:24:13','c.haas','2018-12-06_Weihnachtsscreens4','5c1384cc43a96.png','a:1:{s:5:\"image\";s:64:\"{mediaPath}content/media/retailer/1/spot_image_5c1384cc39fb1.jpg\";}',NULL,0,0,0,4,168,1),(2610,1,'2018-12-14 11:24:15','2018-12-14 11:24:15','c.haas','2018-12-06_Weihnachtsscreens3','5c1384cdbcda8.png','a:1:{s:5:\"image\";s:64:\"{mediaPath}content/media/retailer/1/spot_image_5c1384cdbba21.jpg\";}',NULL,0,0,0,4,168,1),(2611,1,'2018-12-14 11:24:16','2018-12-14 11:24:16','c.haas','2018-12-06_Weihnachtsscreens2','5c1384cfa77fa.png','a:1:{s:5:\"image\";s:64:\"{mediaPath}content/media/retailer/1/spot_image_5c1384cfa623d.jpg\";}',NULL,0,0,0,4,168,1),(2612,1,'2018-12-14 11:24:16','2018-12-14 11:24:16','c.haas','2018-12-06_Weihnachtsscreens','5c1384d0782bd.png','a:1:{s:5:\"image\";s:64:\"{mediaPath}content/media/retailer/1/spot_image_5c1384d0777c2.jpg\";}',NULL,0,0,0,4,168,1),(2614,NULL,'2018-12-14 14:51:30','2018-12-16 19:22:20','c.haas','Weihnachten_Gans','thumb_1_2614.jpg','a:10:{s:6:\"layout\";s:4:\"halb\";s:6:\"offer1\";a:2:{s:2:\"id\";s:5:\"false\";s:4:\"name\";s:15:\"Kein Schmankerl\";}s:11:\"background1\";s:64:\"{mediaPath}content/media/retailer/1/spot_image_5c1384cdbba21.jpg\";s:6:\"offer2\";a:2:{s:2:\"id\";s:5:\"false\";s:4:\"name\";s:15:\"Kein Schmankerl\";}s:11:\"background2\";s:64:\"{mediaPath}content/media/retailer/1/spot_image_5bcce722d13e4.jpg\";s:9:\"headline2\";s:23:\"GÄNSE-KEULE\noder FILET\";s:12:\"subheadline2\";s:9:\"Konfierte\";s:5:\"hpos2\";s:5:\"unten\";s:7:\"footer2\";s:32:\"per Stück (Packung à 2 Stück)\";s:6:\"price2\";s:5:\"13,50\";}',NULL,0,0,0,14,168,1),(2615,NULL,'2018-12-14 14:56:03','2018-12-16 19:22:22','c.haas','Weihnachten_Truthahn','thumb_1_2615.jpg','a:10:{s:6:\"layout\";s:4:\"halb\";s:6:\"offer1\";a:2:{s:2:\"id\";s:5:\"false\";s:4:\"name\";s:15:\"Kein Schmankerl\";}s:11:\"background1\";s:64:\"{mediaPath}content/media/retailer/1/spot_image_5c1384cfa623d.jpg\";s:6:\"offer2\";a:2:{s:2:\"id\";s:5:\"false\";s:4:\"name\";s:15:\"Kein Schmankerl\";}s:11:\"background2\";s:64:\"{mediaPath}content/media/retailer/1/spot_image_5bf6de055f160.jpg\";s:9:\"headline2\";s:8:\"TRUTHAHN\";s:12:\"subheadline2\";s:9:\"Festessen\";s:5:\"hpos2\";s:5:\"unten\";s:7:\"footer2\";s:0:\"\";s:6:\"price2\";s:0:\"\";}',NULL,0,0,0,14,168,1),(2617,NULL,'2018-12-16 19:32:35','2018-12-16 19:33:21','c.haas','Weihnachten_Fleisch_4_Kopie','thumb_1_2617.jpg','a:25:{s:6:\"offer1\";a:2:{s:2:\"id\";s:5:\"false\";s:4:\"name\";s:12:\"Kein Angebot\";}s:11:\"background1\";s:64:\"{mediaPath}content/media/retailer/1/spot_image_5c1384cc39fb1.jpg\";s:9:\"headline1\";s:0:\"\";s:12:\"subheadline1\";s:0:\"\";s:6:\"offer2\";a:2:{s:2:\"id\";s:5:\"false\";s:4:\"name\";s:12:\"Kein Angebot\";}s:11:\"background2\";s:64:\"{mediaPath}content/media/retailer/1/spot_image_580f166aa1480.jpg\";s:9:\"headline2\";s:4:\"WILD\";s:12:\"subheadline2\";s:9:\"Festessen\";s:6:\"offer3\";a:2:{s:2:\"id\";s:5:\"false\";s:4:\"name\";s:12:\"Kein Angebot\";}s:11:\"background3\";s:64:\"{mediaPath}content/media/retailer/1/spot_image_57fb98a162818.jpg\";s:9:\"headline3\";s:0:\"\";s:12:\"subheadline3\";s:0:\"\";s:5:\"hpos1\";s:5:\"unten\";s:6:\"layout\";s:4:\"halb\";s:16:\"offerBackground1\";s:3:\"Rot\";s:16:\"offerBackground2\";s:3:\"Rot\";s:5:\"hpos2\";s:5:\"unten\";s:16:\"offerBackground3\";s:3:\"Rot\";s:5:\"hpos3\";s:5:\"unten\";s:10:\"offerText1\";s:0:\"\";s:7:\"footer1\";s:0:\"\";s:6:\"price1\";s:0:\"\";s:10:\"offerText2\";s:345:\"<FONT SIZE=\"100\">\n<FONT face=\"{font2}\">Zartes</FONT><br>\nHIRSCH-<br>\nKALBSFILET\n</FONT>\n\n<TEXTFORMAT LEADING=\"20\"><FONT SIZE=\"45\">\n...............................................................<br>\n</FONT></TEXTFORMAT>\n\n<TEXTFORMAT LEADING=\"5\"><FONT SIZE=\"50\" face=\"{font2}\">\nDas edelste & feinste Stück\nvom Damhirsch.<br>\n</FONT></TEXTFORMAT>\";s:7:\"footer2\";s:9:\"100 Gramm\";s:6:\"price2\";s:4:\"6,50\";}',NULL,0,0,0,14,168,1),(2618,NULL,'2018-12-16 19:36:07','2018-12-16 19:37:37','c.haas','Weihnachten','thumb_1_2618.jpg','a:5:{s:6:\"layout\";s:4:\"halb\";s:6:\"offer1\";a:2:{s:2:\"id\";s:5:\"false\";s:4:\"name\";s:15:\"Kein Schmankerl\";}s:11:\"background1\";s:64:\"{mediaPath}content/media/retailer/1/spot_image_5c1384d0777c2.jpg\";s:6:\"offer2\";a:2:{s:2:\"id\";s:5:\"false\";s:4:\"name\";s:15:\"Kein Schmankerl\";}s:11:\"background2\";s:64:\"{mediaPath}content/media/retailer/1/spot_image_5c1384d0777c2.jpg\";}',NULL,0,0,0,14,168,1),(2624,1,'2018-12-21 10:51:20','2018-12-21 10:52:52','c.haas','2018-12-18_Weihnachtsscreensweb','thumb_1_2624.jpg','a:2:{s:5:\"image\";s:64:\"{mediaPath}content/media/retailer/1/spot_image_5c1cb797dcc15.gif\";s:6:\"border\";s:2:\"ja\";}',NULL,0,0,0,4,168,1),(2625,1,'2018-12-21 11:36:39','2018-12-21 11:36:39','c.haas','Weihnachten_Waagen2','5c1cc235f1f8d.png','a:1:{s:5:\"image\";s:64:\"{mediaPath}content/media/retailer/1/spot_image_5c1cc235ee1e3.jpg\";}',NULL,0,0,0,4,168,1),(2626,1,'2018-12-21 11:36:43','2018-12-21 11:36:43','c.haas','Weihnachten_Waagen','5c1cc23935435.png','a:1:{s:5:\"image\";s:64:\"{mediaPath}content/media/retailer/1/spot_image_5c1cc2392dd72.jpg\";}',NULL,0,0,0,4,168,1),(2627,1,'2018-12-21 12:35:42','2018-12-21 12:35:42','c.haas','Schweinsruessel120547','5c1cd00e606cc.png','a:1:{s:5:\"image\";s:64:\"{mediaPath}content/media/retailer/1/spot_image_5c1cd00e5b020.jpg\";}',NULL,0,0,0,4,169,1),(2628,1,'2018-12-21 12:35:44','2018-12-21 12:35:44','c.haas','NeujahrsaspikToertchen120581','5c1cd010a4dbb.png','a:1:{s:5:\"image\";s:64:\"{mediaPath}content/media/retailer/1/spot_image_5c1cd0109ee6b.jpg\";}',NULL,0,0,0,4,169,1),(2629,NULL,'2018-12-21 12:38:30','2018-12-21 12:49:18','c.haas','Silvester_Feinkost_2','thumb_1_2629.jpg','a:25:{s:6:\"offer1\";a:2:{s:2:\"id\";s:5:\"false\";s:4:\"name\";s:12:\"Kein Angebot\";}s:11:\"background1\";s:64:\"{mediaPath}content/media/retailer/1/spot_image_5a3cf4f5e06b7.jpg\";s:9:\"headline1\";s:20:\"NEUJAHRS\nSCHWEINCHEN\";s:12:\"subheadline1\";s:0:\"\";s:6:\"offer2\";a:2:{s:2:\"id\";s:5:\"false\";s:4:\"name\";s:12:\"Kein Angebot\";}s:11:\"background2\";s:64:\"{mediaPath}content/media/retailer/1/spot_image_5c1cd00e5b020.jpg\";s:9:\"headline2\";s:25:\"NEUJAHRS\nSCHWEINS RÜSSEL\";s:12:\"subheadline2\";s:0:\"\";s:6:\"offer3\";a:2:{s:2:\"id\";s:5:\"false\";s:4:\"name\";s:12:\"Kein Angebot\";}s:11:\"background3\";s:64:\"{mediaPath}content/media/retailer/1/spot_image_57fb98a162818.jpg\";s:9:\"headline3\";s:0:\"\";s:12:\"subheadline3\";s:0:\"\";s:5:\"hpos1\";s:5:\"unten\";s:6:\"layout\";s:4:\"halb\";s:16:\"offerBackground1\";s:3:\"Rot\";s:16:\"offerBackground2\";s:3:\"Rot\";s:5:\"hpos2\";s:4:\"oben\";s:16:\"offerBackground3\";s:3:\"Rot\";s:5:\"hpos3\";s:5:\"unten\";s:10:\"offerText1\";s:0:\"\";s:7:\"footer1\";s:6:\"Stück\";s:6:\"price1\";s:4:\"6,90\";s:10:\"offerText2\";s:0:\"\";s:7:\"footer2\";s:9:\"100 Gramm\";s:6:\"price2\";s:4:\"1,59\";}',NULL,0,0,0,14,169,1),(2631,NULL,'2018-12-21 12:50:20','2018-12-21 12:50:44','c.haas','Silvester_Feinkost_3','thumb_1_2178.jpg','a:25:{s:6:\"offer1\";a:2:{s:2:\"id\";s:5:\"false\";s:4:\"name\";s:12:\"Kein Angebot\";}s:11:\"background1\";s:64:\"{mediaPath}content/media/retailer/1/spot_image_5a3cf4f5e06b7.jpg\";s:9:\"headline1\";s:20:\"NEUJAHRS\nSCHWEINCHEN\";s:12:\"subheadline1\";s:0:\"\";s:6:\"offer2\";a:2:{s:2:\"id\";s:5:\"false\";s:4:\"name\";s:12:\"Kein Angebot\";}s:11:\"background2\";s:64:\"{mediaPath}content/media/retailer/1/spot_image_5c1cd0109ee6b.jpg\";s:9:\"headline2\";s:14:\"NEUJAHRS\nASPIK\";s:12:\"subheadline2\";s:0:\"\";s:6:\"offer3\";a:2:{s:2:\"id\";s:5:\"false\";s:4:\"name\";s:12:\"Kein Angebot\";}s:11:\"background3\";s:64:\"{mediaPath}content/media/retailer/1/spot_image_57fb98a162818.jpg\";s:9:\"headline3\";s:0:\"\";s:12:\"subheadline3\";s:0:\"\";s:5:\"hpos1\";s:5:\"unten\";s:6:\"layout\";s:4:\"halb\";s:16:\"offerBackground1\";s:3:\"Rot\";s:16:\"offerBackground2\";s:3:\"Rot\";s:5:\"hpos2\";s:4:\"oben\";s:16:\"offerBackground3\";s:3:\"Rot\";s:5:\"hpos3\";s:5:\"unten\";s:10:\"offerText1\";s:0:\"\";s:7:\"footer1\";s:6:\"Stück\";s:6:\"price1\";s:4:\"6,90\";s:10:\"offerText2\";s:0:\"\";s:7:\"footer2\";s:27:\"Aspik Törtchen 300g Becher\";s:6:\"price2\";s:4:\"4,50\";}',NULL,0,0,0,14,169,1),(2632,1,'2018-12-21 13:43:17','2018-12-21 13:43:17','c.haas','Silvester_Waagen4','5c1cdfe4508be.png','a:1:{s:5:\"image\";s:64:\"{mediaPath}content/media/retailer/1/spot_image_5c1cdfe44df44.jpg\";}',NULL,0,0,0,4,169,1),(2633,1,'2018-12-21 13:43:54','2018-12-21 13:43:54','c.haas','Silvester_Waagen3','5c1cdfee17e9b.png','a:1:{s:5:\"image\";s:64:\"{mediaPath}content/media/retailer/1/spot_image_5c1cdfee1525e.jpg\";}',NULL,0,0,0,4,169,1),(2634,1,'2018-12-21 13:44:57','2018-12-21 13:44:57','c.haas','Silvester_Waagen2','5c1ce01b335b5.png','a:1:{s:5:\"image\";s:64:\"{mediaPath}content/media/retailer/1/spot_image_5c1ce01b00d3d.jpg\";}',NULL,0,0,0,4,169,1),(2635,1,'2018-12-21 13:50:42','2018-12-21 13:50:42','c.haas','Silvester_Waagen','5c1ce1a03dcc2.png','a:1:{s:5:\"image\";s:64:\"{mediaPath}content/media/retailer/1/spot_image_5c1ce1a0396c2.jpg\";}',NULL,0,0,0,4,169,1),(2636,1,'2018-12-23 15:08:46','2018-12-23 15:08:46','c.haas','Radatz_Gulasch_waage2','5c1f96e4796cb.png','a:1:{s:5:\"image\";s:64:\"{mediaPath}content/media/retailer/1/spot_image_5c1f96e46df37.jpg\";}',NULL,0,0,0,4,134,1),(2637,1,'2018-12-23 15:09:19','2018-12-23 15:09:19','c.haas','Radatz_Gulasch_Waage1jpg','5c1f9708bc1fb.png','a:1:{s:5:\"image\";s:64:\"{mediaPath}content/media/retailer/1/spot_image_5c1f9708b73c3.jpg\";}',NULL,0,0,0,4,134,1),(2638,NULL,'2019-01-18 12:58:41','2019-01-18 13:56:08','c.haas','Szegediener Krautfleisch_1','thumb_1_2638.jpg','a:11:{s:6:\"layout\";s:4:\"halb\";s:6:\"offer1\";a:2:{s:2:\"id\";s:5:\"false\";s:4:\"name\";s:15:\"Kein Schmankerl\";}s:11:\"background1\";s:64:\"{mediaPath}content/media/retailer/1/spot_image_585bf54060c70.jpg\";s:6:\"offer2\";a:2:{s:2:\"id\";s:5:\"false\";s:4:\"name\";s:15:\"Kein Schmankerl\";}s:11:\"background2\";s:64:\"{mediaPath}content/media/retailer/1/spot_image_580f166aa1480.jpg\";s:10:\"offerText2\";s:380:\"<FONT SIZE=\"100\">\n<FONT face=\"{font2}\">Saftiger</FONT><br>\nSCHOPF-<br>\nBRATEN\n</FONT>\n\n<TEXTFORMAT LEADING=\"20\"><FONT SIZE=\"45\">\n...............................................................<br>\n</FONT></TEXTFORMAT>\n\n<TEXTFORMAT LEADING=\"5\"><FONT SIZE=\"50\" face=\"{font2}\">\nStark durchwachsenes, klassisches Schweinsbratenstück ohne Schwarte & ohne Knochen.\n</FONT></TEXTFORMAT>\";s:9:\"headline2\";s:6:\"WOCHEN\";s:12:\"subheadline2\";s:10:\"Schmankerl\";s:5:\"hpos2\";s:4:\"oben\";s:7:\"footer2\";s:26:\"Kilo statt 13,90 jetzt nur\";s:6:\"price2\";s:4:\"9,80\";}',NULL,0,0,0,14,165,1),(2639,NULL,'2019-01-18 13:57:02','2019-01-18 13:58:44','c.haas','Szegediener Krautfleisch_2','thumb_1_2639.jpg','a:11:{s:6:\"layout\";s:4:\"halb\";s:6:\"offer1\";a:2:{s:2:\"id\";s:5:\"false\";s:4:\"name\";s:15:\"Kein Schmankerl\";}s:11:\"background1\";s:64:\"{mediaPath}content/media/retailer/1/spot_image_585bf54060c70.jpg\";s:6:\"offer2\";a:2:{s:2:\"id\";s:5:\"false\";s:4:\"name\";s:15:\"Kein Schmankerl\";}s:11:\"background2\";s:64:\"{mediaPath}content/media/retailer/1/spot_image_580f166aa1480.jpg\";s:10:\"offerText2\";s:386:\"<FONT SIZE=\"100\">\n<FONT face=\"{font2}\">\nSaftige</FONT><br>\nSCHWEINS-<br>\nSCHULTER\n</FONT>\n\n<TEXTFORMAT LEADING=\"20\"><FONT SIZE=\"45\">\n...............................................................<br>\n</FONT></TEXTFORMAT>\n\n<TEXTFORMAT LEADING=\"5\"><FONT SIZE=\"50\" face=\"{font2}\">\nBesonders zart & saftig - eignet sich zum Braten & z.B. für Szegediener Krautfleisch.\n</FONT></TEXTFORMAT>\";s:9:\"headline2\";s:6:\"WOCHEN\";s:12:\"subheadline2\";s:10:\"Schmankerl\";s:5:\"hpos2\";s:4:\"oben\";s:7:\"footer2\";s:26:\"Kilo statt 11,50 jetzt nur\";s:6:\"price2\";s:4:\"8,90\";}',NULL,0,0,0,14,165,1),(2640,NULL,'2019-01-27 15:23:02','2019-01-27 15:26:31','c.haas','Siedfleisch_Tafelspitz','thumb_1_2640.jpg','a:11:{s:6:\"layout\";s:4:\"halb\";s:6:\"offer1\";a:2:{s:2:\"id\";s:5:\"false\";s:4:\"name\";s:15:\"Kein Schmankerl\";}s:11:\"background1\";s:64:\"{mediaPath}content/media/retailer/1/spot_image_57fb9886a0553.jpg\";s:6:\"offer2\";a:2:{s:2:\"id\";s:5:\"false\";s:4:\"name\";s:15:\"Kein Schmankerl\";}s:11:\"background2\";s:64:\"{mediaPath}content/media/retailer/1/spot_image_580f166aa1480.jpg\";s:10:\"offerText2\";s:307:\"<FONT SIZE=\"100\">\n<FONT face=\"{font2}\">\n </FONT><br>\nTAFEL-<br>\nSPITZ\n</FONT>\n\n<TEXTFORMAT LEADING=\"20\"><FONT SIZE=\"45\">\n...............................................................<br>\n</FONT></TEXTFORMAT>\n\n<TEXTFORMAT LEADING=\"5\"><FONT SIZE=\"50\" face=\"{font2}\">\nder zarte Klassiker\n</FONT></TEXTFORMAT>\";s:9:\"headline2\";s:14:\"GUSTOSTÜCKERL\";s:12:\"subheadline2\";s:20:\"für jeden Geschmack\";s:5:\"hpos2\";s:4:\"oben\";s:7:\"footer2\";s:9:\"100 Gramm\";s:6:\"price2\";s:4:\"2,49\";}',NULL,0,0,0,14,165,1),(2641,NULL,'2019-01-27 15:27:01','2019-01-27 15:29:03','c.haas','Siedfleisch_Schulterscherzel','thumb_1_2641.jpg','a:11:{s:6:\"layout\";s:4:\"halb\";s:6:\"offer1\";a:2:{s:2:\"id\";s:5:\"false\";s:4:\"name\";s:15:\"Kein Schmankerl\";}s:11:\"background1\";s:64:\"{mediaPath}content/media/retailer/1/spot_image_57fb9886a0553.jpg\";s:6:\"offer2\";a:2:{s:2:\"id\";s:5:\"false\";s:4:\"name\";s:15:\"Kein Schmankerl\";}s:11:\"background2\";s:64:\"{mediaPath}content/media/retailer/1/spot_image_580f166aa1480.jpg\";s:10:\"offerText2\";s:313:\"<FONT SIZE=\"100\">\n<FONT face=\"{font2}\">\n </FONT><br>\nSCHULTER-<br>\nSCHERZEL\n</FONT>\n\n<TEXTFORMAT LEADING=\"20\"><FONT SIZE=\"45\">\n...............................................................<br>\n</FONT></TEXTFORMAT>\n\n<TEXTFORMAT LEADING=\"5\"><FONT SIZE=\"50\" face=\"{font2}\">\nsaftig & aromatisch\n</FONT></TEXTFORMAT>\";s:9:\"headline2\";s:14:\"GUSTOSTÜCKERL\";s:12:\"subheadline2\";s:20:\"für jeden Geschmack\";s:5:\"hpos2\";s:4:\"oben\";s:7:\"footer2\";s:9:\"100 Gramm\";s:6:\"price2\";s:4:\"1,85\";}',NULL,0,0,0,14,165,1),(2642,NULL,'2019-01-27 15:29:36','2019-01-27 15:30:48','c.haas','Siedfleisch_Hüferlspitz','thumb_1_2642.jpg','a:11:{s:6:\"layout\";s:4:\"halb\";s:6:\"offer1\";a:2:{s:2:\"id\";s:5:\"false\";s:4:\"name\";s:15:\"Kein Schmankerl\";}s:11:\"background1\";s:64:\"{mediaPath}content/media/retailer/1/spot_image_57fb9886a0553.jpg\";s:6:\"offer2\";a:2:{s:2:\"id\";s:5:\"false\";s:4:\"name\";s:15:\"Kein Schmankerl\";}s:11:\"background2\";s:64:\"{mediaPath}content/media/retailer/1/spot_image_580f166aa1480.jpg\";s:10:\"offerText2\";s:322:\"<FONT SIZE=\"100\">\n<FONT face=\"{font2}\">\n </FONT><br>\nHÜFERL-<br>\nSPITZ\n</FONT>\n\n<TEXTFORMAT LEADING=\"20\"><FONT SIZE=\"45\">\n...............................................................<br>\n</FONT></TEXTFORMAT>\n\n<TEXTFORMAT LEADING=\"5\"><FONT SIZE=\"50\" face=\"{font2}\">\nzarte Alternative zum Tafelspitz\n</FONT></TEXTFORMAT>\";s:9:\"headline2\";s:14:\"GUSTOSTÜCKERL\";s:12:\"subheadline2\";s:20:\"für jeden Geschmack\";s:5:\"hpos2\";s:4:\"oben\";s:7:\"footer2\";s:9:\"100 Gramm\";s:6:\"price2\";s:4:\"1,89\";}',NULL,0,0,0,14,165,1),(2643,NULL,'2019-01-27 15:31:21','2019-01-27 15:33:03','c.haas','Siedfleisch_MageresMeisel','thumb_1_2641.jpg','a:11:{s:6:\"layout\";s:4:\"halb\";s:6:\"offer1\";a:2:{s:2:\"id\";s:5:\"false\";s:4:\"name\";s:15:\"Kein Schmankerl\";}s:11:\"background1\";s:64:\"{mediaPath}content/media/retailer/1/spot_image_57fb9886a0553.jpg\";s:6:\"offer2\";a:2:{s:2:\"id\";s:5:\"false\";s:4:\"name\";s:15:\"Kein Schmankerl\";}s:11:\"background2\";s:64:\"{mediaPath}content/media/retailer/1/spot_image_580f166aa1480.jpg\";s:10:\"offerText2\";s:317:\"<FONT SIZE=\"100\">\n<FONT face=\"{font2}\">\n </FONT><br>\nMAGERES-<br>\nMEISEL\n</FONT>\n\n<TEXTFORMAT LEADING=\"20\"><FONT SIZE=\"45\">\n...............................................................<br>\n</FONT></TEXTFORMAT>\n\n<TEXTFORMAT LEADING=\"5\"><FONT SIZE=\"50\" face=\"{font2}\">\nbesonders leicht & fettarm\n</FONT></TEXTFORMAT>\";s:9:\"headline2\";s:14:\"GUSTOSTÜCKERL\";s:12:\"subheadline2\";s:20:\"für jeden Geschmack\";s:5:\"hpos2\";s:4:\"oben\";s:7:\"footer2\";s:9:\"100 Gramm\";s:6:\"price2\";s:4:\"1,85\";}',NULL,0,0,0,14,165,1),(2644,1,'2019-01-27 15:40:19','2019-01-27 15:40:19','c.haas','Leberkäse-Gruppenfoto-119046','5c4dc2d2c8b78.png','a:1:{s:5:\"image\";s:64:\"{mediaPath}content/media/retailer/1/spot_image_5c4dc2d2c28ee.jpg\";}',NULL,0,0,0,4,150,1),(2645,NULL,'2019-01-27 15:41:27','2019-01-28 09:06:38','c.haas','Feinkost_Lerbkäs','thumb_1_2645.jpg','a:22:{s:6:\"layout\";s:4:\"halb\";s:6:\"offer1\";a:2:{s:2:\"id\";s:5:\"false\";s:4:\"name\";s:12:\"Kein Angebot\";}s:16:\"offerBackground1\";s:3:\"Rot\";s:11:\"background1\";s:64:\"{mediaPath}content/media/retailer/1/spot_image_5c4dc2d2c28ee.jpg\";s:9:\"headline1\";s:9:\"LEBERKÄS\";s:12:\"subheadline1\";s:20:\"Original Neu Erlaaer\";s:5:\"hpos1\";s:5:\"unten\";s:7:\"footer1\";s:0:\"\";s:6:\"price1\";s:0:\"\";s:6:\"offer2\";a:2:{s:2:\"id\";s:5:\"false\";s:4:\"name\";s:15:\"Kein Schmankerl\";}s:16:\"offerBackground2\";s:3:\"Rot\";s:11:\"background2\";s:64:\"{mediaPath}content/media/retailer/1/spot_image_580f166aa1480.jpg\";s:5:\"hpos2\";s:4:\"oben\";s:16:\"offerBackground3\";s:3:\"Rot\";s:5:\"hpos3\";s:4:\"oben\";s:6:\"offer3\";a:2:{s:2:\"id\";s:5:\"false\";s:4:\"name\";s:12:\"Kein Angebot\";}s:9:\"headline2\";s:26:\"QUALITÄT\nDIE MAN SCHMECKT\";s:12:\"subheadline2\";s:0:\"\";s:7:\"footer2\";s:9:\"100 Gramm\";s:6:\"price2\";s:4:\"1,89\";s:6:\"color1\";s:0:\"\";s:10:\"offerText2\";s:368:\"<FONT SIZE=\"100\">\n<FONT face=\"{font2}\">Original<br>Neu Erlaaer</FONT><br>\nLEBERKÄS\n</FONT>\n\n<TEXTFORMAT LEADING=\"20\"><FONT SIZE=\"45\">\n...............................................................<br>\n</FONT></TEXTFORMAT>\n\n<TEXTFORMAT LEADING=\"5\"><FONT SIZE=\"45\" face=\"{font2}\">\nUnsere feine Leberkäs Delikatesse <br>mit zartem Kalbfleisch.<br>\n</FONT></TEXTFORMAT>\";}',NULL,30,0,0,14,150,1),(2646,1,'2019-02-18 10:05:45','2019-02-18 10:05:45','c.haas','ZürcherGschnetzeltes9527','5c6a75689d17e.png','a:1:{s:5:\"image\";s:64:\"{mediaPath}content/media/retailer/1/spot_image_5c6a756892fca.jpg\";}',NULL,0,0,0,4,165,1),(2647,NULL,'2019-02-18 10:05:56','2019-02-18 10:16:06','c.haas','Pfanne_Rindfleischpfanne','thumb_1_2647.jpg','a:14:{s:6:\"layout\";s:4:\"halb\";s:6:\"offer1\";a:2:{s:2:\"id\";s:5:\"false\";s:4:\"name\";s:15:\"Kein Schmankerl\";}s:11:\"background1\";s:64:\"{mediaPath}content/media/retailer/1/spot_image_5c6a756892fca.jpg\";s:6:\"offer2\";a:2:{s:2:\"id\";s:5:\"false\";s:4:\"name\";s:15:\"Kein Schmankerl\";}s:11:\"background2\";s:64:\"{mediaPath}content/media/retailer/1/spot_image_580f166aa1480.jpg\";s:10:\"offerText2\";s:412:\"<FONT SIZE=\"100\">\n<FONT>\nRINDFLEISCH<br>\nPFANNE\n</FONT><br>\n<FONT face=\"{font2}\">mit Pilzen</FONT>\n\n\n\n<TEXTFORMAT LEADING=\"20\"><FONT SIZE=\"45\">\n...............................................................<br>\n</FONT></TEXTFORMAT>\n\n<TEXTFORMAT LEADING=\"5\"><FONT SIZE=\"50\" face=\"{font2}\">\nSaftiges Rindfleisch pikant mariniert – kurz in der Pfanne anbraten & mit Creme Fraiche verfeinern.\n</FONT></TEXTFORMAT>\";s:9:\"headline2\";s:16:\"PFANNE\nDER WOCHE\";s:12:\"subheadline2\";s:0:\"\";s:5:\"hpos2\";s:4:\"oben\";s:7:\"footer2\";s:9:\"100 Gramm\";s:6:\"price2\";s:4:\"2,45\";s:9:\"headline1\";s:6:\"PFANNE\";s:12:\"subheadline1\";s:8:\"Schnelle\";s:5:\"hpos1\";s:5:\"unten\";}',NULL,30,0,0,14,165,1),(2648,NULL,'2019-02-18 10:16:46','2019-02-25 12:26:46','c.haas','Pfanne_Letchopfanne','thumb_1_2648.jpg','a:14:{s:6:\"layout\";s:4:\"halb\";s:6:\"offer1\";a:2:{s:2:\"id\";s:5:\"false\";s:4:\"name\";s:15:\"Kein Schmankerl\";}s:11:\"background1\";s:64:\"{mediaPath}content/media/retailer/1/spot_image_5c6bb3d759ef8.jpg\";s:6:\"offer2\";a:2:{s:2:\"id\";s:5:\"false\";s:4:\"name\";s:15:\"Kein Schmankerl\";}s:11:\"background2\";s:64:\"{mediaPath}content/media/retailer/1/spot_image_580f166aa1480.jpg\";s:10:\"offerText2\";s:436:\"<FONT SIZE=\"100\">\n<FONT>\nLETSCHO-<br>\nPFANNE\n</FONT><br>\n<FONT face=\"{font2}\">vom Schweinsfilet</FONT>\n\n\n\n<TEXTFORMAT LEADING=\"20\"><FONT SIZE=\"45\">\n...............................................................<br>\n</FONT></TEXTFORMAT>\n\n<TEXTFORMAT LEADING=\"5\"><FONT SIZE=\"50\" face=\"{font2}\">\nZartes Schweinsfilet pikant mariniert mit Paprikastreifen – kurz in der Pfanne anbraten & mit Creme Fraiche verfeinern.\n</FONT></TEXTFORMAT>\";s:9:\"headline2\";s:16:\"PFANNE\nDER WOCHE\";s:12:\"subheadline2\";s:0:\"\";s:5:\"hpos2\";s:4:\"oben\";s:7:\"footer2\";s:9:\"100 Gramm\";s:6:\"price2\";s:4:\"2,35\";s:9:\"headline1\";s:6:\"PFANNE\";s:12:\"subheadline1\";s:8:\"Schnelle\";s:5:\"hpos1\";s:5:\"unten\";}',NULL,30,0,0,14,165,1),(2649,NULL,'2019-02-18 10:37:22','2019-02-19 08:45:02','c.haas','Pfanne_Geflügelpfanne','thumb_1_2649.jpg','a:14:{s:6:\"layout\";s:4:\"halb\";s:6:\"offer1\";a:2:{s:2:\"id\";s:5:\"false\";s:4:\"name\";s:15:\"Kein Schmankerl\";}s:11:\"background1\";s:64:\"{mediaPath}content/media/retailer/1/spot_image_5c6bb3d759ef8.jpg\";s:6:\"offer2\";a:2:{s:2:\"id\";s:5:\"false\";s:4:\"name\";s:15:\"Kein Schmankerl\";}s:11:\"background2\";s:64:\"{mediaPath}content/media/retailer/1/spot_image_580f166aa1480.jpg\";s:10:\"offerText2\";s:430:\"<FONT SIZE=\"100\">\n<FONT>\nGEFLÜGEL-<br>\nPFANNE\n</FONT><br>\n<FONT face=\"{font2}\">mit Pilzen & Speck</FONT>\n\n\n\n<TEXTFORMAT LEADING=\"20\"><FONT SIZE=\"45\">\n...............................................................<br>\n</FONT></TEXTFORMAT>\n\n<TEXTFORMAT LEADING=\"5\"><FONT SIZE=\"50\" face=\"{font2}\">\nZarte Hühnerfilet-Streifen in Steinpilzmarinade – kurz in der Pfanne anbraten & mit Creme Fraiche verfeinern.\n</FONT></TEXTFORMAT>\";s:9:\"headline2\";s:16:\"PFANNE\nDER WOCHE\";s:12:\"subheadline2\";s:0:\"\";s:5:\"hpos2\";s:4:\"oben\";s:7:\"footer2\";s:9:\"100 Gramm\";s:6:\"price2\";s:4:\"1,85\";s:9:\"headline1\";s:6:\"PFANNE\";s:12:\"subheadline1\";s:8:\"Schnelle\";s:5:\"hpos1\";s:5:\"unten\";}',NULL,30,0,0,14,165,1),(2650,1,'2019-02-18 10:44:16','2019-02-18 10:44:16','c.haas','Zwiebelrostbraten10707','5c6a7e705fa66.png','a:1:{s:5:\"image\";s:64:\"{mediaPath}content/media/retailer/1/spot_image_5c6a7e705556e.jpg\";}',NULL,0,0,0,4,165,1),(2651,1,'2019-02-18 10:44:17','2019-02-18 10:44:17','c.haas','Rindsroulade10642','5c6a7e70e8af6.png','a:1:{s:5:\"image\";s:64:\"{mediaPath}content/media/retailer/1/spot_image_5c6a7e70e5597.jpg\";}',NULL,0,0,0,4,165,1),(2652,NULL,'2019-02-18 10:44:37','2019-02-22 10:20:40','c.haas','Rindsroulade','thumb_1_2652.jpg','a:14:{s:6:\"layout\";s:4:\"halb\";s:6:\"offer1\";a:2:{s:2:\"id\";s:5:\"false\";s:4:\"name\";s:15:\"Kein Schmankerl\";}s:11:\"background1\";s:64:\"{mediaPath}content/media/retailer/1/spot_image_5c6a7e70e5597.jpg\";s:6:\"offer2\";a:2:{s:2:\"id\";s:5:\"false\";s:4:\"name\";s:15:\"Kein Schmankerl\";}s:11:\"background2\";s:64:\"{mediaPath}content/media/retailer/1/spot_image_580f166aa1480.jpg\";s:10:\"offerText2\";s:424:\"<FONT SIZE=\"100\">\n<FONT face=\"{font2}\">g\'schmackige\n </FONT><br>\nRINDS-<br>\nROULADE\n</FONT>\n\n<TEXTFORMAT LEADING=\"20\"><FONT SIZE=\"45\">\n...............................................................<br>\n</FONT></TEXTFORMAT>\n\n<TEXTFORMAT LEADING=\"5\"><FONT SIZE=\"50\" face=\"{font2}\">\nSaftiges Rindfleisch gefüllt mit Speck, Karotten, Sellerie & Gurkerl. Ein kulinarisches Schmankerl aus der Wiener Küche!\n</FONT></TEXTFORMAT>\";s:9:\"headline2\";s:26:\"QUALITÄT DIE\nMAN SCHMECKT\";s:12:\"subheadline2\";s:0:\"\";s:5:\"hpos2\";s:4:\"oben\";s:7:\"footer2\";s:9:\"100 Gramm\";s:6:\"price2\";s:4:\"2,05\";s:12:\"subheadline1\";s:0:\"\";s:9:\"headline1\";s:14:\"RINDS-\nROULADE\";s:6:\"color1\";s:5:\"black\";}',NULL,0,0,0,14,165,1),(2653,NULL,'2019-02-18 10:52:14','2019-10-02 09:14:43','c.haas','Rostbraten','thumb_1_2653.jpg','a:14:{s:6:\"layout\";s:4:\"halb\";s:6:\"offer1\";a:2:{s:2:\"id\";s:5:\"false\";s:4:\"name\";s:15:\"Kein Schmankerl\";}s:11:\"background1\";s:64:\"{mediaPath}content/media/retailer/1/spot_image_5c6a7e705556e.jpg\";s:6:\"offer2\";a:2:{s:2:\"id\";s:5:\"false\";s:4:\"name\";s:15:\"Kein Schmankerl\";}s:11:\"background2\";s:64:\"{mediaPath}content/media/retailer/1/spot_image_580f166aa1480.jpg\";s:10:\"offerText2\";s:392:\"<FONT SIZE=\"100\">\n<FONT face=\"{font2}\">Genuss Plus\n </FONT><br>\nROST-<br>\nBRATEN\n</FONT>\n\n<TEXTFORMAT LEADING=\"20\"><FONT SIZE=\"45\">\n...............................................................<br>\n</FONT></TEXTFORMAT>\n\n<TEXTFORMAT LEADING=\"5\"><FONT SIZE=\"50\" face=\"{font2}\">\nSaftig durchzogen, besonders geeignet zum Kurzbraten. Mindestens 21 Tage Genuss Plus gereift!\n</FONT></TEXTFORMAT>\";s:9:\"headline2\";s:26:\"QUALITÄT DIE\nMAN SCHMECKT\";s:12:\"subheadline2\";s:0:\"\";s:5:\"hpos2\";s:4:\"oben\";s:7:\"footer2\";s:9:\"100 Gramm\";s:6:\"price2\";s:4:\"2,49\";s:12:\"subheadline1\";s:0:\"\";s:9:\"headline1\";s:12:\"ROST-\nBRATEN\";s:6:\"color1\";s:5:\"black\";}',NULL,30,0,0,14,165,1),(2656,NULL,'2019-02-18 11:23:15','2019-02-18 11:25:29','c.haas','Feinkost_Heringsschmaus_2','thumb_1_2656.jpg','a:25:{s:6:\"offer1\";a:2:{s:2:\"id\";s:5:\"false\";s:4:\"name\";s:12:\"Kein Angebot\";}s:11:\"background1\";s:64:\"{mediaPath}content/media/retailer/1/spot_image_5a5f0c4c69372.jpg\";s:9:\"headline1\";s:18:\"ROTER\nHERINGSSALAT\";s:12:\"subheadline1\";s:0:\"\";s:6:\"offer2\";a:2:{s:2:\"id\";s:5:\"false\";s:4:\"name\";s:12:\"Kein Angebot\";}s:11:\"background2\";s:64:\"{mediaPath}content/media/retailer/1/spot_image_5a5f0c4d7b39f.jpg\";s:9:\"headline2\";s:16:\"HERINGS-\nSCHMAUS\";s:12:\"subheadline2\";s:0:\"\";s:6:\"offer3\";a:2:{s:2:\"id\";s:5:\"false\";s:4:\"name\";s:12:\"Kein Angebot\";}s:11:\"background3\";s:64:\"{mediaPath}content/media/retailer/1/spot_image_57fb98a162818.jpg\";s:9:\"headline3\";s:0:\"\";s:12:\"subheadline3\";s:0:\"\";s:5:\"hpos1\";s:5:\"unten\";s:6:\"layout\";s:4:\"halb\";s:16:\"offerBackground1\";s:3:\"Rot\";s:16:\"offerBackground2\";s:3:\"Rot\";s:5:\"hpos2\";s:4:\"oben\";s:16:\"offerBackground3\";s:3:\"Rot\";s:5:\"hpos3\";s:5:\"unten\";s:10:\"offerText1\";s:0:\"\";s:7:\"footer1\";s:9:\"100 Gramm\";s:6:\"price1\";s:4:\"2,19\";s:10:\"offerText2\";s:407:\"<FONT SIZE=\"100\">\n<FONT>\nHERINGS-<br>\nFILET\n</FONT><br>\n<FONT face=\"{font2}\">Obers-Apfel</FONT>\n\n\n\n<TEXTFORMAT LEADING=\"20\"><FONT SIZE=\"45\">\n...............................................................<br>\n</FONT></TEXTFORMAT>\n\n<TEXTFORMAT LEADING=\"5\"><FONT SIZE=\"50\" face=\"{font2}\">\nFein marinierte Herings-Happen in einer milden Joghurt-Obers-Sauce mit frischen Äpfeln & Zwiebeln.\n</FONT></TEXTFORMAT>\";s:7:\"footer2\";s:9:\"100 Gramm\";s:6:\"price2\";s:4:\"2,19\";}',NULL,30,0,0,14,143,1),(2657,NULL,'2019-02-18 11:36:12','2019-02-18 11:44:53','c.haas','Feinkost_Heringsschmaus_3','thumb_1_2657.jpg','a:25:{s:6:\"offer1\";a:2:{s:2:\"id\";s:5:\"false\";s:4:\"name\";s:12:\"Kein Angebot\";}s:11:\"background1\";s:64:\"{mediaPath}content/media/retailer/1/spot_image_5a5f0c4e83a6a.jpg\";s:9:\"headline1\";s:23:\"GÖTEBORGER\nHERINGSTOPF\";s:12:\"subheadline1\";s:0:\"\";s:6:\"offer2\";a:2:{s:2:\"id\";s:5:\"false\";s:4:\"name\";s:12:\"Kein Angebot\";}s:11:\"background2\";s:64:\"{mediaPath}content/media/retailer/1/spot_image_5a5f0c4d7b39f.jpg\";s:9:\"headline2\";s:16:\"HERINGS-\nSCHMAUS\";s:12:\"subheadline2\";s:0:\"\";s:6:\"offer3\";a:2:{s:2:\"id\";s:5:\"false\";s:4:\"name\";s:12:\"Kein Angebot\";}s:11:\"background3\";s:64:\"{mediaPath}content/media/retailer/1/spot_image_57fb98a162818.jpg\";s:9:\"headline3\";s:0:\"\";s:12:\"subheadline3\";s:0:\"\";s:5:\"hpos1\";s:5:\"unten\";s:6:\"layout\";s:4:\"halb\";s:16:\"offerBackground1\";s:3:\"Rot\";s:16:\"offerBackground2\";s:3:\"Rot\";s:5:\"hpos2\";s:4:\"oben\";s:16:\"offerBackground3\";s:3:\"Rot\";s:5:\"hpos3\";s:5:\"unten\";s:10:\"offerText1\";s:0:\"\";s:7:\"footer1\";s:9:\"100 Gramm\";s:6:\"price1\";s:4:\"2,19\";s:10:\"offerText2\";s:340:\"<FONT SIZE=\"100\">\n<FONT>\nSENF-<br>\nKRÄUTER<br>\nHAPPEN<br>\n</FONT>\n\n\n\n\n<TEXTFORMAT LEADING=\"20\"><FONT SIZE=\"45\">\n...............................................................<br>\n</FONT></TEXTFORMAT>\n\n<TEXTFORMAT LEADING=\"5\"><FONT SIZE=\"50\" face=\"{font2}\">\nFruchtig-pikant mit roten Zwiebeln, Kräutern, Honig & Senf.\n</FONT></TEXTFORMAT>\";s:7:\"footer2\";s:9:\"100 Gramm\";s:6:\"price2\";s:4:\"2,19\";}',NULL,0,0,0,14,143,1),(2658,NULL,'2019-02-18 11:45:21','2019-02-18 11:46:42','c.haas','Feinkost_Heringsschmaus_4','thumb_1_2656.jpg','a:25:{s:6:\"offer1\";a:2:{s:2:\"id\";s:5:\"false\";s:4:\"name\";s:12:\"Kein Angebot\";}s:11:\"background1\";s:64:\"{mediaPath}content/media/retailer/1/spot_image_5a5f0c4c69372.jpg\";s:9:\"headline1\";s:18:\"ROTER\nHERINGSSALAT\";s:12:\"subheadline1\";s:0:\"\";s:6:\"offer2\";a:2:{s:2:\"id\";s:5:\"false\";s:4:\"name\";s:12:\"Kein Angebot\";}s:11:\"background2\";s:64:\"{mediaPath}content/media/retailer/1/spot_image_5a5f0c4d7b39f.jpg\";s:9:\"headline2\";s:16:\"HERINGS-\nSCHMAUS\";s:12:\"subheadline2\";s:0:\"\";s:6:\"offer3\";a:2:{s:2:\"id\";s:5:\"false\";s:4:\"name\";s:12:\"Kein Angebot\";}s:11:\"background3\";s:64:\"{mediaPath}content/media/retailer/1/spot_image_57fb98a162818.jpg\";s:9:\"headline3\";s:0:\"\";s:12:\"subheadline3\";s:0:\"\";s:5:\"hpos1\";s:5:\"unten\";s:6:\"layout\";s:4:\"halb\";s:16:\"offerBackground1\";s:3:\"Rot\";s:16:\"offerBackground2\";s:3:\"Rot\";s:5:\"hpos2\";s:4:\"oben\";s:16:\"offerBackground3\";s:3:\"Rot\";s:5:\"hpos3\";s:5:\"unten\";s:10:\"offerText1\";s:0:\"\";s:7:\"footer1\";s:9:\"100 Gramm\";s:6:\"price1\";s:4:\"2,19\";s:10:\"offerText2\";s:368:\"<FONT SIZE=\"100\">\n<FONT>\nHERINGS-<br>\nHAPPEN\n</FONT><br>\n<FONT face=\"{font2}\">Zitronen-Minze</FONT>\n\n\n\n<TEXTFORMAT LEADING=\"20\"><FONT SIZE=\"45\">\n...............................................................<br>\n</FONT></TEXTFORMAT>\n\n<TEXTFORMAT LEADING=\"5\"><FONT SIZE=\"50\" face=\"{font2}\">\nMit frischen Gurken, Äpfeln & Lauch in feinem Dressing.\n</FONT></TEXTFORMAT>\";s:7:\"footer2\";s:9:\"100 Gramm\";s:6:\"price2\";s:4:\"2,19\";}',NULL,30,0,0,14,143,1),(2659,1,'2019-02-19 08:44:23','2019-02-19 08:44:23','c.haas','Hühnergeschnetzeltes10174','5c6bb3d75e781.png','a:1:{s:5:\"image\";s:64:\"{mediaPath}content/media/retailer/1/spot_image_5c6bb3d759ef8.jpg\";}',NULL,0,0,0,4,165,1),(2660,1,'2019-03-07 07:07:10','2019-03-07 07:07:10','c.haas','Screen Produktaktivierung_ADL_Orig._05L','5c80b50ca5a39.png','a:1:{s:5:\"image\";s:64:\"{mediaPath}content/media/retailer/1/spot_image_5c80b50c9e8fe.jpg\";}',NULL,0,0,0,4,134,1),(2661,1,'2019-03-07 07:07:17','2019-03-07 07:07:17','c.haas','Screen Produktaktivierung_ADL_Orig._05L.jpg2','5c80b5131cbe2.png','a:1:{s:5:\"image\";s:64:\"{mediaPath}content/media/retailer/1/spot_image_5c80b51313609.jpg\";}',NULL,0,0,0,4,134,1),(2663,1,'2019-03-07 14:48:09','2019-03-07 14:48:09','c.haas','Bärlauch 2019_kassen2','5c812116c42fc.png','a:1:{s:5:\"image\";s:64:\"{mediaPath}content/media/retailer/1/spot_image_5c812116be7c5.jpg\";}',NULL,0,0,0,4,148,1),(2664,1,'2019-03-07 14:48:15','2019-03-07 14:48:15','c.haas','Bärlauch 2019_kassen','5c81211c54b51.png','a:1:{s:5:\"image\";s:64:\"{mediaPath}content/media/retailer/1/spot_image_5c81211c4b565.jpg\";}',NULL,0,0,0,4,148,1),(2666,1,'2019-03-07 14:55:17','2019-03-07 14:55:17','c.haas','Bärlauchschinken_corr','5c8122c4a7758.png','a:1:{s:5:\"image\";s:64:\"{mediaPath}content/media/retailer/1/spot_image_5c8122c49e791.jpg\";}',NULL,0,0,0,4,148,1),(2668,NULL,'2019-03-07 15:08:57','2019-03-14 08:34:45','c.haas','Bärlauch_Beinschinken','thumb_1_2668.jpg','a:27:{s:6:\"offer1\";a:2:{s:2:\"id\";s:5:\"false\";s:4:\"name\";s:12:\"Kein Angebot\";}s:11:\"background1\";s:64:\"{mediaPath}content/media/retailer/1/spot_image_5c8122c49e791.jpg\";s:9:\"headline1\";s:22:\"BÄRLAUCH\nBEINSCHINKEN\";s:12:\"subheadline1\";s:8:\"Saftiger\";s:7:\"footer1\";s:9:\"100 Gramm\";s:6:\"price1\";s:4:\"2,55\";s:6:\"offer2\";a:2:{s:2:\"id\";s:5:\"false\";s:4:\"name\";s:15:\"Kein Schmankerl\";}s:11:\"background2\";s:64:\"{mediaPath}content/media/retailer/1/spot_image_58b7ff70cd27b.jpg\";s:9:\"headline2\";s:15:\"ALLES\nBÄRLAUCH\";s:12:\"subheadline2\";s:0:\"\";s:7:\"footer2\";s:9:\"ca. 400 g\";s:6:\"price2\";s:4:\"4,98\";s:6:\"offer3\";a:2:{s:2:\"id\";s:5:\"false\";s:4:\"name\";s:12:\"Kein Angebot\";}s:11:\"background3\";a:2:{s:2:\"id\";s:64:\"{mediaPath}content/media/retailer/1/spot_image_57bec6ef8b6c3.jpg\";s:4:\"name\";s:23:\"drittel_Bratwursttag3+1\";}s:9:\"headline3\";s:15:\"BRATWURST-\nTAG!\";s:12:\"subheadline3\";s:14:\"Donnerstag ist\";s:7:\"footer3\";s:63:\"Wählen Sie aus\n6 verschiedenen Sorten.\n4 Packungen statt 11,60\";s:6:\"price3\";s:4:\"8,70\";s:6:\"layout\";s:4:\"halb\";s:5:\"hpos1\";s:5:\"unten\";s:16:\"offerBackground2\";s:3:\"Rot\";s:5:\"hpos2\";s:4:\"oben\";s:16:\"offerBackground3\";s:3:\"Rot\";s:5:\"hpos3\";s:5:\"unten\";s:16:\"offerBackground1\";s:3:\"Rot\";s:10:\"offerText2\";s:389:\"<FONT SIZE=\"100\">\n<FONT face=\"{font2}\">Bärlauch</FONT><br>\nSCHINKEN-<br>\nKRANZL<br>\n\n\n<TEXTFORMAT LEADING=\"20\"><FONT SIZE=\"45\">\n.......................................................................<br>\n</FONT></TEXTFORMAT>\n\n<TEXTFORMAT LEADING=\"5\"><FONT SIZE=\"45\" face=\"{font2}\">\nUnser beliebtes Jausenkranzl als <br>saisonale Variante mit Bärlauch<br> verfeinert.\n</FONT></TEXTFORMAT>\";s:6:\"color1\";s:5:\"black\";}',NULL,30,0,0,14,148,1),(2669,1,'2019-03-07 15:16:25','2019-03-07 15:16:25','c.haas','CoqAWin47278','5c8127b924cdb.png','a:1:{s:5:\"image\";s:64:\"{mediaPath}content/media/retailer/1/spot_image_5c8127b921cfa.jpg\";}',NULL,0,0,0,4,165,1),(2670,NULL,'2019-03-07 15:16:36','2019-09-26 12:38:00','radatz','Fleisch_JH_Schnitzel','thumb_1_2670.jpg','a:14:{s:6:\"layout\";s:4:\"halb\";s:6:\"offer1\";a:2:{s:2:\"id\";s:5:\"false\";s:4:\"name\";s:15:\"Kein Schmankerl\";}s:11:\"background1\";s:64:\"{mediaPath}content/media/retailer/1/spot_image_5c8127b921cfa.jpg\";s:6:\"offer2\";a:2:{s:2:\"id\";s:5:\"false\";s:4:\"name\";s:15:\"Kein Schmankerl\";}s:11:\"background2\";s:64:\"{mediaPath}content/media/retailer/1/spot_image_580f166aa1480.jpg\";s:10:\"offerText2\";s:410:\"<FONT SIZE=\"100\">\n\nHÜHNER<br>\nFILET\n<br>\n<FONT face=\"{font2}\">mit Haut</FONT><br>\n</FONT>\n<TEXTFORMAT LEADING=\"20\"><FONT SIZE=\"45\">\n...............................................................<br>\n</FONT></TEXTFORMAT>\n\n<TEXTFORMAT LEADING=\"5\"><FONT SIZE=\"50\" face=\"{font2}\">\nBereits fertig ausgelöste Brust vom steirischen Junghuhn - die Haut <br>schützt das zarte Filet beim braten.\n</FONT></TEXTFORMAT>\";s:9:\"headline2\";s:20:\"STEIRISCHES\nJUNGHUHN\";s:12:\"subheadline2\";s:0:\"\";s:5:\"hpos2\";s:4:\"oben\";s:7:\"footer2\";s:9:\"100 Gramm\";s:6:\"price2\";s:4:\"1,65\";s:12:\"subheadline1\";s:0:\"\";s:9:\"headline1\";s:14:\"HÜHNER-\nFILET\";s:6:\"color1\";s:0:\"\";}',NULL,30,0,0,14,165,1),(2730,NULL,'2019-03-26 16:13:02','2019-04-01 08:57:28','admin','waagen JT test','thumb_1_2730.jpg','a:5:{s:11:\"offerHeader\";s:6:\"AKTION\";s:14:\"offerSubHeader\";s:9:\"der Woche\";s:10:\"offerTitle\";s:76:\"<span style=\"font-family:font2\">kesselfrischer</span><br>\nBEIN-<br>\nSCHINKEN\";s:11:\"offerFooter\";s:18:\"100 Gram\njetzt nur\";s:10:\"offerPrice\";s:4:\"2,45\";}',NULL,0,0,0,40,134,1),(2746,1,'2019-03-28 13:37:48','2019-03-28 13:37:48','c.haas','JO_Radatz_Screens_Waage_4e','5c9cc01c28dfb.png','a:1:{s:5:\"image\";s:64:\"{mediaPath}content/media/retailer/1/spot_image_5c9cc01c217e9.jpg\";}',NULL,0,0,0,4,134,1),(2747,1,'2019-03-28 13:38:14','2019-03-28 13:38:14','c.haas','JO_Radatz_Screens_Waage_3e','5c9cc0349bdce.png','a:1:{s:5:\"image\";s:64:\"{mediaPath}content/media/retailer/1/spot_image_5c9cc0348861d.jpg\";}',NULL,0,0,0,4,134,1),(2748,NULL,'2019-04-01 08:31:16','2019-10-15 09:05:24','c.haas','Waagen_Aktion Feinkost','thumb_1_2748.jpg','a:5:{s:11:\"offerHeader\";s:6:\"AKTION\";s:14:\"offerSubHeader\";s:9:\"der Woche\";s:10:\"offerTitle\";s:73:\"<span style=\"font-family:font2\">\nGebratener</span><br>\nBEIN-<br>\nSCHINKEN\";s:11:\"offerFooter\";s:43:\"100 Gramm\nab 150 Gramm statt 2,55 jetzt nur\";s:10:\"offerPrice\";s:4:\"1,98\";}',NULL,0,0,0,40,134,1),(2749,1,'2019-04-04 12:30:41','2019-04-04 12:30:41','c.haas','Lamm13383','5ca5dcd0ce536.png','a:1:{s:5:\"image\";s:64:\"{mediaPath}content/media/retailer/1/spot_image_5ca5dcd0c406d.jpg\";}',NULL,0,0,0,4,149,1),(2750,1,'2019-04-04 12:53:17','2019-04-04 12:53:17','c.haas','Beinschinken_Ostern121960','5ca5e21d397ba.png','a:1:{s:5:\"image\";s:64:\"{mediaPath}content/media/retailer/1/spot_image_5ca5e21d34f9c.jpg\";}',NULL,0,0,0,4,149,1),(2751,1,'2019-04-04 12:53:17','2019-04-04 12:53:17','c.haas','GrosseSchinken39452','5ca5e21db399d.png','a:1:{s:5:\"image\";s:64:\"{mediaPath}content/media/retailer/1/spot_image_5ca5e21db0768.jpg\";}',NULL,0,0,0,4,149,1),(2752,1,'2019-04-04 12:53:18','2019-04-04 12:53:18','c.haas','Kaninchen14733','5ca5e21e198f8.png','a:1:{s:5:\"image\";s:64:\"{mediaPath}content/media/retailer/1/spot_image_5ca5e21e196ab.jpg\";}',NULL,0,0,0,4,149,1),(2753,NULL,'2019-04-04 14:11:34','2019-04-04 14:12:15','c.haas','Feinkost 1_Ostern','thumb_1_2753.jpg','a:25:{s:6:\"offer1\";a:2:{s:2:\"id\";s:5:\"false\";s:4:\"name\";s:15:\"Kein Schmankerl\";}s:11:\"background1\";s:64:\"{mediaPath}content/media/retailer/1/spot_image_595a56699a488.jpg\";s:9:\"headline1\";s:9:\"ROASTBEEF\";s:12:\"subheadline1\";s:13:\"Hausgemachtes\";s:7:\"footer1\";s:9:\"100 Gramm\";s:6:\"price1\";s:4:\"4,25\";s:6:\"offer2\";a:2:{s:2:\"id\";s:5:\"false\";s:4:\"name\";s:15:\"Kein Schmankerl\";}s:11:\"background2\";s:64:\"{mediaPath}content/media/retailer/1/spot_image_5ca5e21d34f9c.jpg\";s:9:\"headline2\";s:12:\"BEINSCHINKEN\";s:12:\"subheadline2\";s:14:\"Kesselfrischer\";s:7:\"footer2\";s:9:\"100 Gramm\";s:6:\"price2\";s:4:\"2,49\";s:6:\"offer3\";a:2:{s:2:\"id\";s:5:\"false\";s:4:\"name\";s:12:\"Kein Angebot\";}s:11:\"background3\";a:2:{s:2:\"id\";s:64:\"{mediaPath}content/media/retailer/1/spot_image_57bec6ef8b6c3.jpg\";s:4:\"name\";s:23:\"drittel_Bratwursttag3+1\";}s:9:\"headline3\";s:15:\"BRATWURST-\nTAG!\";s:12:\"subheadline3\";s:14:\"Donnerstag ist\";s:7:\"footer3\";s:63:\"Wählen Sie aus\n6 verschiedenen Sorten.\n4 Packungen statt 11,60\";s:6:\"price3\";s:4:\"8,70\";s:6:\"layout\";s:4:\"halb\";s:5:\"hpos1\";s:5:\"unten\";s:16:\"offerBackground2\";s:3:\"Rot\";s:5:\"hpos2\";s:5:\"unten\";s:16:\"offerBackground3\";s:3:\"Rot\";s:5:\"hpos3\";s:5:\"unten\";s:16:\"offerBackground1\";s:3:\"Rot\";}',NULL,0,0,0,14,149,1),(2755,1,'2019-04-17 16:26:26','2019-04-17 16:26:26','c.haas','Radatz_Lehrlinge_KassenScreens','5cb7379247e9f.png','a:1:{s:5:\"image\";s:64:\"{mediaPath}content/media/retailer/1/spot_image_5cb7379244044.jpg\";}',NULL,0,0,0,4,134,1),(2756,1,'2019-04-17 16:26:27','2019-04-17 16:26:27','c.haas','Radatz_Lehrlinge_KassenScreens2','5cb73793177ef.png','a:1:{s:5:\"image\";s:64:\"{mediaPath}content/media/retailer/1/spot_image_5cb737931726a.jpg\";}',NULL,0,0,0,4,134,1),(2774,39,'2019-04-26 15:53:13','2019-04-26 15:53:13','admin_jt','50er_hoch','5cc30d3e150cd.png','a:1:{s:5:\"video\";s:65:\"{mediaPath}content/media/retailer/39/spot_video_5cc30d3dacec4.mp4\";}',NULL,0,0,0,2,158,4),(2780,1,'2019-05-05 13:39:10','2019-05-05 13:39:10','c.haas','Knacker_slate_isocoa','5ccecb5e7c9d6.png','a:1:{s:5:\"image\";s:64:\"{mediaPath}content/media/retailer/1/spot_image_5ccecb5e728b8.jpg\";}',NULL,0,0,0,4,150,1),(2781,NULL,'2019-05-05 13:39:17','2019-05-05 13:43:03','c.haas','Feinkost_Knacker_Pariserkranzl','thumb_1_2781.jpg','a:22:{s:6:\"layout\";s:4:\"halb\";s:6:\"offer1\";a:2:{s:2:\"id\";s:5:\"false\";s:4:\"name\";s:12:\"Kein Angebot\";}s:16:\"offerBackground1\";s:3:\"Rot\";s:11:\"background1\";s:64:\"{mediaPath}content/media/retailer/1/spot_image_5ccecb5e728b8.jpg\";s:9:\"headline1\";s:14:\"KALBS-\nKNACKER\";s:12:\"subheadline1\";s:0:\"\";s:5:\"hpos1\";s:5:\"unten\";s:7:\"footer1\";s:33:\"40% weniger Fett\n150 Gramm Stück\";s:6:\"price1\";s:3:\"2,-\";s:6:\"offer2\";a:2:{s:2:\"id\";s:5:\"false\";s:4:\"name\";s:15:\"Kein Schmankerl\";}s:16:\"offerBackground2\";s:3:\"Rot\";s:11:\"background2\";s:64:\"{mediaPath}content/media/retailer/1/spot_image_580f166aa1480.jpg\";s:5:\"hpos2\";s:4:\"oben\";s:16:\"offerBackground3\";s:3:\"Rot\";s:5:\"hpos3\";s:4:\"oben\";s:6:\"offer3\";a:2:{s:2:\"id\";s:5:\"false\";s:4:\"name\";s:12:\"Kein Angebot\";}s:9:\"headline2\";s:26:\"QUALITÄT\nDIE MAN SCHMECKT\";s:12:\"subheadline2\";s:0:\"\";s:7:\"footer2\";s:16:\"450 Gramm Stück\";s:6:\"price2\";s:4:\"4,98\";s:6:\"color1\";s:0:\"\";s:10:\"offerText2\";s:380:\"<FONT SIZE=\"100\">\n<FONT face=\"{font2}\">Leichtes</FONT><br>\nPARISER-<br>\nKRANZL\n</FONT>\n\n<TEXTFORMAT LEADING=\"20\"><FONT SIZE=\"45\">\n...............................................................<br>\n</FONT></TEXTFORMAT>\n\n<TEXTFORMAT LEADING=\"5\"><FONT SIZE=\"45\" face=\"{font2}\">\nOb als Jausenwurst oder\nim Wurstsalat - unser Pariser Kranzl ist immer passend!<br>\n</FONT></TEXTFORMAT>\";}',NULL,30,0,0,14,150,1),(2782,1,'2019-05-05 13:56:17','2019-05-05 13:56:17','c.haas','Wurstsalate4172','5ccecf615f2e2.png','a:1:{s:5:\"image\";s:64:\"{mediaPath}content/media/retailer/1/spot_image_5ccecf6155bb4.jpg\";}',NULL,0,0,0,4,150,1),(2783,NULL,'2019-05-05 14:01:36','2019-05-05 14:10:43','c.haas','Feinkost 3_Wurstsalat','thumb_1_2783.jpg','a:20:{s:6:\"layout\";s:4:\"halb\";s:6:\"offer1\";a:2:{s:2:\"id\";s:5:\"false\";s:4:\"name\";s:12:\"Kein Angebot\";}s:16:\"offerBackground1\";s:3:\"Rot\";s:11:\"background1\";s:64:\"{mediaPath}content/media/retailer/1/spot_image_5ccecf6155bb4.jpg\";s:9:\"headline1\";s:13:\"WURST-\nSALATE\";s:12:\"subheadline1\";s:8:\"3 Sorten\";s:5:\"hpos1\";s:5:\"unten\";s:7:\"footer1\";s:81:\"Wurstsalat 100 Gramm\n\nSchweizer Wurstsalat 100 Gramm\n\nSommer Wurstsalat 100 Gramm\";s:6:\"price1\";s:14:\"1,39\n1,59\n1,69\";s:6:\"offer2\";a:2:{s:2:\"id\";s:5:\"false\";s:4:\"name\";s:15:\"Kein Schmankerl\";}s:16:\"offerBackground2\";s:3:\"Rot\";s:11:\"background2\";s:64:\"{mediaPath}content/media/retailer/1/spot_image_59c375643cac5.jpg\";s:5:\"hpos2\";s:5:\"unten\";s:16:\"offerBackground3\";s:3:\"Rot\";s:5:\"hpos3\";s:4:\"oben\";s:6:\"offer3\";a:2:{s:2:\"id\";s:5:\"false\";s:4:\"name\";s:12:\"Kein Angebot\";}s:9:\"headline2\";s:18:\"BAUERN-\nPRESSWURST\";s:12:\"subheadline2\";s:0:\"\";s:7:\"footer2\";s:9:\"100 Gramm\";s:6:\"price2\";s:4:\"1,52\";}',NULL,0,0,0,14,150,1),(2784,1,'2019-05-05 14:52:38','2019-05-05 14:52:38','c.haas','BratwuersteSommerGrillen3107','5ccedc95442c9.png','a:1:{s:5:\"image\";s:64:\"{mediaPath}content/media/retailer/1/spot_image_5ccedc9537694.jpg\";}',NULL,0,0,0,4,155,1),(2786,1,'2019-05-05 14:53:46','2019-05-05 14:53:46','c.haas','Mini_Bernerwürsteln_Brettl','5ccedcdaa1c03.png','a:1:{s:5:\"image\";s:64:\"{mediaPath}content/media/retailer/1/spot_image_5ccedcda9d3ba.jpg\";}',NULL,0,0,0,4,155,1),(2787,1,'2019-05-05 15:03:39','2019-05-05 15:03:39','c.haas','Grilldonnerstag','5ccedf284522b.png','a:1:{s:5:\"image\";s:64:\"{mediaPath}content/media/retailer/1/spot_image_5ccedf2837412.jpg\";}',NULL,0,0,0,4,155,1),(2788,1,'2019-05-05 15:09:03','2019-05-05 15:09:03','c.haas','Grilldonnerstag3','5ccee06cda727.png','a:1:{s:5:\"image\";s:64:\"{mediaPath}content/media/retailer/1/spot_image_5ccee06cd2071.jpg\";}',NULL,0,0,0,4,134,1),(2789,1,'2019-05-05 15:10:31','2019-05-05 15:10:31','c.haas','Grilldonnerstag2','5ccee0c49d063.png','a:1:{s:5:\"image\";s:64:\"{mediaPath}content/media/retailer/1/spot_image_5ccee0c4935a1.jpg\";}',NULL,0,0,0,4,134,1),(2790,1,'2019-05-05 15:10:38','2019-05-05 15:10:38','c.haas','JO_Radatz_Screens_Waage_3f','5ccee0ce25c85.png','a:1:{s:5:\"image\";s:64:\"{mediaPath}content/media/retailer/1/spot_image_5ccee0ce21667.jpg\";}',NULL,0,0,0,4,134,1),(2791,1,'2019-05-05 15:10:39','2019-05-05 15:10:39','c.haas','JO_Radatz_Screens_Waage_4f','5ccee0cf38a45.png','a:1:{s:5:\"image\";s:64:\"{mediaPath}content/media/retailer/1/spot_image_5ccee0cf388b8.jpg\";}',NULL,0,0,0,4,134,1),(2792,NULL,'2019-05-05 15:13:20','2019-05-28 22:35:28','c.haas','Grillen Würstel 1','thumb_1_2792.jpg','a:25:{s:6:\"layout\";s:7:\"drittel\";s:16:\"offerBackground1\";s:3:\"Rot\";s:11:\"background1\";s:64:\"{mediaPath}content/media/retailer/1/spot_image_5ceaeb7bc3920.jpg\";s:5:\"hpos1\";s:4:\"oben\";s:6:\"offer2\";a:2:{s:2:\"id\";s:5:\"false\";s:4:\"name\";s:12:\"Kein Angebot\";}s:6:\"offer1\";a:2:{s:2:\"id\";s:5:\"false\";s:4:\"name\";s:12:\"Kein Angebot\";}s:16:\"offerBackground2\";s:3:\"Rot\";s:11:\"background2\";s:64:\"{mediaPath}content/media/retailer/1/spot_image_5ccedf2837412.jpg\";s:5:\"hpos2\";s:5:\"unten\";s:9:\"headline1\";s:0:\"\";s:12:\"subheadline1\";s:0:\"\";s:10:\"offerText1\";s:0:\"\";s:7:\"footer1\";s:0:\"\";s:6:\"price1\";s:0:\"\";s:9:\"headline2\";s:14:\"BRATWURST-\nTAG\";s:7:\"footer2\";s:27:\"4 Packungen\nstatt 12,80 nur\";s:6:\"price2\";s:4:\"9,60\";s:10:\"offerText2\";s:0:\"\";s:10:\"offerText3\";s:0:\"\";s:9:\"headline3\";s:0:\"\";s:12:\"subheadline3\";s:0:\"\";s:7:\"footer3\";s:0:\"\";s:6:\"price3\";s:0:\"\";s:12:\"subheadline2\";s:14:\"Donnerstag ist\";s:11:\"background3\";s:64:\"{mediaPath}content/media/retailer/1/spot_image_5ceaeb3992cd1.jpg\";}',NULL,0,0,0,14,155,1),(2793,NULL,'2019-05-05 15:20:49','2019-05-06 16:44:33','c.haas','Grillen Würstel 2','thumb_1_2793.jpg','a:25:{s:6:\"layout\";s:7:\"drittel\";s:16:\"offerBackground1\";s:3:\"Rot\";s:11:\"background1\";s:64:\"{mediaPath}content/media/retailer/1/spot_image_5ccedc9537694.jpg\";s:5:\"hpos1\";s:4:\"oben\";s:6:\"offer2\";a:2:{s:2:\"id\";s:5:\"false\";s:4:\"name\";s:12:\"Kein Angebot\";}s:6:\"offer1\";a:2:{s:2:\"id\";s:5:\"false\";s:4:\"name\";s:12:\"Kein Angebot\";}s:16:\"offerBackground2\";s:3:\"Rot\";s:11:\"background2\";s:64:\"{mediaPath}content/media/retailer/1/spot_image_5ccedf2837412.jpg\";s:5:\"hpos2\";s:5:\"unten\";s:9:\"headline1\";s:18:\"KALBSBRAT\nWÜRSTEL\";s:12:\"subheadline1\";s:0:\"\";s:10:\"offerText1\";s:0:\"\";s:7:\"footer1\";s:13:\"220 g Packung\";s:6:\"price1\";s:4:\"3,40\";s:9:\"headline2\";s:12:\"BRATWURSTTAG\";s:7:\"footer2\";s:27:\"4 Packungen\nstatt 12,80 nur\";s:6:\"price2\";s:4:\"9,60\";s:10:\"offerText2\";s:0:\"\";s:10:\"offerText3\";s:0:\"\";s:9:\"headline3\";s:11:\"MINI\nBERNER\";s:12:\"subheadline3\";s:0:\"\";s:7:\"footer3\";s:13:\"220 g Packung\";s:6:\"price3\";s:4:\"3,20\";s:12:\"subheadline2\";s:14:\"Donnerstag ist\";s:11:\"background3\";s:64:\"{mediaPath}content/media/retailer/1/spot_image_5ccedcda9d3ba.jpg\";}',NULL,0,0,0,14,155,1),(2794,70,'2019-05-07 09:43:58','2020-01-15 15:25:58','service_more','Manzenreiter Image Spot 1','https://eva50.serviceandmore.at/bl/data/files/1551947824.jpg','a:18:{s:6:\"image1\";s:60:\"https://eva50.serviceandmore.at/bl/data/files/1551947824.jpg\";s:5:\"text1\";s:53:\"DIE SEELE DER MENSCHEN SPIEGELT SICH IN IHREM ZUHAUSE\";s:6:\"align1\";N;s:6:\"image2\";s:60:\"https://eva50.serviceandmore.at/bl/data/files/1551947819.jpg\";s:5:\"text2\";s:15:\"WIR RICHTEN EIN\";s:6:\"align2\";N;s:6:\"image3\";s:60:\"https://eva50.serviceandmore.at/bl/data/files/1551947832.jpg\";s:5:\"text3\";s:21:\"FÜR MENSCHEN GEMACHT\";s:6:\"align3\";N;s:6:\"image4\";N;s:5:\"text4\";N;s:6:\"align4\";N;s:6:\"image5\";N;s:5:\"text5\";N;s:6:\"align5\";N;s:14:\"text-animation\";s:6:\"Fly-In\";s:15:\"image-animation\";s:8:\"Zoom-Out\";s:16:\"image-transition\";s:5:\"Morph\";}',NULL,10,0,0,37,NULL,7),(2797,74,'2019-05-07 09:51:13','2019-05-07 09:51:13','service_more','Gaster Image Spot','https://eva50.serviceandmore.at/bl/data/files/thumbs/thumb_1556806654.jpg','a:18:{s:6:\"image1\";s:60:\"https://eva50.serviceandmore.at/bl/data/files/1556806654.jpg\";s:5:\"text1\";s:15:\"Unsere Services\";s:6:\"align1\";N;s:6:\"image2\";s:60:\"https://eva50.serviceandmore.at/bl/data/files/1556806658.jpg\";s:5:\"text2\";s:15:\"WIR RICHTEN EIN\";s:6:\"align2\";N;s:6:\"image3\";N;s:5:\"text3\";N;s:6:\"align3\";N;s:6:\"image4\";N;s:5:\"text4\";N;s:6:\"align4\";N;s:6:\"image5\";N;s:5:\"text5\";N;s:6:\"align5\";N;s:14:\"text-animation\";s:8:\"Slide-Up\";s:15:\"image-animation\";s:8:\"Zoom-Out\";s:16:\"image-transition\";s:6:\"Blende\";}',NULL,10,0,0,37,NULL,7),(2798,75,'2019-05-07 09:53:05','2019-07-09 15:28:51','service_more','Müllner Image Spot','https://eva50.serviceandmore.at/bl/data/files/1559127163.jpg','a:18:{s:6:\"image1\";s:60:\"https://eva50.serviceandmore.at/bl/data/files/1559127163.jpg\";s:5:\"text1\";s:14:\"Unsere Auswahl\";s:6:\"align1\";N;s:6:\"image2\";s:60:\"https://eva50.serviceandmore.at/bl/data/files/1559122727.jpg\";s:5:\"text2\";s:0:\"\";s:6:\"align2\";N;s:6:\"image3\";s:60:\"https://eva50.serviceandmore.at/bl/data/files/1559122823.jpg\";s:5:\"text3\";N;s:6:\"align3\";N;s:6:\"image4\";s:60:\"https://eva50.serviceandmore.at/bl/data/files/1559122777.jpg\";s:5:\"text4\";N;s:6:\"align4\";N;s:6:\"image5\";s:60:\"https://eva50.serviceandmore.at/bl/data/files/1559122881.jpg\";s:5:\"text5\";N;s:6:\"align5\";N;s:14:\"text-animation\";s:7:\"Fade-In\";s:15:\"image-animation\";s:8:\"Zoom-Out\";s:16:\"image-transition\";s:5:\"Morph\";}',NULL,10,0,0,37,NULL,7),(2800,1,'2019-05-08 21:36:55','2019-05-08 21:36:55','c.haas','imbiss_hochformat_16','5cd32fd66289d.png','a:1:{s:5:\"image\";s:64:\"{mediaPath}content/media/retailer/1/spot_image_5cd32fd659ed2.jpg\";}',NULL,0,0,0,4,151,1),(2801,1,'2019-05-08 21:37:08','2019-05-08 21:37:08','c.haas','imbiss_hochformat_18','5cd32fe3d80a6.png','a:1:{s:5:\"image\";s:64:\"{mediaPath}content/media/retailer/1/spot_image_5cd32fe3d7940.jpg\";}',NULL,0,0,0,4,151,1),(2802,1,'2019-05-08 21:37:23','2019-05-08 21:37:23','c.haas','imbiss_hochformat_21','5cd32ff15c205.png','a:1:{s:5:\"image\";s:64:\"{mediaPath}content/media/retailer/1/spot_image_5cd32ff158c99.jpg\";}',NULL,0,0,0,4,151,1),(2803,1,'2019-05-08 21:37:41','2019-05-08 21:37:41','c.haas','imbiss_hochformat_26','5cd33005582dd.png','a:1:{s:5:\"image\";s:64:\"{mediaPath}content/media/retailer/1/spot_image_5cd3300557d87.jpg\";}',NULL,0,0,0,4,151,1),(2804,1,'2019-05-08 21:56:37','2019-05-08 21:56:37','c.haas','Gemueselaibchen102190','5cd3347567bc7.png','a:1:{s:5:\"image\";s:64:\"{mediaPath}content/media/retailer/1/spot_image_5cd3347567a60.jpg\";}',NULL,0,0,0,4,151,1),(2805,1,'2019-05-09 17:00:06','2019-05-09 17:00:06','c.haas','2019-05-02_Leitsystem_Screens_drittel','5cd44070dc551.png','a:1:{s:5:\"image\";s:67:\"{mediaPath}content/media/retailer/1/spot_image_5cd44070d8393-v2.jpg\";}',NULL,0,0,0,4,151,1),(2806,1,'2019-05-09 17:00:14','2019-05-09 17:00:14','c.haas','2019-05-02_Leitsystem_Screens_drittel2','5cd44079cf3b6.png','a:1:{s:5:\"image\";s:67:\"{mediaPath}content/media/retailer/1/spot_image_5cd44079caf62-v2.jpg\";}',NULL,0,0,0,4,151,1),(2807,1,'2019-05-09 17:00:31','2019-05-09 17:00:31','c.haas','2019-05-02_Leitsystem_Screens_drittel3','5cd44081952a9.png','a:1:{s:5:\"image\";s:67:\"{mediaPath}content/media/retailer/1/spot_image_5cd4408182008-v2.jpg\";}',NULL,0,0,0,4,151,1),(2808,1,'2019-05-09 17:01:03','2019-05-09 17:01:03','c.haas','2019-05-02_Leitsystem_Screens_drittel4','5cd440969d4ca.png','a:1:{s:5:\"image\";s:67:\"{mediaPath}content/media/retailer/1/spot_image_5cd440969063c-v2.jpg\";}',NULL,0,0,0,4,151,1),(2809,1,'2019-05-09 17:15:53','2019-05-09 17:15:53','c.haas','Rindsgulasch10533-(1)','5cd4442889427.png','a:1:{s:5:\"image\";s:67:\"{mediaPath}content/media/retailer/1/spot_image_5cd4442888ff9-v2.jpg\";}',NULL,0,0,0,4,151,1),(2810,NULL,'2019-05-09 17:16:48','2019-05-14 08:47:34','c.haas','Imbiss Bier','thumb_1_2810.jpg','a:25:{s:6:\"offer1\";a:2:{s:2:\"id\";s:5:\"false\";s:4:\"name\";s:12:\"Kein Angebot\";}s:11:\"background1\";s:64:\"{mediaPath}content/media/retailer/1/spot_image_597ece526d5e6.jpg\";s:9:\"headline1\";s:16:\"HEURIGEN-\nSTELZE\";s:12:\"subheadline1\";s:9:\"Knusprige\";s:7:\"footer1\";s:24:\"Stück\nPortion Kren 0,70\";s:6:\"price1\";s:4:\"4,80\";s:6:\"offer2\";a:2:{s:2:\"id\";s:5:\"false\";s:4:\"name\";s:12:\"Kein Angebot\";}s:11:\"background2\";s:67:\"{mediaPath}content/media/retailer/1/spot_image_5cd44070d8393-v2.jpg\";s:9:\"headline2\";s:0:\"\";s:12:\"subheadline2\";s:0:\"\";s:7:\"footer2\";s:0:\"\";s:6:\"price2\";s:0:\"\";s:6:\"offer3\";a:2:{s:2:\"id\";s:5:\"false\";s:4:\"name\";s:12:\"Kein Angebot\";}s:11:\"background3\";s:67:\"{mediaPath}content/media/retailer/1/spot_image_5cd4442888ff9-v2.jpg\";s:9:\"headline3\";s:14:\"RINDS-\nGULASCH\";s:12:\"subheadline3\";s:6:\"Wiener\";s:7:\"footer3\";s:18:\"Portion mit Semmel\";s:6:\"price3\";s:4:\"5,50\";s:6:\"layout\";s:7:\"drittel\";s:16:\"offerBackground1\";s:3:\"Rot\";s:5:\"hpos1\";s:5:\"unten\";s:16:\"offerBackground2\";s:3:\"Rot\";s:5:\"hpos2\";s:5:\"unten\";s:16:\"offerBackground3\";s:3:\"Rot\";s:5:\"hpos3\";s:5:\"unten\";}',NULL,0,0,0,14,151,1),(2811,NULL,'2019-05-09 17:17:50','2019-05-09 17:31:45','c.haas','Imbiss Wein','thumb_1_1689.jpg','a:25:{s:6:\"offer1\";a:2:{s:2:\"id\";s:5:\"false\";s:4:\"name\";s:12:\"Kein Angebot\";}s:11:\"background1\";s:64:\"{mediaPath}content/media/retailer/1/spot_image_597f384fdb7b0.jpg\";s:9:\"headline1\";s:11:\"FRANKFURTER\";s:12:\"subheadline1\";s:6:\"Heiße\";s:7:\"footer1\";s:23:\"mit Semmel, Senf & Kren\";s:6:\"price1\";s:4:\"3,20\";s:6:\"offer2\";a:2:{s:2:\"id\";s:5:\"false\";s:4:\"name\";s:12:\"Kein Angebot\";}s:11:\"background2\";s:67:\"{mediaPath}content/media/retailer/1/spot_image_5cd44079caf62-v2.jpg\";s:9:\"headline2\";s:0:\"\";s:12:\"subheadline2\";s:0:\"\";s:7:\"footer2\";s:0:\"\";s:6:\"price2\";s:0:\"\";s:6:\"offer3\";a:2:{s:2:\"id\";s:5:\"false\";s:4:\"name\";s:12:\"Kein Angebot\";}s:11:\"background3\";s:64:\"{mediaPath}content/media/retailer/1/spot_image_5b8fec654256b.jpg\";s:9:\"headline3\";s:17:\"BACKHENDL-\nTELLER\";s:12:\"subheadline3\";s:6:\"Wiener\";s:7:\"footer3\";s:7:\"Portion\";s:6:\"price3\";s:4:\"5,90\";s:6:\"layout\";s:7:\"drittel\";s:16:\"offerBackground1\";s:3:\"Rot\";s:5:\"hpos1\";s:5:\"unten\";s:16:\"offerBackground2\";s:3:\"Rot\";s:5:\"hpos2\";s:5:\"unten\";s:16:\"offerBackground3\";s:3:\"Rot\";s:5:\"hpos3\";s:5:\"unten\";}',NULL,0,0,0,14,151,1),(2812,NULL,'2019-05-09 17:32:01','2019-05-09 17:38:29','c.haas','Imbiss Frühstück','thumb_1_1689.jpg','a:25:{s:6:\"offer1\";a:2:{s:2:\"id\";s:5:\"false\";s:4:\"name\";s:12:\"Kein Angebot\";}s:11:\"background1\";s:64:\"{mediaPath}content/media/retailer/1/spot_image_5cd32ff158c99.jpg\";s:9:\"headline1\";s:10:\"HAM & EGGS\";s:12:\"subheadline1\";s:18:\"mit Freiland Eiern\";s:7:\"footer1\";s:19:\"& Gebäck nach Wahl\";s:6:\"price1\";s:4:\"4,20\";s:6:\"offer2\";a:2:{s:2:\"id\";s:5:\"false\";s:4:\"name\";s:12:\"Kein Angebot\";}s:11:\"background2\";s:67:\"{mediaPath}content/media/retailer/1/spot_image_5cd440969063c-v2.jpg\";s:9:\"headline2\";s:0:\"\";s:12:\"subheadline2\";s:0:\"\";s:7:\"footer2\";s:0:\"\";s:6:\"price2\";s:0:\"\";s:6:\"offer3\";a:2:{s:2:\"id\";s:5:\"false\";s:4:\"name\";s:12:\"Kein Angebot\";}s:11:\"background3\";s:67:\"{mediaPath}content/media/retailer/1/spot_image_5cd4494e474f2-v2.jpg\";s:9:\"headline3\";s:20:\"BEINSCHINKEN-\nSEMMEL\";s:12:\"subheadline3\";s:7:\"Saftige\";s:7:\"footer3\";s:6:\"Stück\";s:6:\"price3\";s:4:\"2,50\";s:6:\"layout\";s:7:\"drittel\";s:16:\"offerBackground1\";s:3:\"Rot\";s:5:\"hpos1\";s:4:\"oben\";s:16:\"offerBackground2\";s:3:\"Rot\";s:5:\"hpos2\";s:5:\"unten\";s:16:\"offerBackground3\";s:3:\"Rot\";s:5:\"hpos3\";s:5:\"unten\";}',NULL,0,0,0,14,151,1),(2813,1,'2019-05-09 17:37:51','2019-05-09 17:37:51','c.haas','BeinschinkenSemmel117684','5cd4494e47c64.png','a:1:{s:5:\"image\";s:67:\"{mediaPath}content/media/retailer/1/spot_image_5cd4494e474f2-v2.jpg\";}',NULL,0,0,0,4,151,1),(2814,1,'2019-05-09 17:37:57','2019-05-09 17:37:57','c.haas','Leberknödel','5cd44953eceb5.png','a:1:{s:5:\"image\";s:67:\"{mediaPath}content/media/retailer/1/spot_image_5cd44953e9682-v2.jpg\";}',NULL,0,0,0,4,151,1),(2815,NULL,'2019-05-12 21:55:55','2019-07-05 11:50:45','c.haas','Waagen_Wochenschmankerl Fleisch','thumb_1_2815.jpg','a:5:{s:11:\"offerHeader\";s:10:\"SCHMANKERL\";s:14:\"offerSubHeader\";s:9:\"der Woche\";s:10:\"offerTitle\";s:72:\"<span style=\"font-family:font2\">\nMariniertes</span><br>\nSCHOPF<br>\nSTEAK\";s:11:\"offerFooter\";s:9:\"100 Gramm\";s:10:\"offerPrice\";s:4:\"1,39\";}',NULL,0,0,0,40,134,1),(2817,78,'2019-05-22 09:37:30','2019-05-23 13:37:21','service_more','Wohnquartier Spot','https://eva50.serviceandmore.at/bl/data/files/1558429487.jpg','a:18:{s:6:\"image1\";s:60:\"https://eva50.serviceandmore.at/bl/data/files/1558429487.jpg\";s:5:\"text1\";s:12:\"Wohnquartier\";s:6:\"align1\";N;s:6:\"image2\";N;s:5:\"text2\";s:0:\"\";s:6:\"align2\";N;s:6:\"image3\";s:60:\"https://eva50.serviceandmore.at/bl/data/files/1558429408.jpg\";s:5:\"text3\";N;s:6:\"align3\";N;s:6:\"image4\";N;s:5:\"text4\";N;s:6:\"align4\";N;s:6:\"image5\";N;s:5:\"text5\";N;s:6:\"align5\";N;s:14:\"text-animation\";s:6:\"Fly-In\";s:15:\"image-animation\";s:8:\"Zoom-Out\";s:16:\"image-transition\";s:6:\"Blende\";}',NULL,10,0,0,36,NULL,7),(2827,1,'2019-05-23 17:02:37','2019-05-23 17:14:02','c.haas','Radatz_Sommerfest_Screens_rz','thumb_1_2827.jpg','a:2:{s:5:\"image\";s:64:\"{mediaPath}content/media/retailer/1/spot_image_5ce6b60da0d78.jpg\";s:6:\"border\";s:2:\"ja\";}',NULL,0,0,0,4,1,1),(2828,1,'2019-05-23 17:02:56','2019-05-23 17:14:42','c.haas','Radatz_Sommerfest_Screens_rz2','thumb_1_2828.jpg','a:2:{s:5:\"image\";s:64:\"{mediaPath}content/media/retailer/1/spot_image_5ce6b62025ac5.jpg\";s:6:\"border\";s:2:\"ja\";}',NULL,0,0,0,4,1,1),(2829,78,'2019-05-24 08:35:51','2019-12-07 12:34:32','service_more','Idle Mode','https://eva50.serviceandmore.at/bl/data/files/1558679342.jpg','a:18:{s:6:\"image1\";s:60:\"https://eva50.serviceandmore.at/bl/data/files/1558679342.jpg\";s:5:\"text1\";N;s:6:\"align1\";N;s:6:\"image2\";s:60:\"https://eva50.serviceandmore.at/bl/data/files/1558679327.jpg\";s:5:\"text2\";N;s:6:\"align2\";N;s:6:\"image3\";s:60:\"https://eva50.serviceandmore.at/bl/data/files/1558679339.jpg\";s:5:\"text3\";N;s:6:\"align3\";N;s:6:\"image4\";s:60:\"https://eva50.serviceandmore.at/bl/data/files/1558679330.jpg\";s:5:\"text4\";N;s:6:\"align4\";N;s:6:\"image5\";N;s:5:\"text5\";N;s:6:\"align5\";s:5:\"links\";s:14:\"text-animation\";s:7:\"Fade-In\";s:15:\"image-animation\";s:7:\"Zoom-In\";s:16:\"image-transition\";s:5:\"Morph\";}',NULL,10,0,0,36,NULL,7),(2838,1,'2019-05-26 21:32:58','2019-05-26 21:32:58','c.haas','Würstel_Vielfalt_Screens_23','5ceae9e675a64.png','a:1:{s:5:\"image\";s:64:\"{mediaPath}content/media/retailer/1/spot_image_5ceae9e66f29a.jpg\";}',NULL,0,0,0,4,155,1),(2839,1,'2019-05-26 21:33:30','2019-05-26 21:33:30','c.haas','Würstel_Vielfalt_Screens_22','5ceaea02c42de.png','a:1:{s:5:\"image\";s:64:\"{mediaPath}content/media/retailer/1/spot_image_5ceaea02b5aed.jpg\";}',NULL,0,0,0,4,155,1),(2840,1,'2019-05-26 21:34:00','2019-05-26 21:34:00','c.haas','Würstel_Vielfalt_Screens_21','5ceaea24a207b.png','a:1:{s:5:\"image\";s:64:\"{mediaPath}content/media/retailer/1/spot_image_5ceaea249ed40.jpg\";}',NULL,0,0,0,4,155,1),(2841,1,'2019-05-26 21:34:42','2019-05-26 21:34:42','c.haas','Würstel_Vielfalt_Screens_20','5ceaea45e3e8d.png','a:1:{s:5:\"image\";s:64:\"{mediaPath}content/media/retailer/1/spot_image_5ceaea45cff46.jpg\";}',NULL,0,0,0,4,155,1),(2842,1,'2019-05-26 21:35:12','2019-05-26 21:35:12','c.haas','Würstel_Vielfalt_Screens_19','5ceaea6c90ffd.png','a:1:{s:5:\"image\";s:64:\"{mediaPath}content/media/retailer/1/spot_image_5ceaea6c8b96e.jpg\";}',NULL,0,0,0,4,155,1),(2843,1,'2019-05-26 21:35:51','2019-05-26 21:35:51','c.haas','Würstel_Vielfalt_Screens_18','5ceaea8ba1171.png','a:1:{s:5:\"image\";s:64:\"{mediaPath}content/media/retailer/1/spot_image_5ceaea8b8ab8f.jpg\";}',NULL,0,0,0,4,155,1),(2844,1,'2019-05-26 21:36:24','2019-05-26 21:36:24','c.haas','Würstel_Vielfalt_Screens_17','5ceaeab460bdc.png','a:1:{s:5:\"image\";s:64:\"{mediaPath}content/media/retailer/1/spot_image_5ceaeab45c77a.jpg\";}',NULL,0,0,0,4,155,1),(2845,1,'2019-05-26 21:37:04','2019-05-26 21:37:04','c.haas','Würstel_Vielfalt_Screens_16','5ceaead4bc814.png','a:1:{s:5:\"image\";s:64:\"{mediaPath}content/media/retailer/1/spot_image_5ceaead441351.jpg\";}',NULL,0,0,0,4,155,1),(2846,1,'2019-05-26 21:37:33','2019-05-26 21:37:33','c.haas','Würstel_Vielfalt_Screens_15','5ceaeaf99eb2f.png','a:1:{s:5:\"image\";s:64:\"{mediaPath}content/media/retailer/1/spot_image_5ceaeaf99963d.jpg\";}',NULL,0,0,0,4,155,1),(2847,1,'2019-05-26 21:38:05','2019-05-26 21:38:05','c.haas','Würstel_Vielfalt_Screens_14','5ceaeb19247cc.png','a:1:{s:5:\"image\";s:64:\"{mediaPath}content/media/retailer/1/spot_image_5ceaeb191de64.jpg\";}',NULL,0,0,0,4,155,1),(2848,1,'2019-05-26 21:38:38','2019-05-26 21:38:38','c.haas','Würstel_Vielfalt_Screens_13','5ceaeb3a2fc72.png','a:1:{s:5:\"image\";s:64:\"{mediaPath}content/media/retailer/1/spot_image_5ceaeb3992cd1.jpg\";}',NULL,0,0,0,4,155,1),(2849,1,'2019-05-26 21:39:05','2019-05-26 21:39:05','c.haas','Würstel_Vielfalt_Screens_12','5ceaeb56cab24.png','a:1:{s:5:\"image\";s:64:\"{mediaPath}content/media/retailer/1/spot_image_5ceaeb56c8a19.jpg\";}',NULL,0,0,0,4,155,1),(2850,1,'2019-05-26 21:39:43','2019-05-26 21:39:43','c.haas','Würstel_Vielfalt_Screens_11','5ceaeb7bddefd.png','a:1:{s:5:\"image\";s:64:\"{mediaPath}content/media/retailer/1/spot_image_5ceaeb7bc3920.jpg\";}',NULL,0,0,0,4,155,1),(2858,1,'2019-05-28 13:54:57','2019-05-28 13:54:57','c.haas','Kassascreens_Pona3','5ced21881233a.png','a:1:{s:5:\"image\";s:64:\"{mediaPath}content/media/retailer/1/spot_image_5ced218794344.jpg\";}',NULL,0,0,0,4,134,1),(2859,1,'2019-05-28 13:55:04','2019-05-28 13:55:04','c.haas','Kassascreens_Pona2','5ced219318ef3.png','a:1:{s:5:\"image\";s:64:\"{mediaPath}content/media/retailer/1/spot_image_5ced219312ad9.jpg\";}',NULL,0,0,0,4,134,1),(2860,1,'2019-05-28 13:55:18','2019-05-28 13:55:18','c.haas','Kassascreens_Pona','5ced219c22bb1.png','a:1:{s:5:\"image\";s:64:\"{mediaPath}content/media/retailer/1/spot_image_5ced219bd073d.jpg\";}',NULL,0,0,0,4,134,1),(2861,1,'2019-05-28 19:15:52','2019-05-28 19:15:52','c.haas','Ribeye','5ced6cc85d70d.png','a:1:{s:5:\"image\";s:64:\"{mediaPath}content/media/retailer/1/spot_image_5ced6cc85b63e.jpg\";}',NULL,0,0,0,4,155,1),(2862,NULL,'2019-05-28 22:31:32','2019-07-14 11:52:16','c.haas','Grillen Würstel 3_Aktion','thumb_1_2862.jpg','a:25:{s:6:\"layout\";s:7:\"drittel\";s:16:\"offerBackground1\";s:3:\"Rot\";s:11:\"background1\";s:64:\"{mediaPath}content/media/retailer/1/spot_image_5ceaeb56c8a19.jpg\";s:5:\"hpos1\";s:4:\"oben\";s:6:\"offer2\";a:2:{s:2:\"id\";s:5:\"false\";s:4:\"name\";s:12:\"Kein Angebot\";}s:6:\"offer1\";a:2:{s:2:\"id\";s:5:\"false\";s:4:\"name\";s:12:\"Kein Angebot\";}s:16:\"offerBackground2\";s:3:\"Rot\";s:11:\"background2\";s:64:\"{mediaPath}content/media/retailer/1/spot_image_5ccedf2837412.jpg\";s:5:\"hpos2\";s:5:\"unten\";s:9:\"headline1\";s:0:\"\";s:12:\"subheadline1\";s:0:\"\";s:10:\"offerText1\";s:0:\"\";s:7:\"footer1\";s:0:\"\";s:6:\"price1\";s:0:\"\";s:9:\"headline2\";s:12:\"BRATWURSTTAG\";s:7:\"footer2\";s:27:\"4 Packungen\nstatt 12,80 nur\";s:6:\"price2\";s:4:\"9,60\";s:10:\"offerText2\";s:0:\"\";s:10:\"offerText3\";s:0:\"\";s:9:\"headline3\";s:0:\"\";s:12:\"subheadline3\";s:0:\"\";s:7:\"footer3\";s:0:\"\";s:6:\"price3\";s:0:\"\";s:12:\"subheadline2\";s:14:\"Donnerstag ist\";s:11:\"background3\";s:64:\"{mediaPath}content/media/retailer/1/spot_image_5ceaea02b5aed.jpg\";}',NULL,0,0,0,14,155,1),(2868,78,'2019-06-05 13:04:57','2019-06-05 13:04:57','service_more','1558622736.mp4','https://eva50.serviceandmore.at/bl/data/files/thumbs/thumb_image_5ce6b2109c9d5.jpg','a:1:{s:5:\"video\";s:60:\"https://eva50.serviceandmore.at/bl/data/files/1558622736.mp4\";}',NULL,30,0,0,2,NULL,7),(2869,80,'2019-06-05 13:07:45','2019-06-05 13:07:45','service_more','1557908890.jpg','https://eva50.serviceandmore.at/bl/data/files/thumbs/thumb_1557908890.jpg','a:1:{s:5:\"image\";s:60:\"https://eva50.serviceandmore.at/bl/data/files/1557908890.jpg\";}',NULL,30,0,0,4,NULL,7),(2883,1,'2019-06-18 18:25:24','2019-06-18 18:25:24','c.haas','all i need','5d091071d62d3.png','a:1:{s:5:\"image\";s:64:\"{mediaPath}content/media/retailer/1/spot_image_5d091071b4978.jpg\";}',NULL,0,0,0,4,134,1),(2884,1,'2019-06-18 18:29:06','2019-07-08 09:13:50','radatz','all i need_2','thumb_1_2884.jpg','a:1:{s:5:\"image\";s:64:\"{mediaPath}content/media/retailer/1/spot_image_58b7ff723121d.jpg\";}',NULL,0,0,0,4,134,1),(2891,85,'2019-06-19 13:05:25','2019-06-19 13:05:25','service_more','1ebab390aac8e89589447d3ae90de309.mp4','https://eva50.serviceandmore.at/bl/data/files/thumbs/0c35d1080754f2f5f84c1d4bfe711e04.jpg','a:1:{s:5:\"video\";s:82:\"https://eva50.serviceandmore.at/bl/data/files/1ebab390aac8e89589447d3ae90de309.mp4\";}',NULL,30,0,0,2,NULL,7),(2892,77,'2019-06-21 09:17:05','2019-06-24 17:32:46','service_more','Spot 1','https://eva50.serviceandmore.at/bl/data/files/thumbs/7f7b4b38982c476b9729527cb41ce669.jpg','a:18:{s:6:\"image1\";s:82:\"https://eva50.serviceandmore.at/bl/data/files/e92bbab3be0cfa866c52462383c732cf.jpg\";s:5:\"text1\";s:29:\"Archaic Nature & Nordic Style\";s:6:\"align1\";s:5:\"unten\";s:6:\"image2\";s:82:\"https://eva50.serviceandmore.at/bl/data/files/6203771c72e5bc1e0e01a7640dd6faf1.jpg\";s:5:\"text2\";s:28:\"Dialoggarer: die Weltneuheit\";s:6:\"align2\";s:5:\"unten\";s:6:\"image3\";s:82:\"https://eva50.serviceandmore.at/bl/data/files/2da054cac4d7408454bb80e6995c6c92.jpg\";s:5:\"text3\";s:20:\"125 Jahre Echt Anrei\";s:6:\"align3\";s:5:\"unten\";s:6:\"image4\";s:82:\"https://eva50.serviceandmore.at/bl/data/files/81cdbe5b3ad880adb1940d85d07d4350.jpg\";s:5:\"text4\";s:23:\"JOKA - Produktneuheiten\";s:6:\"align4\";s:5:\"unten\";s:6:\"image5\";s:82:\"https://eva50.serviceandmore.at/bl/data/files/eccae3573045598880b74022aed5b2d4.jpg\";s:5:\"text5\";s:19:\"V-Aura von Voglauer\";s:6:\"align5\";s:5:\"unten\";s:14:\"text-animation\";s:7:\"Fade-In\";s:15:\"image-animation\";s:8:\"Zoom-Out\";s:16:\"image-transition\";s:5:\"Morph\";}',NULL,10,0,0,37,NULL,7),(2894,82,'2019-06-21 09:43:55','2019-06-24 17:33:33','service_more','Spot 2','https://eva50.serviceandmore.at/bl/data/files/thumbs/7f7b4b38982c476b9729527cb41ce669.jpg','a:18:{s:6:\"image1\";s:82:\"https://eva50.serviceandmore.at/bl/data/files/e92bbab3be0cfa866c52462383c732cf.jpg\";s:5:\"text1\";s:29:\"Archaic Nature - Nordic Style\";s:6:\"align1\";s:5:\"unten\";s:6:\"image2\";s:82:\"https://eva50.serviceandmore.at/bl/data/files/6203771c72e5bc1e0e01a7640dd6faf1.jpg\";s:5:\"text2\";s:28:\"Dialoggarer: die Weltneuheit\";s:6:\"align2\";s:5:\"unten\";s:6:\"image3\";s:82:\"https://eva50.serviceandmore.at/bl/data/files/2da054cac4d7408454bb80e6995c6c92.jpg\";s:5:\"text3\";s:20:\"125 Jahre echt ANREI\";s:6:\"align3\";s:5:\"unten\";s:6:\"image4\";s:82:\"https://eva50.serviceandmore.at/bl/data/files/eccae3573045598880b74022aed5b2d4.jpg\";s:5:\"text4\";s:19:\"V-Aura von Voglauer\";s:6:\"align4\";s:5:\"unten\";s:6:\"image5\";N;s:5:\"text5\";N;s:6:\"align5\";N;s:14:\"text-animation\";s:7:\"Fade-In\";s:15:\"image-animation\";s:8:\"Zoom-Out\";s:16:\"image-transition\";s:5:\"Morph\";}',NULL,10,0,0,37,NULL,7),(2895,83,'2019-06-21 12:51:31','2019-07-10 14:08:51','service_more','Spot 1','https://eva50.serviceandmore.at/bl/data/files/bdfde7989748ed691e5c4fef6005e673.jpg','a:18:{s:6:\"image1\";s:82:\"https://eva50.serviceandmore.at/bl/data/files/bdfde7989748ed691e5c4fef6005e673.jpg\";s:5:\"text1\";s:27:\"Ein Gespür für Ihren Stil\";s:6:\"align1\";s:5:\"unten\";s:6:\"image2\";s:82:\"https://eva50.serviceandmore.at/bl/data/files/f6a4ff291c65f0cc05aa460f273a708d.jpg\";s:5:\"text2\";s:0:\"\";s:6:\"align2\";N;s:6:\"image3\";s:82:\"https://eva50.serviceandmore.at/bl/data/files/66307c51dc2c0b89f93dc3434ad8c412.jpg\";s:5:\"text3\";s:33:\"Neue Perspektiven für Ihr Wohnen\";s:6:\"align3\";s:5:\"unten\";s:6:\"image4\";N;s:5:\"text4\";N;s:6:\"align4\";N;s:6:\"image5\";N;s:5:\"text5\";N;s:6:\"align5\";N;s:14:\"text-animation\";s:7:\"Fade-In\";s:15:\"image-animation\";s:8:\"Zoom-Out\";s:16:\"image-transition\";s:5:\"Morph\";}',NULL,10,0,0,37,NULL,7),(2896,79,'2019-06-21 13:16:35','2019-08-28 15:32:51','service_more','Spot 1','https://eva50.serviceandmore.at/bl/data/files/e92bbab3be0cfa866c52462383c732cf.jpg','a:18:{s:6:\"image1\";s:82:\"https://eva50.serviceandmore.at/bl/data/files/e92bbab3be0cfa866c52462383c732cf.jpg\";s:5:\"text1\";s:29:\"Archaic Nature & Nordic Style\";s:6:\"align1\";s:5:\"unten\";s:6:\"image2\";s:82:\"https://eva50.serviceandmore.at/bl/data/files/6203771c72e5bc1e0e01a7640dd6faf1.jpg\";s:5:\"text2\";s:28:\"Dialoggarer: die Weltneuheit\";s:6:\"align2\";s:5:\"unten\";s:6:\"image3\";s:82:\"https://eva50.serviceandmore.at/bl/data/files/2da054cac4d7408454bb80e6995c6c92.jpg\";s:5:\"text3\";s:20:\"125 Jahre echt ANREI\";s:6:\"align3\";s:5:\"unten\";s:6:\"image4\";N;s:5:\"text4\";N;s:6:\"align4\";N;s:6:\"image5\";N;s:5:\"text5\";N;s:6:\"align5\";N;s:14:\"text-animation\";s:7:\"Fade-In\";s:15:\"image-animation\";s:8:\"Zoom-Out\";s:16:\"image-transition\";s:5:\"Morph\";}',NULL,10,0,0,37,NULL,7),(2904,NULL,'2019-06-25 14:13:46','2019-08-22 09:48:18','c.haas','Waagen_LK der Saison','thumb_1_2904.jpg','a:5:{s:11:\"offerHeader\";s:10:\"LEBERKÄSE\";s:14:\"offerSubHeader\";s:9:\"der Woche\";s:10:\"offerTitle\";s:134:\"<span style=\"font-family:font2\">\nScharfer Franz</span><br>\nLEBERKÄSE<br>\n<span style=\"font-family:font2\">mit Chili & Käse</span><br>\";s:11:\"offerFooter\";s:9:\"100 Gramm\";s:10:\"offerPrice\";s:4:\"1,75\";}',NULL,0,0,0,40,134,1),(2905,82,'2019-07-01 12:36:47','2019-07-01 12:38:19','service_more','Idle Mode Spot','https://eva50.serviceandmore.at/bl/data/files/e92bbab3be0cfa866c52462383c732cf.jpg','a:18:{s:6:\"image1\";s:82:\"https://eva50.serviceandmore.at/bl/data/files/e92bbab3be0cfa866c52462383c732cf.jpg\";s:5:\"text1\";s:29:\"Archaic Nature - Nordic Style\";s:6:\"align1\";N;s:6:\"image2\";s:82:\"https://eva50.serviceandmore.at/bl/data/files/6203771c72e5bc1e0e01a7640dd6faf1.jpg\";s:5:\"text2\";s:28:\"Dialoggarer: die Weltneuheit\";s:6:\"align2\";N;s:6:\"image3\";s:82:\"https://eva50.serviceandmore.at/bl/data/files/2da054cac4d7408454bb80e6995c6c92.jpg\";s:5:\"text3\";s:20:\"125 Jahre echt ANREI\";s:6:\"align3\";N;s:6:\"image4\";s:82:\"https://eva50.serviceandmore.at/bl/data/files/eccae3573045598880b74022aed5b2d4.jpg\";s:5:\"text4\";s:19:\"V-Aura von Voglauer\";s:6:\"align4\";N;s:6:\"image5\";N;s:5:\"text5\";N;s:6:\"align5\";N;s:14:\"text-animation\";s:7:\"Fade-In\";s:15:\"image-animation\";s:8:\"Zoom-Out\";s:16:\"image-transition\";s:5:\"Morph\";}',NULL,10,0,0,36,NULL,7),(2906,1,'2019-07-05 11:48:53','2019-07-05 11:48:53','c.haas','Rauch_kassascreens_getränke','5d1f1cff7b260.png','a:1:{s:5:\"image\";s:64:\"{mediaPath}content/media/retailer/1/spot_image_5d1f1cff736a3.jpg\";}',NULL,0,0,0,4,134,1),(2907,1,'2019-07-05 11:48:56','2019-07-05 11:48:56','c.haas','Rauch_kassascreens_getränke2','5d1f1d06af4ce.png','a:1:{s:5:\"image\";s:64:\"{mediaPath}content/media/retailer/1/spot_image_5d1f1d06a6f79.jpg\";}',NULL,0,0,0,4,134,1),(2964,83,'2019-07-12 17:08:28','2020-12-16 14:23:47','service_more','Spot 2','https://eva50.serviceandmore.at/bl/data/files/f102e56334054df8f1ab4bf6af2ed3f7.jpg','a:18:{s:6:\"image1\";s:82:\"https://eva50.serviceandmore.at/bl/data/files/f102e56334054df8f1ab4bf6af2ed3f7.jpg\";s:5:\"text1\";N;s:6:\"align1\";s:9:\"zentriert\";s:6:\"image2\";s:82:\"https://eva50.serviceandmore.at/bl/data/files/483aed602e9e4f2033377c269e8cb996.jpg\";s:5:\"text2\";N;s:6:\"align2\";s:9:\"zentriert\";s:6:\"image3\";s:82:\"https://eva50.serviceandmore.at/bl/data/files/071ef79c5c41efaf2c950ce0b5ad20ce.jpg\";s:5:\"text3\";N;s:6:\"align3\";s:9:\"zentriert\";s:6:\"image4\";s:82:\"https://eva50.serviceandmore.at/bl/data/files/e11d5f49818c66913e5a1309e3fbd8e3.jpg\";s:5:\"text4\";N;s:6:\"align4\";s:9:\"zentriert\";s:6:\"image5\";s:82:\"https://eva50.serviceandmore.at/bl/data/files/a563dd7a584d51bb7fa1bfdcdbdb3fa7.jpg\";s:5:\"text5\";N;s:6:\"align5\";s:9:\"zentriert\";s:14:\"text-animation\";s:7:\"Fade-In\";s:15:\"image-animation\";s:8:\"Zoom-Out\";s:16:\"image-transition\";s:5:\"Morph\";}',NULL,10,0,0,36,NULL,7),(2965,80,'2019-07-17 10:55:54','2019-07-17 14:43:58','service_more','Test Spot','https://eva50.serviceandmore.at/bl/data/files/f734a4b2159c3330a5dc68f0c3202e2a.jpg','a:18:{s:6:\"image1\";s:82:\"https://eva50.serviceandmore.at/bl/data/files/f734a4b2159c3330a5dc68f0c3202e2a.jpg\";s:5:\"text1\";s:13:\"Unser Zuhause\";s:6:\"align1\";s:5:\"unten\";s:6:\"image2\";s:82:\"https://eva50.serviceandmore.at/bl/data/files/e13da375aa48494923dd2a13e0a4532f.jpg\";s:5:\"text2\";s:9:\"Neue Wege\";s:6:\"align2\";s:5:\"unten\";s:6:\"image3\";s:82:\"https://eva50.serviceandmore.at/bl/data/files/51a6069c8656e4e83613f8777764375b.jpg\";s:5:\"text3\";s:9:\"Echt Holz\";s:6:\"align3\";s:5:\"unten\";s:6:\"image4\";N;s:5:\"text4\";N;s:6:\"align4\";N;s:6:\"image5\";N;s:5:\"text5\";N;s:6:\"align5\";N;s:14:\"text-animation\";s:8:\"Slide-Up\";s:15:\"image-animation\";s:7:\"Zoom-In\";s:16:\"image-transition\";s:5:\"Morph\";}',NULL,10,0,0,36,NULL,7),(2988,84,'2019-07-22 14:17:29','2019-08-14 08:31:57','service_more','Signage_Header','https://eva50.serviceandmore.at/bl/data/files/d1b55bc17d94c903a5a0f5267f2f7253.jpg','a:18:{s:6:\"image1\";s:82:\"https://eva50.serviceandmore.at/bl/data/files/d1b55bc17d94c903a5a0f5267f2f7253.jpg\";s:5:\"text1\";s:19:\"Willkommen zu Hause\";s:6:\"align1\";s:5:\"unten\";s:6:\"image2\";s:82:\"https://eva50.serviceandmore.at/bl/data/files/dcb774d56154b0ed81051ee3c8a5fdd8.jpg\";s:5:\"text2\";N;s:6:\"align2\";N;s:6:\"image3\";s:82:\"https://eva50.serviceandmore.at/bl/data/files/86586db383beb8cdc493fea78cf06a84.jpg\";s:5:\"text3\";s:21:\"Rolf Benz - Modell 50\";s:6:\"align3\";s:4:\"oben\";s:6:\"image4\";s:82:\"https://eva50.serviceandmore.at/bl/data/files/29f8ef4d6f383bbe84749bf9ce709697.jpg\";s:5:\"text4\";N;s:6:\"align4\";N;s:6:\"image5\";s:82:\"https://eva50.serviceandmore.at/bl/data/files/301d5260e1119f1da5103382bfeb0bb5.jpg\";s:5:\"text5\";N;s:6:\"align5\";N;s:14:\"text-animation\";s:7:\"Fade-In\";s:15:\"image-animation\";s:8:\"Zoom-Out\";s:16:\"image-transition\";s:5:\"Morph\";}',NULL,10,0,0,37,NULL,7),(3000,80,'2019-07-22 16:58:11','2019-08-06 12:45:17','service_more','Bildschirmschoner Juli 19','https://eva50.serviceandmore.at/bl/data/files/a90bd66ee92a75a471b6536b372dde13.jpg','a:18:{s:6:\"image1\";s:82:\"https://eva50.serviceandmore.at/bl/data/files/a90bd66ee92a75a471b6536b372dde13.jpg\";s:5:\"text1\";s:62:\"...für mehr Bodenideen.....            Bildschirm berühren!!\";s:6:\"align1\";s:5:\"unten\";s:6:\"image2\";s:82:\"https://eva50.serviceandmore.at/bl/data/files/fa959582e5ff81b338b6bb164507c8ed.jpg\";s:5:\"text2\";s:67:\"....für mehr Treppenideen....               Bildschirm berühren!!\";s:6:\"align2\";s:5:\"unten\";s:6:\"image3\";s:82:\"https://eva50.serviceandmore.at/bl/data/files/67b3cb6c0b3d7428aae96d259cadeb23.jpg\";s:5:\"text3\";s:70:\"...für mehr Wohlfühlideen......               Bildschirm berühren!!\";s:6:\"align3\";s:5:\"unten\";s:6:\"image4\";s:82:\"https://eva50.serviceandmore.at/bl/data/files/ae3fa15bd9fec600f5a030477c1a4339.jpg\";s:5:\"text4\";s:65:\"...für mehr Wohnideen.....                Bildschirm berühren!!\";s:6:\"align4\";s:5:\"unten\";s:6:\"image5\";s:82:\"https://eva50.serviceandmore.at/bl/data/files/35b3def03411cab3e8b6a2425bc975eb.jpg\";s:5:\"text5\";s:63:\"...für mehr Detailideen....             Bildschirm berühren!!\";s:6:\"align5\";s:5:\"unten\";s:14:\"text-animation\";s:8:\"Slide-Up\";s:15:\"image-animation\";s:7:\"Zoom-In\";s:16:\"image-transition\";s:5:\"Morph\";}',NULL,10,0,0,36,NULL,7),(3004,74,'2019-07-25 12:16:07','2019-07-25 12:45:51','service_more','LEHA Twinrollo','https://eva50.serviceandmore.at/bl/data/files/thumbs/6884b7848c3cbf78427762826785da5a.jpg','a:1:{s:5:\"video\";s:89:\"https://eva50.serviceandmore.at/bl/data/files/thumbs/6884b7848c3cbf78427762826785da5a.jpg\";}',NULL,10,0,0,2,NULL,7),(3016,81,'2019-08-26 10:18:12','2019-08-26 14:32:27','service_more','Aufschnaiter Image Spot','https://eva50.serviceandmore.at/bl/data/files/017b282bca3633af4782abe8992f0d03.png','a:18:{s:6:\"image1\";s:82:\"https://eva50.serviceandmore.at/bl/data/files/017b282bca3633af4782abe8992f0d03.png\";s:5:\"text1\";s:0:\"\";s:6:\"align1\";s:9:\"zentriert\";s:6:\"image2\";s:82:\"https://eva50.serviceandmore.at/bl/data/files/60d02363692e591e052bfe448a67b59f.png\";s:5:\"text2\";s:0:\"\";s:6:\"align2\";s:9:\"zentriert\";s:6:\"image3\";s:82:\"https://eva50.serviceandmore.at/bl/data/files/a47a4f4afe9642eb099859394257ade4.png\";s:5:\"text3\";s:0:\"\";s:6:\"align3\";s:9:\"zentriert\";s:6:\"image4\";s:82:\"https://eva50.serviceandmore.at/bl/data/files/51f27d67534cc9736a4921eb48de421c.png\";s:5:\"text4\";s:0:\"\";s:6:\"align4\";s:9:\"zentriert\";s:6:\"image5\";N;s:5:\"text5\";s:0:\"\";s:6:\"align5\";N;s:14:\"text-animation\";s:7:\"Fade-In\";s:15:\"image-animation\";s:8:\"Zoom-Out\";s:16:\"image-transition\";s:5:\"Morph\";}',NULL,10,0,0,37,NULL,7),(3021,92,'2019-08-27 09:15:49','2019-09-23 09:59:24','service_more','Imagespot Wimmer','https://eva50.serviceandmore.at/bl/data/files/9c6097026270436d7895585b10122b02.jpg','a:18:{s:6:\"image1\";s:82:\"https://eva50.serviceandmore.at/bl/data/files/9c6097026270436d7895585b10122b02.jpg\";s:5:\"text1\";s:30:\"Archaic Nature & Nordic Style \";s:6:\"align1\";N;s:6:\"image2\";s:82:\"https://eva50.serviceandmore.at/bl/data/files/e36e6a6bd045341117114f7c4b8327da.jpg\";s:5:\"text2\";s:34:\"Virtuelle Realität in der Planung\";s:6:\"align2\";N;s:6:\"image3\";s:82:\"https://eva50.serviceandmore.at/bl/data/files/fca81edf1be8369dc529add225511a41.jpg\";s:5:\"text3\";s:39:\"Kollektions- Highlights von PAUL LEVÍN\";s:6:\"align3\";N;s:6:\"image4\";s:82:\"https://eva50.serviceandmore.at/bl/data/files/2da054cac4d7408454bb80e6995c6c92.jpg\";s:5:\"text4\";s:20:\"125 Jahre echt ANREI\";s:6:\"align4\";N;s:6:\"image5\";N;s:5:\"text5\";N;s:6:\"align5\";N;s:14:\"text-animation\";s:7:\"Fade-In\";s:15:\"image-animation\";s:8:\"Zoom-Out\";s:16:\"image-transition\";s:5:\"Morph\";}',NULL,10,0,0,37,NULL,7),(3022,93,'2019-08-27 10:00:28','2019-08-27 10:01:47','service_more','Imagespot Widy','https://eva50.serviceandmore.at/bl/data/files/78367615becf5377d7de40ee278d393e.jpg','a:18:{s:6:\"image1\";s:82:\"https://eva50.serviceandmore.at/bl/data/files/78367615becf5377d7de40ee278d393e.jpg\";s:5:\"text1\";s:0:\"\";s:6:\"align1\";N;s:6:\"image2\";s:82:\"https://eva50.serviceandmore.at/bl/data/files/d49b38ed2ac3a74bddad23001513bc5b.jpg\";s:5:\"text2\";s:26:\"DAS WIRD JA IMMER SCHÖNER\";s:6:\"align2\";N;s:6:\"image3\";s:82:\"https://eva50.serviceandmore.at/bl/data/files/0ba11c06e6c3affdf431f69c6776f2f7.jpg\";s:5:\"text3\";s:29:\"HANDSCHLAGQUALITÄT VOM PROFI\";s:6:\"align3\";N;s:6:\"image4\";N;s:5:\"text4\";N;s:6:\"align4\";N;s:6:\"image5\";N;s:5:\"text5\";N;s:6:\"align5\";N;s:14:\"text-animation\";s:7:\"Fade-In\";s:15:\"image-animation\";s:8:\"Zoom-Out\";s:16:\"image-transition\";s:5:\"Morph\";}',NULL,10,0,0,37,NULL,7),(3023,94,'2019-08-27 10:15:03','2019-09-27 12:40:12','service_more','Imagespot Steffl','https://eva50.serviceandmore.at/bl/data/files/caea7e3b8a83ce38aa9e8a8c4b963e89.jpg','a:18:{s:6:\"image1\";s:82:\"https://eva50.serviceandmore.at/bl/data/files/caea7e3b8a83ce38aa9e8a8c4b963e89.jpg\";s:5:\"text1\";s:14:\"Unser Showroom\";s:6:\"align1\";N;s:6:\"image2\";s:82:\"https://eva50.serviceandmore.at/bl/data/files/125551387802e1e8bd9d0d58d3eb4311.jpg\";s:5:\"text2\";N;s:6:\"align2\";N;s:6:\"image3\";s:82:\"https://eva50.serviceandmore.at/bl/data/files/d6ecf9c2ddfab5aad72a7c35c9874781.jpg\";s:5:\"text3\";N;s:6:\"align3\";N;s:6:\"image4\";s:82:\"https://eva50.serviceandmore.at/bl/data/files/8bf7efb1cbebafce8f6ccba046ffe7c7.jpg\";s:5:\"text4\";N;s:6:\"align4\";N;s:6:\"image5\";s:82:\"https://eva50.serviceandmore.at/bl/data/files/6fa4eb9997006b5ae2cdd86a856b7ca9.jpg\";s:5:\"text5\";N;s:6:\"align5\";N;s:14:\"text-animation\";s:7:\"Fade-In\";s:15:\"image-animation\";s:8:\"Zoom-Out\";s:16:\"image-transition\";s:5:\"Morph\";}',NULL,10,0,0,37,NULL,7),(3024,95,'2019-08-27 11:36:28','2020-03-25 15:22:42','service_more','Wohndesign Maierhofer Imagespot','https://eva50.serviceandmore.at/bl/data/files/5d2da6cec06e16604a268ef6526e0689.jpg','a:18:{s:6:\"image1\";s:82:\"https://eva50.serviceandmore.at/bl/data/files/5d2da6cec06e16604a268ef6526e0689.jpg\";s:5:\"text1\";s:0:\"\";s:6:\"align1\";s:4:\"oben\";s:6:\"image2\";s:82:\"https://eva50.serviceandmore.at/bl/data/files/0b99aa2c2220995970907e54ffc646d9.jpg\";s:5:\"text2\";s:19:\"WIR PLANEN FÜR SIE\";s:6:\"align2\";s:4:\"oben\";s:6:\"image3\";s:82:\"https://eva50.serviceandmore.at/bl/data/files/7bb4b88d41b9c81ccf06b53ed908d6a3.jpg\";s:5:\"text3\";s:30:\"MARKENMÖBEL SOFORT VERFÜGBAR\";s:6:\"align3\";s:9:\"zentriert\";s:6:\"image4\";s:82:\"https://eva50.serviceandmore.at/bl/data/files/7bb4b88d41b9c81ccf06b53ed908d6a3.jpg\";s:5:\"text4\";s:30:\"MARKENMÖBEL SOFORT VERFÜGBAR\";s:6:\"align4\";s:9:\"zentriert\";s:6:\"image5\";s:82:\"https://eva50.serviceandmore.at/bl/data/files/bd5f583cb64da039e885f034af910ac3.jpg\";s:5:\"text5\";s:30:\"DIGITALE PLANUNG IST DAS BESTE\";s:6:\"align5\";s:9:\"zentriert\";s:14:\"text-animation\";s:7:\"Fade-In\";s:15:\"image-animation\";s:8:\"Zoom-Out\";s:16:\"image-transition\";s:5:\"Morph\";}',NULL,10,0,0,37,NULL,7),(3025,88,'2019-08-27 11:56:44','2019-09-18 21:12:15','service_more','Imagespot K&B','https://eva50.serviceandmore.at/bl/data/files/693d16b07b584cf76587fa0e1c8cc690.jpg','a:18:{s:6:\"image1\";s:82:\"https://eva50.serviceandmore.at/bl/data/files/693d16b07b584cf76587fa0e1c8cc690.jpg\";s:5:\"text1\";N;s:6:\"align1\";N;s:6:\"image2\";s:82:\"https://eva50.serviceandmore.at/bl/data/files/95c164fa61672c4c68ea23fdb1e7ac8a.jpg\";s:5:\"text2\";N;s:6:\"align2\";N;s:6:\"image3\";s:82:\"https://eva50.serviceandmore.at/bl/data/files/bb9e8d238f9f7986ff9c6dcf1f30119a.png\";s:5:\"text3\";N;s:6:\"align3\";N;s:6:\"image4\";N;s:5:\"text4\";N;s:6:\"align4\";N;s:6:\"image5\";N;s:5:\"text5\";N;s:6:\"align5\";N;s:14:\"text-animation\";s:7:\"Fade-In\";s:15:\"image-animation\";s:8:\"Zoom-Out\";s:16:\"image-transition\";s:5:\"Morph\";}',NULL,10,0,0,37,NULL,7),(3026,73,'2019-08-27 12:04:02','2021-09-13 10:16:12','service_more','Imagespot Möbel Maier','https://eva50.serviceandmore.at/bl/data/files/9a14cf55e0dd2c789946ae467af06cb0.jpg','a:18:{s:6:\"image1\";s:82:\"https://eva50.serviceandmore.at/bl/data/files/9a14cf55e0dd2c789946ae467af06cb0.jpg\";s:5:\"text1\";s:28:\"Dialoggarer: die Weltneuheit\";s:6:\"align1\";N;s:6:\"image2\";s:82:\"https://eva50.serviceandmore.at/bl/data/files/9c6097026270436d7895585b10122b02.jpg\";s:5:\"text2\";s:29:\"Archaic Nature & Nordic Style\";s:6:\"align2\";N;s:6:\"image3\";s:82:\"https://eva50.serviceandmore.at/bl/data/files/2da054cac4d7408454bb80e6995c6c92.jpg\";s:5:\"text3\";s:20:\"125 Jahre Echt Anrei\";s:6:\"align3\";N;s:6:\"image4\";N;s:5:\"text4\";N;s:6:\"align4\";N;s:6:\"image5\";N;s:5:\"text5\";N;s:6:\"align5\";N;s:14:\"text-animation\";s:7:\"Fade-In\";s:15:\"image-animation\";s:8:\"Zoom-Out\";s:16:\"image-transition\";s:5:\"Morph\";}',NULL,10,0,0,37,NULL,7),(3027,89,'2019-08-27 12:07:40','2019-10-16 10:57:55','service_more','Imagespot Wohnraum Eder','https://eva50.serviceandmore.at/bl/data/files/7ba6397a284bfa7cb650e4a5587b4a68.jpg','a:18:{s:6:\"image1\";s:82:\"https://eva50.serviceandmore.at/bl/data/files/7ba6397a284bfa7cb650e4a5587b4a68.jpg\";s:5:\"text1\";N;s:6:\"align1\";N;s:6:\"image2\";s:82:\"https://eva50.serviceandmore.at/bl/data/files/683cc592032f060b094223597850e5d7.jpg\";s:5:\"text2\";N;s:6:\"align2\";N;s:6:\"image3\";s:82:\"https://eva50.serviceandmore.at/bl/data/files/f3a5dbdea24d7ce614f05454fbf37102.jpg\";s:5:\"text3\";N;s:6:\"align3\";N;s:6:\"image4\";s:82:\"https://eva50.serviceandmore.at/bl/data/files/8bd4c1481db1931e9c7d0627a6866725.jpg\";s:5:\"text4\";N;s:6:\"align4\";N;s:6:\"image5\";s:82:\"https://eva50.serviceandmore.at/bl/data/files/ca0b565a13d46047b4c9ebb28886ba65.jpg\";s:5:\"text5\";N;s:6:\"align5\";N;s:14:\"text-animation\";s:7:\"Fade-In\";s:15:\"image-animation\";s:8:\"Zoom-Out\";s:16:\"image-transition\";s:5:\"Morph\";}',NULL,10,0,0,37,NULL,7),(3028,96,'2019-08-27 12:17:06','2021-08-30 17:40:59','service_more','Georg Mayerhofer Imagespot','https://eva50.serviceandmore.at/bl/data/files/3cd8f05a60e726f794dccaaf0a0e1060.jpg','a:18:{s:6:\"image1\";s:82:\"https://eva50.serviceandmore.at/bl/data/files/3cd8f05a60e726f794dccaaf0a0e1060.jpg\";s:5:\"text1\";s:0:\"\";s:6:\"align1\";N;s:6:\"image2\";s:82:\"https://eva50.serviceandmore.at/bl/data/files/a17f7b27e31a4f7e12a65f812f88de5c.jpg\";s:5:\"text2\";s:0:\"\";s:6:\"align2\";N;s:6:\"image3\";s:82:\"https://eva50.serviceandmore.at/bl/data/files/6dd194aae4c4c21c652b3e9e7055406e.jpg\";s:5:\"text3\";s:0:\"\";s:6:\"align3\";N;s:6:\"image4\";s:82:\"https://eva50.serviceandmore.at/bl/data/files/00433c9b9102c8efa93a4eb7291997de.jpg\";s:5:\"text4\";s:0:\"\";s:6:\"align4\";N;s:6:\"image5\";s:83:\"https://eva50.serviceandmore.at/bl/data/files/e575cd4ede065c780ebf47afdddeed18.jpeg\";s:5:\"text5\";N;s:6:\"align5\";N;s:14:\"text-animation\";s:7:\"Fade-In\";s:15:\"image-animation\";s:8:\"Zoom-Out\";s:16:\"image-transition\";s:5:\"Morph\";}',NULL,10,0,0,37,NULL,7),(3031,97,'2019-08-27 13:27:26','2019-09-27 12:43:54','service_more','Imagespot Winter','https://eva50.serviceandmore.at/bl/data/files/9b4605db2033b50b8d191afe495f0c90.png','a:18:{s:6:\"image1\";s:82:\"https://eva50.serviceandmore.at/bl/data/files/9b4605db2033b50b8d191afe495f0c90.png\";s:5:\"text1\";N;s:6:\"align1\";N;s:6:\"image2\";s:82:\"https://eva50.serviceandmore.at/bl/data/files/6ff0032d852272d821a65f9c757db7e1.png\";s:5:\"text2\";N;s:6:\"align2\";N;s:6:\"image3\";s:82:\"https://eva50.serviceandmore.at/bl/data/files/8a88382143252284b4ddd96f3e80f801.png\";s:5:\"text3\";N;s:6:\"align3\";N;s:6:\"image4\";s:82:\"https://eva50.serviceandmore.at/bl/data/files/421af4ffafb1acbcf1993961557968e8.png\";s:5:\"text4\";N;s:6:\"align4\";N;s:6:\"image5\";s:82:\"https://eva50.serviceandmore.at/bl/data/files/1909732ba56511f564307993a108795b.png\";s:5:\"text5\";N;s:6:\"align5\";N;s:14:\"text-animation\";s:7:\"Fade-In\";s:15:\"image-animation\";s:8:\"Zoom-Out\";s:16:\"image-transition\";s:5:\"Morph\";}',NULL,10,0,0,37,NULL,7),(3032,98,'2019-08-27 13:57:02','2019-09-27 12:39:22','service_more','Imagespot Glanz','https://eva50.serviceandmore.at/bl/data/files/3d133be9908f52f26390008b071ed0fc.jpg','a:18:{s:6:\"image1\";s:82:\"https://eva50.serviceandmore.at/bl/data/files/3d133be9908f52f26390008b071ed0fc.jpg\";s:5:\"text1\";N;s:6:\"align1\";N;s:6:\"image2\";s:82:\"https://eva50.serviceandmore.at/bl/data/files/44b4c2463672ca2dc645abd003f37968.jpg\";s:5:\"text2\";N;s:6:\"align2\";N;s:6:\"image3\";s:82:\"https://eva50.serviceandmore.at/bl/data/files/273ae56a9f0290121eaf6e042e571670.jpg\";s:5:\"text3\";N;s:6:\"align3\";N;s:6:\"image4\";s:82:\"https://eva50.serviceandmore.at/bl/data/files/869e5624374ba761adbd5e6b59e2562d.jpg\";s:5:\"text4\";N;s:6:\"align4\";N;s:6:\"image5\";s:82:\"https://eva50.serviceandmore.at/bl/data/files/590358202eba289d4212bc8bd75ef221.jpg\";s:5:\"text5\";N;s:6:\"align5\";N;s:14:\"text-animation\";s:7:\"Fade-In\";s:15:\"image-animation\";s:8:\"Zoom-Out\";s:16:\"image-transition\";s:5:\"Morph\";}',NULL,10,0,0,37,NULL,7),(3034,1,'2019-08-30 12:35:50','2019-08-30 12:35:50','c.haas','Schulstart 2019_hoch_waage','5d68fc017bd66.png','a:1:{s:5:\"image\";s:64:\"{mediaPath}content/media/retailer/1/spot_image_5d68fc011793c.jpg\";}',NULL,0,0,0,4,134,1),(3035,1,'2019-08-30 12:40:34','2019-08-30 12:40:34','c.haas','Schulstart 2019_hoch_sreen1:2','5d68fcd36e682.png','a:1:{s:5:\"image\";s:64:\"{mediaPath}content/media/retailer/1/spot_image_5d68fcd2c2c0c.jpg\";}',NULL,0,0,0,4,150,1),(3036,NULL,'2019-08-30 12:41:45','2019-08-30 12:48:23','c.haas','Feinkost 3_Schulstart','thumb_1_3036.jpg','a:20:{s:6:\"layout\";s:4:\"halb\";s:6:\"offer1\";a:2:{s:2:\"id\";s:5:\"false\";s:4:\"name\";s:12:\"Kein Angebot\";}s:16:\"offerBackground1\";s:3:\"Rot\";s:11:\"background1\";s:64:\"{mediaPath}content/media/retailer/1/spot_image_5d68fcd2c2c0c.jpg\";s:9:\"headline1\";s:9:\"CABANOSSI\";s:12:\"subheadline1\";s:14:\"Schule? Pause!\";s:5:\"hpos1\";s:5:\"unten\";s:7:\"footer1\";s:7:\"Packung\";s:6:\"price1\";s:4:\"0,99\";s:6:\"offer2\";a:2:{s:2:\"id\";s:5:\"false\";s:4:\"name\";s:15:\"Kein Schmankerl\";}s:16:\"offerBackground2\";s:3:\"Rot\";s:11:\"background2\";s:64:\"{mediaPath}content/media/retailer/1/spot_image_5d68fcd2c2c0c.jpg\";s:5:\"hpos2\";s:5:\"unten\";s:16:\"offerBackground3\";s:3:\"Rot\";s:5:\"hpos3\";s:4:\"oben\";s:6:\"offer3\";a:2:{s:2:\"id\";s:5:\"false\";s:4:\"name\";s:12:\"Kein Angebot\";}s:9:\"headline2\";s:9:\"CABANOSSI\";s:12:\"subheadline2\";s:14:\"Schule? Pause!\";s:7:\"footer2\";s:7:\"Packung\";s:6:\"price2\";s:4:\"0,99\";}',NULL,30,0,0,14,150,1),(3037,NULL,'2019-09-02 08:48:05','2019-10-14 10:46:27','radatz','Waagen_Aktion Feinkost_Kopie','thumb_1_3037.jpg','a:5:{s:11:\"offerHeader\";s:6:\"AKTION\";s:14:\"offerSubHeader\";s:9:\"der Woche\";s:10:\"offerTitle\";s:73:\"<span style=\"font-family:font2\">\nGebratener</span><br>\nBEIN-<br>\nSCHINKEN\";s:11:\"offerFooter\";s:43:\"100 Gramm\nab 150 Gramm statt 2,55 jetzt nur\";s:10:\"offerPrice\";s:4:\"1,98\";}',NULL,0,0,0,40,134,1),(3044,1,'2019-09-08 20:22:58','2019-09-08 20:22:58','c.haas','Weißwurstwochen_Waage2','5d7546ffc001b.png','a:1:{s:5:\"image\";s:64:\"{mediaPath}content/media/retailer/1/spot_image_5d7546ffb697d.jpg\";}',NULL,0,0,0,4,163,1),(3045,1,'2019-09-08 20:23:33','2019-09-08 20:23:33','c.haas','Weißwurstwochen_Waage1','5d754723ababa.png','a:1:{s:5:\"image\";s:64:\"{mediaPath}content/media/retailer/1/spot_image_5d754723a66b6.jpg\";}',NULL,0,0,0,4,163,1),(3069,1,'2019-10-02 17:07:55','2019-10-02 17:07:55','c.haas','Blut- Leberwurst','5d94bd0f2f987.png','a:1:{s:5:\"image\";s:64:\"{mediaPath}content/media/retailer/1/spot_image_5d94bd0ee00f8.jpg\";}',NULL,0,0,0,4,150,1),(3070,1,'2019-10-02 17:08:00','2019-10-02 17:08:00','c.haas','Blut- Leberwurst2','5d94bd4d575bc.png','a:1:{s:5:\"image\";s:64:\"{mediaPath}content/media/retailer/1/spot_image_5d94bd4d51568.jpg\";}',NULL,0,0,0,4,150,1),(3071,1,'2019-10-02 17:09:00','2019-10-02 17:09:38','c.haas','Blut- Leberwurst3','5d94bd51e2ada.png','a:1:{s:5:\"image\";s:64:\"{mediaPath}content/media/retailer/1/spot_image_5d94bd51def1f.jpg\";}',NULL,0,0,0,4,134,1),(3072,NULL,'2019-10-02 17:14:57','2019-10-02 17:28:38','c.haas','Feinkost 3_Blutwurst','2086.jpg','a:21:{s:6:\"layout\";s:4:\"halb\";s:6:\"offer1\";a:2:{s:2:\"id\";s:5:\"false\";s:4:\"name\";s:12:\"Kein Angebot\";}s:16:\"offerBackground1\";s:3:\"Rot\";s:11:\"background1\";s:64:\"{mediaPath}content/media/retailer/1/spot_image_5d94bd0ee00f8.jpg\";s:9:\"headline1\";s:16:\"BAUERN\nBLUTWURST\";s:12:\"subheadline1\";s:12:\"Hausgemachte\";s:5:\"hpos1\";s:5:\"unten\";s:7:\"footer1\";s:9:\"100 Gramm\";s:6:\"price1\";s:4:\"0,89\";s:6:\"offer2\";a:2:{s:2:\"id\";s:5:\"false\";s:4:\"name\";s:15:\"Kein Schmankerl\";}s:16:\"offerBackground2\";s:3:\"Rot\";s:11:\"background2\";s:64:\"{mediaPath}content/media/retailer/1/spot_image_5d94bd4d51568.jpg\";s:5:\"hpos2\";s:5:\"unten\";s:16:\"offerBackground3\";s:3:\"Rot\";s:5:\"hpos3\";s:4:\"oben\";s:6:\"offer3\";a:2:{s:2:\"id\";s:5:\"false\";s:4:\"name\";s:12:\"Kein Angebot\";}s:9:\"headline2\";s:19:\"BLUNZN &\nLEBERWURST\";s:12:\"subheadline2\";s:0:\"\";s:7:\"footer2\";s:17:\"150 Gramm Packung\";s:6:\"price2\";s:4:\"2,20\";s:6:\"color1\";s:5:\"black\";}',NULL,0,0,0,14,150,1),(3073,99,'2019-10-07 10:03:00','2019-10-07 10:10:16','service_more','Image Spot','https://eva50.serviceandmore.at/bl/data/brands/32/Karniese_LEHA_2.jpg','a:18:{s:6:\"image1\";s:69:\"https://eva50.serviceandmore.at/bl/data/brands/32/Karniese_LEHA_2.jpg\";s:5:\"text1\";s:36:\"Wir lassen Sie das Licht beherschen!\";s:6:\"align1\";N;s:6:\"image2\";s:82:\"https://eva50.serviceandmore.at/bl/data/files/e2eade516e174fa23699d3c3b36032a7.jpg\";s:5:\"text2\";s:31:\"Wandgestaltung einfach gemacht!\";s:6:\"align2\";N;s:6:\"image3\";s:82:\"https://eva50.serviceandmore.at/bl/data/files/39d0daecd8e26afefe4b3de56bb41d67.jpg\";s:5:\"text3\";s:33:\"Frischer Wind in Ihren 4 Wänden!\";s:6:\"align3\";N;s:6:\"image4\";N;s:5:\"text4\";N;s:6:\"align4\";N;s:6:\"image5\";N;s:5:\"text5\";N;s:6:\"align5\";N;s:14:\"text-animation\";s:7:\"Fade-In\";s:15:\"image-animation\";s:8:\"Zoom-Out\";s:16:\"image-transition\";s:5:\"Morph\";}',NULL,10,0,0,37,NULL,7),(3078,1,'2019-10-10 11:51:47','2019-10-10 11:51:47','admin','Lehrlinge201719_small','5d9eff31f1227.png','a:1:{s:5:\"video\";s:64:\"{mediaPath}content/media/retailer/1/spot_video_5d9eff31c2ca6.mp4\";}',NULL,0,0,0,2,1,1),(3079,85,'2019-10-15 16:39:36','2022-04-27 09:31:49','service_more','Service and More','https://eva50.serviceandmore.at/bl/data/files/812d2ab4d97f663aab545d0aea2dfd18.jpg','a:18:{s:6:\"image1\";s:82:\"https://eva50.serviceandmore.at/bl/data/files/812d2ab4d97f663aab545d0aea2dfd18.jpg\";s:5:\"text1\";s:25:\"Wir sorgen für Kontraste\";s:6:\"align1\";N;s:6:\"image2\";s:82:\"https://eva50.serviceandmore.at/bl/data/files/3eb016811a2290b6f6a065c0d6c6f302.jpg\";s:5:\"text2\";s:30:\"Gemeinsam Visionen realisieren\";s:6:\"align2\";N;s:6:\"image3\";s:82:\"https://eva50.serviceandmore.at/bl/data/files/7347a9897f36e7f41a183c5a974eca08.jpg\";s:5:\"text3\";s:28:\"Gemeinsam schneller ans Ziel\";s:6:\"align3\";N;s:6:\"image4\";N;s:5:\"text4\";s:0:\"\";s:6:\"align4\";N;s:6:\"image5\";N;s:5:\"text5\";N;s:6:\"align5\";N;s:14:\"text-animation\";s:7:\"Fade-In\";s:15:\"image-animation\";s:8:\"Zoom-Out\";s:16:\"image-transition\";s:5:\"Morph\";}',NULL,10,0,0,37,NULL,7),